-- http://www.phpmyadmin.net
--




--
-- Database: `wordpress_5`
--
CREATE DATABASE `wordpress_5` DEFAULT CHARACTER SET utf8 COLLATE utf8_general_ci;
USE `wordpress_5`;

-- --------------------------------------------------------

--
-- Table structure for table `wp_commentmeta`
--

CREATE TABLE IF NOT EXISTS `wp_commentmeta` (
  `meta_id` bigint(20) unsigned NOT NULL AUTO_INCREMENT,
  `comment_id` bigint(20) unsigned NOT NULL DEFAULT '0',
  `meta_key` varchar(255) DEFAULT NULL,
  `meta_value` longtext,
  PRIMARY KEY (`meta_id`),
  KEY `comment_id` (`comment_id`),
  KEY `meta_key` (`meta_key`(191))
) ENGINE=InnoDB DEFAULT CHARSET=utf8 AUTO_INCREMENT=1 ;

-- --------------------------------------------------------

--
-- Table structure for table `wp_comments`
--

CREATE TABLE IF NOT EXISTS `wp_comments` (
  `comment_ID` bigint(20) unsigned NOT NULL AUTO_INCREMENT,
  `comment_post_ID` bigint(20) unsigned NOT NULL DEFAULT '0',
  `comment_author` tinytext NOT NULL,
  `comment_author_email` varchar(100) NOT NULL DEFAULT '',
  `comment_author_url` varchar(200) NOT NULL DEFAULT '',
  `comment_author_IP` varchar(100) NOT NULL DEFAULT '',
  `comment_date` datetime NOT NULL DEFAULT '0000-00-00 00:00:00',
  `comment_date_gmt` datetime NOT NULL DEFAULT '0000-00-00 00:00:00',
  `comment_content` text NOT NULL,
  `comment_karma` int(11) NOT NULL DEFAULT '0',
  `comment_approved` varchar(20) NOT NULL DEFAULT '1',
  `comment_agent` varchar(255) NOT NULL DEFAULT '',
  `comment_type` varchar(20) NOT NULL DEFAULT '',
  `comment_parent` bigint(20) unsigned NOT NULL DEFAULT '0',
  `user_id` bigint(20) unsigned NOT NULL DEFAULT '0',
  PRIMARY KEY (`comment_ID`),
  KEY `comment_post_ID` (`comment_post_ID`),
  KEY `comment_approved_date_gmt` (`comment_approved`,`comment_date_gmt`),
  KEY `comment_date_gmt` (`comment_date_gmt`),
  KEY `comment_parent` (`comment_parent`),
  KEY `comment_author_email` (`comment_author_email`(10))
) ENGINE=InnoDB DEFAULT CHARSET=utf8 AUTO_INCREMENT=1 ;

-- --------------------------------------------------------

--
-- Table structure for table `wp_esp_answer`
--

CREATE TABLE IF NOT EXISTS `wp_esp_answer` (
  `ANS_ID` int(10) unsigned NOT NULL AUTO_INCREMENT,
  `REG_ID` int(10) unsigned NOT NULL,
  `QST_ID` int(10) unsigned NOT NULL,
  `ANS_value` text NOT NULL,
  PRIMARY KEY (`ANS_ID`)
) ENGINE=InnoDB  DEFAULT CHARSET=utf8 AUTO_INCREMENT=11 ;

--
-- Dumping data for table `wp_esp_answer`
--

INSERT INTO `wp_esp_answer` (`ANS_ID`, `REG_ID`, `QST_ID`, `ANS_value`) VALUES
(1, 0, 1, ''),
(2, 0, 2, ''),
(3, 0, 3, ''),
(4, 0, 4, ''),
(5, 0, 5, ''),
(6, 0, 6, ''),
(7, 0, 7, ''),
(8, 0, 8, ''),
(9, 0, 9, ''),
(10, 0, 10, '');

-- --------------------------------------------------------

--
-- Table structure for table `wp_esp_attendee_meta`
--

CREATE TABLE IF NOT EXISTS `wp_esp_attendee_meta` (
  `ATTM_ID` int(10) unsigned NOT NULL AUTO_INCREMENT,
  `ATT_ID` bigint(20) unsigned NOT NULL,
  `ATT_fname` varchar(45) NOT NULL,
  `ATT_lname` varchar(45) NOT NULL,
  `ATT_address` varchar(255) DEFAULT NULL,
  `ATT_address2` varchar(255) DEFAULT NULL,
  `ATT_city` varchar(45) DEFAULT NULL,
  `STA_ID` int(10) DEFAULT NULL,
  `CNT_ISO` varchar(45) DEFAULT NULL,
  `ATT_zip` varchar(12) DEFAULT NULL,
  `ATT_email` varchar(255) NOT NULL,
  `ATT_phone` varchar(45) DEFAULT NULL,
  PRIMARY KEY (`ATTM_ID`),
  KEY `ATT_fname` (`ATT_fname`),
  KEY `ATT_lname` (`ATT_lname`),
  KEY `ATT_email` (`ATT_email`)
) ENGINE=InnoDB  DEFAULT CHARSET=utf8 AUTO_INCREMENT=2 ;

--
-- Dumping data for table `wp_esp_attendee_meta`
--

INSERT INTO `wp_esp_attendee_meta` (`ATTM_ID`, `ATT_ID`, `ATT_fname`, `ATT_lname`, `ATT_address`, `ATT_address2`, `ATT_city`, `STA_ID`, `CNT_ISO`, `ATT_zip`, `ATT_email`, `ATT_phone`) VALUES
(1, 3393, 'Pat', 'Rat', '', '', '', 0, '', '', 'patcharee@asiacentre.co.th', '');

-- --------------------------------------------------------

--
-- Table structure for table `wp_esp_checkin`
--

CREATE TABLE IF NOT EXISTS `wp_esp_checkin` (
  `CHK_ID` int(10) unsigned NOT NULL AUTO_INCREMENT,
  `REG_ID` int(10) unsigned NOT NULL,
  `DTT_ID` int(10) unsigned NOT NULL,
  `CHK_in` tinyint(1) unsigned NOT NULL DEFAULT '1',
  `CHK_timestamp` datetime NOT NULL DEFAULT '0000-00-00 00:00:00',
  PRIMARY KEY (`CHK_ID`)
) ENGINE=InnoDB DEFAULT CHARSET=utf8 AUTO_INCREMENT=1 ;

-- --------------------------------------------------------

--
-- Table structure for table `wp_esp_country`
--

CREATE TABLE IF NOT EXISTS `wp_esp_country` (
  `CNT_ISO` varchar(2) CHARACTER SET utf8 COLLATE utf8_bin NOT NULL,
  `CNT_ISO3` varchar(3) CHARACTER SET utf8 COLLATE utf8_bin NOT NULL,
  `RGN_ID` tinyint(3) unsigned DEFAULT NULL,
  `CNT_name` varchar(45) CHARACTER SET utf8 COLLATE utf8_bin NOT NULL,
  `CNT_cur_code` varchar(6) CHARACTER SET utf8 COLLATE utf8_bin DEFAULT 'USD',
  `CNT_cur_single` varchar(45) CHARACTER SET utf8 COLLATE utf8_bin DEFAULT 'dollar',
  `CNT_cur_plural` varchar(45) CHARACTER SET utf8 COLLATE utf8_bin DEFAULT 'dollars',
  `CNT_cur_sign` varchar(45) CHARACTER SET utf8 COLLATE utf8_bin DEFAULT '$',
  `CNT_cur_sign_b4` tinyint(1) DEFAULT '1',
  `CNT_cur_dec_plc` tinyint(3) unsigned NOT NULL DEFAULT '2',
  `CNT_cur_dec_mrk` varchar(1) CHARACTER SET utf8 COLLATE utf8_bin NOT NULL DEFAULT '.',
  `CNT_cur_thsnds` varchar(1) CHARACTER SET utf8 COLLATE utf8_bin NOT NULL DEFAULT ',',
  `CNT_tel_code` varchar(12) CHARACTER SET utf8 COLLATE utf8_bin DEFAULT NULL,
  `CNT_is_EU` tinyint(1) DEFAULT '0',
  `CNT_active` tinyint(1) DEFAULT '0',
  PRIMARY KEY (`CNT_ISO`)
) ENGINE=InnoDB DEFAULT CHARSET=utf8;

--
-- Dumping data for table `wp_esp_country`
--

INSERT INTO `wp_esp_country` (`CNT_ISO`, `CNT_ISO3`, `RGN_ID`, `CNT_name`, `CNT_cur_code`, `CNT_cur_single`, `CNT_cur_plural`, `CNT_cur_sign`, `CNT_cur_sign_b4`, `CNT_cur_dec_plc`, `CNT_cur_dec_mrk`, `CNT_cur_thsnds`, `CNT_tel_code`, `CNT_is_EU`, `CNT_active`) VALUES
('AD', 'AND', 0, 'Andorra', 'EUR', 'Euro', 'Euros', '€', 1, 2, '.', ',', '+376', 0, 0),
('AE', 'ARE', 0, 'United Arab Emirates', 'AED', 'Dirham', 'Dirhams', 'د.إ', 1, 2, '.', ',', '+971', 0, 0),
('AF', 'AFG', 0, 'Afghanistan', 'AFN', 'Afghani', 'Afghanis', '؋', 1, 2, '.', ',', '+93', 0, 0),
('AG', 'ATG', 0, 'Antigua and Barbuda', 'XCD', 'Dollar', 'Dollars', '$', 1, 2, '.', ',', '+1-268', 0, 0),
('AI', 'AIA', 0, 'Anguilla', 'XCD', 'Dollar', 'Dollars', '$', 1, 2, '.', ',', '+1-264', 0, 0),
('AL', 'ALB', 0, 'Albania', 'ALL', 'Lek', 'Leks', 'Lek', 1, 2, '.', ',', '+355', 0, 0),
('AM', 'ARM', 0, 'Armenia', 'AMD', 'Dram', 'Dram', 'Դրամ', 1, 2, '.', ',', '+374', 0, 0),
('AN', 'ANT', 0, 'Netherlands Antilles', 'ANG', 'Guilder', 'Guilders', 'ƒ', 1, 2, '.', ',', '+599', 0, 0),
('AO', 'AGO', 0, 'Angola', 'AOA', 'Kwanza', 'Kwanzas', '', 1, 2, '.', ',', '+244', 0, 0),
('AR', 'ARG', 0, 'Argentina', 'ARS', 'Peso', 'Pesos', '$', 1, 2, '.', ',', '+54', 0, 0),
('AS', 'ASM', 0, 'American Samoa', 'USD', 'Dollar', 'Dollars', '$', 1, 2, '.', ',', '+1-684', 0, 0),
('AT', 'AUT', 0, 'Austria', 'EUR', 'Euro', 'Euros', '€', 1, 2, '.', ',', '+43', 1, 0),
('AU', 'AUS', 0, 'Australia', 'AUD', 'Dollar', 'Dollars', '$', 1, 2, '.', ',', '+61', 0, 0),
('AW', 'ABW', 0, 'Aruba', 'AWG', 'Guilder', 'Guilders', 'ƒ', 1, 2, '.', ',', '+297', 0, 0),
('AZ', 'AZE', 0, 'Azerbaijan', 'AMD', 'Dram', 'Dram', 'Դրամ', 1, 2, '.', ',', '+374-97', 0, 0),
('BA', 'BIH', 0, 'Bosnia and Herzegovina', 'BAM', 'Marka', 'Markas', 'KM', 1, 2, '.', ',', '+387', 0, 0),
('BB', 'BRB', 0, 'Barbados', 'BBD', 'Dollar', 'Dollars', '$', 1, 2, '.', ',', '+1-246', 0, 0),
('BD', 'BGD', 0, 'Bangladesh', 'BDT', 'Taka', 'Takas', '৳', 1, 2, '.', ',', '+880', 0, 0),
('BE', 'BEL', 0, 'Belgium', 'EUR', 'Euro', 'Euros', '€', 1, 2, '.', ',', '+32', 1, 0),
('BF', 'BFA', 0, 'Burkina Faso', 'XOF', 'Franc', 'Francs', '₣', 1, 0, '.', ',', '+226', 0, 0),
('BG', 'BGR', 0, 'Bulgaria', 'BGN', 'Lev', 'Levs', 'лв', 1, 2, '.', ',', '+359', 1, 0),
('BH', 'BHR', 0, 'Bahrain', 'BHD', 'Dinar', 'Dinars', '', 1, 3, '.', ',', '+973', 0, 0),
('BI', 'BDI', 0, 'Burundi', 'BIF', 'Franc', 'Francs', '₣', 1, 0, '.', ',', '+257', 0, 0),
('BJ', 'BEN', 0, 'Benin', 'XOF', 'Franc', 'Francs', '₣', 1, 0, '.', ',', '+229', 0, 0),
('BM', 'BMU', 0, 'Bermuda', 'BMD', 'Dollar', 'Dollars', '$', 1, 2, '.', ',', '+1-441', 0, 0),
('BN', 'BRN', 0, 'Brunei Darussalam', 'BND', 'Dollar', 'Dollars', '$', 1, 2, '.', ',', '+673', 0, 0),
('BO', 'BOL', 0, 'Bolivia', 'BOB', 'Boliviano', 'Bolivianos', '$b', 1, 2, '.', ',', '+591', 0, 0),
('BR', 'BRA', 0, 'Brazil', 'BRL', 'Real', 'Reals', 'R$', 1, 2, '.', ',', '+55', 0, 0),
('BS', 'BHS', 0, 'Bahamas', 'BSD', 'Dollar', 'Dollars', '$', 1, 2, '.', ',', '+1-242', 0, 0),
('BT', 'BTN', 0, 'Bhutan', 'BTN', 'Ngultrum', 'Ngultrums', '', 1, 2, '.', ',', '+975', 0, 0),
('BW', 'BWA', 0, 'Botswana', 'BWP', 'Pula', 'Pulas', 'P', 1, 2, '.', ',', '+267', 0, 0),
('BY', 'BLR', 0, 'Belarus', 'BYR', 'Ruble', 'Rubles', 'p.', 1, 0, '.', ',', '+375', 0, 0),
('BZ', 'BLZ', 0, 'Belize', 'BZD', 'Dollar', 'Dollars', 'BZ$', 1, 2, '.', ',', '+501', 0, 0),
('CA', 'CAN', 0, 'Canada', 'CAD', 'Dollar', 'Dollars', '$', 1, 2, '.', ',', '+1', 0, 1),
('CD', 'COD', 0, 'Congo, the Democratic Republic of the', 'CDF', 'Franc', 'Francs', '₣', 1, 2, '.', ',', '+243', 0, 0),
('CF', 'CAF', 0, 'Central African Republic', 'XAF', 'Franc', 'Francs', '₣', 1, 0, '.', ',', '+236', 0, 0),
('CG', 'COG', 0, 'Congo', 'XAF', 'Franc', 'Francs', '₣', 1, 0, '.', ',', '+242', 0, 0),
('CH', 'CHE', 0, 'Switzerland', 'CHF', 'Franc', 'Francs', '₣', 1, 2, '.', ',', '+41', 0, 0),
('CI', 'CIV', 0, 'Cote D''Ivoire', 'XOF', 'Franc', 'Francs', '₣', 1, 0, '.', ',', '+225', 0, 0),
('CK', 'COK', 0, 'Cook Islands', 'NZD', 'Dollar', 'Dollars', '$', 1, 2, '.', ',', '+682', 0, 0),
('CL', 'CHL', 0, 'Chile', 'CLP', 'Peso', 'Pesos', '$', 1, 0, '.', ',', '+56', 0, 0),
('CM', 'CMR', 0, 'Cameroon', 'XAF', 'Franc', 'Francs', '₣', 1, 0, '.', ',', '+237', 0, 0),
('CN', 'CHN', 0, 'China', 'CNY', 'Yuan Renminbi', 'Yuan Renminbis', '¥', 1, 2, '.', ',', '+86', 0, 0),
('CO', 'COL', 0, 'Colombia', 'COP', 'Peso', 'Pesos', '$', 1, 2, '.', ',', '+57', 0, 0),
('CR', 'CRI', 0, 'Costa Rica', 'CRC', 'Colon', 'Colons', '₡', 1, 2, '.', ',', '+506', 0, 0),
('CU', 'CUB', 0, 'Cuba', 'CUP', 'Peso', 'Pesos', '₱', 1, 2, '.', ',', '+53', 0, 0),
('CV', 'CPV', 0, 'Cape Verde', 'CVE', 'Escudo', 'Escudos', '', 1, 2, '.', ',', '+238', 0, 0),
('CY', 'CYP', 0, 'Cyprus', 'EUR', 'Euro', 'Euros', '€', 1, 2, '.', ',', '+357', 1, 0),
('CZ', 'CZE', 0, 'Czech Republic', 'CZK', 'Koruna', 'Korunas', 'Kč', 1, 2, '.', ',', '+420', 1, 0),
('DE', 'DEU', 0, 'Germany', 'EUR', 'Euro', 'Euros', '€', 1, 2, '.', ',', '+49', 1, 0),
('DJ', 'DJI', 0, 'Djibouti', 'DJF', 'Franc', 'Francs', '₣', 1, 0, '.', ',', '+253', 0, 0),
('DK', 'DNK', 0, 'Denmark', 'DKK', 'Krone', 'Kroner', 'kr', 1, 2, '.', ',', '+45', 1, 0),
('DM', 'DMA', 0, 'Dominica', 'XCD', 'Dollar', 'Dollars', '$', 1, 2, '.', ',', '+1-767', 0, 0),
('DO', 'DOM', 0, 'Dominican Republic', 'DOP', 'Peso', 'Pesos', 'RD$', 1, 2, '.', ',', '+849', 0, 0),
('DZ', 'DZA', 0, 'Algeria', 'DZD', 'Dinar', 'Dinars', '', 1, 3, '.', ',', '+213', 0, 0),
('EC', 'ECU', 0, 'Ecuador', 'USD', 'Dollar', 'Dollars', '$', 1, 2, '.', ',', '+593', 0, 0),
('EE', 'EST', 0, 'Estonia', 'EUR', 'Euro', 'Euros', '€', 1, 2, '.', ',', '+372', 1, 0),
('EG', 'EGY', 0, 'Egypt', 'EGP', 'Pound', 'Pounds', '£', 1, 2, '.', ',', '+20', 0, 0),
('EH', 'ESH', 0, 'Western Sahara', 'MAD', 'Dirham', 'Dirhams', '', 1, 2, '.', ',', '+212', 0, 0),
('ER', 'ERI', 0, 'Eritrea', 'ERN', 'Nakfa', 'Nakfas', '', 1, 2, '.', ',', '+291', 0, 0),
('ES', 'ESP', 0, 'Spain', 'EUR', 'Euro', 'Euros', '€', 1, 2, '.', ',', '+34', 1, 0),
('ET', 'ETH', 0, 'Ethiopia', 'ETB', 'Birr', 'Birrs', '', 1, 2, '.', ',', '+251', 0, 0),
('FI', 'FIN', 0, 'Finland', 'EUR', 'Euro', 'Euros', '€', 1, 2, '.', ',', '+358', 1, 0),
('FJ', 'FJI', 0, 'Fiji', 'FJD', 'Dollar', 'Dollars', '$', 1, 2, '.', ',', '+679', 0, 0),
('FK', 'FLK', 0, 'Falkland Islands (Malvinas)', 'FKP', 'Pound', 'Pounds', '£', 1, 2, '.', ',', '+500', 0, 0),
('FM', 'FSM', 0, 'Micronesia, Federated States of', 'USD', 'Dollar', 'Dollars', '$', 1, 2, '.', ',', '+691', 0, 0),
('FO', 'FRO', 0, 'Faroe Islands', 'DKK', 'Krone', 'Krones', 'kr', 1, 2, '.', ',', '+298', 0, 0),
('FR', 'FRA', 0, 'France', 'EUR', 'Euro', 'Euros', '€', 1, 2, '.', ',', '+33', 1, 0),
('GA', 'GAB', 0, 'Gabon', 'XAF', 'Franc', 'Francs', '₣', 1, 0, '.', ',', '+241', 0, 0),
('GB', 'GBR', 0, 'United Kingdom', 'GBP', 'Pound', 'Pounds', '£', 1, 2, '.', ',', '+44', 1, 0),
('GD', 'GRD', 0, 'Grenada', 'XCD', 'Dollar', 'Dollars', '$', 1, 2, '.', ',', '+1-473', 0, 0),
('GE', 'GEO', 0, 'Georgia', 'RUB', 'Ruble', 'Rubles', 'руб', 1, 2, '.', ',', '+995', 0, 0),
('GF', 'GUF', 0, 'French Guiana', 'EUR', 'Euro', 'Euros', '€', 1, 2, '.', ',', '+594', 0, 0),
('GH', 'GHA', 0, 'Ghana', 'GHS', 'Cedi', 'Cedis', '', 1, 2, '.', ',', '+233', 0, 0),
('GI', 'GIB', 0, 'Gibraltar', 'GIP', 'Pound', 'Pounds', '£', 1, 2, '.', ',', '+350', 0, 0),
('GL', 'GRL', 0, 'Greenland', 'DKK', 'Krone', 'Krones', 'kr', 1, 2, '.', ',', '+299', 0, 0),
('GM', 'GMB', 0, 'Gambia', 'GMD', 'Dalasi', 'Dalasis', '', 1, 2, '.', ',', '+220', 0, 0),
('GN', 'GIN', 0, 'Guinea', 'GNF', 'Franc', 'Francs', '₣', 1, 0, '.', ',', '+224', 0, 0),
('GP', 'GLP', 0, 'Guadeloupe', 'EUR', 'Euro', 'Euros', '€', 1, 2, '.', ',', '+590', 0, 0),
('GQ', 'GNQ', 0, 'Equatorial Guinea', 'XAF', 'Franc', 'Francs', '₣', 1, 0, '.', ',', '+240', 0, 0),
('GR', 'GRC', 0, 'Greece', 'EUR', 'Euro', 'Euros', '€', 1, 2, '.', ',', '+30', 1, 0),
('GT', 'GTM', 0, 'Guatemala', 'GTQ', 'Quetzal', 'Quetzals', 'Q', 1, 2, '.', ',', '+502', 0, 0),
('GU', 'GUM', 0, 'Guam', 'USD', 'Dollar', 'Dollars', '$', 1, 2, '.', ',', '+1-671', 0, 0),
('GW', 'GNB', 0, 'Guinea-Bissau', 'XOF', 'Franc', 'Francs', '₣', 1, 0, '.', ',', '+245', 0, 0),
('GY', 'GUY', 0, 'Guyana', 'GYD', 'Dollar', 'Dollars', '$', 1, 2, '.', ',', '+592', 0, 0),
('HK', 'HKG', 0, 'Hong Kong', 'HKD', 'Dollar', 'Dollars', '$', 1, 2, '.', ',', '+852', 0, 0),
('HN', 'HND', 0, 'Honduras', 'HNL', 'Lempira', 'Lempiras', 'L', 1, 2, '.', ',', '+504', 0, 0),
('HR', 'HRV', 0, 'Croatia', 'HRK', 'Kuna', 'Kunas', 'kn', 1, 2, '.', ',', '+385', 0, 0),
('HT', 'HTI', 0, 'Haiti', 'HTG', 'Gourde', 'Gourdes', '', 1, 2, '.', ',', '+509', 0, 0),
('HU', 'HUN', 0, 'Hungary', 'HUF', 'Forint', 'Forints', 'Ft', 1, 2, '.', ',', '+36', 1, 0),
('ID', 'IDN', 0, 'Indonesia', 'IDR', 'Rupiah', 'Rupiahs', 'Rp', 1, 2, '.', ',', '+62', 0, 0),
('IE', 'IRL', 0, 'Ireland', 'EUR', 'Euro', 'Euros', '€', 1, 2, '.', ',', '+353', 1, 0),
('IL', 'ISR', 0, 'Israel', 'ILS', 'Shekel', 'Shekels', '₪', 1, 2, '.', ',', '+972', 0, 0),
('IN', 'IND', 0, 'India', 'INR', 'Rupee', 'Rupees', '$', 1, 2, '.', ',', '+91', 0, 0),
('IQ', 'IRQ', 0, 'Iraq', 'IQD', 'Dinar', 'Dinars', 'د.ع', 1, 3, '.', ',', '+964', 0, 0),
('IR', 'IRN', 0, 'Iran, Islamic Republic of', 'IRR', 'Rial', 'Rials', '﷼', 1, 2, '.', ',', '+98', 0, 0),
('IS', 'ISL', 0, 'Iceland', 'ISK', 'Króna', 'krónur', 'kr', 1, 0, '.', ',', '+354', 0, 0),
('IT', 'ITA', 0, 'Italy', 'EUR', 'Euro', 'Euros', '€', 1, 2, '.', ',', '+39', 1, 0),
('JM', 'JAM', 0, 'Jamaica', 'JMD', 'Dollar', 'Dollars', 'J$', 1, 2, '.', ',', '+1-876', 0, 0),
('JO', 'JOR', 0, 'Jordan', 'JOD', 'Dinar', 'Dinars', '', 1, 3, '.', ',', '+962', 0, 0),
('JP', 'JPN', 0, 'Japan', 'JPY', 'Yen', 'Yens', '¥', 1, 0, '.', ',', '+81', 0, 0),
('KE', 'KEN', 0, 'Kenya', 'KES', 'Shilling', 'Shillings', 'S', 1, 2, '.', ',', '+254', 0, 0),
('KG', 'KGZ', 0, 'Kyrgyzstan', 'KGS', 'Som', 'Soms', 'лв', 1, 2, '.', ',', '+996', 0, 0),
('KH', 'KHM', 0, 'Cambodia', 'KHR', 'Riels', 'Rielss', '៛', 1, 2, '.', ',', '+855', 0, 0),
('KI', 'KIR', 0, 'Kiribati', 'AUD', 'Dollar', 'Dollars', '$', 1, 2, '.', ',', '+686', 0, 0),
('KM', 'COM', 0, 'Comoros', 'KMF', 'Franc', 'Francs', '₣', 1, 0, '.', ',', '+269', 0, 0),
('KN', 'KNA', 0, 'Saint Kitts and Nevis', 'XCD', 'Dollar', 'Dollars', '$', 1, 2, '.', ',', '+1-869', 0, 0),
('KP', 'PRK', 0, 'Korea, Democratic People''s Republic of', 'KPW', 'Won', 'Wons', '₩', 1, 2, '.', ',', '+850', 0, 0),
('KR', 'KOR', 0, 'Korea, Republic of', 'KRW', 'Won', 'Wons', '₩', 1, 0, '.', ',', '+82', 0, 0),
('KW', 'KWT', 0, 'Kuwait', 'KWD', 'Dinar', 'Dinars', '', 1, 3, '.', ',', '+965', 0, 0),
('KY', 'CYM', 0, 'Cayman Islands', 'KYD', 'Dollar', 'Dollars', '$', 1, 2, '.', ',', '+1-345', 0, 0),
('KZ', 'KAZ', 0, 'Kazakhstan', 'KZT', 'Tenge', 'Tenges', 'лв', 1, 2, '.', ',', '+7', 0, 0),
('LA', 'LAO', 0, 'Lao People''s Democratic Republic', 'LAK', 'Kip', 'Kips', '₭', 1, 2, '.', ',', '+856', 0, 0),
('LB', 'LBN', 0, 'Lebanon', 'LBP', 'Pound', 'Pounds', '£', 1, 2, '.', ',', '+961', 0, 0),
('LC', 'LCA', 0, 'Saint Lucia', 'XCD', 'Dollar', 'Dollars', '$', 1, 2, '.', ',', '+1-758', 0, 0),
('LI', 'LIE', 0, 'Liechtenstein', 'CHF', 'Franc', 'Francs', '₣', 1, 2, '.', ',', '+423', 0, 0),
('LK', 'LKA', 0, 'Sri Lanka', 'LKR', 'Rupee', 'Rupees', '₨', 1, 2, '.', ',', '+94', 0, 0),
('LR', 'LBR', 0, 'Liberia', 'LRD', 'Dollar', 'Dollars', '$', 1, 2, '.', ',', '+231', 0, 0),
('LS', 'LSO', 0, 'Lesotho', 'LSL', 'Loti', 'Lotis', '', 1, 2, '.', ',', '+266', 0, 0),
('LT', 'LTU', 0, 'Lithuania', 'LTL', 'Litas', 'Litass', 'Lt', 1, 2, '.', ',', '+370', 1, 0),
('LU', 'LUX', 0, 'Luxembourg', 'EUR', 'Euro', 'Euros', '€', 1, 2, '.', ',', '+352', 1, 0),
('LV', 'LVA', 0, 'Latvia', 'EUR', 'Euro', 'Euros', '€', 1, 2, '.', ',', '+371', 1, 0),
('LY', 'LBY', 0, 'Libyan Arab Jamahiriya', 'LYD', 'Dinar', 'Dinars', '', 1, 3, '.', ',', '+218', 0, 0),
('MA', 'MAR', 0, 'Morocco', 'MAD', 'Dirham', 'Dirhams', '', 1, 2, '.', ',', '+212', 0, 0),
('MC', 'MCO', 0, 'Monaco', 'EUR', 'Euro', 'Euros', '€', 1, 2, '.', ',', '+377', 0, 0),
('MD', 'MDA', 0, 'Moldova, Republic of', 'MDL', 'Leu', 'Leus', '', 1, 2, '.', ',', '+373', 0, 0),
('MG', 'MDG', 0, 'Madagascar', 'MGA', 'Ariary', 'Ariarys', '', 1, 2, '.', ',', '+261', 0, 0),
('MH', 'MHL', 0, 'Marshall Islands', 'USD', 'Dollar', 'Dollars', '$', 1, 2, '.', ',', '+692', 0, 0),
('MK', 'MKD', 0, 'Macedonia, the Former Yugoslav Republic of', 'MKD', 'Denar', 'Denars', 'ден', 1, 2, '.', ',', '+389', 0, 0),
('ML', 'MLI', 0, 'Mali', 'XOF', 'Franc', 'Francs', '₣', 1, 0, '.', ',', '+223', 0, 0),
('MM', 'MMR', 0, 'Myanmar', 'MMK', 'Kyat', 'Kyats', '', 1, 2, '.', ',', '+95', 0, 0),
('MN', 'MNG', 0, 'Mongolia', 'MNT', 'Tugrik', 'Tugriks', '₮', 1, 2, '.', ',', '+976', 0, 0),
('MO', 'MAC', 0, 'Macao', 'MOP', 'Pataca', 'Patacas', '', 1, 2, '.', ',', '+853', 0, 0),
('MP', 'MNP', 0, 'Northern Mariana Islands', 'USD', 'Dollar', 'Dollars', '$', 1, 2, '.', ',', '+1-670', 0, 0),
('MQ', 'MTQ', 0, 'Martinique', 'EUR', 'Euro', 'Euros', '€', 1, 2, '.', ',', '+596', 0, 0),
('MR', 'MRT', 0, 'Mauritania', 'MRO', 'Ouguiya', 'Ouguiyas', '', 1, 2, '.', ',', '+222', 0, 0),
('MS', 'MSR', 0, 'Montserrat', 'XCD', 'Dollar', 'Dollars', '$', 1, 2, '.', ',', '+1-664', 0, 0),
('MT', 'MLT', 0, 'Malta', 'EUR', 'Euro', 'Euros', '€', 1, 2, '.', ',', '+356', 1, 0),
('MU', 'MUS', 0, 'Mauritius', 'MUR', 'Rupee', 'Rupees', '₨', 1, 2, '.', ',', '+230', 0, 0),
('MV', 'MDV', 0, 'Maldives', 'MVR', 'Rufiyaa', 'Rufiyaas', '', 1, 2, '.', ',', '+960', 0, 0),
('MW', 'MWI', 0, 'Malawi', 'MWK', 'Kwacha', 'Kwachas', '', 1, 2, '.', ',', '+265', 0, 0),
('MX', 'MEX', 0, 'Mexico', 'MXN', 'Peso', 'Pesos', '$', 1, 2, '.', ',', '+52', 0, 0),
('MY', 'MYS', 0, 'Malaysia', 'MYR', 'Ringgit', 'Ringgits', 'RM', 1, 2, '.', ',', '+60', 0, 0),
('MZ', 'MOZ', 0, 'Mozambique', 'MZM', 'Meticail', 'Meticails', '', 1, 2, '.', ',', '+258', 0, 0),
('NA', 'NAM', 0, 'Namibia', 'NAD', 'Dollar', 'Dollars', '$', 1, 2, '.', ',', '+264', 0, 0),
('NC', 'NCL', 0, 'New Caledonia', 'XPF', 'Franc', 'Francs', '₣', 1, 0, '.', ',', '+687', 0, 0),
('NE', 'NER', 0, 'Niger', 'XOF', 'Franc', 'Francs', '₣', 1, 0, '.', ',', '+227', 0, 0),
('NF', 'NFK', 0, 'Norfolk Island', 'AUD', 'Dollar', 'Dollars', '$', 1, 2, '.', ',', '+672', 0, 0),
('NG', 'NGA', 0, 'Nigeria', 'NGN', 'Naira', 'Nairas', '₦', 1, 2, '.', ',', '+234', 0, 0),
('NI', 'NIC', 0, 'Nicaragua', 'NIO', 'Cordoba', 'Cordobas', 'C$', 1, 2, '.', ',', '+505', 0, 0),
('NL', 'NLD', 0, 'Netherlands', 'EUR', 'Euro', 'Euros', '€', 1, 2, '.', ',', '+31', 1, 0),
('NO', 'NOR', 0, 'Norway', 'NOK', 'Krone', 'Krones', 'kr', 1, 2, '.', ',', '+47', 0, 0),
('NP', 'NPL', 0, 'Nepal', 'NPR', 'Rupee', 'Rupees', '₨', 1, 2, '.', ',', '+977', 0, 0),
('NR', 'NRU', 0, 'Nauru', 'AUD', 'Dollar', 'Dollars', '$', 1, 2, '.', ',', '+674', 0, 0),
('NU', 'NIU', 0, 'Niue', 'NZD', 'Dollar', 'Dollars', '$', 1, 2, '.', ',', '+683', 0, 0),
('NZ', 'NZL', 0, 'New Zealand', 'NZD', 'Dollar', 'Dollars', '$', 1, 2, '.', ',', '+64', 0, 0),
('OM', 'OMN', 0, 'Oman', 'OMR', 'Rial', 'Rials', '﷼', 1, 3, '.', ',', '+968', 0, 0),
('PA', 'PAN', 0, 'Panama', 'PAB', 'Balboa', 'Balboas', 'B/.', 1, 2, '.', ',', '+507', 0, 0),
('PE', 'PER', 0, 'Peru', 'PEN', 'Sol', 'Sols', 'S/.', 1, 2, '.', ',', '+51', 0, 0),
('PF', 'PYF', 0, 'French Polynesia', 'XPF', 'Franc', 'Francs', '₣', 1, 0, '.', ',', '+689', 0, 0),
('PG', 'PNG', 0, 'Papua New Guinea', 'PGK', 'Kina', 'Kinas', '', 1, 2, '.', ',', '+675', 0, 0),
('PH', 'PHL', 0, 'Philippines', 'PHP', 'Peso', 'Pesos', '₱', 1, 2, '.', ',', '+63', 0, 0),
('PK', 'PAK', 0, 'Pakistan', 'PKR', 'Rupee', 'Rupees', '₨', 1, 2, '.', ',', '+92', 0, 0),
('PL', 'POL', 0, 'Poland', 'PLN', 'Zloty', 'Zlotys', 'zł', 1, 2, '.', ',', '+48', 1, 0),
('PM', 'SPM', 0, 'Saint Pierre and Miquelon', 'EUR', 'Euro', 'Euros', '€', 1, 2, '.', ',', '+508', 0, 0),
('PN', 'PCN', 0, 'Pitcairn', 'NZD', 'Dollar', 'Dollars', '$', 1, 2, '.', ',', '', 0, 0),
('PR', 'PRI', 0, 'Puerto Rico', 'USD', 'Dollar', 'Dollars', '$', 1, 2, '.', ',', '+1', 0, 0),
('PT', 'PRT', 0, 'Portugal', 'EUR', 'Euro', 'Euros', '€', 1, 2, '.', ',', '+351', 1, 0),
('PW', 'PLW', 0, 'Palau', 'USD', 'Dollar', 'Dollars', '$', 1, 2, '.', ',', '+680', 0, 0),
('PY', 'PRY', 0, 'Paraguay', 'PYG', 'Guarani', 'Guaranis', 'Gs', 1, 0, '.', ',', '+595', 0, 0),
('QA', 'QAT', 0, 'Qatar', 'QAR', 'Rial', 'Rials', '﷼', 1, 2, '.', ',', '+974', 0, 0),
('RE', 'REU', 0, 'Reunion', 'EUR', 'Euro', 'Euros', '€', 1, 2, '.', ',', '+262', 0, 0),
('RO', 'ROM', 0, 'Romania', 'RON', 'Leu', 'Leus', 'lei', 1, 2, '.', ',', '+40', 1, 0),
('RU', 'RUS', 0, 'Russian Federation', 'RUB', 'Ruble', 'Rubles', 'руб', 1, 2, '.', ',', '+7', 0, 0),
('RW', 'RWA', 0, 'Rwanda', 'RWF', 'Franc', 'Francs', '₣', 1, 0, '.', ',', '+250', 0, 0),
('SA', 'SAU', 0, 'Saudi Arabia', 'SAR', 'Rial', 'Rials', '﷼', 1, 2, '.', ',', '+966', 0, 0),
('SB', 'SLB', 0, 'Solomon Islands', 'SBD', 'Dollar', 'Dollars', '$', 1, 2, '.', ',', '+677', 0, 0),
('SC', 'SYC', 0, 'Seychelles', 'SCR', 'Rupee', 'Rupees', '₨', 1, 2, '.', ',', '+248', 0, 0),
('SD', 'SDN', 0, 'Sudan', 'SDG', 'Pound', 'Pounds', '', 1, 2, '.', ',', '+249', 0, 0),
('SE', 'SWE', 0, 'Sweden', 'SEK', 'Krona', 'Kronor', 'kr', 1, 2, '.', ',', '+46', 1, 0),
('SG', 'SGP', 0, 'Singapore', 'SGD', 'Dollar', 'Dollars', '$', 1, 2, '.', ',', '+65', 0, 0),
('SH', 'SHN', 0, 'Saint Helena', 'SHP', 'Pound', 'Pounds', '£', 1, 2, '.', ',', '+290', 0, 0),
('SI', 'SVN', 0, 'Slovenia', 'EUR', 'Euro', 'Euros', '€', 1, 2, '.', ',', '+386', 1, 0),
('SJ', 'SJM', 0, 'Svalbard and Jan Mayen', 'NOK', 'Krone', 'Krones', 'kr', 1, 2, '.', ',', '+47', 0, 0),
('SK', 'SVK', 0, 'Slovakia', 'EUR', 'Euro', 'Euros', '€', 1, 2, '.', ',', '+421', 1, 0),
('SL', 'SLE', 0, 'Sierra Leone', 'SLL', 'Leone', 'Leones', '', 1, 2, '.', ',', '+232', 0, 0),
('SM', 'SMR', 0, 'San Marino', 'EUR', 'Euro', 'Euros', '€', 1, 2, '.', ',', '+378', 0, 0),
('SN', 'SEN', 0, 'Senegal', 'XOF', 'Franc', 'Francs', '₣', 1, 0, '.', ',', '+221', 0, 0),
('SO', 'SOM', 0, 'Somalia', 'SOS', 'Shilling', 'Shillings', 'S', 1, 2, '.', ',', '+252', 0, 0),
('SR', 'SUR', 0, 'Suriname', 'SRD', 'Dollar', 'Dollars', '$', 1, 2, '.', ',', '+597', 0, 0),
('ST', 'STP', 0, 'Sao Tome and Principe', 'STD', 'Dobra', 'Dobras', '', 1, 2, '.', ',', '+239', 0, 0),
('SV', 'SLV', 0, 'El Salvador', 'USD', 'Dollar', 'Dollars', '$', 1, 2, '.', ',', '+503', 0, 0),
('SY', 'SYR', 0, 'Syrian Arab Republic', 'SYP', 'Pound', 'Pounds', '£', 1, 2, '.', ',', '+963', 0, 0),
('SZ', 'SWZ', 0, 'Swaziland', 'SZL', 'Lilangeni', 'Lilangenis', '', 1, 2, '.', ',', '+268', 0, 0),
('TC', 'TCA', 0, 'Turks and Caicos Islands', 'USD', 'Dollar', 'Dollars', '$', 1, 2, '.', ',', '+1-649', 0, 0),
('TD', 'TCD', 0, 'Chad', 'XAF', 'Franc', 'Francs', '₣', 1, 0, '.', ',', '+235', 0, 0),
('TG', 'TGO', 0, 'Togo', 'XOF', 'Franc', 'Francs', '₣', 1, 0, '.', ',', '+228', 0, 0),
('TH', 'THA', 0, 'Thailand', 'USD', 'Dollar', 'Dollas', '$', 1, 2, '.', ',', '+66', 0, 1),
('TJ', 'TJK', 0, 'Tajikistan', 'TJS', 'Somoni', 'Somonis', '', 1, 2, '.', ',', '+992', 0, 0),
('TK', 'TKL', 0, 'Tokelau', 'NZD', 'Dollar', 'Dollars', '$', 1, 2, '.', ',', '+690', 0, 0),
('TM', 'TKM', 0, 'Turkmenistan', 'TMM', 'Manat', 'Manats', '', 1, 2, '.', ',', '+993', 0, 0),
('TN', 'TUN', 0, 'Tunisia', 'TND', 'Dinar', 'Dinars', '', 1, 3, '.', ',', '+216', 0, 0),
('TO', 'TON', 0, 'Tonga', 'TOP', 'Pa''anga', 'Pa''angas', '', 1, 2, '.', ',', '+676', 0, 0),
('TR', 'TUR', 0, 'Turkey', 'TRY', 'Lira', 'Liras', '$', 1, 2, '.', ',', '+90', 0, 0),
('TT', 'TTO', 0, 'Trinidad and Tobago', 'TTD', 'Dollar', 'Dollars', 'TT$', 1, 2, '.', ',', '+1-868', 0, 0),
('TV', 'TUV', 0, 'Tuvalu', 'AUD', 'Dollar', 'Dollars', '$', 1, 2, '.', ',', '+688', 0, 0),
('TW', 'TWN', 0, 'Taiwan, Province of China', 'TWD', 'Dollar', 'Dollars', 'NT$', 1, 2, '.', ',', '+886', 0, 0),
('TZ', 'TZA', 0, 'Tanzania, United Republic of', 'TZS', 'Shilling', 'Shillings', 'S', 1, 2, '.', ',', '+255', 0, 0),
('UA', 'UKR', 0, 'Ukraine', 'UAH', 'Hryvnia', 'Hryvnias', '₴', 1, 2, '.', ',', '+380', 0, 0),
('UG', 'UGA', 0, 'Uganda', 'UGX', 'Shilling', 'Shillings', 'S', 1, 2, '.', ',', '+256', 0, 0),
('US', 'USA', 0, 'United States', 'USD', 'Dollar', 'Dollars', '$', 1, 2, '.', ',', '+1', 0, 0),
('UY', 'URY', 0, 'Uruguay', 'UYU', 'Peso', 'Pesos', '$U', 1, 2, '.', ',', '+598', 0, 0),
('UZ', 'UZB', 0, 'Uzbekistan', 'UZS', 'Som', 'Soms', 'лв', 1, 2, '.', ',', '+998', 0, 0),
('VA', 'VAT', 0, 'Holy See (Vatican City State)', 'EUR', 'Euro', 'Euros', '€', 1, 2, '.', ',', '+379', 0, 0),
('VC', 'VCT', 0, 'Saint Vincent and the Grenadines', 'XCD', 'Dollar', 'Dollars', '$', 1, 2, '.', ',', '+1-784', 0, 0),
('VE', 'VEN', 0, 'Venezuela', 'VEB', 'Bolivar', 'Bolivars', '', 1, 2, '.', ',', '+58', 0, 0),
('VG', 'VGB', 0, 'Virgin Islands, British', 'USD', 'Dollar', 'Dollars', '$', 1, 2, '.', ',', '+1-284', 0, 0),
('VI', 'VIR', 0, 'Virgin Islands, US', 'USD', 'Dollar', 'Dollars', '$', 1, 2, '.', ',', '+1-340', 0, 0),
('VN', 'VNM', 0, 'Viet Nam', 'VND', 'Dong', 'Dongs', '₫', 1, 2, '.', ',', '+84', 0, 0),
('VU', 'VUT', 0, 'Vanuatu', 'VUV', 'Vatu', 'Vatus', '', 1, 0, '.', ',', '+678', 0, 0),
('WF', 'WLF', 0, 'Wallis and Futuna', 'XPF', 'Franc', 'Francs', '₣', 1, 0, '.', ',', '+681', 0, 0),
('WS', 'WSM', 0, 'Samoa', 'WST', 'Tala', 'Talas', '', 1, 2, '.', ',', '+685', 0, 0),
('YE', 'YEM', 0, 'Yemen', 'YER', 'Rial', 'Rials', '﷼', 1, 2, '.', ',', '+967', 0, 0),
('ZA', 'ZAF', 0, 'South Africa', 'ZAR', 'Rand', 'Rands', 'R', 1, 2, '.', ',', '+27', 0, 0),
('ZM', 'ZMB', 0, 'Zambia', 'ZMK', 'Kwacha', 'Kwachas', '', 1, 2, '.', ',', '+260', 0, 0),
('ZW', 'ZWE', 0, 'Zimbabwe', 'ZWD', 'Dollar', 'Dollars', 'Z$', 1, 2, '.', ',', '+263', 0, 0);

-- --------------------------------------------------------

--
-- Table structure for table `wp_esp_currency`
--

CREATE TABLE IF NOT EXISTS `wp_esp_currency` (
  `CUR_code` varchar(6) CHARACTER SET utf8 COLLATE utf8_bin NOT NULL,
  `CUR_single` varchar(45) CHARACTER SET utf8 COLLATE utf8_bin DEFAULT 'dollar',
  `CUR_plural` varchar(45) CHARACTER SET utf8 COLLATE utf8_bin DEFAULT 'dollars',
  `CUR_sign` varchar(45) CHARACTER SET utf8 COLLATE utf8_bin DEFAULT '$',
  `CUR_dec_plc` varchar(1) CHARACTER SET utf8 COLLATE utf8_bin NOT NULL DEFAULT '2',
  `CUR_active` tinyint(1) DEFAULT '0',
  PRIMARY KEY (`CUR_code`)
) ENGINE=InnoDB DEFAULT CHARSET=utf8;

--
-- Dumping data for table `wp_esp_currency`
--

INSERT INTO `wp_esp_currency` (`CUR_code`, `CUR_single`, `CUR_plural`, `CUR_sign`, `CUR_dec_plc`, `CUR_active`) VALUES
('AED', 'Dirham', 'Dirhams', 'د.إ', '2', 1),
('AFN', 'Afghani', 'Afghanis', '؋', '2', 1),
('ALL', 'Lek', 'Leks', 'Lek', '2', 1),
('AMD', 'Dram', 'Dram', 'Դրամ', '2', 1),
('ANG', 'Guilder', 'Guilders', 'ƒ', '2', 1),
('AOA', 'Kwanza', 'Kwanzas', '', '2', 1),
('ARS', 'Peso', 'Pesos', '$', '2', 1),
('AUD', 'Dollar', 'Dollars', '$', '2', 1),
('AWG', 'Guilder', 'Guilders', 'ƒ', '2', 1),
('BAM', 'Marka', 'Markas', 'KM', '2', 1),
('BBD', 'Dollar', 'Dollars', '$', '2', 1),
('BDT', 'Taka', 'Takas', '৳', '2', 1),
('BGN', 'Lev', 'Levs', 'лв', '2', 1),
('BHD', 'Dinar', 'Dinars', '', '3', 1),
('BIF', 'Franc', 'Francs', '₣', '0', 1),
('BMD', 'Dollar', 'Dollars', '$', '2', 1),
('BND', 'Dollar', 'Dollars', '$', '2', 1),
('BOB', 'Boliviano', 'Bolivianos', '$b', '2', 1),
('BRL', 'Real', 'Reals', 'R$', '2', 1),
('BSD', 'Dollar', 'Dollars', '$', '2', 1),
('BTN', 'Ngultrum', 'Ngultrums', '', '2', 1),
('BWP', 'Pula', 'Pulas', 'P', '2', 1),
('BYR', 'Ruble', 'Rubles', 'p.', '0', 1),
('BZD', 'Dollar', 'Dollars', 'BZ$', '2', 1),
('CAD', 'Dollar', 'Dollars', '$', '2', 1),
('CDF', 'Franc', 'Francs', '₣', '2', 1),
('CHF', 'Franc', 'Francs', '₣', '2', 1),
('CLP', 'Peso', 'Pesos', '$', '0', 1),
('CNY', 'Yuan Renminbi', 'Yuan Renminbis', '¥', '2', 1),
('COP', 'Peso', 'Pesos', '$', '2', 1),
('CRC', 'Colon', 'Colons', '₡', '2', 1),
('CUP', 'Peso', 'Pesos', '₱', '2', 1),
('CVE', 'Escudo', 'Escudos', '', '2', 1),
('CZK', 'Koruna', 'Korunas', 'Kč', '2', 1),
('DJF', 'Franc', 'Francs', '₣', '0', 1),
('DKK', 'Krone', 'Kroner', 'kr', '2', 1),
('DOP', 'Peso', 'Pesos', 'RD$', '2', 1),
('DZD', 'Dinar', 'Dinars', '', '3', 1),
('EGP', 'Pound', 'Pounds', '£', '2', 1),
('ERN', 'Nakfa', 'Nakfas', '', '2', 1),
('ETB', 'Birr', 'Birrs', '', '2', 1),
('EUR', 'Euro', 'Euros', '€', '2', 1),
('FJD', 'Dollar', 'Dollars', '$', '2', 1),
('FKP', 'Pound', 'Pounds', '£', '2', 1),
('GBP', 'Pound', 'Pounds', '£', '2', 1),
('GHS', 'Cedi', 'Cedis', '', '2', 1),
('GIP', 'Pound', 'Pounds', '£', '2', 1),
('GMD', 'Dalasi', 'Dalasis', '', '2', 1),
('GNF', 'Franc', 'Francs', '₣', '0', 1),
('GTQ', 'Quetzal', 'Quetzals', 'Q', '2', 1),
('GYD', 'Dollar', 'Dollars', '$', '2', 1),
('HKD', 'Dollar', 'Dollars', '$', '2', 1),
('HNL', 'Lempira', 'Lempiras', 'L', '2', 1),
('HRK', 'Kuna', 'Kunas', 'kn', '2', 1),
('HTG', 'Gourde', 'Gourdes', '', '2', 1),
('HUF', 'Forint', 'Forints', 'Ft', '2', 1),
('IDR', 'Rupiah', 'Rupiahs', 'Rp', '2', 1),
('ILS', 'Shekel', 'Shekels', '₪', '2', 1),
('INR', 'Rupee', 'Rupees', '$', '2', 1),
('IQD', 'Dinar', 'Dinars', 'د.ع', '3', 1),
('IRR', 'Rial', 'Rials', '﷼', '2', 1),
('ISK', 'Króna', 'krónur', 'kr', '0', 1),
('JMD', 'Dollar', 'Dollars', 'J$', '2', 1),
('JOD', 'Dinar', 'Dinars', '', '3', 1),
('JPY', 'Yen', 'Yens', '¥', '0', 1),
('KES', 'Shilling', 'Shillings', 'S', '2', 1),
('KGS', 'Som', 'Soms', 'лв', '2', 1),
('KHR', 'Riels', 'Rielss', '៛', '2', 1),
('KMF', 'Franc', 'Francs', '₣', '0', 1),
('KPW', 'Won', 'Wons', '₩', '2', 1),
('KRW', 'Won', 'Wons', '₩', '0', 1),
('KWD', 'Dinar', 'Dinars', '', '3', 1),
('KYD', 'Dollar', 'Dollars', '$', '2', 1),
('KZT', 'Tenge', 'Tenges', 'лв', '2', 1),
('LAK', 'Kip', 'Kips', '₭', '2', 1),
('LBP', 'Pound', 'Pounds', '£', '2', 1),
('LKR', 'Rupee', 'Rupees', '₨', '2', 1),
('LRD', 'Dollar', 'Dollars', '$', '2', 1),
('LSL', 'Loti', 'Lotis', '', '2', 1),
('LTL', 'Litas', 'Litass', 'Lt', '2', 1),
('LYD', 'Dinar', 'Dinars', '', '3', 1),
('MAD', 'Dirham', 'Dirhams', '', '2', 1),
('MDL', 'Leu', 'Leus', '', '2', 1),
('MGA', 'Ariary', 'Ariarys', '', '2', 1),
('MKD', 'Denar', 'Denars', 'ден', '2', 1),
('MMK', 'Kyat', 'Kyats', '', '2', 1),
('MNT', 'Tugrik', 'Tugriks', '₮', '2', 1),
('MOP', 'Pataca', 'Patacas', '', '2', 1),
('MRO', 'Ouguiya', 'Ouguiyas', '', '2', 1),
('MUR', 'Rupee', 'Rupees', '₨', '2', 1),
('MVR', 'Rufiyaa', 'Rufiyaas', '', '2', 1),
('MWK', 'Kwacha', 'Kwachas', '', '2', 1),
('MXN', 'Peso', 'Pesos', '$', '2', 1),
('MYR', 'Ringgit', 'Ringgits', 'RM', '2', 1),
('MZM', 'Meticail', 'Meticails', '', '2', 1),
('NAD', 'Dollar', 'Dollars', '$', '2', 1),
('NGN', 'Naira', 'Nairas', '₦', '2', 1),
('NIO', 'Cordoba', 'Cordobas', 'C$', '2', 1),
('NOK', 'Krone', 'Krones', 'kr', '2', 1),
('NPR', 'Rupee', 'Rupees', '₨', '2', 1),
('NZD', 'Dollar', 'Dollars', '$', '2', 1),
('OMR', 'Rial', 'Rials', '﷼', '3', 1),
('PAB', 'Balboa', 'Balboas', 'B/.', '2', 1),
('PEN', 'Sol', 'Sols', 'S/.', '2', 1),
('PGK', 'Kina', 'Kinas', '', '2', 1),
('PHP', 'Peso', 'Pesos', '₱', '2', 1),
('PKR', 'Rupee', 'Rupees', '₨', '2', 1),
('PLN', 'Zloty', 'Zlotys', 'zł', '2', 1),
('PYG', 'Guarani', 'Guaranis', 'Gs', '0', 1),
('QAR', 'Rial', 'Rials', '﷼', '2', 1),
('RON', 'Leu', 'Leus', 'lei', '2', 1),
('RUB', 'Ruble', 'Rubles', 'руб', '2', 1),
('RWF', 'Franc', 'Francs', '₣', '0', 1),
('SAR', 'Rial', 'Rials', '﷼', '2', 1),
('SBD', 'Dollar', 'Dollars', '$', '2', 1),
('SCR', 'Rupee', 'Rupees', '₨', '2', 1),
('SDG', 'Pound', 'Pounds', '', '2', 1),
('SEK', 'Krona', 'Kronor', 'kr', '2', 1),
('SGD', 'Dollar', 'Dollars', '$', '2', 1),
('SHP', 'Pound', 'Pounds', '£', '2', 1),
('SLL', 'Leone', 'Leones', '', '2', 1),
('SOS', 'Shilling', 'Shillings', 'S', '2', 1),
('SRD', 'Dollar', 'Dollars', '$', '2', 1),
('STD', 'Dobra', 'Dobras', '', '2', 1),
('SYP', 'Pound', 'Pounds', '£', '2', 1),
('SZL', 'Lilangeni', 'Lilangenis', '', '2', 1),
('THB', 'Baht', 'Bahts', '฿', '2', 1),
('TJS', 'Somoni', 'Somonis', '', '2', 1),
('TMM', 'Manat', 'Manats', '', '2', 1),
('TND', 'Dinar', 'Dinars', '', '3', 1),
('TOP', 'Pa''anga', 'Pa''angas', '', '2', 1),
('TRY', 'Lira', 'Liras', '$', '2', 1),
('TTD', 'Dollar', 'Dollars', 'TT$', '2', 1),
('TWD', 'Dollar', 'Dollars', 'NT$', '2', 1),
('TZS', 'Shilling', 'Shillings', 'S', '2', 1),
('UAH', 'Hryvnia', 'Hryvnias', '₴', '2', 1),
('UGX', 'Shilling', 'Shillings', 'S', '2', 1),
('USD', 'Dollar', 'Dollars', '$', '2', 1),
('UYU', 'Peso', 'Pesos', '$U', '2', 1),
('UZS', 'Som', 'Soms', 'лв', '2', 1),
('VEB', 'Bolivar', 'Bolivars', '', '2', 1),
('VND', 'Dong', 'Dongs', '₫', '2', 1),
('VUV', 'Vatu', 'Vatus', '', '0', 1),
('WST', 'Tala', 'Talas ', '', '2', 1),
('XAF', 'Franc', 'Francs', '₣', '0', 1),
('XCD', 'Dollar', 'Dollars', '$', '2', 1),
('XOF', 'Franc', 'Francs', '₣', '0', 1),
('XPF', 'Franc', 'Francs', '₣', '0', 1),
('YER', 'Rial', 'Rials', '﷼', '2', 1),
('ZAR', 'Rand', 'Rands', 'R', '2', 1),
('ZMK', 'Kwacha', 'Kwachas', '', '2', 1),
('ZWD', 'Dollar', 'Dollars', 'Z$', '2', 1);

-- --------------------------------------------------------

--
-- Table structure for table `wp_esp_currency_payment_method`
--

CREATE TABLE IF NOT EXISTS `wp_esp_currency_payment_method` (
  `CPM_ID` int(11) NOT NULL AUTO_INCREMENT,
  `CUR_code` varchar(6) CHARACTER SET utf8 COLLATE utf8_bin NOT NULL,
  `PMD_ID` int(11) NOT NULL,
  PRIMARY KEY (`CPM_ID`)
) ENGINE=InnoDB  DEFAULT CHARSET=utf8 AUTO_INCREMENT=178 ;

--
-- Dumping data for table `wp_esp_currency_payment_method`
--

INSERT INTO `wp_esp_currency_payment_method` (`CPM_ID`, `CUR_code`, `PMD_ID`) VALUES
(1, 'AED', 6),
(2, 'AFN', 6),
(3, 'ALL', 6),
(4, 'AMD', 6),
(5, 'ANG', 6),
(6, 'AOA', 6),
(7, 'ARS', 6),
(8, 'AUD', 6),
(9, 'AWG', 6),
(10, 'BAM', 6),
(11, 'BBD', 6),
(12, 'BDT', 6),
(13, 'BGN', 6),
(14, 'BHD', 6),
(15, 'BIF', 6),
(16, 'BMD', 6),
(17, 'BND', 6),
(18, 'BOB', 6),
(19, 'BRL', 6),
(20, 'BSD', 6),
(21, 'BTN', 6),
(22, 'BWP', 6),
(23, 'BYR', 6),
(24, 'BZD', 6),
(25, 'CAD', 6),
(26, 'CDF', 6),
(27, 'CHF', 6),
(28, 'CLP', 6),
(29, 'CNY', 6),
(30, 'COP', 6),
(31, 'CRC', 6),
(32, 'CUP', 6),
(33, 'CVE', 6),
(34, 'CZK', 6),
(35, 'DJF', 6),
(36, 'DKK', 6),
(37, 'DOP', 6),
(38, 'DZD', 6),
(39, 'EGP', 6),
(40, 'ERN', 6),
(41, 'ETB', 6),
(42, 'EUR', 6),
(43, 'FJD', 6),
(44, 'FKP', 6),
(45, 'GBP', 6),
(46, 'GHS', 6),
(47, 'GIP', 6),
(48, 'GMD', 6),
(49, 'GNF', 6),
(50, 'GTQ', 6),
(51, 'GYD', 6),
(52, 'HKD', 6),
(53, 'HNL', 6),
(54, 'HRK', 6),
(55, 'HTG', 6),
(56, 'HUF', 6),
(57, 'IDR', 6),
(58, 'ILS', 6),
(59, 'INR', 6),
(60, 'IQD', 6),
(61, 'IRR', 6),
(62, 'ISK', 6),
(63, 'JMD', 6),
(64, 'JOD', 6),
(65, 'JPY', 6),
(66, 'KES', 6),
(67, 'KGS', 6),
(68, 'KHR', 6),
(69, 'KMF', 6),
(70, 'KPW', 6),
(71, 'KRW', 6),
(72, 'KWD', 6),
(73, 'KYD', 6),
(74, 'KZT', 6),
(75, 'LAK', 6),
(76, 'LBP', 6),
(77, 'LKR', 6),
(78, 'LRD', 6),
(79, 'LSL', 6),
(80, 'LTL', 6),
(81, 'LYD', 6),
(82, 'MAD', 6),
(83, 'MDL', 6),
(84, 'MGA', 6),
(85, 'MKD', 6),
(86, 'MMK', 6),
(87, 'MNT', 6),
(88, 'MOP', 6),
(89, 'MRO', 6),
(90, 'MUR', 6),
(91, 'MVR', 6),
(92, 'MWK', 6),
(93, 'MXN', 6),
(94, 'MYR', 6),
(95, 'MZM', 6),
(96, 'NAD', 6),
(97, 'NGN', 6),
(98, 'NIO', 6),
(99, 'NOK', 6),
(100, 'NPR', 6),
(101, 'NZD', 6),
(102, 'OMR', 6),
(103, 'PAB', 6),
(104, 'PEN', 6),
(105, 'PGK', 6),
(106, 'PHP', 6),
(107, 'PKR', 6),
(108, 'PLN', 6),
(109, 'PYG', 6),
(110, 'QAR', 6),
(111, 'RON', 6),
(112, 'RUB', 6),
(113, 'RWF', 6),
(114, 'SAR', 6),
(115, 'SBD', 6),
(116, 'SCR', 6),
(117, 'SDG', 6),
(118, 'SEK', 6),
(119, 'SGD', 6),
(120, 'SHP', 6),
(121, 'SLL', 6),
(122, 'SOS', 6),
(123, 'SRD', 6),
(124, 'STD', 6),
(125, 'SYP', 6),
(126, 'SZL', 6),
(127, 'THB', 6),
(128, 'TJS', 6),
(129, 'TMM', 6),
(130, 'TND', 6),
(131, 'TOP', 6),
(132, 'TRY', 6),
(133, 'TTD', 6),
(134, 'TWD', 6),
(135, 'TZS', 6),
(136, 'UAH', 6),
(137, 'UGX', 6),
(138, 'USD', 6),
(139, 'UYU', 6),
(140, 'UZS', 6),
(141, 'VEB', 6),
(142, 'VND', 6),
(143, 'VUV', 6),
(144, 'WST', 6),
(145, 'XAF', 6),
(146, 'XCD', 6),
(147, 'XOF', 6),
(148, 'XPF', 6),
(149, 'YER', 6),
(150, 'ZAR', 6),
(151, 'ZMK', 6),
(152, 'ZWD', 6),
(153, 'AUD', 9),
(154, 'BRL', 9),
(155, 'CAD', 9),
(156, 'CHF', 9),
(157, 'CZK', 9),
(158, 'DKK', 9),
(159, 'EUR', 9),
(160, 'GBP', 9),
(161, 'HKD', 9),
(162, 'HUF', 9),
(163, 'ILS', 9),
(164, 'JPY', 9),
(165, 'MXN', 9),
(166, 'MYR', 9),
(167, 'NOK', 9),
(168, 'NZD', 9),
(169, 'PHP', 9),
(170, 'PLN', 9),
(171, 'RUB', 9),
(172, 'SEK', 9),
(173, 'SGD', 9),
(174, 'THB', 9),
(175, 'TRY', 9),
(176, 'TWD', 9),
(177, 'USD', 9);

-- --------------------------------------------------------

--
-- Table structure for table `wp_esp_datetime`
--

CREATE TABLE IF NOT EXISTS `wp_esp_datetime` (
  `DTT_ID` int(10) unsigned NOT NULL AUTO_INCREMENT,
  `EVT_ID` bigint(20) unsigned NOT NULL,
  `DTT_name` varchar(255) NOT NULL DEFAULT '',
  `DTT_description` text NOT NULL,
  `DTT_EVT_start` datetime NOT NULL DEFAULT '0000-00-00 00:00:00',
  `DTT_EVT_end` datetime NOT NULL DEFAULT '0000-00-00 00:00:00',
  `DTT_reg_limit` mediumint(8) DEFAULT '-1',
  `DTT_sold` mediumint(8) unsigned DEFAULT '0',
  `DTT_is_primary` tinyint(1) unsigned NOT NULL DEFAULT '0',
  `DTT_order` mediumint(3) unsigned DEFAULT '0',
  `DTT_parent` int(10) unsigned DEFAULT '0',
  `DTT_deleted` tinyint(1) unsigned NOT NULL DEFAULT '0',
  PRIMARY KEY (`DTT_ID`),
  KEY `EVT_ID` (`EVT_ID`),
  KEY `DTT_is_primary` (`DTT_is_primary`)
) ENGINE=InnoDB  DEFAULT CHARSET=utf8 AUTO_INCREMENT=4 ;

--
-- Dumping data for table `wp_esp_datetime`
--

INSERT INTO `wp_esp_datetime` (`DTT_ID`, `EVT_ID`, `DTT_name`, `DTT_description`, `DTT_EVT_start`, `DTT_EVT_end`, `DTT_reg_limit`, `DTT_sold`, `DTT_is_primary`, `DTT_order`, `DTT_parent`, `DTT_deleted`) VALUES
(1, 3388, '', '', '2017-01-18 08:00:00', '2017-01-18 10:00:00', -1, 1, 0, 1, 0, 0),
(2, 3406, '', '', '2017-01-09 02:00:00', '2017-01-20 10:00:00', 5, 0, 0, 1, 0, 0),
(3, 3411, '', '', '2016-11-25 11:00:00', '2016-11-25 13:00:00', -1, 0, 0, 1, 0, 0);

-- --------------------------------------------------------

--
-- Table structure for table `wp_esp_datetime_ticket`
--

CREATE TABLE IF NOT EXISTS `wp_esp_datetime_ticket` (
  `DTK_ID` int(10) unsigned NOT NULL AUTO_INCREMENT,
  `DTT_ID` int(10) unsigned NOT NULL,
  `TKT_ID` int(10) unsigned NOT NULL,
  PRIMARY KEY (`DTK_ID`)
) ENGINE=InnoDB  DEFAULT CHARSET=utf8 AUTO_INCREMENT=4 ;

--
-- Dumping data for table `wp_esp_datetime_ticket`
--

INSERT INTO `wp_esp_datetime_ticket` (`DTK_ID`, `DTT_ID`, `TKT_ID`) VALUES
(1, 1, 2),
(2, 2, 3),
(3, 3, 4);

-- --------------------------------------------------------

--
-- Table structure for table `wp_esp_event_message_template`
--

CREATE TABLE IF NOT EXISTS `wp_esp_event_message_template` (
  `EMT_ID` bigint(20) unsigned NOT NULL AUTO_INCREMENT,
  `EVT_ID` bigint(20) unsigned NOT NULL DEFAULT '0',
  `GRP_ID` int(10) unsigned NOT NULL DEFAULT '0',
  PRIMARY KEY (`EMT_ID`),
  KEY `EVT_ID` (`EVT_ID`),
  KEY `GRP_ID` (`GRP_ID`)
) ENGINE=InnoDB DEFAULT CHARSET=utf8 AUTO_INCREMENT=1 ;

-- --------------------------------------------------------

--
-- Table structure for table `wp_esp_event_meta`
--

CREATE TABLE IF NOT EXISTS `wp_esp_event_meta` (
  `EVTM_ID` int(11) NOT NULL AUTO_INCREMENT,
  `EVT_ID` bigint(20) unsigned NOT NULL,
  `EVT_display_desc` tinyint(1) unsigned NOT NULL DEFAULT '1',
  `EVT_display_ticket_selector` tinyint(1) unsigned NOT NULL DEFAULT '1',
  `EVT_visible_on` datetime NOT NULL DEFAULT '0000-00-00 00:00:00',
  `EVT_default_registration_status` varchar(3) DEFAULT NULL,
  `EVT_phone` varchar(45) DEFAULT NULL,
  `EVT_additional_limit` tinyint(3) unsigned DEFAULT NULL,
  `EVT_member_only` tinyint(1) unsigned NOT NULL DEFAULT '0',
  `EVT_allow_overflow` tinyint(1) unsigned NOT NULL DEFAULT '0',
  `EVT_timezone_string` varchar(45) DEFAULT NULL,
  `EVT_external_URL` varchar(200) DEFAULT NULL,
  `EVT_donations` tinyint(1) DEFAULT NULL,
  PRIMARY KEY (`EVTM_ID`)
) ENGINE=InnoDB  DEFAULT CHARSET=utf8 AUTO_INCREMENT=4 ;

--
-- Dumping data for table `wp_esp_event_meta`
--

INSERT INTO `wp_esp_event_meta` (`EVTM_ID`, `EVT_ID`, `EVT_display_desc`, `EVT_display_ticket_selector`, `EVT_visible_on`, `EVT_default_registration_status`, `EVT_phone`, `EVT_additional_limit`, `EVT_member_only`, `EVT_allow_overflow`, `EVT_timezone_string`, `EVT_external_URL`, `EVT_donations`) VALUES
(1, 3388, 0, 1, '0000-00-00 00:00:00', 'RPP', '021293773', 10, 0, 0, '', '', 0),
(2, 3406, 0, 1, '0000-00-00 00:00:00', 'RPP', '021293773', 10, 0, 0, '', '', 0),
(3, 3411, 0, 1, '0000-00-00 00:00:00', 'RPP', '', 10, 0, 0, '', '', 0);

-- --------------------------------------------------------

--
-- Table structure for table `wp_esp_event_question_group`
--

CREATE TABLE IF NOT EXISTS `wp_esp_event_question_group` (
  `EQG_ID` int(10) unsigned NOT NULL AUTO_INCREMENT,
  `EVT_ID` bigint(20) unsigned NOT NULL,
  `QSG_ID` int(10) unsigned NOT NULL,
  `EQG_primary` tinyint(1) unsigned NOT NULL DEFAULT '0',
  PRIMARY KEY (`EQG_ID`)
) ENGINE=InnoDB  DEFAULT CHARSET=utf8 AUTO_INCREMENT=7 ;

--
-- Dumping data for table `wp_esp_event_question_group`
--

INSERT INTO `wp_esp_event_question_group` (`EQG_ID`, `EVT_ID`, `QSG_ID`, `EQG_primary`) VALUES
(1, 3388, 1, 1),
(2, 3388, 2, 1),
(3, 3406, 1, 1),
(4, 3406, 2, 1),
(5, 3411, 1, 1),
(6, 3411, 2, 1);

-- --------------------------------------------------------

--
-- Table structure for table `wp_esp_event_venue`
--

CREATE TABLE IF NOT EXISTS `wp_esp_event_venue` (
  `EVV_ID` int(11) NOT NULL AUTO_INCREMENT,
  `EVT_ID` bigint(20) unsigned NOT NULL,
  `VNU_ID` bigint(20) unsigned NOT NULL,
  `EVV_primary` tinyint(1) unsigned NOT NULL DEFAULT '0',
  PRIMARY KEY (`EVV_ID`)
) ENGINE=InnoDB DEFAULT CHARSET=utf8 AUTO_INCREMENT=1 ;

-- --------------------------------------------------------

--
-- Table structure for table `wp_esp_extra_meta`
--

CREATE TABLE IF NOT EXISTS `wp_esp_extra_meta` (
  `EXM_ID` int(11) NOT NULL AUTO_INCREMENT,
  `OBJ_ID` int(11) DEFAULT NULL,
  `EXM_type` varchar(45) DEFAULT NULL,
  `EXM_key` varchar(45) DEFAULT NULL,
  `EXM_value` text,
  PRIMARY KEY (`EXM_ID`)
) ENGINE=InnoDB  DEFAULT CHARSET=utf8 AUTO_INCREMENT=12 ;

--
-- Dumping data for table `wp_esp_extra_meta`
--

INSERT INTO `wp_esp_extra_meta` (`EXM_ID`, `OBJ_ID`, `EXM_type`, `EXM_key`, `EXM_value`) VALUES
(1, 6, 'Payment_Method', 'pdf_payee_name', NULL),
(2, 6, 'Payment_Method', 'pdf_payee_email', NULL),
(3, 6, 'Payment_Method', 'pdf_payee_tax_number', NULL),
(4, 6, 'Payment_Method', 'pdf_payee_address', NULL),
(5, 6, 'Payment_Method', 'pdf_instructions', 'Please send this invoice with payment attached to the address above, or use the payment link below. Payment must be received within 48 hours of event date.'),
(6, 6, 'Payment_Method', 'pdf_logo_image', NULL),
(7, 6, 'Payment_Method', 'page_confirmation_text', 'Payment must be received within 48 hours of event date.  Details about where to send payment is included on the invoice.'),
(8, 6, 'Payment_Method', 'page_extra_info', NULL),
(9, 9, 'Payment_Method', 'paypal_id', 'info@asiacentre.co.th'),
(10, 9, 'Payment_Method', 'image_url', 'http://asiacentre.co.th/wp-content/uploads/2016/12/Asia-Centre-Logo-Flat-Color.jpg'),
(11, 9, 'Payment_Method', 'shipping_details', '1');

-- --------------------------------------------------------

--
-- Table structure for table `wp_esp_line_item`
--

CREATE TABLE IF NOT EXISTS `wp_esp_line_item` (
  `LIN_ID` int(11) NOT NULL AUTO_INCREMENT,
  `LIN_code` varchar(245) NOT NULL DEFAULT '',
  `TXN_ID` int(11) DEFAULT NULL,
  `LIN_name` varchar(245) NOT NULL DEFAULT '',
  `LIN_desc` text,
  `LIN_unit_price` decimal(10,3) DEFAULT NULL,
  `LIN_percent` decimal(10,3) DEFAULT NULL,
  `LIN_is_taxable` tinyint(1) DEFAULT '0',
  `LIN_order` int(11) DEFAULT '0',
  `LIN_parent` int(11) DEFAULT '0',
  `LIN_type` varchar(25) NOT NULL,
  `LIN_total` decimal(10,3) DEFAULT NULL,
  `LIN_quantity` int(10) DEFAULT NULL,
  `OBJ_ID` int(11) DEFAULT NULL,
  `OBJ_type` varchar(45) DEFAULT NULL,
  PRIMARY KEY (`LIN_ID`)
) ENGINE=InnoDB  DEFAULT CHARSET=utf8 AUTO_INCREMENT=60 ;

--
-- Dumping data for table `wp_esp_line_item`
--

INSERT INTO `wp_esp_line_item` (`LIN_ID`, `LIN_code`, `TXN_ID`, `LIN_name`, `LIN_desc`, `LIN_unit_price`, `LIN_percent`, `LIN_is_taxable`, `LIN_order`, `LIN_parent`, `LIN_type`, `LIN_total`, `LIN_quantity`, `OBJ_ID`, `OBJ_type`) VALUES
(1, 'total', 1, 'Grand Total', '', 0.000, 0.000, 0, 1, 0, 'total', 0.000, 0, 0, 'Transaction'),
(2, 'tickets', 1, 'Tickets', NULL, 0.000, 0.000, 0, 1, 1, 'sub-total', 0.000, NULL, NULL, NULL),
(3, 'taxes', 1, 'Taxes', NULL, 0.000, 0.000, 0, 1, 1, 'tax-sub-total', 0.000, NULL, NULL, NULL),
(4, 'total', 2, 'Grand Total', '', 0.000, 0.000, 0, 1, 0, 'total', 0.000, 0, 0, 'Transaction'),
(5, 'tickets', 2, 'Tickets', '', 0.000, 0.000, 0, 1, 4, 'sub-total', 0.000, 0, 0, NULL),
(6, 'taxes', 2, 'Taxes', NULL, 0.000, 0.000, 0, 1, 4, 'tax-sub-total', 0.000, NULL, NULL, NULL),
(7, 'total', 3, 'Grand Total', '', 0.000, 0.000, 0, 1, 0, 'total', 0.000, 0, 0, 'Transaction'),
(8, 'tickets', 3, 'Tickets', '', 0.000, 0.000, 0, 1, 7, 'sub-total', 0.000, 0, 0, NULL),
(9, 'taxes', 3, 'Taxes', NULL, 0.000, 0.000, 0, 1, 7, 'tax-sub-total', 0.000, NULL, NULL, NULL),
(10, 'total', 4, 'Grand Total', '', 0.000, 0.000, 0, 1, 0, 'total', 0.000, 0, 0, 'Transaction'),
(11, 'tickets', 4, 'Tickets', NULL, 0.000, 0.000, 0, 1, 10, 'sub-total', 0.000, NULL, NULL, NULL),
(12, 'taxes', 4, 'Taxes', NULL, 0.000, 0.000, 0, 1, 10, 'tax-sub-total', 0.000, NULL, NULL, NULL),
(13, 'total', 5, 'Grand Total', '', 0.000, 0.000, 0, 1, 0, 'total', 0.000, 0, 0, 'Transaction'),
(14, 'tickets', 5, 'Tickets', NULL, 0.000, 0.000, 0, 1, 13, 'sub-total', 0.000, NULL, NULL, NULL),
(15, 'taxes', 5, 'Taxes', NULL, 0.000, 0.000, 0, 1, 13, 'tax-sub-total', 0.000, NULL, NULL, NULL),
(16, 'total', 6, 'Grand Total', '', 0.000, 0.000, 0, 1, 0, 'total', 0.000, 0, 0, 'Transaction'),
(17, 'tickets', 6, 'Tickets', '', 0.000, 0.000, 0, 1, 16, 'sub-total', 0.000, 0, 0, NULL),
(18, '82d3dc06b5786189f140704f26899bbb', 6, 'Free Ticket', ' (For Benedict Anderson  1st Anniversary Memorial Roundtable (test))', 0.000, 0.000, 0, 0, 17, 'line-item', 0.000, 1, 2, 'Ticket'),
(19, 'd5dfb1e85ffa0b9e8dd5d85da6c7e01c', 6, '', '', 0.000, 0.000, 0, 1, 18, 'sub-item', 0.000, 1, 2, 'Price'),
(20, 'taxes', 6, 'Taxes', '', 0.000, 0.000, 0, 1, 16, 'tax-sub-total', 0.000, 0, 0, NULL),
(21, 'total', 7, 'Grand Total', '', 0.000, 0.000, 0, 1, 0, 'total', 0.000, 0, 0, 'Transaction'),
(22, 'tickets', 7, 'Tickets', '', 0.000, 0.000, 0, 1, 21, 'sub-total', 0.000, 0, 0, NULL),
(23, 'taxes', 7, 'Taxes', NULL, 0.000, 0.000, 0, 1, 21, 'tax-sub-total', 0.000, NULL, NULL, NULL),
(24, 'total', 8, 'Grand Total', '', 0.000, 0.000, 0, 1, 0, 'total', 0.000, 0, 0, 'Transaction'),
(25, 'tickets', 8, 'Tickets', NULL, 0.000, 0.000, 0, 1, 24, 'sub-total', 0.000, NULL, NULL, NULL),
(26, 'taxes', 8, 'Taxes', NULL, 0.000, 0.000, 0, 1, 24, 'tax-sub-total', 0.000, NULL, NULL, NULL),
(27, 'total', 9, 'Grand Total', '', 0.000, 0.000, 0, 1, 0, 'total', 0.000, 0, 0, 'Transaction'),
(28, 'tickets', 9, 'Tickets', NULL, 0.000, 0.000, 0, 1, 27, 'sub-total', 0.000, NULL, NULL, NULL),
(29, 'taxes', 9, 'Taxes', NULL, 0.000, 0.000, 0, 1, 27, 'tax-sub-total', 0.000, NULL, NULL, NULL),
(30, 'total', 10, 'Grand Total', '', 0.000, 0.000, 0, 1, 0, 'total', 0.000, 0, 0, 'Transaction'),
(31, 'tickets', 10, 'Tickets', NULL, 0.000, 0.000, 0, 1, 30, 'sub-total', 0.000, NULL, NULL, NULL),
(32, 'taxes', 10, 'Taxes', NULL, 0.000, 0.000, 0, 1, 30, 'tax-sub-total', 0.000, NULL, NULL, NULL),
(33, 'total', 11, 'Grand Total', '', 0.000, 0.000, 0, 1, 0, 'total', 0.000, 0, 0, 'Transaction'),
(34, 'tickets', 11, 'Tickets', '', 0.000, 0.000, 0, 1, 33, 'sub-total', 0.000, 0, 0, NULL),
(35, 'taxes', 11, 'Taxes', NULL, 0.000, 0.000, 0, 1, 33, 'tax-sub-total', 0.000, NULL, NULL, NULL),
(36, 'total', 12, 'Grand Total', '', 0.000, 0.000, 0, 1, 0, 'total', 0.000, 0, 0, 'Transaction'),
(37, 'tickets', 12, 'Tickets', '', 0.000, 0.000, 0, 1, 36, 'sub-total', 0.000, 0, 0, NULL),
(38, 'taxes', 12, 'Taxes', NULL, 0.000, 0.000, 0, 1, 36, 'tax-sub-total', 0.000, NULL, NULL, NULL),
(39, 'total', 13, 'Grand Total', '', 0.000, 0.000, 0, 1, 0, 'total', 0.000, 0, 0, 'Transaction'),
(40, 'tickets', 13, 'Tickets', '', 0.000, 0.000, 0, 1, 39, 'sub-total', 0.000, 0, 0, NULL),
(41, 'taxes', 13, 'Taxes', NULL, 0.000, 0.000, 0, 1, 39, 'tax-sub-total', 0.000, NULL, NULL, NULL),
(42, 'total', 14, 'Grand Total', '', 0.000, 0.000, 0, 1, 0, 'total', 0.000, 0, 0, 'Transaction'),
(43, 'tickets', 14, 'Tickets', NULL, 0.000, 0.000, 0, 1, 42, 'sub-total', 0.000, NULL, NULL, NULL),
(44, 'taxes', 14, 'Taxes', NULL, 0.000, 0.000, 0, 1, 42, 'tax-sub-total', 0.000, NULL, NULL, NULL),
(45, 'total', 15, 'Grand Total', '', 0.000, 0.000, 0, 1, 0, 'total', 0.000, 0, 0, 'Transaction'),
(46, 'tickets', 15, 'Tickets', '', 0.000, 0.000, 0, 1, 45, 'sub-total', 0.000, 0, 0, NULL),
(47, 'taxes', 15, 'Taxes', NULL, 0.000, 0.000, 0, 1, 45, 'tax-sub-total', 0.000, NULL, NULL, NULL),
(48, 'total', 16, 'Grand Total', '', 0.000, 0.000, 0, 1, 0, 'total', 0.000, 0, 0, 'Transaction'),
(49, 'tickets', 16, 'Tickets', '', 0.000, 0.000, 0, 1, 48, 'sub-total', 0.000, 0, 0, NULL),
(50, 'taxes', 16, 'Taxes', NULL, 0.000, 0.000, 0, 1, 48, 'tax-sub-total', 0.000, NULL, NULL, NULL),
(51, 'total', 17, 'Grand Total', '', 0.000, 0.000, 0, 1, 0, 'total', 0.000, 0, 0, 'Transaction'),
(52, 'tickets', 17, 'Tickets', NULL, 0.000, 0.000, 0, 1, 51, 'sub-total', 0.000, NULL, NULL, NULL),
(53, 'taxes', 17, 'Taxes', NULL, 0.000, 0.000, 0, 1, 51, 'tax-sub-total', 0.000, NULL, NULL, NULL),
(54, 'total', 18, 'Grand Total', '', 0.000, 0.000, 0, 1, 0, 'total', 0.000, 0, 0, 'Transaction'),
(55, 'tickets', 18, 'Tickets', NULL, 0.000, 0.000, 0, 1, 54, 'sub-total', 0.000, NULL, NULL, NULL),
(56, 'taxes', 18, 'Taxes', NULL, 0.000, 0.000, 0, 1, 54, 'tax-sub-total', 0.000, NULL, NULL, NULL),
(57, 'total', 19, 'Grand Total', '', 0.000, 0.000, 0, 1, 0, 'total', 0.000, 0, 0, 'Transaction'),
(58, 'tickets', 19, 'Tickets', NULL, 0.000, 0.000, 0, 1, 57, 'sub-total', 0.000, NULL, NULL, NULL),
(59, 'taxes', 19, 'Taxes', NULL, 0.000, 0.000, 0, 1, 57, 'tax-sub-total', 0.000, NULL, NULL, NULL);

-- --------------------------------------------------------

--
-- Table structure for table `wp_esp_log`
--

CREATE TABLE IF NOT EXISTS `wp_esp_log` (
  `LOG_ID` int(11) NOT NULL AUTO_INCREMENT,
  `LOG_time` datetime DEFAULT NULL,
  `OBJ_ID` varchar(45) DEFAULT NULL,
  `OBJ_type` varchar(45) DEFAULT NULL,
  `LOG_type` varchar(45) DEFAULT NULL,
  `LOG_message` text,
  `LOG_wp_user` int(11) DEFAULT NULL,
  PRIMARY KEY (`LOG_ID`)
) ENGINE=InnoDB DEFAULT CHARSET=utf8 AUTO_INCREMENT=1 ;

-- --------------------------------------------------------

--
-- Table structure for table `wp_esp_message_template`
--

CREATE TABLE IF NOT EXISTS `wp_esp_message_template` (
  `MTP_ID` int(10) unsigned NOT NULL AUTO_INCREMENT,
  `GRP_ID` int(10) unsigned NOT NULL,
  `MTP_context` varchar(50) NOT NULL,
  `MTP_template_field` varchar(30) NOT NULL,
  `MTP_content` text NOT NULL,
  PRIMARY KEY (`MTP_ID`),
  KEY `GRP_ID` (`GRP_ID`)
) ENGINE=InnoDB  DEFAULT CHARSET=utf8 AUTO_INCREMENT=49 ;

--
-- Dumping data for table `wp_esp_message_template`
--

INSERT INTO `wp_esp_message_template` (`MTP_ID`, `GRP_ID`, `MTP_context`, `MTP_template_field`, `MTP_content`) VALUES
(1, 1, 'purchaser', 'subject', '[COMPANY] Receipt for Transaction: [TXN_ID]'),
(2, 1, 'purchaser', 'content', 'a:11:{s:4:"main";s:3937:"<div class="print_button_div noPrint">\n	[INVOICE_RECEIPT_SWITCHER_BUTTON] [DISPLAY_PDF_BUTTON]\n	<div class="clear"></div>\n</div>\n<div id="invoice">\n	<table id="invoice-header" class="not-really-a-table">\n		<tr>\n			<td id="logo-dv">\n				[INVOICE_LOGO]\n				<div class="vcard" id="company-address">\n					<div class="fn org"><strong>[INVOICE_PAYEE_NAME]</strong></div>\n					<div class="adr">\n						[INVOICE_PAYEE_ADDRESS]\n					</div>\n					<div class="email">[INVOICE_PAYEE_EMAIL]</div>\n					<div class="vat">[INVOICE_PAYEE_TAX_NUMBER_*]</div>\n				</div>\n			</td>\n			<td>\n				<div id="invoice-info">\n					<h2 id="invoice-hdr">Order Confirmation</h2>\n\n					<h3 id="invoice-date">Date:						<span class="plain-text">[PRIMARY_REGISTRANT_REGISTRATION_DATE]</span></h3>\n\n					<h3 id="invoice-txn-id">Transaction ID:						<span class="plain-text">[TXN_ID]</span></h3>\n\n					<h3 id="invoice-txn-status">Status:						<span class="[TXN_STATUS_ID] plain-text">[TXN_STATUS]</span></h3>\n				</div>\n			</td>\n		</tr>\n	</table>\n	<div class="events">\n		[EVENT_LIST]\n	</div>\n	<div class="taxes">\n		<h3 class="section-title">Additional Charges/Discounts</h3>\n		<table class="invoice-amount">\n			<thead>\n				<tr class="header_row">\n					<th class="left ticket_th">Name</th>\n					<th class="left">Description</th>\n					<th class="event_th item_c">Quantity</th>\n					<th class="event_th item_c">Unit Price</th>\n					<th class="subtotal_th">Total</th>\n				</tr>\n			</thead>\n			<tbody>\n				<tr>\n					<td colspan="5">[ADDITIONAL_LINE_ITEM_LIST]</td>\n				</tr>\n			</tbody>\n		</table>\n	</div>\n	<div class="taxes">\n		<h3 class="section-title">Taxes</h3>\n		<p><strong>*</strong> Taxable items. The total amount collected for taxes is reflected in the total(s) below.</p>\n		<table class="invoice-amount">\n			<thead>\n				<tr class="header_row">\n					<th class="left ticket_th">Tax Name</th>\n					<th class="left">Description</th>\n					<th class="event_th item_c">Rate</th>\n					<th class="subtotal_th">Tax Amount</th>\n				</tr>\n			</thead>\n			<tbody>\n				<tr>\n					<td colspan="4">[TAX_LINE_ITEM_LIST]</td>\n				</tr>\n			</tbody>\n		</table>\n	</div>\n	<div class="grand-total-dv">\n		<h2 class="grand-total">Grand Total: [TOTAL_COST]</h2>\n	</div>\n	<div class="payment-dv">\n		<h3 class="section-title">Payments</h3>\n		<table class="invoice-amount">\n			<thead>\n				<tr class="header_row">\n					<th><span class="">Payment Method</span></th>\n					<th class=''left datetime_th''>Date</th>\n					<th><span class="">Transaction Id / Cheque #</span></th>\n					<th><span class="">P.O. / S.O.#</span></th>\n					<th><span class="">Status</span></th>\n					<th>Amount</th>\n				</tr>\n			</thead>\n			<tbody>\n				<tr>\n					<td colspan="6">[PAYMENT_LIST_*]</td>\n				</tr>\n				<tr class="item">\n					<td class=''aln-cntr'' colspan="6">[OWING_STATUS_MESSAGE_*]</td>\n				</tr>\n			</tbody>\n			<tfoot>\n				<tr class=''total_tr''>\n					<td colspan="4"> </td>\n					<td class="item_r">Total Paid</td>\n					<td class="item_r">[TOTAL_AMOUNT_PAID]</td>\n				</tr>\n				<tr class="total_tr odd">\n					<td colspan="4"> </td>\n					<td class="total" id="total_currency">Amount Owed:</td>\n					<td class="total">[TOTAL_OWING]</td>\n				</tr>\n			</tfoot>\n		</table>\n	</div>\n	<div class="additional-info-dv">\n		<h3 class="section-title">Additional Information:</h3>\n		<div class="additional-info">\n			<h2>Venue Details:</h2>\n			<table class="venue-list">\n				<tr class="venue-details">\n					<td class="venue-details-part venue-address-dv">\n						<h3><a href="[VENUE_URL]">[VENUE_TITLE]</a></h3>\n\n						<p>[VENUE_DESCRIPTION]</p>\n						[VENUE_FORMATTED_ADDRESS]\n					</td>\n					<td class="venue-details-part venue-image-dv">[GOOGLE_MAP_IMAGE]</td>\n				</tr>\n			</table>\n			<div class=''aln-cntr''>Powered by <a href=''http://eventespresso.com''>Event Espresso </a></div>\n		</div>\n	</div>\n</div>\n<div class="print_button_div noPrint">\n	[INVOICE_RECEIPT_SWITCHER_BUTTON] [DISPLAY_PDF_BUTTON]\n	<div class="clear"></div>\n</div>\n";s:10:"event_list";s:426:"<h3 class="section-title event-name">\n	<img class="icon" src="http://asiacentre.co.th/wp-content/plugins/event-espresso-decaf/core/templates/global_assets/images/calendar_year-24x24.png">Event Name:	<span class="plain-text">[EVENT_NAME]</span>\n	<span class="small-text link">( <a href="[EVENT_URL]">view</a> )</span>\n</h3>\n<p class="event-description">\n	[EVENT_EXCERPT]\n</p>\n<ul class="tickets-per-event">\n	[TICKET_LIST]\n</ul>";s:11:"ticket_list";s:1751:"<li class="event-ticket">\n	<div class="ticket-details">\n		<table class="invoice-amount">\n			<thead>\n				<tr class="header_row">\n					<th class="name-column">Ticket</th>\n					<th colspan="2" class="desc-column">Description</th>\n					<th class="number-column item_c">Quantity</th>\n					<th class="number-column item_c">Price</th>\n					<th class="number-column item_r">Total</th>\n				</tr>\n			</thead>\n			<tbody>[TICKET_LINE_ITEM_LIST]</tbody>\n		</table>\n	</div>\n	<div class="reg-details-for-ticket">\n		<div class="ticket-time-and-place-details">\n			<div class="ticket-time-details">\n				<h4 class="sub-section-title no-bottom-margin">\n					<img class="icon" src="http://asiacentre.co.th/wp-content/plugins/event-espresso-decaf/core/templates/global_assets/images/clock-16x16.png">Date/Time:				</h4>\n				<ul class="event-dates">[DATETIME_LIST]</ul>\n			</div>\n			<div class="ticket-place-details">\n				<h4 class="sub-section-title no-bottom-margin">\n					<img class="icon" src="http://asiacentre.co.th/wp-content/plugins/event-espresso-decaf/core/templates/global_assets/images/location-pin-16x16.png">Venue				</h4>\n				<ul class="event-venues">\n					<li>[VENUE_TITLE]\n						<span class="small-text">( <a href="[VENUE_URL]">view</a> )</span>\n					</li>\n				</ul>\n			</div>\n		</div>\n		<div class="ticket-registrations-area">\n			<h4 class="sub-section-title">\n				<img class="icon" src="http://asiacentre.co.th/wp-content/plugins/event-espresso-decaf/core/templates/global_assets/images/users-16x16.png">Registration Details				<span class="small-text link">( <a class="print_button noPrint" href="[PRIMARY_REGISTRANT_FRONTEND_EDIT_REG_LINK]">edit</a> )</span>\n			</h4>\n			<ul class="ticket-registrations-list">[ATTENDEE_LIST]</ul>\n		</div>\n	</div>\n</li>\n";s:23:"ticket_line_item_no_pms";s:363:"<tr class="item">\n	<td>[LINE_ITEM_NAME][LINE_ITEM_TAXABLE_*]</td>\n	<td colspan="2">[LINE_ITEM_DESCRIPTION]\n		<p class="ticket-note">This ticket can be used once at [TKT_USES_* schema=any] of the dates/times below.</p>\n	</td>\n	<td class="item_c">[LINE_ITEM_QUANTITY]</td>\n	<td class="item_c">[LINE_ITEM_AMOUNT]</td>\n	<td class="item_r">[LINE_ITEM_TOTAL]</td>\n</tr>";s:20:"ticket_line_item_pms";s:548:"<tr class="item">\n	<td>[LINE_ITEM_NAME][LINE_ITEM_TAXABLE_*]</td>\n	<td colspan="2">[LINE_ITEM_DESCRIPTION]\n		<p class="ticket-note">This ticket can be used once at [TKT_USES_* schema=any] of the dates/times below.</p>\n	</td>\n	<td class="item_c">[LINE_ITEM_QUANTITY]</td>\n	<td class="item_c">[LINE_ITEM_AMOUNT]</td>\n	<td class="item_r">[LINE_ITEM_TOTAL]</td>\n</tr>\n[PRICE_MODIFIER_LINE_ITEM_LIST]\n<tr class="total_tr odd">\n	<td colspan="4"></td>\n	<td class="total" nowrap="nowrap">Ticket Total:</td>\n	<td class="item_r">[LINE_ITEM_TOTAL]</td>\n</tr>\n";s:29:"price_modifier_line_item_list";s:232:"<tr class="subitem-row">\n	<td class="subitem">[LINE_ITEM_NAME]</td>\n	<td colspan="2">[LINE_ITEM_DESCRIPTION]</td>\n	<td class="item_c"></td>\n	<td class="item_c">[LINE_ITEM_AMOUNT]</td>\n	<td class="item_r">[LINE_ITEM_TOTAL]</td>\n</tr>";s:13:"datetime_list";s:139:"<li>\n	[DTT_NAME] <br />\n	[DATETIME_START] - [DATETIME_END] ([DATETIME_TIMEZONE]) <br />\n	<p class="ticket-note">[DTT_DESCRIPTION]</p>\n</li>";s:13:"attendee_list";s:335:"<li class="ticket-registration">\n	<table class="registration-details">\n		<tr class="odd">\n			<th>Attendee</th>\n			<td>[FNAME] [LNAME] ([ATTENDEE_EMAIL])</td>\n		</tr>\n		<tr>\n			<th>Registration Code:</th>\n			<td>[REGISTRATION_CODE] - <span class="[REGISTRATION_STATUS_ID]">[REGISTRATION_STATUS_LABEL]</span></td>\n		</tr>\n	</table>\n</li>";s:18:"tax_line_item_list";s:194:"	</td>\n</tr>\n<tr>\n	<td>[LINE_ITEM_NAME]</td>\n	<td>[LINE_ITEM_DESCRIPTION]</td>\n	<td class="item_c">[LINE_ITEM_AMOUNT]</td>\n	<td class="item_r">[LINE_ITEM_TOTAL]</td>\n</tr>\n<tr>\n	<td colspan="4">";s:25:"additional_line_item_list";s:274:"	</td>\n</tr>\n<tr class="item">\n	<td>[LINE_ITEM_NAME][LINE_ITEM_TAXABLE_*]</td>\n	<td>[LINE_ITEM_DESCRIPTION]</td>\n	<td class="item_c">[LINE_ITEM_QUANTITY]</td>\n	<td class="item_c">[LINE_ITEM_AMOUNT]</td>\n	<td class="item_r">[LINE_ITEM_TOTAL]</td>\n</tr>\n<tr>\n	<td colspan="5">";s:12:"payment_list";s:250:"	</td></tr>\n<tr class=''item''>\n	<td>[PAYMENT_GATEWAY]</td>\n	<td>[PAYMENT_TIMESTAMP]</td>\n	<td>[PAYMENT_GATEWAY_TXN_ID]</td>\n	<td>[PAYMENT_PO_NUMBER]</td>\n	<td>[PAYMENT_STATUS]</td>\n	<td class=''item_r''>[PAYMENT_AMOUNT]</td>\n</tr>\n<tr>\n	<td colspan="6">";}'),
(3, 2, 'purchaser', 'subject', '[COMPANY] Invoice for Transaction: [TXN_ID]'),
(4, 2, 'purchaser', 'content', 'a:11:{s:4:"main";s:3251:"<div class="print_button_div noPrint">\n	[INVOICE_RECEIPT_SWITCHER_BUTTON] [DISPLAY_PDF_BUTTON]\n	<div class="clear"></div>\n</div>\n<div id="invoice">\n	<table id="invoice-header" class="not-really-a-table">\n		<tr>\n			<td id="logo-dv">\n				[INVOICE_LOGO]\n				<div class="vcard" id="company-address">\n					<div class="fn org"><strong>[INVOICE_PAYEE_NAME]</strong></div>\n					<div class="adr">\n						[INVOICE_PAYEE_ADDRESS]\n					</div>\n					<div class="email">[INVOICE_PAYEE_EMAIL]</div>\n					<div class="vat">[INVOICE_PAYEE_TAX_NUMBER_*]</div>\n				</div>\n			</td>\n			<td>\n				<div id="invoice-info">\n					<h2 id="invoice-hdr">Invoice</h2>\n					<h3>\n						Date: <span>[PRIMARY_REGISTRANT_REGISTRATION_DATE]</span>\n					</h3>\n					<h3>Registration Code:						<span>[PRIMARY_REGISTRANT_REGISTRATION_CODE]</span></h3>\n\n					<h3>Transaction ID: <span>[TXN_ID]</span></h3>\n				</div>\n			</td>\n		</tr>\n		<tr>\n			<td id="instructions" colspan="2">\n				<p>[INVOICE_PAYMENT_INSTRUCTIONS]</p>\n			</td>\n		</tr>\n	</table>\n\n	<h2>Bill To:</h2>\n	<div class="vcard" id="client-details">\n		<div class="fn">[PRIMARY_REGISTRANT_FNAME] [PRIMARY_REGISTRANT_LNAME]</div>\n		<div class="adr">\n			<div class="street-address">\n				[PRIMARY_REGISTRANT_ADDRESS] <br>\n				[PRIMARY_REGISTRANT_ADDRESS2]\n			</div>\n			<div class="locality">[PRIMARY_REGISTRANT_CITY], [PRIMARY_REGISTRANT_ADDRESS_STATE]</div>\n			<div id="client-postcode">[PRIMARY_REGISTRANT_COUNTRY]</div>\n		</div>\n	</div>\n\n	<h2>Purchases</h2>\n	<table class="invoice-amount">\n		<thead>\n			<tr class="header_row">\n				<th class="left ticket_th">Item</th>\n				<th class="left event_th">Description</th>\n				<th class="quantity_th">Qty</th>\n				<th class="left event_th">Price</th>\n				<th class="subtotal_th item_r">Total</th>\n			</tr>\n		</thead>\n		<tbody>\n			<tr>\n				<td colspan="5">[TICKET_LIST]</td>\n			</tr>\n			<tr class="total_tr odd">\n				<td colspan="2"> </td>\n				<td colspan="2" class="total" id="total_currency">Sub-Total</td>\n				<td class="total">[TXN_SUBTOTAL]</td>\n			</tr>\n			<tr>\n				<td colspan="5">[ADDITIONAL_LINE_ITEM_LIST][TAX_LINE_ITEM_LIST]</td>\n			</tr>\n\n			<tr class="total_tr odd">\n				<td colspan="2"> </td>\n				<td colspan="2" class="total" id="total_currency">Total</td>\n				<td class="total">[TOTAL_COST]</td>\n			</tr>\n		</tbody>\n	</table>\n\n	<p>* taxable items</p>\n\n	<h2>Payments</h2>\n	<table class="invoice-amount">\n		<thead>\n			<tr class="header_row">\n				<th><span class="">Payment Method</span></th>\n				<th class=''left datetime_th''>Date</th>\n				<th><span class="">Transaction Id / Cheque #</span></th>\n				<th><span class="">P.O. / S.O.#</span></th>\n				<th><span class="">Status</span></th>\n				<th>Amount</th>\n			</tr>\n		</thead>\n		<tbody>\n			<tr>\n				<td colspan="6">[PAYMENT_LIST_*]</td>\n			</tr>\n		</tbody>\n		<tfoot>\n			<tr class=''total_tr''>\n				<td colspan="4"></td>\n				<td class="item_r">Total Paid</td>\n				<td class="item_r">[TOTAL_AMOUNT_PAID]</td>\n			</tr>\n			<tr class="total_tr">\n				<td colspan="4"></td>\n				<td class="total" id="total_currency">Amount Owed</td>\n				<td class="total">[TOTAL_OWING]</td>\n			</tr>\n		</tfoot>\n	</table>\n</div>\n<div class="print_button_div noPrint">\n	[INVOICE_RECEIPT_SWITCHER_BUTTON] [DISPLAY_PDF_BUTTON]\n	<div class="clear"></div>\n</div>\n";s:10:"event_list";s:0:"";s:11:"ticket_list";s:59:"	</td>\n</tr>\n[TICKET_LINE_ITEM_LIST]\n<tr>\n	<td colspan="5">";s:23:"ticket_line_item_no_pms";s:271:"<tr class="item">\n	<td class="item_I">[LINE_ITEM_NAME][LINE_ITEM_TAXABLE_*]</td>\n	<td class="item_I">[LINE_ITEM_DESCRIPTION]\n	</td>\n	<td class="item_I">[LINE_ITEM_QUANTITY]</td>\n	<td class="item_c">[LINE_ITEM_AMOUNT]</td>\n	<td class="item_r">[LINE_ITEM_TOTAL]</td>\n</tr>\n";s:20:"ticket_line_item_pms";s:306:"<tr class="item">\n	<td class="item_I">[LINE_ITEM_NAME][LINE_ITEM_TAXABLE_*]</td>\n	<td class="item_I">\n		[LINE_ITEM_DESCRIPTION]\n	</td>\n	<td class="item_I">[LINE_ITEM_QUANTITY]</td>\n	<td class="item_c">[LINE_ITEM_AMOUNT]</td>\n	<td class="item_r">[LINE_ITEM_TOTAL]</td>\n</tr>\n[PRICE_MODIFIER_LINE_ITEM_LIST]\n";s:29:"price_modifier_line_item_list";s:263:"<tr class="subitem-row">\n	<td class="item_I subitem">[LINE_ITEM_NAME]</td>\n	<td class="item_I">[LINE_ITEM_DESCRIPTION]</td>\n	<td class="item_r">[LINE_ITEM_QUANTITY]</td>\n	<td class="item_r">[LINE_ITEM_AMOUNT]</td>\n	<td class="item_r">[LINE_ITEM_TOTAL]</td>\n</tr>\n";s:13:"datetime_list";s:0:"";s:13:"attendee_list";s:0:"";s:18:"tax_line_item_list";s:282:"	</td></tr>\n<tr class="item sub-item tax-total">\n	<td class="item_I">[LINE_ITEM_NAME]</td>\n	<td class="item_I">[LINE_ITEM_DESCRIPTION]</td>\n	<td class="item_I"></td>\n	<td class="item_r">[LINE_ITEM_AMOUNT]</td>\n	<td class="item_r">[LINE_ITEM_TOTAL]</td>\n</tr>\n<tr>\n	<td colspan="5">\n";s:25:"additional_line_item_list";s:305:"	</td>\n</tr>\n<tr class="item">\n	<td class="item_I">[LINE_ITEM_NAME][LINE_ITEM_TAXABLE_*]</td>\n	<td class="item_I">[LINE_ITEM_DESCRIPTION]</td>\n	<td class="item_I">[LINE_ITEM_QUANTITY]</td>\n	<td class="item_c">[LINE_ITEM_AMOUNT]</td>\n	<td class="item_r">[LINE_ITEM_TOTAL]</td>\n</tr>\n<tr>\n	<td colspan="5">\n";s:12:"payment_list";s:251:"	</td></tr>\n<tr class=''item''>\n	<td>[PAYMENT_GATEWAY]</td>\n	<td>[PAYMENT_TIMESTAMP]</td>\n	<td>[PAYMENT_GATEWAY_TXN_ID]</td>\n	<td>[PAYMENT_PO_NUMBER]</td>\n	<td>[PAYMENT_STATUS]</td>\n	<td class=''item_r''>[PAYMENT_AMOUNT]</td>\n</tr>\n<tr>\n	<td colspan="6">\n";}'),
(5, 3, 'admin', 'to', ''),
(6, 3, 'admin', 'from', '[CO_FORMATTED_EMAIL]\n'),
(7, 3, 'admin', 'subject', 'Event Payment Details'),
(8, 3, 'admin', 'content', 'a:5:{s:4:"main";s:1705:"<table class="head-wrap" bgcolor="#999999">\n	<tbody>\n		<tr>\n			<td></td>\n			<td class="header container">\n				<div class="content">\n					<table bgcolor="#999999">\n						<tbody>\n							<tr>\n								<td>[CO_LOGO]</td>\n								<td align="right">\n									<h6 class="collapse">[COMPANY]</h6>\n								</td>\n							</tr>\n						</tbody>\n					</table>\n				</div>\n			</td>\n			<td></td>\n		</tr>\n	</tbody>\n</table>\n\n<table class="body-wrap">\n	<tbody>\n		<tr>\n			<td></td>\n			<td class="container" bgcolor="#FFFFFF">\n				<div class="content">\n					<table>\n						<tbody>\n							<tr>\n								<td>\n									<h1>Payment Notification</h1>\n									The following message was sent to the Primary Registrant of this transaction:									<h3>Payment Details:</h3>\n									<ul>\n										<li>\n											<strong>Payment Status:</strong> [PAYMENT_STATUS]\n										</li>\n										<li><strong>Transaction ID:</strong>\n											<a href="[TRANSACTION_ADMIN_URL]">[TXN_ID]</a></li>\n										<li>\n											<strong>Payment Gateway:</strong> [PAYMENT_GATEWAY]\n										</li>\n										<li>\n											<strong>Total Cost:</strong> [TOTAL_COST]\n										</li>\n										<li>\n											<strong>Payment Amount:</strong> [AMOUNT_PAID]\n										</li>\n										<li>\n											<strong>Amount Due:</strong> [TOTAL_OWING]\n										</li>\n									</ul>\n								</td>\n							</tr>\n						</tbody>\n					</table>\n				</div>\n				<div class="content">\n					<h2>Registrant Details:</h2>\n					<p class="callout">\n						<strong>[PRIMARY_REGISTRANT_FNAME] [PRIMARY_REGISTRANT_LNAME]:</strong>\n						<a href="mailto:[PRIMARY_REGISTRANT_EMAIL]">[PRIMARY_REGISTRANT_EMAIL]</a>\n					</p>\n				</div>\n			</td>\n			<td></td>\n		</tr>\n	</tbody>\n</table>";s:10:"event_list";s:0:"";s:13:"attendee_list";s:0:"";s:11:"ticket_list";s:0:"";s:13:"datetime_list";s:0:"";}'),
(9, 3, 'primary_attendee', 'to', '[PRIMARY_REGISTRANT_EMAIL]\n'),
(10, 3, 'primary_attendee', 'from', '[CO_FORMATTED_EMAIL]\n'),
(11, 3, 'primary_attendee', 'subject', 'Event Payment Details'),
(12, 3, 'primary_attendee', 'content', 'a:5:{s:4:"main";s:2440:"<table class="head-wrap" bgcolor="#999999">\n	<tbody>\n		<tr>\n			<td></td>\n			<td class="header container">\n				<div class="content">\n					<table bgcolor="#999999">\n						<tbody>\n							<tr>\n								<td>[CO_LOGO]</td>\n								<td align="right">\n									<h6 class="collapse">[COMPANY]</h6>\n								</td>\n							</tr>\n						</tbody>\n					</table>\n				</div>\n			</td>\n			<td></td>\n		</tr>\n	</tbody>\n</table>\n\n<table class="body-wrap">\n	<tbody>\n		<tr>\n			<td></td>\n			<td class="container" bgcolor="#FFFFFF">\n				<div class="content">\n					<table>\n						<tbody>\n							<tr>\n								<td>\n									<h2>Hello, [PRIMARY_REGISTRANT_FNAME] [PRIMARY_REGISTRANT_LNAME]:</h2>\n									<p class="lead">We''re just notifying you of a successful payment made for the following transaction and tickets:</p>\n									<h3>Payment Details:</h3>\n									<ul>\n										<li>\n											<strong>Payment Status:</strong> [PAYMENT_STATUS]\n										</li>\n										<li>\n											<strong>Transaction ID:</strong> [TXN_ID]\n										</li>\n										<li>\n											<strong>Total Cost:</strong> [TOTAL_COST]\n										</li>\n										<li>\n											<strong>Payment Amount:</strong> [AMOUNT_PAID]\n										</li>\n										<li>\n											<strong>Amount Due:</strong> [TOTAL_OWING]\n										</li>\n									</ul>\n									[EVENT_LIST]\n								</td>\n							</tr>\n						</tbody>\n					</table>\n				</div>\n			</td>\n			<td></td>\n		</tr>\n	</tbody>\n</table>\n\n<table class="footer-wrap">\n	<tbody>\n		<tr>\n			<td class="container">\n				<table class="social" width="100%">\n					<tbody>\n						<tr>\n							<td>\n								<table class="column" align="left">\n									<tbody>\n										<tr>\n											<td>\n												<h3>Connect with Us:</h3>\n												<a class="soc-btn fb" href="[CO_FACEBOOK_URL]">Facebook</a>\n												<a class="soc-btn tw" href="[CO_TWITTER_URL]">Twitter</a>\n												<a class="soc-btn gp" href="[CO_GOOGLE_URL]">Google+</a>\n											</td>\n										</tr>\n									</tbody>\n								</table>\n\n								<table class="column" align="left">\n									<tbody>\n										<tr>\n											<td>\n												<h3>Contact Info:</h3>\n												Phone: <strong>[CO_PHONE]</strong>\n												Email:												<strong><a href="mailto:[CO_EMAIL]" target="_blank">[CO_EMAIL]</a></strong>\n											</td>\n										</tr>\n									</tbody>\n								</table>\n								 \n							</td>\n						</tr>\n					</tbody>\n				</table>\n			</td>\n			<td></td>\n		</tr>\n	</tbody>\n</table>";s:10:"event_list";s:107:"<p class="callout">\n	<strong>Event: [EVENT_LINK]</strong>\n</p>\n<div class="content">\n	[TICKET_LIST]\n</div>\n";s:13:"attendee_list";s:0:"";s:11:"ticket_list";s:244:"<ul>\n	<li class="ticket-name">\n		<strong>Ticket Name:</strong> [TICKET_NAME]<br><em>[TICKET_DESCRIPTION]</em>\n	</li>\n	<li><strong>Price:</strong> [TICKET_PRICE]</li>\n	<li><strong>Quantity Purchased:</strong> [TKT_QTY_PURCHASED]</li>\n</ul>\n<hr/>";s:13:"datetime_list";s:0:"";}'),
(13, 4, 'admin', 'to', ''),
(14, 4, 'admin', 'from', '[CO_FORMATTED_EMAIL]\n'),
(15, 4, 'admin', 'subject', 'Event Refund Details'),
(16, 4, 'admin', 'content', 'a:5:{s:4:"main";s:1604:"<table class="head-wrap" bgcolor="#999999">\n	<tbody>\n		<tr>\n			<td></td>\n			<td class="header container">\n				<div class="content">\n					<table bgcolor="#999999">\n						<tbody>\n							<tr>\n								<td>[CO_LOGO]</td>\n								<td align="right">\n									<h6 class="collapse">[COMPANY]</h6>\n								</td>\n							</tr>\n						</tbody>\n					</table>\n				</div>\n			</td>\n			<td></td>\n		</tr>\n	</tbody>\n</table>\n\n<table class="body-wrap">\n	<tbody>\n		<tr>\n			<td></td>\n			<td class="container" bgcolor="#FFFFFF">\n				<div class="content">\n					<table>\n						<tbody>\n							<tr>\n								<td>\n									<h1>Refund Notification</h1>\n									The following message was sent to the Primary Registrant of this transaction:									<h3>Refund Details:</h3>\n									<ul>\n										<li>\n											<strong>Payment Status:</strong> [PAYMENT_STATUS]\n										</li>\n										<li><strong>Transaction ID:</strong>\n											<a href="[TRANSACTION_ADMIN_URL]">[TXN_ID]</a></li>\n										<li>\n											<strong>Payment Gateway:</strong> [PAYMENT_GATEWAY]\n										</li>\n										<li>\n											<strong>Total Cost:</strong> [TOTAL_COST]\n										</li>\n										<li>\n											<strong>Refund Amount:</strong> [AMOUNT_PAID]\n										</li>\n									</ul>\n								</td>\n							</tr>\n						</tbody>\n					</table>\n				</div>\n				<div class="content">\n					<h2>Registrant Details:</h2>\n					<p class="callout"><strong>[PRIMARY_REGISTRANT_FNAME] [PRIMARY_REGISTRANT_LNAME]:</strong>\n						<a href="mailto:[PRIMARY_REGISTRANT_EMAIL]">[PRIMARY_REGISTRANT_EMAIL]</a></p>\n				</div>\n			</td>\n			<td></td>\n		</tr>\n	</tbody>\n</table>";s:10:"event_list";s:0:"";s:13:"attendee_list";s:0:"";s:11:"ticket_list";s:0:"";s:13:"datetime_list";s:0:"";}'),
(17, 4, 'primary_attendee', 'to', '[PRIMARY_REGISTRANT_EMAIL]\n'),
(18, 4, 'primary_attendee', 'from', '[CO_FORMATTED_EMAIL]\n'),
(19, 4, 'primary_attendee', 'subject', 'Event Refund Details'),
(20, 4, 'primary_attendee', 'content', 'a:5:{s:4:"main";s:2343:"<table class="head-wrap" bgcolor="#999999">\n	<tbody>\n		<tr>\n			<td></td>\n			<td class="header container">\n				<div class="content">\n					<table bgcolor="#999999">\n						<tbody>\n							<tr>\n								<td>[CO_LOGO]</td>\n								<td align="right">\n									<h6 class="collapse">[COMPANY]</h6>\n								</td>\n							</tr>\n						</tbody>\n					</table>\n				</div>\n			</td>\n			<td></td>\n		</tr>\n	</tbody>\n</table>\n\n<table class="body-wrap">\n	<tbody>\n		<tr>\n			<td></td>\n			<td class="container" bgcolor="#FFFFFF">\n				<div class="content">\n					<table>\n						<tbody>\n							<tr>\n								<td>\n									<h2>Hello, [PRIMARY_REGISTRANT_FNAME] [PRIMARY_REGISTRANT_LNAME]:</h2>\n									<p class="lead">We''re just notifying you of a refund issued for the following transaction and tickets:</p>\n									<h3>Refund Details:</h3>\n									<ul>\n										<li>\n											<strong>Payment Status:</strong> [PAYMENT_STATUS]\n										</li>\n										<li>\n											<strong>Transaction ID:</strong> [TXN_ID]\n										</li>\n										<li>\n											<strong>Total Cost:</strong> [TOTAL_COST]\n										</li>\n										<li>\n											<strong>Refund Amount:</strong> [AMOUNT_PAID]\n										</li>\n									</ul>\n									[EVENT_LIST]\n								</td>\n							</tr>\n						</tbody>\n					</table>\n				</div>\n			</td>\n			<td></td>\n		</tr>\n	</tbody>\n</table>\n\n<table class="footer-wrap">\n	<tbody>\n		<tr>\n			<td class="container">\n				<table class="social" width="100%">\n					<tbody>\n						<tr>\n							<td>\n								<table class="column" align="left">\n									<tbody>\n										<tr>\n											<td>\n												<h3>Connect with Us:</h3>\n												<a class="soc-btn fb" href="[CO_FACEBOOK_URL]">Facebook</a>\n												<a class="soc-btn tw" href="[CO_TWITTER_URL]">Twitter</a>\n												<a class="soc-btn gp" href="[CO_GOOGLE_URL]">Google+</a>\n											</td>\n										</tr>\n									</tbody>\n								</table>\n\n								<table class="column" align="left">\n									<tbody>\n										<tr>\n											<td>\n												<h3>Contact Info:</h3>\n												Phone: <strong>[CO_PHONE]</strong>\n												Email:												<strong><a href="mailto:[CO_EMAIL]" target="_blank">[CO_EMAIL]</a></strong>\n											</td>\n										</tr>\n									</tbody>\n								</table>\n								 \n							</td>\n						</tr>\n					</tbody>\n				</table>\n			</td>\n			<td></td>\n		</tr>\n	</tbody>\n</table>";s:10:"event_list";s:107:"<p class="callout">\n	<strong>Event: [EVENT_LINK]</strong>\n</p>\n<div class="content">\n	[TICKET_LIST]\n</div>\n";s:13:"attendee_list";s:0:"";s:11:"ticket_list";s:244:"<ul>\n	<li class="ticket-name">\n		<strong>Ticket Name:</strong> [TICKET_NAME]<br><em>[TICKET_DESCRIPTION]</em>\n	</li>\n	<li><strong>Price:</strong> [TICKET_PRICE]</li>\n	<li><strong>Quantity Purchased:</strong> [TKT_QTY_PURCHASED]</li>\n</ul>\n<hr/>";s:13:"datetime_list";s:0:"";}'),
(21, 5, 'admin', 'to', '[EVENT_AUTHOR_FORMATTED_EMAIL]'),
(22, 5, 'admin', 'from', '[CO_FORMATTED_EMAIL]'),
(23, 5, 'admin', 'subject', 'Event Registration Details'),
(24, 5, 'admin', 'content', 'a:5:{s:4:"main";s:811:"<table class="head-wrap" bgcolor="#999999">\n	<tbody>\n		<tr>\n			<td></td>\n			<td class="header container">\n				<div class="content">\n					<table bgcolor="#999999">\n						<tbody>\n							<tr>\n								<td>[CO_LOGO]</td>\n								<td align="right">\n									<h6 class="collapse">[COMPANY]</h6>\n								</td>\n							</tr>\n						</tbody>\n					</table>\n				</div>\n			</td>\n			<td></td>\n		</tr>\n	</tbody>\n</table>\n\n<table class="body-wrap">\n	<tbody>\n		<tr>\n			<td></td>\n			<td class="container" bgcolor="#FFFFFF">\n				<div class="content">\n					<h1>Registration Notification</h1>\n					The following attendee(s) have registered for the following event:					<table>\n						<tbody>\n							<tr>\n								<td>[EVENT_LIST]</td>\n							</tr>\n						</tbody>\n					</table>\n				</div>\n			</td>\n			<td></td>\n		</tr>\n	</tbody>\n</table>";s:10:"event_list";s:208:"<p class="callout">\n	<strong>\n		Event: [EVENT_LINK]\n		Venue:		<a href="[VENUE_URL]" target="_blank">[VENUE_TITLE]</a> ([VENUE_CITY], [VENUE_STATE])\n	</strong>\n</p>\n<h2>Registrant Details:</h2>\n[ATTENDEE_LIST]";s:13:"attendee_list";s:250:"<h4><a href="[EDIT_ATTENDEE_LINK]">[FNAME] [LNAME]</a></h4>\n<ul>\n	<li>\n		<strong>Registration Code:</strong>\n		<a href="[EDIT_ATTENDEE_LINK]">[REGISTRATION_CODE]</a>\n	</li>\n	<li>\n		<strong>Tickets:</strong>\n		<ul>[TICKET_LIST]</ul>\n	</li>\n</ul>\n<hr/>";s:11:"ticket_list";s:98:"<li>\n	<strong>[TICKET_NAME]</strong>\n</li>\n<li>\n	Dates/Times:</br>\n	<ul>[DATETIME_LIST]</ul>\n</li>";s:13:"datetime_list";s:42:"<li>[DATETIME_START] - [DATETIME_END]</li>";}'),
(25, 5, 'primary_attendee', 'to', ''),
(26, 5, 'primary_attendee', 'from', '[CO_FORMATTED_EMAIL]'),
(27, 5, 'primary_attendee', 'subject', 'Group Event Registration Details'),
(28, 5, 'primary_attendee', 'content', 'a:5:{s:4:"main";s:1893:"<table class="head-wrap" bgcolor="#999999">\n	<tbody>\n		<tr>\n			<td></td>\n			<td class="header container">\n				<div class="content">\n					<table bgcolor="#999999">\n						<tbody>\n							<tr>\n								<td>[CO_LOGO]</td>\n								<td align="right">\n									<h6 class="collapse">[COMPANY]</h6>\n								</td>\n							</tr>\n						</tbody>\n					</table>\n				</div>\n			</td>\n			<td></td>\n		</tr>\n	</tbody>\n</table>\n\n<table class="body-wrap">\n	<tbody>\n		<tr>\n			<td></td>\n			<td class="container" bgcolor="#FFFFFF">\n				<div class="content">\n					<table>\n						<tbody>\n							<tr>\n								<td>\n									<h2>Hello, [PRIMARY_REGISTRANT_FNAME]:</h2>\n									<p class="lead">This is a copy of your registration details!</p>\n								</td>\n							</tr>\n						</tbody>\n					</table>\n				</div>\n				<div>\n					[EVENT_LIST]\n				</div>\n			</td>\n			<td></td>\n		</tr>\n	</tbody>\n</table>\n\n<table class="footer-wrap">\n	<tbody>\n		<tr>\n			<td></td>\n			<td class="container">\n				<table class="social" width="100%">\n					<tbody>\n						<tr>\n							<td>\n								<table class="column" align="left">\n									<tbody>\n										<tr>\n											<td>\n												<h5>Connect with Us:</h5>\n												<a class="soc-btn fb" href="[CO_FACEBOOK_URL]">Facebook</a>\n												<a class="soc-btn tw" href="[CO_TWITTER_URL]">Twitter</a>\n												<a class="soc-btn gp" href="[CO_GOOGLE_URL]">Google+</a>\n											</td>\n										</tr>\n									</tbody>\n								</table>\n\n								<table class="column" align="left">\n									<tbody>\n										<tr>\n											<td>\n												<h5>Contact Info:</h5>\n												Phone: <strong>[CO_PHONE]</strong>\n												Email:												<strong><a href="mailto:[CO_EMAIL]" target="_blank">[CO_EMAIL]</a></strong>\n											</td>\n										</tr>\n									</tbody>\n								</table>\n								 \n							</td>\n						</tr>\n					</tbody>\n				</table>\n			</td>\n			<td></td>\n		</tr>\n	</tbody>\n</table>";s:10:"event_list";s:1665:"<div class="content">\n	<table>\n		<tbody>\n			<tr>\n				<td>\n					<p class="callout"><strong>Event: [EVENT_LINK]\n							Venue:							<a href="[VENUE_URL]" target="_blank">[VENUE_TITLE]</a> ([VENUE_CITY], [VENUE_STATE])</strong>\n					</p>\n				</td>\n			</tr>\n		</tbody>\n	</table>\n</div>\n\n<div class="column-wrap">\n	<div class="column">\n		<table align="left">\n			<tbody>\n				<tr>\n					<td>\n						<h3>Registrant(s):</h3>\n						[ATTENDEE_LIST]\n					</td>\n				</tr>\n			</tbody>\n		</table>\n	</div>\n	<div class="column">\n		<table align="left">\n			<tbody>\n				<tr>\n					<td>\n						<ul class="sidebar">\n							<li><h5>Venue »</h5></li>\n							<li>[VENUE_IMAGE]</li>\n							<li>[VENUE_TITLE]</li>\n							<li>[VENUE_ADDRESS]</li>\n							<li>[VENUE_CITY]</li>\n							<li>[VENUE_STATE], [VENUE_ZIP]</li>\n							<li>[GOOGLE_MAP_IMAGE]</li>\n						</ul>\n						<table class="social" width="100%" bgcolor="">\n							<tbody>\n								<tr>\n									<td>\n										<table width="100%" align="left">\n											<tbody>\n												<tr>\n													<td>\n														<h6>Connect with this Event:</h6>\n														<a class="soc-btn fb" href="[EVENT_FACEBOOK_URL]">Facebook</a>\n														<a class="soc-btn tw" href="[EVENT_TWITTER_URL]">Twitter</a>\n														<h6>Contact Info:</h6>\n														Phone:														<strong>[EVENT_PHONE]</strong>\n														Email:														<strong><a href="mailto:[EVENT_AUTHOR_EMAIL]">[EVENT_AUTHOR_EMAIL]</a></strong>\n													</td>\n												</tr>\n											</tbody>\n										</table>\n									</td>\n								</tr>\n							</tbody>\n						</table>\n					</td>\n				</tr>\n			</tbody>\n		</table>\n	</div>\n	<div class="clear"></div>\n</div>";s:13:"attendee_list";s:171:"<h4>[FNAME] [LNAME]</h4>\n<ul>\n	<li><strong>Registration Code:</strong> [REGISTRATION_CODE]</li>\n	<li><strong>Tickets:</strong></li>\n</ul>\n<ul>\n	[TICKET_LIST]\n</ul>\n<hr />\n";s:11:"ticket_list";s:98:"<li>\n	<strong>[TICKET_NAME]</strong>\n</li>\n<li>\n	Dates/Times:</br>\n	<ul>[DATETIME_LIST]</ul>\n</li>";s:13:"datetime_list";s:42:"<li>[DATETIME_START] - [DATETIME_END]</li>";}'),
(29, 5, 'attendee', 'to', '[RECIPIENT_EMAIL]'),
(30, 5, 'attendee', 'from', '[CO_FORMATTED_EMAIL]'),
(31, 5, 'attendee', 'subject', 'Your Event Registration Details'),
(32, 5, 'attendee', 'content', 'a:5:{s:4:"main";s:1884:"<table class="head-wrap" bgcolor="#999999">\n	<tbody>\n		<tr>\n			<td></td>\n			<td class="header container">\n				<div class="content">\n					<table bgcolor="#999999">\n						<tbody>\n							<tr>\n								<td>[CO_LOGO]</td>\n								<td align="right">\n									<h6 class="collapse">[COMPANY]</h6>\n								</td>\n							</tr>\n						</tbody>\n					</table>\n				</div>\n			</td>\n			<td></td>\n		</tr>\n	</tbody>\n</table>\n\n<table class="body-wrap">\n	<tbody>\n		<tr>\n			<td></td>\n			<td class="container" bgcolor="#FFFFFF">\n				<div class="content">\n					<table>\n						<tbody>\n							<tr>\n								<td>\n									<h2>Hello, [RECIPIENT_FNAME]:</h2>\n									<p class="lead">Here''s a copy of your registration details!</p>\n								</td>\n							</tr>\n						</tbody>\n					</table>\n				</div>\n				<div>\n					[EVENT_LIST]\n				</div>\n			</td>\n			<td></td>\n		</tr>\n	</tbody>\n</table>\n\n<table class="footer-wrap">\n	<tbody>\n		<tr>\n			<td></td>\n			<td class="container">\n				<table class="social" width="100%">\n					<tbody>\n						<tr>\n							<td>\n								<table class="column" align="left">\n									<tbody>\n										<tr>\n											<td>\n												<h5>Connect with Us:</h5>\n												<a class="soc-btn fb" href="[CO_FACEBOOK_URL]">Facebook</a>\n												<a class="soc-btn tw" href="[CO_TWITTER_URL]">Twitter</a>\n												<a class="soc-btn gp" href="[CO_GOOGLE_URL]">Google+</a>\n											</td>\n										</tr>\n									</tbody>\n								</table>\n\n								<table class="column" align="left">\n									<tbody>\n										<tr>\n											<td>\n												<h5>Contact Info:</h5>\n												Phone: <strong>[CO_PHONE]</strong>\n												Email:												<strong><a href="mailto:[CO_EMAIL]" target="_blank">[CO_EMAIL]</a></strong>\n											</td>\n										</tr>\n									</tbody>\n								</table>\n								 \n							</td>\n						</tr>\n					</tbody>\n				</table>\n			</td>\n			<td></td>\n		</tr>\n	</tbody>\n</table>\n";s:10:"event_list";s:1935:"<div class="content">\n	<table>\n		<tbody>\n			<tr>\n				<td>\n					<p class="callout"><strong>Event: [EVENT_LINK]\n							Venue:							<a href="[VENUE_URL]" target="_blank">[VENUE_TITLE]</a> ([VENUE_CITY], [VENUE_STATE])</strong>\n					</p>\n				</td>\n			</tr>\n		</tbody>\n	</table>\n</div>\n\n<div class="column-wrap">\n	<div class="column">\n		<table align="left">\n			<tbody>\n				<tr>\n					<td>\n						<h3>Registration:</h3>\n						<h4>[RECIPIENT_FNAME] [RECIPIENT_LNAME]</h4>\n						<ul>\n							<li>\n								<strong>Registration Code:</strong> [RECIPIENT_REGISTRATION_CODE]\n							</li>\n							<li><strong>Tickets:</strong></li>\n							<li>\n								<ul>[RECIPIENT_TICKET_LIST]</ul>\n							</li>\n						</ul>\n						<hr/>\n					</td>\n				</tr>\n			</tbody>\n		</table>\n	</div>\n	<div class="column">\n		<table align="left">\n			<tbody>\n				<tr>\n					<td>\n						<ul class="sidebar">\n							<li><h5>Venue »</h5></li>\n							<li>[VENUE_IMAGE]</li>\n							<li>[VENUE_TITLE]</li>\n							<li>[VENUE_ADDRESS]</li>\n							<li>[VENUE_CITY]</li>\n							<li>[VENUE_STATE], [VENUE_ZIP]</li>\n							<li>[GOOGLE_MAP_IMAGE]</li>\n						</ul>\n						<table class="social" width="100%" bgcolor="">\n							<tbody>\n								<tr>\n									<td>\n										<table width="100%" align="left">\n											<tbody>\n												<tr>\n													<td>\n														<h6>Connect with this Event:</h6>\n														<a class="soc-btn fb" href="[EVENT_FACEBOOK_URL]">Facebook</a>\n														<a class="soc-btn tw" href="[EVENT_TWITTER_URL]">Twitter</a>\n														<h6>Contact Info:</h6>\n														Phone:														<strong>[EVENT_PHONE]</strong>\n														Email:														<strong><a href="mailto:[EVENT_AUTHOR_EMAIL]">[EVENT_AUTHOR_EMAIL]</a></strong>\n													</td>\n												</tr>\n											</tbody>\n										</table>\n									</td>\n								</tr>\n							</tbody>\n						</table>\n					</td>\n				</tr>\n			</tbody>\n		</table>\n	</div>\n	<div class="clear"></div>\n</div>";s:13:"attendee_list";s:0:"";s:11:"ticket_list";s:98:"<li>\n	<strong>[TICKET_NAME]</strong>\n</li>\n<li>\n	Dates/Times:</br>\n	<ul>[DATETIME_LIST]</ul>\n</li>";s:13:"datetime_list";s:42:"<li>[DATETIME_START] - [DATETIME_END]</li>";}'),
(33, 6, 'admin', 'to', ''),
(34, 6, 'admin', 'from', '[CO_FORMATTED_EMAIL]'),
(35, 6, 'admin', 'subject', 'Registration Not Approved'),
(36, 6, 'admin', 'content', 'a:5:{s:4:"main";s:804:"<table class="head-wrap" bgcolor="#999999">\n	<tbody>\n		<tr>\n			<td></td>\n			<td class="header container">\n				<div class="content">\n					<table bgcolor="#999999">\n						<tbody>\n							<tr>\n								<td>[CO_LOGO]</td>\n								<td align="right">\n									<h6 class="collapse">[COMPANY]</h6>\n								</td>\n							</tr>\n						</tbody>\n					</table>\n				</div>\n			</td>\n			<td></td>\n		</tr>\n	</tbody>\n</table>\n\n<table class="body-wrap">\n	<tbody>\n		<tr>\n			<td></td>\n			<td class="container" bgcolor="#FFFFFF">\n				<div class="content">\n					<h1>Registration(s) Require Approval</h1>\n					The following registration(s) require your approval:					<table>\n						<tbody>\n							<tr>\n								<td>[EVENT_LIST]</td>\n							</tr>\n						</tbody>\n					</table>\n				</div>\n			</td>\n			<td></td>\n		</tr>\n	</tbody>\n</table>";s:10:"event_list";s:378:"<div class="content">\n	<table>\n		<tbody>\n			<tr>\n				<td>\n					<h2>Event: [EVENT]</h2>\n				</td>\n			</tr>\n		</tbody>\n	</table>\n</div>\n<div class="column-wrap">\n	<div class="column-large">\n		<table align="left">\n			<tbody>\n				<tr>\n					<td>\n						<h2>Registrant(s):</h2>\n						[ATTENDEE_LIST]\n					</td>\n				</tr>\n			</tbody>\n		</table>\n	</div>\n	<div class="clear"></div>\n</div>";s:13:"attendee_list";s:250:"<h5><a href="[EDIT_ATTENDEE_LINK]">[FNAME] [LNAME]</a></h5>\n<ul>\n	<li>\n		<strong>Registration Code:</strong>\n		<a href="[EDIT_ATTENDEE_LINK]">[REGISTRATION_CODE]</a>\n	</li>\n	<li>\n		<strong>Tickets:</strong>\n		<ul>[TICKET_LIST]</ul>\n	</li>\n</ul>\n<hr/>";s:11:"ticket_list";s:81:"<li>\n	<p>\n		<strong>[TICKET_NAME]</strong>\n		<ul>[DATETIME_LIST]</ul>\n	</p>\n</li>";s:13:"datetime_list";s:42:"<li>[DATETIME_START] - [DATETIME_END]</li>";}'),
(37, 6, 'primary_attendee', 'to', '[PRIMARY_REGISTRANT_EMAIL]\n'),
(38, 6, 'primary_attendee', 'from', '[CO_FORMATTED_EMAIL]'),
(39, 6, 'primary_attendee', 'subject', 'Registration Not Approved'),
(40, 6, 'primary_attendee', 'content', 'a:5:{s:4:"main";s:1948:"<table class="head-wrap" bgcolor="#999999">\n	<tbody>\n		<tr>\n			<td></td>\n			<td class="header container">\n				<div class="content">\n					<table bgcolor="#999999">\n						<tbody>\n							<tr>\n								<td>[CO_LOGO]</td>\n								<td align="right">\n									<h6 class="collapse">[COMPANY]</h6>\n								</td>\n							</tr>\n						</tbody>\n					</table>\n				</div>\n			</td>\n			<td></td>\n		</tr>\n	</tbody>\n</table>\n\n<table class="body-wrap">\n	<tbody>\n		<tr>\n			<td></td>\n			<td class="container" bgcolor="#FFFFFF">\n				<div class="content">\n					<table>\n						<tbody>\n							<tr>\n								<td>\n									<h2>Hello, [PRIMARY_REGISTRANT_FNAME]:</h2>\n\n									<p class="lead">Your registration(s) are awaiting approval by the event manager. You will be notified when the status of your registration changes.</p>\n								</td>\n							</tr>\n						</tbody>\n					</table>\n				</div>\n				[EVENT_LIST]\n			</td>\n			<td></td>\n		</tr>\n	</tbody>\n</table>\n\n<table class="footer-wrap">\n	<tbody>\n		<tr>\n			<td></td>\n			<td class="container">\n				<table class="social" width="100%">\n					<tbody>\n						<tr>\n							<td>\n								<table class="column" align="left">\n									<tbody>\n										<tr>\n											<td>\n												<h5>Connect with Us:</h5>\n												<a class="soc-btn fb" href="[CO_FACEBOOK_URL]">Facebook</a>\n												<a class="soc-btn tw" href="[CO_TWITTER_URL]">Twitter</a>\n												<a class="soc-btn gp" href="[CO_GOOGLE_URL]">Google+</a>\n											</td>\n										</tr>\n									</tbody>\n								</table>\n\n								<table class="column" align="left">\n									<tbody>\n										<tr>\n											<td>\n												<h5>Contact Info:</h5>\n												Phone: <strong>[CO_PHONE]</strong>\n												Email:												<strong><a href="mailto:[CO_EMAIL]" target="_blank">[CO_EMAIL]</a></strong>\n											</td>\n										</tr>\n									</tbody>\n								</table>\n							</td>\n						</tr>\n					</tbody>\n				</table>\n			</td>\n			<td></td>\n		</tr>\n	</tbody>\n</table>";s:10:"event_list";s:460:"<div class="content">\n	<table>\n		<tbody>\n			<tr>\n				<td>\n					<p class="callout">\n						<strong>Event Name:</strong>\n						<a href="[EVENT_URL]">[EVENT]</a>\n					</p>\n				</td>\n			</tr>\n		</tbody>\n	</table>\n</div>\n\n<div class="column-wrap">\n	<div class="column-large">\n		<table align="left">\n			<tbody>\n				<tr>\n					<td>\n						<h2>Registrant(s):</h2>\n						[ATTENDEE_LIST]\n					</td>\n				</tr>\n			</tbody>\n		</table>\n	</div>\n	<div class="clear"></div>\n</div>";s:13:"attendee_list";s:178:"<h5>[FNAME] [LNAME]</h5>\n<ul>\n	<li><strong>Registration Code:</strong> [REGISTRATION_CODE]</li>\n	<li><strong>Tickets:</strong></li>\n</ul>\n<ul>\n	<li>[TICKET_LIST]</li>\n</ul>\n<hr/>";s:11:"ticket_list";s:81:"<li>\n	<p>\n		<strong>[TICKET_NAME]</strong>\n		<ul>[DATETIME_LIST]</ul>\n	</p>\n</li>";s:13:"datetime_list";s:42:"<li>[DATETIME_START] - [DATETIME_END]</li>";}'),
(41, 7, 'admin', 'to', '[EVENT_AUTHOR_FORMATTED_EMAIL]'),
(42, 7, 'admin', 'from', '[CO_FORMATTED_EMAIL]'),
(43, 7, 'admin', 'subject', 'Registration Pending Payment'),
(44, 7, 'admin', 'content', 'a:5:{s:4:"main";s:1006:"<table class="head-wrap" bgcolor="#999999">\n    <tr>\n        <td></td>\n        <td class="header container">\n            <div class="content">\n            <table bgcolor="#999999" class="">\n                <tr>\n                    <td>[CO_LOGO]</td>\n                    <td align="right"><h6 class="collapse">[COMPANY]</h6></td>\n                </tr>\n            </table>\n            </div>\n        </td>\n        <td></td>\n    </tr>\n</table>\n\n<table class="body-wrap">\n    <tr>\n        <td></td>\n        <td class="container" bgcolor="#FFFFFF">\n            <div class="content">\n                <h1>Registration(s) Pending Payment</h1>\n                <p>The following registration(s) are awaiting payment for the following event(s).</p>\n                <table>\n                    <tr>\n                        <td>\n                           [EVENT_LIST]\n                        </td>\n                    </tr>\n                </table>\n            </div>\n        </td>\n        <td></td>\n    </tr>\n</table>";s:10:"event_list";s:415:"<div class="content">\n	<table>\n		<tbody>\n			<tr>\n				<td>\n					<p class="callout"><strong>Event: [EVENT_LINK]</strong></p>\n				</td>\n			</tr>\n		</tbody>\n	</table>\n</div>\n\n<div class="column-wrap">\n	<div class="column-large">\n		<table align="left">\n			<tbody>\n				<tr>\n					<td>\n						<h3>Registrant(s):</h3>\n						[ATTENDEE_LIST]\n					</td>\n				</tr>\n			</tbody>\n		</table>\n	</div>\n	<div class="clear"></div>\n</div>";s:13:"attendee_list";s:250:"<h4><a href="[EDIT_ATTENDEE_LINK]">[FNAME] [LNAME]</a></h4>\n<ul>\n	<li>\n		<strong>Registration Code:</strong>\n		<a href="[EDIT_ATTENDEE_LINK]">[REGISTRATION_CODE]</a>\n	</li>\n	<li>\n		<strong>Tickets:</strong>\n		<ul>[TICKET_LIST]</ul>\n	</li>\n</ul>\n<hr/>";s:11:"ticket_list";s:98:"<li>\n	<strong>[TICKET_NAME]</strong>\n</li>\n<li>\n	Dates/Times:</br>\n	<ul>[DATETIME_LIST]</ul>\n</li>";s:13:"datetime_list";s:42:"<li>[DATETIME_START] - [DATETIME_END]</li>";}'),
(45, 7, 'primary_attendee', 'to', '[PRIMARY_REGISTRANT_EMAIL]'),
(46, 7, 'primary_attendee', 'from', '[CO_FORMATTED_EMAIL]'),
(47, 7, 'primary_attendee', 'subject', 'Registration Pending Payment'),
(48, 7, 'primary_attendee', 'content', 'a:5:{s:4:"main";s:1993:"<table class="head-wrap" bgcolor="#999999">\n	<tbody>\n		<tr>\n			<td></td>\n			<td class="header container">\n				<div class="content">\n					<table bgcolor="#999999">\n						<tbody>\n							<tr>\n								<td>[CO_LOGO]</td>\n								<td align="right">\n									<h6 class="collapse">[COMPANY]</h6>\n								</td>\n							</tr>\n						</tbody>\n					</table>\n				</div>\n			</td>\n			<td></td>\n		</tr>\n	</tbody>\n</table>\n\n<table class="body-wrap">\n	<tbody>\n		<tr>\n			<td></td>\n			<td class="container" bgcolor="#FFFFFF">\n				<div class="content">\n					<table>\n						<tbody>\n							<tr>\n								<td>\n									<h1>Hello, [PRIMARY_REGISTRANT_FNAME]:</h1>\n									Your registration(s) is/are pending payment for the following events:									<div>\n										[EVENT_LIST]\n									</div>\n									<p class="callout">You can <a href="[PAYMENT_URL]">make a payment here »</a>.</p>\n								</td>\n							</tr>\n						</tbody>\n					</table>\n				</div>\n			</td>\n			<td></td>\n		</tr>\n	</tbody>\n</table>\n\n<table class="footer-wrap">\n	<tbody>\n		<tr>\n			<td></td>\n			<td class="container">\n				<table class="social" width="100%">\n					<tbody>\n						<tr>\n							<td>\n								<table class="column" align="left">\n									<tbody>\n										<tr>\n											<td>\n												<h5>Connect with Us:</h5>\n												<a class="soc-btn fb" href="[CO_FACEBOOK_URL]">Facebook</a>\n												<a class="soc-btn tw" href="[CO_TWITTER_URL]">Twitter</a>\n												<a class="soc-btn gp" href="[CO_GOOGLE_URL]">Google+</a>\n											</td>\n										</tr>\n									</tbody>\n								</table>\n\n								<table class="column" align="left">\n									<tbody>\n										<tr>\n											<td>\n												<h5>Contact Info:</h5>\n												Phone: <strong>[CO_PHONE]</strong>\n												Email:												<strong><a href="mailto:[CO_EMAIL]" target="_blank">[CO_EMAIL]</a></strong>\n											</td>\n										</tr>\n									</tbody>\n								</table>\n							</td>\n						</tr>\n					</tbody>\n				</table>\n			</td>\n			<td></td>\n		</tr>\n	</tbody>\n</table>";s:10:"event_list";s:415:"<div class="content">\n	<table>\n		<tbody>\n			<tr>\n				<td>\n					<p class="callout"><strong>Event: [EVENT_LINK]</strong></p>\n				</td>\n			</tr>\n		</tbody>\n	</table>\n</div>\n\n<div class="column-wrap">\n	<div class="column-large">\n		<table align="left">\n			<tbody>\n				<tr>\n					<td>\n						<h3>Registrant(s):</h3>\n						[ATTENDEE_LIST]\n					</td>\n				</tr>\n			</tbody>\n		</table>\n	</div>\n	<div class="clear"></div>\n</div>";s:13:"attendee_list";s:171:"<h4>[FNAME] [LNAME]</h4>\n<ul>\n	<li><strong>Registration Code:</strong> [REGISTRATION_CODE]</li>\n	<li><strong>Tickets:</strong></li>\n</ul>\n<ul>\n	[TICKET_LIST]\n</ul>\n<hr />\n";s:11:"ticket_list";s:98:"<li>\n	<strong>[TICKET_NAME]</strong>\n</li>\n<li>\n	Dates/Times:</br>\n	<ul>[DATETIME_LIST]</ul>\n</li>";s:13:"datetime_list";s:42:"<li>[DATETIME_START] - [DATETIME_END]</li>";}');

-- --------------------------------------------------------

--
-- Table structure for table `wp_esp_message_template_group`
--

CREATE TABLE IF NOT EXISTS `wp_esp_message_template_group` (
  `GRP_ID` int(10) unsigned NOT NULL AUTO_INCREMENT,
  `MTP_user_id` int(10) NOT NULL DEFAULT '1',
  `MTP_name` varchar(245) NOT NULL DEFAULT '',
  `MTP_description` varchar(245) NOT NULL DEFAULT '',
  `MTP_messenger` varchar(30) NOT NULL,
  `MTP_message_type` varchar(50) NOT NULL,
  `MTP_is_global` tinyint(1) NOT NULL DEFAULT '0',
  `MTP_is_override` tinyint(1) NOT NULL DEFAULT '0',
  `MTP_deleted` tinyint(1) NOT NULL DEFAULT '0',
  `MTP_is_active` tinyint(1) NOT NULL DEFAULT '1',
  PRIMARY KEY (`GRP_ID`),
  KEY `MTP_user_id` (`MTP_user_id`)
) ENGINE=InnoDB  DEFAULT CHARSET=utf8 AUTO_INCREMENT=8 ;

--
-- Dumping data for table `wp_esp_message_template_group`
--

INSERT INTO `wp_esp_message_template_group` (`GRP_ID`, `MTP_user_id`, `MTP_name`, `MTP_description`, `MTP_messenger`, `MTP_message_type`, `MTP_is_global`, `MTP_is_override`, `MTP_deleted`, `MTP_is_active`) VALUES
(1, 1, '', '', 'html', 'receipt', 1, 0, 0, 1),
(2, 1, '', '', 'html', 'invoice', 1, 0, 0, 1),
(3, 1, '', '', 'email', 'payment', 1, 0, 0, 1),
(4, 1, '', '', 'email', 'payment_refund', 1, 0, 0, 1),
(5, 1, '', '', 'email', 'registration', 1, 0, 0, 1),
(6, 1, '', '', 'email', 'not_approved_registration', 1, 0, 0, 1),
(7, 1, '', '', 'email', 'pending_approval', 1, 0, 0, 1);

-- --------------------------------------------------------

--
-- Table structure for table `wp_esp_payment`
--

CREATE TABLE IF NOT EXISTS `wp_esp_payment` (
  `PAY_ID` int(10) unsigned NOT NULL AUTO_INCREMENT,
  `TXN_ID` int(10) unsigned DEFAULT NULL,
  `STS_ID` varchar(3) CHARACTER SET utf8 COLLATE utf8_bin DEFAULT NULL,
  `PAY_timestamp` datetime NOT NULL DEFAULT '0000-00-00 00:00:00',
  `PAY_source` varchar(45) CHARACTER SET utf8 COLLATE utf8_bin DEFAULT NULL,
  `PAY_amount` decimal(10,3) DEFAULT NULL,
  `PMD_ID` int(11) DEFAULT NULL,
  `PAY_gateway_response` text CHARACTER SET utf8 COLLATE utf8_bin,
  `PAY_txn_id_chq_nmbr` varchar(32) CHARACTER SET utf8 COLLATE utf8_bin DEFAULT NULL,
  `PAY_po_number` varchar(32) CHARACTER SET utf8 COLLATE utf8_bin DEFAULT NULL,
  `PAY_extra_accntng` varchar(45) CHARACTER SET utf8 COLLATE utf8_bin DEFAULT NULL,
  `PAY_details` text CHARACTER SET utf8 COLLATE utf8_bin,
  `PAY_redirect_url` varchar(300) DEFAULT NULL,
  `PAY_redirect_args` text,
  PRIMARY KEY (`PAY_ID`),
  KEY `TXN_ID` (`TXN_ID`),
  KEY `PAY_timestamp` (`PAY_timestamp`)
) ENGINE=InnoDB DEFAULT CHARSET=utf8 AUTO_INCREMENT=1 ;

-- --------------------------------------------------------

--
-- Table structure for table `wp_esp_payment_method`
--

CREATE TABLE IF NOT EXISTS `wp_esp_payment_method` (
  `PMD_ID` int(11) NOT NULL AUTO_INCREMENT,
  `PMD_type` varchar(124) DEFAULT NULL,
  `PMD_name` varchar(255) DEFAULT NULL,
  `PMD_desc` text,
  `PMD_admin_name` varchar(255) DEFAULT NULL,
  `PMD_admin_desc` text,
  `PMD_slug` varchar(124) DEFAULT NULL,
  `PMD_order` int(11) DEFAULT NULL,
  `PMD_debug_mode` tinyint(1) NOT NULL DEFAULT '0',
  `PMD_wp_user` int(11) NOT NULL DEFAULT '0',
  `PMD_open_by_default` tinyint(1) NOT NULL DEFAULT '0',
  `PMD_button_url` varchar(1012) DEFAULT NULL,
  `PMD_scope` varchar(255) DEFAULT 'frontend',
  PRIMARY KEY (`PMD_ID`),
  UNIQUE KEY `PMD_slug_UNIQUE` (`PMD_slug`)
) ENGINE=InnoDB  DEFAULT CHARSET=utf8 AUTO_INCREMENT=10 ;

--
-- Dumping data for table `wp_esp_payment_method`
--

INSERT INTO `wp_esp_payment_method` (`PMD_ID`, `PMD_type`, `PMD_name`, `PMD_desc`, `PMD_admin_name`, `PMD_admin_desc`, `PMD_slug`, `PMD_order`, `PMD_debug_mode`, `PMD_wp_user`, `PMD_open_by_default`, `PMD_button_url`, `PMD_scope`) VALUES
(1, 'Admin_Only', 'Bank', NULL, 'Bank', 'Bank Draft', 'bank', NULL, 0, 1, 0, NULL, 'a:1:{i:0;s:5:"ADMIN";}'),
(2, 'Admin_Only', 'Cash', NULL, 'Cash', 'Cash Delivered Physically', 'cash', NULL, 0, 1, 0, NULL, 'a:1:{i:0;s:5:"ADMIN";}'),
(3, 'Admin_Only', 'Check', NULL, 'Check', 'Paper Check', 'check', NULL, 0, 1, 0, NULL, 'a:1:{i:0;s:5:"ADMIN";}'),
(4, 'Admin_Only', 'Credit Card', NULL, 'Credit Card', 'Offline Credit Card Payment', 'creditcard', NULL, 0, 1, 0, NULL, 'a:1:{i:0;s:5:"ADMIN";}'),
(5, 'Admin_Only', 'Debit Card', NULL, 'Debit Card', 'Offline Debit Payment', 'debitcard', NULL, 0, 1, 0, NULL, 'a:1:{i:0;s:5:"ADMIN";}'),
(6, 'Invoice', 'Invoice', 'After clicking "Finalize Registration", you will be given instructions on how to access your invoice and complete your payment.', 'Invoice', 'Invoice received with monies included', 'invoice', 0, 0, 1, 0, 'http://asiacentre.co.th/wp-content/plugins/event-espresso-decaf/payment_methods/Invoice/lib/invoice-logo.png', 'a:2:{i:0;s:4:"CART";i:1;s:5:"ADMIN";}'),
(7, 'Admin_Only', 'Money Order', NULL, 'Money Order', '', 'moneyorder', NULL, 0, 1, 0, NULL, 'a:1:{i:0;s:5:"ADMIN";}'),
(8, 'Admin_Only', 'Paypal', NULL, 'Paypal', 'Paypal eCheck, Invoice, etc', 'paypal', NULL, 0, 1, 0, NULL, 'a:1:{i:0;s:5:"ADMIN";}'),
(9, 'Paypal_Standard', 'Paypal Standard', 'Upon submitting this form, you will be forwarded to PayPal to make your payment. <strong>Make sure you return to this site in order to properly finalize your registration.</strong>', 'Paypal Standard', '', 'paypal_standard', 10, 0, 6, 0, 'http://asiacentre.co.th/wp-content/plugins/event-espresso-decaf/payment_methods/Paypal_Standard/lib/paypal-logo.png', 'a:1:{i:0;s:4:"CART";}');

-- --------------------------------------------------------

--
-- Table structure for table `wp_esp_price`
--

CREATE TABLE IF NOT EXISTS `wp_esp_price` (
  `PRC_ID` int(10) unsigned NOT NULL AUTO_INCREMENT,
  `PRT_ID` tinyint(3) unsigned NOT NULL,
  `PRC_amount` decimal(10,3) NOT NULL DEFAULT '0.000',
  `PRC_name` varchar(245) NOT NULL,
  `PRC_desc` text,
  `PRC_is_default` tinyint(1) unsigned NOT NULL DEFAULT '1',
  `PRC_overrides` int(10) unsigned DEFAULT NULL,
  `PRC_deleted` tinyint(1) unsigned NOT NULL DEFAULT '0',
  `PRC_order` tinyint(3) unsigned NOT NULL DEFAULT '0',
  `PRC_wp_user` bigint(20) unsigned DEFAULT NULL,
  `PRC_parent` int(10) unsigned DEFAULT '0',
  PRIMARY KEY (`PRC_ID`)
) ENGINE=InnoDB  DEFAULT CHARSET=utf8 AUTO_INCREMENT=5 ;

--
-- Dumping data for table `wp_esp_price`
--

INSERT INTO `wp_esp_price` (`PRC_ID`, `PRT_ID`, `PRC_amount`, `PRC_name`, `PRC_desc`, `PRC_is_default`, `PRC_overrides`, `PRC_deleted`, `PRC_order`, `PRC_wp_user`, `PRC_parent`) VALUES
(1, 1, 0.000, 'Free Admission', '', 1, NULL, 0, 0, 1, 0),
(2, 1, 0.000, '', '', 0, 0, 0, 1, 6, 0),
(3, 1, 450.000, '', '', 0, 0, 0, 1, 6, 0),
(4, 1, 0.000, '', '', 0, 0, 0, 1, 6, 0);

-- --------------------------------------------------------

--
-- Table structure for table `wp_esp_price_type`
--

CREATE TABLE IF NOT EXISTS `wp_esp_price_type` (
  `PRT_ID` tinyint(3) unsigned NOT NULL AUTO_INCREMENT,
  `PRT_name` varchar(45) NOT NULL,
  `PBT_ID` tinyint(3) unsigned NOT NULL DEFAULT '1',
  `PRT_is_percent` tinyint(1) NOT NULL DEFAULT '0',
  `PRT_order` tinyint(3) unsigned DEFAULT NULL,
  `PRT_wp_user` bigint(20) unsigned DEFAULT NULL,
  `PRT_deleted` tinyint(1) NOT NULL DEFAULT '0',
  PRIMARY KEY (`PRT_ID`),
  UNIQUE KEY `PRT_name_UNIQUE` (`PRT_name`)
) ENGINE=InnoDB  DEFAULT CHARSET=utf8 AUTO_INCREMENT=6 ;

--
-- Dumping data for table `wp_esp_price_type`
--

INSERT INTO `wp_esp_price_type` (`PRT_ID`, `PRT_name`, `PBT_ID`, `PRT_is_percent`, `PRT_order`, `PRT_wp_user`, `PRT_deleted`) VALUES
(1, 'Base Price', 1, 0, 0, 1, 0),
(2, 'Percent Discount', 2, 1, 20, 1, 0),
(3, 'Dollar Discount', 2, 0, 30, 1, 0),
(4, 'Percent Surcharge', 3, 1, 40, 1, 0),
(5, 'Dollar Surcharge', 3, 0, 50, 1, 0);

-- --------------------------------------------------------

--
-- Table structure for table `wp_esp_question`
--

CREATE TABLE IF NOT EXISTS `wp_esp_question` (
  `QST_ID` int(10) unsigned NOT NULL AUTO_INCREMENT,
  `QST_display_text` text NOT NULL,
  `QST_admin_label` varchar(255) NOT NULL,
  `QST_system` varchar(25) DEFAULT NULL,
  `QST_type` varchar(25) NOT NULL DEFAULT 'TEXT',
  `QST_required` tinyint(1) unsigned NOT NULL DEFAULT '0',
  `QST_required_text` varchar(100) DEFAULT NULL,
  `QST_order` tinyint(3) unsigned NOT NULL DEFAULT '0',
  `QST_admin_only` tinyint(1) NOT NULL DEFAULT '0',
  `QST_wp_user` bigint(20) unsigned DEFAULT NULL,
  `QST_deleted` tinyint(3) unsigned NOT NULL DEFAULT '0',
  PRIMARY KEY (`QST_ID`)
) ENGINE=InnoDB  DEFAULT CHARSET=utf8 AUTO_INCREMENT=11 ;

--
-- Dumping data for table `wp_esp_question`
--

INSERT INTO `wp_esp_question` (`QST_ID`, `QST_display_text`, `QST_admin_label`, `QST_system`, `QST_type`, `QST_required`, `QST_required_text`, `QST_order`, `QST_admin_only`, `QST_wp_user`, `QST_deleted`) VALUES
(1, 'First Name', 'First Name - System Question', 'fname', 'TEXT', 1, 'This field is required', 1, 0, 1, 0),
(2, 'Last Name', 'Last Name - System Question', 'lname', 'TEXT', 1, 'This field is required', 2, 0, 1, 0),
(3, 'Email Address', 'Email Address - System Question', 'email', 'TEXT', 1, 'This field is required', 3, 0, 1, 0),
(4, 'Address', 'Address - System Question', 'address', 'TEXT', 0, 'This field is required', 4, 0, 1, 0),
(5, 'Address2', 'Address2 - System Question', 'address2', 'TEXT', 0, 'This field is required', 5, 0, 1, 0),
(6, 'City', 'City - System Question', 'city', 'TEXT', 0, 'This field is required', 6, 0, 1, 0),
(7, 'State/Province', 'State/Province - System Question', 'state', 'STATE', 0, 'This field is required', 7, 0, 1, 0),
(8, 'Country', 'Country - System Question', 'country', 'COUNTRY', 0, 'This field is required', 8, 0, 1, 0),
(9, 'Zip/Postal Code', 'Zip/Postal Code - System Question', 'zip', 'TEXT', 0, 'This field is required', 9, 0, 1, 0),
(10, 'Phone Number', 'Phone Number - System Question', 'phone', 'TEXT', 0, 'This field is required', 10, 0, 1, 0);

-- --------------------------------------------------------

--
-- Table structure for table `wp_esp_question_group`
--

CREATE TABLE IF NOT EXISTS `wp_esp_question_group` (
  `QSG_ID` int(10) unsigned NOT NULL AUTO_INCREMENT,
  `QSG_name` varchar(255) NOT NULL,
  `QSG_identifier` varchar(100) NOT NULL,
  `QSG_desc` text,
  `QSG_order` tinyint(3) unsigned NOT NULL DEFAULT '0',
  `QSG_show_group_name` tinyint(1) NOT NULL,
  `QSG_show_group_desc` tinyint(1) NOT NULL,
  `QSG_system` tinyint(4) DEFAULT NULL,
  `QSG_deleted` tinyint(1) unsigned NOT NULL DEFAULT '0',
  `QSG_wp_user` bigint(20) unsigned DEFAULT NULL,
  PRIMARY KEY (`QSG_ID`),
  UNIQUE KEY `QSG_identifier_UNIQUE` (`QSG_identifier`)
) ENGINE=InnoDB  DEFAULT CHARSET=utf8 AUTO_INCREMENT=3 ;

--
-- Dumping data for table `wp_esp_question_group`
--

INSERT INTO `wp_esp_question_group` (`QSG_ID`, `QSG_name`, `QSG_identifier`, `QSG_desc`, `QSG_order`, `QSG_show_group_name`, `QSG_show_group_desc`, `QSG_system`, `QSG_deleted`, `QSG_wp_user`) VALUES
(1, 'Personal Information', 'personal-information-1482897841', '', 1, 1, 1, 1, 0, NULL),
(2, 'Address Information', 'address-information-1482897841', '', 2, 1, 1, 2, 0, NULL);

-- --------------------------------------------------------

--
-- Table structure for table `wp_esp_question_group_question`
--

CREATE TABLE IF NOT EXISTS `wp_esp_question_group_question` (
  `QGQ_ID` int(10) unsigned NOT NULL AUTO_INCREMENT,
  `QSG_ID` int(10) unsigned NOT NULL,
  `QST_ID` int(10) unsigned NOT NULL,
  `QGQ_order` int(10) unsigned NOT NULL DEFAULT '0',
  PRIMARY KEY (`QGQ_ID`)
) ENGINE=InnoDB  DEFAULT CHARSET=utf8 AUTO_INCREMENT=11 ;

--
-- Dumping data for table `wp_esp_question_group_question`
--

INSERT INTO `wp_esp_question_group_question` (`QGQ_ID`, `QSG_ID`, `QST_ID`, `QGQ_order`) VALUES
(1, 1, 1, 1),
(2, 1, 2, 2),
(3, 1, 3, 3),
(4, 2, 4, 1),
(5, 2, 5, 2),
(6, 2, 6, 3),
(7, 2, 7, 4),
(8, 2, 8, 5),
(9, 2, 9, 6),
(10, 2, 10, 7);

-- --------------------------------------------------------

--
-- Table structure for table `wp_esp_question_option`
--

CREATE TABLE IF NOT EXISTS `wp_esp_question_option` (
  `QSO_ID` int(10) unsigned NOT NULL AUTO_INCREMENT,
  `QSO_value` varchar(255) NOT NULL,
  `QSO_desc` text NOT NULL,
  `QST_ID` int(10) unsigned NOT NULL,
  `QSO_order` int(10) unsigned NOT NULL DEFAULT '0',
  `QSO_deleted` tinyint(1) unsigned NOT NULL DEFAULT '0',
  PRIMARY KEY (`QSO_ID`)
) ENGINE=InnoDB DEFAULT CHARSET=utf8 AUTO_INCREMENT=1 ;

-- --------------------------------------------------------

--
-- Table structure for table `wp_esp_registration`
--

CREATE TABLE IF NOT EXISTS `wp_esp_registration` (
  `REG_ID` int(10) unsigned NOT NULL AUTO_INCREMENT,
  `EVT_ID` bigint(20) unsigned NOT NULL,
  `ATT_ID` bigint(20) unsigned NOT NULL,
  `TXN_ID` int(10) unsigned NOT NULL,
  `TKT_ID` int(10) unsigned NOT NULL,
  `STS_ID` varchar(3) CHARACTER SET utf8 COLLATE utf8_bin NOT NULL DEFAULT 'RPP',
  `REG_date` datetime NOT NULL DEFAULT '0000-00-00 00:00:00',
  `REG_final_price` decimal(10,3) NOT NULL DEFAULT '0.000',
  `REG_paid` decimal(10,3) NOT NULL DEFAULT '0.000',
  `REG_session` varchar(45) CHARACTER SET utf8 COLLATE utf8_bin NOT NULL,
  `REG_code` varchar(45) CHARACTER SET utf8 COLLATE utf8_bin DEFAULT NULL,
  `REG_url_link` varchar(64) CHARACTER SET utf8 COLLATE utf8_bin DEFAULT NULL,
  `REG_count` tinyint(3) unsigned DEFAULT '1',
  `REG_group_size` tinyint(3) unsigned DEFAULT '1',
  `REG_att_is_going` tinyint(1) DEFAULT '0',
  `REG_deleted` tinyint(1) DEFAULT '0',
  PRIMARY KEY (`REG_ID`),
  KEY `EVT_ID` (`EVT_ID`),
  KEY `ATT_ID` (`ATT_ID`),
  KEY `TXN_ID` (`TXN_ID`),
  KEY `TKT_ID` (`TKT_ID`),
  KEY `STS_ID` (`STS_ID`),
  KEY `REG_url_link` (`REG_url_link`),
  KEY `REG_code` (`REG_code`)
) ENGINE=InnoDB  DEFAULT CHARSET=utf8 AUTO_INCREMENT=2 ;

--
-- Dumping data for table `wp_esp_registration`
--

INSERT INTO `wp_esp_registration` (`REG_ID`, `EVT_ID`, `ATT_ID`, `TXN_ID`, `TKT_ID`, `STS_ID`, `REG_date`, `REG_final_price`, `REG_paid`, `REG_session`, `REG_code`, `REG_url_link`, `REG_count`, `REG_group_size`, `REG_att_is_going`, `REG_deleted`) VALUES
(1, 3388, 3393, 6, 2, 'RAP', '2016-12-28 05:12:00', 0.000, 0.000, 'e3e1684ec35712cc1863883cbcbc380b', '6-2-1-6e73', '1-6e73c5bfcea5ade645252634dcc81816', 1, 1, 0, 0);

-- --------------------------------------------------------

--
-- Table structure for table `wp_esp_registration_payment`
--

CREATE TABLE IF NOT EXISTS `wp_esp_registration_payment` (
  `RPY_ID` int(10) unsigned NOT NULL AUTO_INCREMENT,
  `REG_ID` int(10) unsigned NOT NULL,
  `PAY_ID` int(10) unsigned DEFAULT NULL,
  `RPY_amount` decimal(10,3) NOT NULL DEFAULT '0.000',
  PRIMARY KEY (`RPY_ID`),
  KEY `REG_ID` (`REG_ID`),
  KEY `PAY_ID` (`PAY_ID`)
) ENGINE=InnoDB DEFAULT CHARSET=utf8 AUTO_INCREMENT=1 ;

-- --------------------------------------------------------

--
-- Table structure for table `wp_esp_state`
--

CREATE TABLE IF NOT EXISTS `wp_esp_state` (
  `STA_ID` smallint(5) unsigned NOT NULL AUTO_INCREMENT,
  `CNT_ISO` varchar(2) CHARACTER SET utf8 COLLATE utf8_bin NOT NULL,
  `STA_abbrev` varchar(24) CHARACTER SET utf8 COLLATE utf8_bin NOT NULL,
  `STA_name` varchar(100) CHARACTER SET utf8 COLLATE utf8_bin NOT NULL,
  `STA_active` tinyint(1) DEFAULT '1',
  PRIMARY KEY (`STA_ID`)
) ENGINE=InnoDB  DEFAULT CHARSET=utf8 AUTO_INCREMENT=70 ;

--
-- Dumping data for table `wp_esp_state`
--

INSERT INTO `wp_esp_state` (`STA_ID`, `CNT_ISO`, `STA_abbrev`, `STA_name`, `STA_active`) VALUES
(1, 'US', 'AK', 'Alaska', 0),
(2, 'US', 'AL', 'Alabama', 0),
(3, 'US', 'AS', 'American Samoa', 0),
(4, 'US', 'AZ', 'Arizona', 0),
(5, 'US', 'AR', 'Arkansas', 0),
(6, 'US', 'CA', 'California', 0),
(7, 'US', 'CO', 'Colorado', 0),
(8, 'US', 'CT', 'Connecticut', 0),
(9, 'US', 'DE', 'Delaware', 0),
(10, 'US', 'DC', 'District of Columbia', 0),
(11, 'US', 'FM', 'Federated States of Micronesia', 0),
(12, 'US', 'FL', 'Florida', 0),
(13, 'US', 'GA', 'Georgia', 0),
(14, 'US', 'GU', 'Guam', 0),
(15, 'US', 'HI', 'Hawaii', 0),
(16, 'US', 'ID', 'Idaho', 0),
(17, 'US', 'IL', 'Illinois', 0),
(18, 'US', 'IN', 'Indiana', 0),
(19, 'US', 'IA', 'Iowa', 0),
(20, 'US', 'KS', 'Kansas', 0),
(21, 'US', 'KY', 'Kentucky', 0),
(22, 'US', 'LA', 'Louisiana', 0),
(23, 'US', 'ME', 'Maine', 0),
(24, 'US', 'MH', 'Marshall Islands', 0),
(25, 'US', 'MD', 'Maryland', 0),
(26, 'US', 'MA', 'Massachusetts', 0),
(27, 'US', 'MI', 'Michigan', 0),
(28, 'US', 'MN', 'Minnesota', 0),
(29, 'US', 'MS', 'Mississippi', 0),
(30, 'US', 'MO', 'Missouri', 0),
(31, 'US', 'MT', 'Montana', 0),
(32, 'US', 'NE', 'Nebraska', 0),
(33, 'US', 'NV', 'Nevada', 0),
(34, 'US', 'NH', 'New Hampshire', 0),
(35, 'US', 'NJ', 'New Jersey', 0),
(36, 'US', 'NM', 'New Mexico', 0),
(37, 'US', 'NY', 'New York', 0),
(38, 'US', 'NC', 'North Carolina', 0),
(39, 'US', 'ND', 'North Dakota', 0),
(40, 'US', 'MP', 'Northern Mariana Islands', 0),
(41, 'US', 'OH', 'Ohio', 0),
(42, 'US', 'OK', 'Oklahoma', 0),
(43, 'US', 'OR', 'Oregon', 0),
(44, 'US', 'PW', 'Palau', 0),
(45, 'US', 'PA', 'Pennsylvania', 0),
(46, 'US', 'PR', 'Puerto Rico', 0),
(47, 'US', 'RI', 'Rhode Island', 0),
(48, 'US', 'SC', 'South Carolina', 0),
(49, 'US', 'SD', 'South Dakota', 0),
(50, 'US', 'TN', 'Tennessee', 0),
(51, 'US', 'TX', 'Texas', 0),
(52, 'US', 'UT', 'Utah', 0),
(53, 'US', 'VT', 'Vermont', 0),
(54, 'US', 'VI', 'Virgin Islands', 0),
(55, 'US', 'VA', 'Virginia', 0),
(56, 'US', 'WA', 'Washington', 0),
(57, 'US', 'WV', 'West Virginia', 0),
(58, 'US', 'WI', 'Wisconsin', 0),
(59, 'US', 'WY', 'Wyoming', 0),
(60, 'CA', 'AB', 'Alberta', 1),
(61, 'CA', 'BC', 'British Columbia', 1),
(62, 'CA', 'MB', 'Manitoba', 1),
(63, 'CA', 'NB', 'New Brunswick', 1),
(64, 'CA', 'NL', 'Newfoundland and Labrador', 1),
(65, 'CA', 'NS', 'Nova Scotia', 1),
(66, 'CA', 'ON', 'Ontario', 1),
(67, 'CA', 'PE', 'Prince Edward Island', 1),
(68, 'CA', 'QC', 'Quebec', 1),
(69, 'CA', 'SK', 'Saskatchewan', 1);

-- --------------------------------------------------------

--
-- Table structure for table `wp_esp_status`
--

CREATE TABLE IF NOT EXISTS `wp_esp_status` (
  `STS_ID` varchar(3) CHARACTER SET utf8 COLLATE utf8_bin NOT NULL,
  `STS_code` varchar(45) CHARACTER SET utf8 COLLATE utf8_bin NOT NULL,
  `STS_type` set('event','registration','transaction','payment','email') CHARACTER SET utf8 COLLATE utf8_bin NOT NULL,
  `STS_can_edit` tinyint(1) NOT NULL DEFAULT '0',
  `STS_desc` tinytext CHARACTER SET utf8 COLLATE utf8_bin,
  `STS_open` tinyint(1) NOT NULL DEFAULT '1',
  UNIQUE KEY `STS_ID_UNIQUE` (`STS_ID`),
  KEY `STS_type` (`STS_type`)
) ENGINE=InnoDB DEFAULT CHARSET=utf8;

--
-- Dumping data for table `wp_esp_status`
--

INSERT INTO `wp_esp_status` (`STS_ID`, `STS_code`, `STS_type`, `STS_can_edit`, `STS_desc`, `STS_open`) VALUES
('ACT', 'ACTIVE', 'event', 0, NULL, 1),
('CLS', 'REGISTRATION_CLOSED', 'event', 0, NULL, 0),
('DEL', 'DELETED', 'event', 0, NULL, 0),
('DEN', 'DENIED', 'event', 0, NULL, 0),
('DRF', 'DRAFT', 'event', 0, NULL, 0),
('EDR', 'DRAFT', 'email', 0, NULL, 0),
('ESN', 'SENT', 'email', 0, NULL, 1),
('EXP', 'EXPIRED', 'event', 0, NULL, 0),
('NAC', 'NOT_ACTIVE', 'event', 0, NULL, 0),
('NOP', 'REGISTRATION_NOT_OPEN', 'event', 0, NULL, 1),
('ONG', 'ONGOING', 'event', 0, NULL, 1),
('OPN', 'REGISTRATION_OPEN', 'event', 0, NULL, 1),
('PAP', 'APPROVED', 'payment', 0, NULL, 1),
('PCN', 'CANCELLED', 'payment', 0, NULL, 0),
('PDC', 'DECLINED', 'payment', 0, NULL, 0),
('PFL', 'FAILED', 'payment', 0, NULL, 0),
('PND', 'PENDING', 'event', 0, NULL, 1),
('PPN', 'PENDING', 'payment', 0, NULL, 1),
('RAP', 'APPROVED', 'registration', 0, NULL, 1),
('RCN', 'CANCELLED', 'registration', 0, NULL, 0),
('RDC', 'DECLINED', 'registration', 0, NULL, 0),
('RIC', 'INCOMPLETE', 'registration', 0, NULL, 1),
('RNA', 'NOT_APPROVED', 'registration', 0, NULL, 1),
('RPP', 'PENDING_PAYMENT', 'registration', 0, NULL, 1),
('SEC', 'SECONDARY', 'event', 0, NULL, 1),
('TAB', 'ABANDONED', 'transaction', 0, NULL, 0),
('TCM', 'COMPLETE', 'transaction', 0, NULL, 1),
('TFL', 'FAILED', 'transaction', 0, NULL, 0),
('TIN', 'INCOMPLETE', 'transaction', 0, NULL, 1),
('TOP', 'OVERPAID', 'transaction', 0, NULL, 1);

-- --------------------------------------------------------

--
-- Table structure for table `wp_esp_ticket`
--

CREATE TABLE IF NOT EXISTS `wp_esp_ticket` (
  `TKT_ID` int(10) unsigned NOT NULL AUTO_INCREMENT,
  `TTM_ID` int(10) unsigned NOT NULL,
  `TKT_name` varchar(245) NOT NULL DEFAULT '',
  `TKT_description` text NOT NULL,
  `TKT_qty` mediumint(8) DEFAULT NULL,
  `TKT_sold` mediumint(8) NOT NULL DEFAULT '0',
  `TKT_uses` tinyint(4) NOT NULL DEFAULT '-1',
  `TKT_required` tinyint(3) unsigned NOT NULL DEFAULT '0',
  `TKT_min` tinyint(3) unsigned NOT NULL DEFAULT '0',
  `TKT_max` tinyint(4) NOT NULL DEFAULT '-1',
  `TKT_price` decimal(10,3) NOT NULL DEFAULT '0.000',
  `TKT_start_date` datetime NOT NULL DEFAULT '0000-00-00 00:00:00',
  `TKT_end_date` datetime NOT NULL DEFAULT '0000-00-00 00:00:00',
  `TKT_taxable` tinyint(1) unsigned NOT NULL DEFAULT '0',
  `TKT_order` tinyint(3) unsigned NOT NULL DEFAULT '0',
  `TKT_row` tinyint(3) unsigned NOT NULL DEFAULT '0',
  `TKT_is_default` tinyint(1) unsigned NOT NULL DEFAULT '0',
  `TKT_wp_user` bigint(20) unsigned DEFAULT NULL,
  `TKT_parent` int(10) unsigned DEFAULT '0',
  `TKT_deleted` tinyint(1) NOT NULL DEFAULT '0',
  PRIMARY KEY (`TKT_ID`)
) ENGINE=InnoDB  DEFAULT CHARSET=utf8 AUTO_INCREMENT=5 ;

--
-- Dumping data for table `wp_esp_ticket`
--

INSERT INTO `wp_esp_ticket` (`TKT_ID`, `TTM_ID`, `TKT_name`, `TKT_description`, `TKT_qty`, `TKT_sold`, `TKT_uses`, `TKT_required`, `TKT_min`, `TKT_max`, `TKT_price`, `TKT_start_date`, `TKT_end_date`, `TKT_taxable`, `TKT_order`, `TKT_row`, `TKT_is_default`, `TKT_wp_user`, `TKT_parent`, `TKT_deleted`) VALUES
(1, 0, 'Free Ticket', '', 100, 0, -1, 0, 0, -1, 0.000, '0000-00-00 00:00:00', '0000-00-00 00:00:00', 0, 0, 1, 1, 1, 0, 0),
(2, 0, 'Free Ticket', '', 100, 1, -1, 0, 0, -1, 0.000, '2016-12-01 08:00:00', '2017-01-18 00:00:00', 0, 0, 0, 0, 1, 0, 0),
(3, 0, 'Workshop Fees', '', 10, 0, -1, 0, 0, -1, 450.000, '2016-12-01 01:00:00', '2017-01-08 10:00:00', 0, 0, 0, 0, 1, 0, 0),
(4, 0, 'Free Ticket', '', 70, 0, -1, 0, 0, -1, 0.000, '2016-10-31 17:45:00', '2016-11-24 17:00:00', 0, 0, 0, 0, 1, 0, 0);

-- --------------------------------------------------------

--
-- Table structure for table `wp_esp_ticket_price`
--

CREATE TABLE IF NOT EXISTS `wp_esp_ticket_price` (
  `TKP_ID` int(10) unsigned NOT NULL AUTO_INCREMENT,
  `TKT_ID` int(10) unsigned NOT NULL,
  `PRC_ID` int(10) unsigned NOT NULL,
  PRIMARY KEY (`TKP_ID`)
) ENGINE=InnoDB  DEFAULT CHARSET=utf8 AUTO_INCREMENT=5 ;

--
-- Dumping data for table `wp_esp_ticket_price`
--

INSERT INTO `wp_esp_ticket_price` (`TKP_ID`, `TKT_ID`, `PRC_ID`) VALUES
(1, 1, 1),
(2, 2, 2),
(3, 3, 3),
(4, 4, 4);

-- --------------------------------------------------------

--
-- Table structure for table `wp_esp_ticket_template`
--

CREATE TABLE IF NOT EXISTS `wp_esp_ticket_template` (
  `TTM_ID` int(10) unsigned NOT NULL AUTO_INCREMENT,
  `TTM_name` varchar(45) NOT NULL,
  `TTM_description` text,
  `TTM_file` varchar(45) DEFAULT NULL,
  PRIMARY KEY (`TTM_ID`)
) ENGINE=InnoDB DEFAULT CHARSET=utf8 AUTO_INCREMENT=1 ;

-- --------------------------------------------------------

--
-- Table structure for table `wp_esp_transaction`
--

CREATE TABLE IF NOT EXISTS `wp_esp_transaction` (
  `TXN_ID` int(10) unsigned NOT NULL AUTO_INCREMENT,
  `TXN_timestamp` datetime NOT NULL DEFAULT '0000-00-00 00:00:00',
  `TXN_total` decimal(10,3) DEFAULT '0.000',
  `TXN_paid` decimal(10,3) NOT NULL DEFAULT '0.000',
  `STS_ID` varchar(3) NOT NULL DEFAULT 'TOP',
  `TXN_session_data` text CHARACTER SET utf8 COLLATE utf8_bin,
  `TXN_hash_salt` varchar(250) CHARACTER SET utf8 COLLATE utf8_bin DEFAULT NULL,
  `PMD_ID` int(11) DEFAULT NULL,
  `TXN_reg_steps` text,
  PRIMARY KEY (`TXN_ID`),
  KEY `TXN_timestamp` (`TXN_timestamp`),
  KEY `STS_ID` (`STS_ID`)
) ENGINE=InnoDB  DEFAULT CHARSET=utf8 AUTO_INCREMENT=20 ;

--
-- Dumping data for table `wp_esp_transaction`
--

INSERT INTO `wp_esp_transaction` (`TXN_ID`, `TXN_timestamp`, `TXN_total`, `TXN_paid`, `STS_ID`, `TXN_session_data`, `TXN_hash_salt`, `PMD_ID`, `TXN_reg_steps`) VALUES
(1, '2016-12-28 04:12:00', 0.000, 0.000, 'TFL', '', '', 0, 'a:3:{s:20:"attendee_information";i:1482898349;s:15:"payment_options";b:0;s:21:"finalize_registration";b:0;}'),
(2, '2016-12-28 04:31:00', 0.000, 0.000, 'TFL', '', '', 0, 'a:3:{s:20:"attendee_information";i:1482899507;s:15:"payment_options";b:0;s:21:"finalize_registration";b:0;}'),
(3, '2016-12-28 04:45:00', 0.000, 0.000, 'TFL', '', '', 0, 'a:3:{s:20:"attendee_information";i:1482900324;s:15:"payment_options";b:0;s:21:"finalize_registration";b:0;}'),
(4, '2016-12-28 04:56:00', 0.000, 0.000, 'TFL', '', '', 0, 'a:3:{s:20:"attendee_information";i:1482901019;s:15:"payment_options";b:0;s:21:"finalize_registration";b:0;}'),
(5, '2016-12-28 05:07:00', 0.000, 0.000, 'TFL', '', '', 0, 'a:3:{s:20:"attendee_information";i:1482901675;s:15:"payment_options";b:0;s:21:"finalize_registration";b:0;}'),
(6, '2016-12-28 05:12:00', 0.000, 0.000, 'TCM', 0x613a31313a7b733a323a226964223b733a33323a226533653136383465633335373132636331383633383833636263626333383062223b733a373a22757365725f6964223b693a363b733a31303a2269705f61646472657373223b733a31343a223132342e3132322e38352e323232223b733a31303a22757365725f6167656e74223b733a3131333a224d6f7a696c6c612f352e30202857696e646f7773204e5420362e313b2057696e36343b2078363429204170706c655765624b69742f3533372e333620284b48544d4c2c206c696b65204765636b6f29204368726f6d652f35352e302e323838332e3837205361666172692f3533372e3336223b733a31313a22696e69745f616363657373223b693a313438323930313933303b733a31313a226c6173745f616363657373223b693a313438323930313937343b733a31303a2265787069726174696f6e223b693a313438323930353533313b733a31333a2270616765735f76697369746564223b613a303a7b7d733a383a22636865636b6f7574223b4e3b733a343a2263617274223b4e3b733a31313a227472616e73616374696f6e223b4e3b7d, '', 0, 'a:3:{s:20:"attendee_information";b:1;s:15:"payment_options";b:0;s:21:"finalize_registration";b:1;}'),
(7, '2016-12-28 05:31:00', 0.000, 0.000, 'TFL', '', '', 0, 'a:3:{s:20:"attendee_information";i:1482903110;s:15:"payment_options";b:0;s:21:"finalize_registration";b:0;}'),
(8, '2016-12-28 05:45:00', 0.000, 0.000, 'TFL', '', '', 0, 'a:3:{s:20:"attendee_information";i:1482903947;s:15:"payment_options";b:0;s:21:"finalize_registration";b:0;}'),
(9, '2016-12-28 05:55:00', 0.000, 0.000, 'TFL', '', '', 0, 'a:3:{s:20:"attendee_information";i:1482904528;s:15:"payment_options";b:0;s:21:"finalize_registration";b:0;}'),
(10, '2016-12-28 05:55:00', 0.000, 0.000, 'TFL', '', '', 0, 'a:3:{s:20:"attendee_information";i:1482904529;s:15:"payment_options";b:0;s:21:"finalize_registration";b:0;}'),
(11, '2016-12-28 06:10:00', 0.000, 0.000, 'TFL', '', '', 0, 'a:3:{s:20:"attendee_information";i:1482905409;s:15:"payment_options";b:0;s:21:"finalize_registration";b:0;}'),
(12, '2016-12-28 06:18:00', 0.000, 0.000, 'TFL', '', '', 0, 'a:3:{s:20:"attendee_information";i:1482931085;s:15:"payment_options";b:0;s:21:"finalize_registration";b:0;}'),
(13, '2016-12-28 06:32:00', 0.000, 0.000, 'TFL', '', '', 0, 'a:3:{s:20:"attendee_information";i:1482931963;s:15:"payment_options";b:0;s:21:"finalize_registration";b:0;}'),
(14, '2016-12-28 06:53:00', 0.000, 0.000, 'TFL', '', '', 0, 'a:3:{s:20:"attendee_information";i:1482933194;s:15:"payment_options";b:0;s:21:"finalize_registration";b:0;}'),
(15, '2016-12-28 07:33:00', 0.000, 0.000, 'TFL', '', '', 0, 'a:3:{s:20:"attendee_information";i:1482935602;s:15:"payment_options";b:0;s:21:"finalize_registration";b:0;}'),
(16, '2016-12-28 08:09:00', 0.000, 0.000, 'TFL', '', '', 0, 'a:3:{s:20:"attendee_information";i:1482937796;s:15:"payment_options";b:0;s:21:"finalize_registration";b:0;}'),
(17, '2016-12-28 08:37:00', 0.000, 0.000, 'TFL', '', '', 0, 'a:3:{s:20:"attendee_information";i:1482939464;s:15:"payment_options";b:0;s:21:"finalize_registration";b:0;}'),
(18, '2016-12-28 08:37:00', 0.000, 0.000, 'TFL', '', '', 0, 'a:3:{s:20:"attendee_information";i:1482939468;s:15:"payment_options";b:0;s:21:"finalize_registration";b:0;}'),
(19, '2016-12-28 08:40:00', 0.000, 0.000, 'TFL', '', '', 0, 'a:3:{s:20:"attendee_information";i:1482939652;s:15:"payment_options";b:0;s:21:"finalize_registration";b:0;}');

-- --------------------------------------------------------

--
-- Table structure for table `wp_esp_venue_meta`
--

CREATE TABLE IF NOT EXISTS `wp_esp_venue_meta` (
  `VNUM_ID` int(11) NOT NULL AUTO_INCREMENT,
  `VNU_ID` bigint(20) unsigned NOT NULL DEFAULT '0',
  `VNU_address` varchar(255) DEFAULT NULL,
  `VNU_address2` varchar(255) DEFAULT NULL,
  `VNU_city` varchar(100) DEFAULT NULL,
  `STA_ID` int(11) DEFAULT NULL,
  `CNT_ISO` varchar(2) DEFAULT NULL,
  `VNU_zip` varchar(45) DEFAULT NULL,
  `VNU_phone` varchar(45) DEFAULT NULL,
  `VNU_capacity` int(11) DEFAULT NULL,
  `VNU_url` varchar(255) DEFAULT NULL,
  `VNU_virtual_phone` varchar(45) DEFAULT NULL,
  `VNU_virtual_url` varchar(255) DEFAULT NULL,
  `VNU_enable_for_gmap` tinyint(1) DEFAULT '0',
  `VNU_google_map_link` varchar(255) DEFAULT NULL,
  PRIMARY KEY (`VNUM_ID`),
  KEY `STA_ID` (`STA_ID`),
  KEY `CNT_ISO` (`CNT_ISO`)
) ENGINE=InnoDB DEFAULT CHARSET=utf8 AUTO_INCREMENT=1 ;

-- --------------------------------------------------------

--
-- Table structure for table `wp_frm_fields`
--

CREATE TABLE IF NOT EXISTS `wp_frm_fields` (
  `id` int(11) NOT NULL AUTO_INCREMENT,
  `field_key` varchar(100) DEFAULT NULL,
  `name` text,
  `description` longtext,
  `type` text,
  `default_value` longtext,
  `options` longtext,
  `field_order` int(11) DEFAULT '0',
  `required` int(1) DEFAULT NULL,
  `field_options` longtext,
  `form_id` int(11) DEFAULT NULL,
  `created_at` datetime NOT NULL,
  PRIMARY KEY (`id`),
  UNIQUE KEY `field_key` (`field_key`),
  KEY `form_id` (`form_id`)
) ENGINE=MyISAM  DEFAULT CHARSET=utf8 AUTO_INCREMENT=31 ;

--
-- Dumping data for table `wp_frm_fields`
--

INSERT INTO `wp_frm_fields` (`id`, `field_key`, `name`, `description`, `type`, `default_value`, `options`, `field_order`, `required`, `field_options`, `form_id`, `created_at`) VALUES
(1, 'qh4icy', 'Name', 'First', 'text', NULL, NULL, 1, 1, 'a:3:{s:5:"blank";s:0:"";s:14:"separate_value";i:0;s:7:"classes";s:18:"frm_first frm_half";}', 1, '2015-08-27 07:52:48'),
(2, 'ocfup1', 'Last', 'Last', 'text', NULL, NULL, 2, 1, 'a:3:{s:5:"label";s:6:"hidden";s:5:"blank";s:0:"";s:7:"classes";s:8:"frm_half";}', 1, '2015-08-27 07:52:48'),
(3, '29yf4d', 'Email', '', 'email', NULL, NULL, 3, 1, 'a:3:{s:5:"blank";s:0:"";s:7:"invalid";s:34:"Please enter a valid email address";s:7:"classes";s:8:"frm_full";}', 1, '2015-08-27 07:52:48'),
(4, 'itt5me', 'Website', '', 'url', NULL, NULL, 4, 0, 'a:3:{s:5:"blank";s:0:"";s:7:"invalid";s:28:"Please enter a valid website";s:7:"classes";s:8:"frm_full";}', 1, '2015-08-27 07:52:48'),
(5, 'e6lis6', 'Subject', '', 'text', NULL, NULL, 5, 1, 'a:2:{s:5:"blank";s:0:"";s:7:"classes";s:8:"frm_full";}', 1, '2015-08-27 07:52:48'),
(6, '9jv0r1', 'Message', '', 'textarea', NULL, NULL, 6, 1, 'a:3:{s:3:"max";s:1:"5";s:5:"blank";s:0:"";s:7:"classes";s:8:"frm_full";}', 1, '2015-08-27 07:52:48'),
(7, '62n6q3', 'Captcha', '', 'captcha', NULL, NULL, 7, 0, 'a:4:{s:5:"label";s:4:"none";s:5:"blank";s:0:"";s:14:"clear_on_focus";i:0;s:13:"default_blank";i:0;}', 1, '2015-08-27 07:52:48'),
(8, 'qh4icy2', 'Name', '', 'text', '', '', 0, 1, 'a:10:{s:5:"blank";s:27:"This field cannot be blank.";s:14:"separate_value";i:0;s:7:"classes";s:19:"frm_half  frm_first";s:4:"size";s:0:"";s:3:"max";s:0:"";s:5:"label";s:0:"";s:7:"invalid";s:0:"";s:18:"required_indicator";s:1:"*";s:11:"custom_html";s:413:"<div id="frm_field_[id]_container" class="frm_form_field form-field [required_class][error_class]">\r\n    <label for="field_[key]" class="frm_primary_label">[field_name]\r\n        <span class="frm_required">[required_label]</span>\r\n    </label>\r\n    [input]\r\n    [if description]<div class="frm_description">[description]</div>[/if description]\r\n    [if error]<div class="frm_error">[error]</div>[/if error]\r\n</div>";s:12:"captcha_size";s:0:"";}', 3, '2015-08-27 07:55:21'),
(10, '29yf4d2', 'Email', '', 'email', '', '', 4, 1, 'a:10:{s:5:"blank";s:27:"This field cannot be blank.";s:7:"invalid";s:34:"Please enter a valid email address";s:7:"classes";s:17:"frm_half frm_last";s:4:"size";s:0:"";s:3:"max";s:0:"";s:5:"label";s:0:"";s:18:"required_indicator";s:1:"*";s:14:"separate_value";i:0;s:11:"custom_html";s:413:"<div id="frm_field_[id]_container" class="frm_form_field form-field [required_class][error_class]">\r\n    <label for="field_[key]" class="frm_primary_label">[field_name]\r\n        <span class="frm_required">[required_label]</span>\r\n    </label>\r\n    [input]\r\n    [if description]<div class="frm_description">[description]</div>[/if description]\r\n    [if error]<div class="frm_error">[error]</div>[/if error]\r\n</div>";s:12:"captcha_size";s:0:"";}', 3, '2015-08-27 07:55:21'),
(13, '9jv0r12', 'Special requests', '', 'textarea', '', '', 9, 0, 'a:10:{s:3:"max";s:1:"2";s:5:"blank";s:27:"This field cannot be blank.";s:7:"classes";s:17:"frm_half frm_last";s:4:"size";s:0:"";s:5:"label";s:0:"";s:7:"invalid";s:0:"";s:18:"required_indicator";s:1:"*";s:14:"separate_value";i:0;s:11:"custom_html";s:413:"<div id="frm_field_[id]_container" class="frm_form_field form-field [required_class][error_class]">\r\n    <label for="field_[key]" class="frm_primary_label">[field_name]\r\n        <span class="frm_required">[required_label]</span>\r\n    </label>\r\n    [input]\r\n    [if description]<div class="frm_description">[description]</div>[/if description]\r\n    [if error]<div class="frm_error">[error]</div>[/if error]\r\n</div>";s:12:"captcha_size";s:0:"";}', 3, '2015-08-27 07:55:21'),
(14, '62n6q32', 'Captcha', '', 'captcha', '1', '', 10, 0, 'a:12:{s:5:"label";s:4:"none";s:5:"blank";s:0:"";s:14:"clear_on_focus";i:0;s:13:"default_blank";i:0;s:4:"size";s:0:"";s:3:"max";s:0:"";s:7:"invalid";s:39:"The reCAPTCHA was not entered correctly";s:7:"classes";s:0:"";s:18:"required_indicator";s:1:"*";s:14:"separate_value";i:0;s:11:"custom_html";s:413:"<div id="frm_field_[id]_container" class="frm_form_field form-field [required_class][error_class]">\r\n    <label for="field_[key]" class="frm_primary_label">[field_name]\r\n        <span class="frm_required">[required_label]</span>\r\n    </label>\r\n    [input]\r\n    [if description]<div class="frm_description">[description]</div>[/if description]\r\n    [if error]<div class="frm_error">[error]</div>[/if error]\r\n</div>";s:12:"captcha_size";s:7:"default";}', 3, '2015-08-27 07:55:21'),
(15, 'ynbpp9', 'Request a time', '', 'select', 'Please Choose', 'a:9:{i:0;s:13:"Please Choose";i:1;s:38:"Half day - 08.00-12.00 or  13.00-17.00";i:2;s:22:"Full Day - 08.00-17.00";i:3;s:21:"Evening - 17.00-21.00";i:4;s:30:"Full Day & Evening 08.00-21.00";i:5;s:32:"1 hour - Minimum 3 hours (8-5pm)";i:6;s:21:"Office Suite - Weekly";i:7;s:22:"Office Suite - Monthly";i:8;s:21:"Office Suite - Yearly";}', 7, 1, 'a:12:{s:4:"size";s:0:"";s:3:"max";s:0:"";s:5:"label";s:0:"";s:5:"blank";s:27:"This field cannot be blank.";s:18:"required_indicator";s:1:"*";s:7:"invalid";s:0:"";s:14:"separate_value";i:0;s:14:"clear_on_focus";i:0;s:13:"default_blank";i:0;s:7:"classes";s:17:"frm_half frm_last";s:11:"custom_html";s:413:"<div id="frm_field_[id]_container" class="frm_form_field form-field [required_class][error_class]">\r\n    <label for="field_[key]" class="frm_primary_label">[field_name]\r\n        <span class="frm_required">[required_label]</span>\r\n    </label>\r\n    [input]\r\n    [if description]<div class="frm_description">[description]</div>[/if description]\r\n    [if error]<div class="frm_error">[error]</div>[/if error]\r\n</div>";s:12:"captcha_size";s:0:"";}', 3, '2015-08-27 07:57:30'),
(16, 'xzvb1y', 'Room Type', '', 'select', 'Please Choose', 'a:6:{i:0;s:13:"Please Choose";i:1;s:12:"Seminar Room";i:2;s:12:"Meeting Room";i:3;s:10:"Both Rooms";i:4;s:34:"Office Suite - Full Unit (2 desks)";i:5;s:33:"Office - Suite = Sharing (1 desk)";}', 5, 1, 'a:12:{s:4:"size";s:0:"";s:3:"max";s:0:"";s:5:"label";s:0:"";s:5:"blank";s:27:"This field cannot be blank.";s:18:"required_indicator";s:1:"*";s:7:"invalid";s:0:"";s:14:"separate_value";i:0;s:14:"clear_on_focus";i:0;s:13:"default_blank";i:0;s:7:"classes";s:18:"frm_half frm_first";s:11:"custom_html";s:413:"<div id="frm_field_[id]_container" class="frm_form_field form-field [required_class][error_class]">\r\n    <label for="field_[key]" class="frm_primary_label">[field_name]\r\n        <span class="frm_required">[required_label]</span>\r\n    </label>\r\n    [input]\r\n    [if description]<div class="frm_description">[description]</div>[/if description]\r\n    [if error]<div class="frm_error">[error]</div>[/if error]\r\n</div>";s:12:"captcha_size";s:0:"";}', 3, '2015-08-27 08:00:12'),
(17, 'jql3f6', 'Refreshments &amp; Catering', '', 'checkbox', '', 'a:4:{i:0;s:6:"Coffee";i:1;s:5:"Lunch";i:2;s:10:"Sandwiches";i:6;s:24:"Sparking / Bottled Water";}', 8, 0, 'a:12:{s:4:"size";s:0:"";s:3:"max";s:0:"";s:5:"label";s:0:"";s:5:"blank";s:27:"This field cannot be blank.";s:18:"required_indicator";s:1:"*";s:7:"invalid";s:0:"";s:14:"separate_value";i:0;s:14:"clear_on_focus";i:0;s:13:"default_blank";i:0;s:7:"classes";s:18:"frm_half frm_first";s:11:"custom_html";s:433:"<div id="frm_field_[id]_container" class="frm_form_field form-field [required_class][error_class]">\r\n    <label  class="frm_primary_label">[field_name]\r\n        <span class="frm_required">[required_label]</span>\r\n    </label>\r\n    <div class="frm_opt_container">[input]</div>\r\n    [if description]<div class="frm_description">[description]</div>[/if description]\r\n    [if error]<div class="frm_error">[error]</div>[/if error]\r\n</div>";s:12:"captcha_size";s:0:"";}', 3, '2015-08-27 08:01:24'),
(18, 'qh4icy3', 'Name', '', 'text', '', '', 1, 1, 'a:9:{s:5:"blank";s:27:"This field cannot be blank.";s:14:"separate_value";i:0;s:7:"classes";s:14:"frm_first_half";s:4:"size";s:0:"";s:3:"max";s:0:"";s:5:"label";s:0:"";s:7:"invalid";s:0:"";s:18:"required_indicator";s:1:"*";s:11:"custom_html";s:413:"<div id="frm_field_[id]_container" class="frm_form_field form-field [required_class][error_class]">\r\n    <label for="field_[key]" class="frm_primary_label">[field_name]\r\n        <span class="frm_required">[required_label]</span>\r\n    </label>\r\n    [input]\r\n    [if description]<div class="frm_description">[description]</div>[/if description]\r\n    [if error]<div class="frm_error">[error]</div>[/if error]\r\n</div>";}', 5, '2015-09-14 09:13:13'),
(20, '29yf4d3', 'Email', '', 'email', '', '', 3, 1, 'a:9:{s:5:"blank";s:27:"This field cannot be blank.";s:7:"invalid";s:34:"Please enter a valid email address";s:7:"classes";s:8:"frm_full";s:4:"size";s:0:"";s:3:"max";s:0:"";s:5:"label";s:0:"";s:18:"required_indicator";s:1:"*";s:14:"separate_value";i:0;s:11:"custom_html";s:413:"<div id="frm_field_[id]_container" class="frm_form_field form-field [required_class][error_class]">\r\n    <label for="field_[key]" class="frm_primary_label">[field_name]\r\n        <span class="frm_required">[required_label]</span>\r\n    </label>\r\n    [input]\r\n    [if description]<div class="frm_description">[description]</div>[/if description]\r\n    [if error]<div class="frm_error">[error]</div>[/if error]\r\n</div>";}', 5, '2015-09-14 09:13:13'),
(24, '62n6q33', 'Captcha', '', 'captcha', '1', '', 7, 0, 'a:11:{s:5:"label";s:4:"none";s:5:"blank";s:0:"";s:14:"clear_on_focus";i:0;s:13:"default_blank";i:0;s:4:"size";s:0:"";s:3:"max";s:0:"";s:7:"invalid";s:39:"The reCAPTCHA was not entered correctly";s:7:"classes";s:0:"";s:18:"required_indicator";s:1:"*";s:14:"separate_value";i:0;s:11:"custom_html";s:413:"<div id="frm_field_[id]_container" class="frm_form_field form-field [required_class][error_class]">\r\n    <label for="field_[key]" class="frm_primary_label">[field_name]\r\n        <span class="frm_required">[required_label]</span>\r\n    </label>\r\n    [input]\r\n    [if description]<div class="frm_description">[description]</div>[/if description]\r\n    [if error]<div class="frm_error">[error]</div>[/if error]\r\n</div>";}', 5, '2015-09-14 09:13:13'),
(25, 'd5yseo', 'Date', '', 'select', 'Please Choose', 'a:3:{i:0;s:13:"Please Choose";i:1;s:7:"Weekday";i:2;s:26:"Weekend and Public Holiday";}', 6, 1, 'a:12:{s:4:"size";s:0:"";s:3:"max";s:0:"";s:5:"label";s:0:"";s:5:"blank";s:27:"This field cannot be blank.";s:18:"required_indicator";s:1:"*";s:7:"invalid";s:0:"";s:14:"separate_value";i:0;s:14:"clear_on_focus";i:0;s:13:"default_blank";i:1;s:7:"classes";s:18:"frm_half frm_first";s:11:"custom_html";s:413:"<div id="frm_field_[id]_container" class="frm_form_field form-field [required_class][error_class]">\r\n    <label for="field_[key]" class="frm_primary_label">[field_name]\r\n        <span class="frm_required">[required_label]</span>\r\n    </label>\r\n    [input]\r\n    [if description]<div class="frm_description">[description]</div>[/if description]\r\n    [if error]<div class="frm_error">[error]</div>[/if error]\r\n</div>";s:12:"captcha_size";s:0:"";}', 3, '2016-01-20 10:36:09'),
(28, 'cp5pfc', 'Telephone', '', 'text', '', '', 3, 1, 'a:10:{s:5:"blank";s:27:"This field cannot be blank.";s:14:"separate_value";i:0;s:7:"classes";s:19:"frm_half  frm_first";s:4:"size";s:0:"";s:3:"max";s:0:"";s:5:"label";s:0:"";s:7:"invalid";s:0:"";s:18:"required_indicator";s:1:"*";s:11:"custom_html";s:413:"<div id="frm_field_[id]_container" class="frm_form_field form-field [required_class][error_class]">\r\n    <label for="field_[key]" class="frm_primary_label">[field_name]\r\n        <span class="frm_required">[required_label]</span>\r\n    </label>\r\n    [input]\r\n    [if description]<div class="frm_description">[description]</div>[/if description]\r\n    [if error]<div class="frm_error">[error]</div>[/if error]\r\n</div>";s:12:"captcha_size";s:0:"";}', 3, '2016-01-20 10:45:23'),
(30, 'esi12y', 'Organization/Company', '', 'email', '', '', 1, 0, 'a:10:{s:5:"blank";s:27:"This field cannot be blank.";s:7:"invalid";s:34:"Please enter a valid email address";s:7:"classes";s:17:"frm_half frm_last";s:4:"size";s:0:"";s:3:"max";s:0:"";s:5:"label";s:0:"";s:18:"required_indicator";s:1:"*";s:14:"separate_value";i:0;s:11:"custom_html";s:413:"<div id="frm_field_[id]_container" class="frm_form_field form-field [required_class][error_class]">\r\n    <label for="field_[key]" class="frm_primary_label">[field_name]\r\n        <span class="frm_required">[required_label]</span>\r\n    </label>\r\n    [input]\r\n    [if description]<div class="frm_description">[description]</div>[/if description]\r\n    [if error]<div class="frm_error">[error]</div>[/if error]\r\n</div>";s:12:"captcha_size";s:0:"";}', 3, '2016-01-20 10:48:38');

-- --------------------------------------------------------

--
-- Table structure for table `wp_frm_forms`
--

CREATE TABLE IF NOT EXISTS `wp_frm_forms` (
  `id` int(11) NOT NULL AUTO_INCREMENT,
  `form_key` varchar(100) DEFAULT NULL,
  `name` varchar(255) DEFAULT NULL,
  `description` text,
  `parent_form_id` int(11) DEFAULT '0',
  `logged_in` tinyint(1) DEFAULT NULL,
  `editable` tinyint(1) DEFAULT NULL,
  `is_template` tinyint(1) DEFAULT '0',
  `default_template` tinyint(1) DEFAULT '0',
  `status` varchar(255) DEFAULT NULL,
  `options` longtext,
  `created_at` datetime NOT NULL,
  PRIMARY KEY (`id`),
  UNIQUE KEY `form_key` (`form_key`)
) ENGINE=MyISAM  DEFAULT CHARSET=utf8 AUTO_INCREMENT=6 ;

--
-- Dumping data for table `wp_frm_forms`
--

INSERT INTO `wp_frm_forms` (`id`, `form_key`, `name`, `description`, `parent_form_id`, `logged_in`, `editable`, `is_template`, `default_template`, `status`, `options`, `created_at`) VALUES
(1, 'contact', 'Contact Us', 'We would like to hear from you. Please send us a message by filling out the form below and we will get back with you shortly.', 0, 0, 0, 1, 1, 'published', 'a:12:{s:12:"submit_value";s:6:"Submit";s:14:"success_action";s:7:"message";s:11:"success_msg";s:54:"Your responses were successfully submitted. Thank you!";s:9:"show_form";i:0;s:7:"akismet";s:0:"";s:7:"no_save";i:0;s:9:"ajax_load";i:0;s:10:"form_class";s:0:"";s:12:"custom_style";i:1;s:11:"before_html";s:194:"<legend class="frm_hidden">[form_name]</legend>\n[if form_name]<h3>[form_name]</h3>[/if form_name]\n[if form_description]<div class="frm_description">[form_description]</div>[/if form_description]";s:10:"after_html";s:0:"";s:11:"submit_html";s:440:"<div class="frm_submit">\n[if back_button]<input type="button" value="[back_label]" name="frm_prev_page" formnovalidate="formnovalidate" class="frm_prev_page" [back_hook] />[/if back_button]\n<input type="submit" value="[button_label]" [button_action] />\n<img class="frm_ajax_loading" src="[frmurl]/images/ajax_loader.gif" alt="Sending"/>\n[if save_draft]<a href="#" class="frm_save_draft" [draft_hook]>[draft_label]</a>[/if save_draft]\n</div>";}', '2009-11-24 00:17:31'),
(3, 'contact2', 'Space Booking', 'We would like to hear from you. Please send us a message by filling out the form below and we will get back with you shortly.', 0, 0, 0, 0, 0, 'published', 'a:12:{s:12:"submit_value";s:12:"Send Request";s:14:"success_action";s:7:"message";s:11:"success_msg";s:84:"Your request was successfully submitted. We will get back to you shortly. Thank you!";s:9:"show_form";i:0;s:7:"akismet";s:0:"";s:7:"no_save";i:0;s:9:"ajax_load";i:0;s:10:"form_class";s:0:"";s:12:"custom_style";s:1:"1";s:11:"before_html";s:200:"<legend class=\\"frm_hidden\\">[form_name]</legend>\r\n[if form_name]<h3>[form_name]</h3>[/if form_name]\r\n[if form_description]<div class=\\"frm_description\\">[form_description]</div>[/if form_description]";s:10:"after_html";s:0:"";s:11:"submit_html";s:471:"<div class=\\"frm_submit\\">\r\n[if back_button]<input type=\\"button\\" value=\\"[back_label]\\" name=\\"frm_prev_page\\" formnovalidate=\\"formnovalidate\\" class=\\"frm_prev_page\\" [back_hook] />[/if back_button]\r\n<input type=\\"submit\\" value=\\"[button_label]\\" [button_action] />\r\n<img class=\\"frm_ajax_loading\\" src=\\"[frmurl]/images/ajax_loader.gif\\" alt=\\"Sending\\"/>\r\n[if save_draft]<a href=\\"#\\" class=\\"frm_save_draft\\" [draft_hook]>[draft_label]</a>[/if save_draft]\r\n</div>";}', '2015-08-27 07:55:21'),
(5, 'contact3', 'Internship Application Form', 'We would like to hear from you. Please send us a message by filling out the form below and we will get back with you shortly.', 0, 0, 0, 0, 0, 'published', 'a:12:{s:12:"submit_value";s:6:"Submit";s:14:"success_action";s:7:"message";s:11:"success_msg";s:54:"Your responses were successfully submitted. Thank you!";s:9:"show_form";i:0;s:7:"akismet";s:0:"";s:7:"no_save";i:0;s:9:"ajax_load";i:0;s:10:"form_class";s:0:"";s:12:"custom_style";s:1:"1";s:11:"before_html";s:200:"<legend class=\\"frm_hidden\\">[form_name]</legend>\r\n[if form_name]<h3>[form_name]</h3>[/if form_name]\r\n[if form_description]<div class=\\"frm_description\\">[form_description]</div>[/if form_description]";s:10:"after_html";s:0:"";s:11:"submit_html";s:471:"<div class=\\"frm_submit\\">\r\n[if back_button]<input type=\\"button\\" value=\\"[back_label]\\" name=\\"frm_prev_page\\" formnovalidate=\\"formnovalidate\\" class=\\"frm_prev_page\\" [back_hook] />[/if back_button]\r\n<input type=\\"submit\\" value=\\"[button_label]\\" [button_action] />\r\n<img class=\\"frm_ajax_loading\\" src=\\"[frmurl]/images/ajax_loader.gif\\" alt=\\"Sending\\"/>\r\n[if save_draft]<a href=\\"#\\" class=\\"frm_save_draft\\" [draft_hook]>[draft_label]</a>[/if save_draft]\r\n</div>";}', '2015-09-14 09:13:13');

-- --------------------------------------------------------

--
-- Table structure for table `wp_frm_item_metas`
--

CREATE TABLE IF NOT EXISTS `wp_frm_item_metas` (
  `id` int(11) NOT NULL AUTO_INCREMENT,
  `meta_value` longtext,
  `field_id` int(11) NOT NULL,
  `item_id` int(11) NOT NULL,
  `created_at` datetime NOT NULL,
  PRIMARY KEY (`id`),
  KEY `field_id` (`field_id`),
  KEY `item_id` (`item_id`)
) ENGINE=MyISAM  DEFAULT CHARSET=utf8 AUTO_INCREMENT=25 ;

--
-- Dumping data for table `wp_frm_item_metas`
--

INSERT INTO `wp_frm_item_metas` (`id`, `meta_value`, `field_id`, `item_id`, `created_at`) VALUES
(1, 'Barry Gildea', 8, 1, '2015-08-30 11:43:13'),
(2, 'barry.gildea@gmail.com', 10, 1, '2015-08-30 11:43:13'),
(3, 'Morning (9am-12pm)', 15, 1, '2015-08-30 11:43:13'),
(4, 'U shape (Max 16 People)', 16, 1, '2015-08-30 11:43:13'),
(5, 'Tea & Coffee', 17, 1, '2015-08-30 11:43:13'),
(6, 'None', 13, 1, '2015-08-30 11:43:13'),
(7, 'naphat', 8, 2, '2015-12-26 07:14:45'),
(8, 'naphattarat@gmail.com', 10, 2, '2015-12-26 07:14:45'),
(9, 'Please Choose', 16, 2, '2015-12-26 07:14:45'),
(10, 'Full Day - 08.00-17.00', 15, 2, '2015-12-26 07:14:45'),
(11, 'a:3:{i:0;s:12:"Tea & Coffee";i:1;s:5:"Lunch";i:2;s:10:"Sandwiches";}', 17, 2, '2015-12-26 07:14:45'),
(12, 'I would like to know rental price of meeting room for 10 pp (full day)  \r\nPls, send me photos and price per day  or per week thx.  0916963132 , 0832500204', 13, 2, '2015-12-26 07:14:45'),
(13, 'Tin Aung Saw', 8, 3, '2016-01-14 11:20:14'),
(14, 'chitminem@gmail.com', 10, 3, '2016-01-14 11:20:14'),
(15, 'Seminar Room', 16, 3, '2016-01-14 11:20:14'),
(16, 'Half day - 08.00-12.00 or  13.00-17.00', 15, 3, '2016-01-14 11:20:14'),
(17, 'Tea & Coffee', 17, 3, '2016-01-14 11:20:14'),
(18, 'Request time , January 30 - 1 pm to 5 pm.\r\nI would like to host an meet up event with my friend and talk about works and experiences.\r\nI don\\''t see the place and plan layout clearly.\r\nbut i will check out. \r\nand I would like to know about the seating arrangment , is it just the hall or with desk and chairs ?\r\nMy group would be about 20 to 40 people.\r\ni will add tea and coffee.\r\nso can you quote me the availablity and price ? Thank you. :)', 13, 3, '2016-01-14 11:20:14'),
(19, 'pat', 8, 4, '2016-12-14 08:27:00'),
(20, '0894960249', 28, 4, '2016-12-14 08:27:00'),
(21, 'bic1111@hotmail.com', 10, 4, '2016-12-14 08:27:00'),
(22, 'Seminar Room', 16, 4, '2016-12-14 08:27:00'),
(23, 'Weekday', 25, 4, '2016-12-14 08:27:00'),
(24, 'Half day - 08.00-12.00 or  13.00-17.00', 15, 4, '2016-12-14 08:27:00');

-- --------------------------------------------------------

--
-- Table structure for table `wp_frm_items`
--

CREATE TABLE IF NOT EXISTS `wp_frm_items` (
  `id` int(11) NOT NULL AUTO_INCREMENT,
  `item_key` varchar(100) DEFAULT NULL,
  `name` varchar(255) DEFAULT NULL,
  `description` text,
  `ip` text,
  `form_id` int(11) DEFAULT NULL,
  `post_id` int(11) DEFAULT NULL,
  `user_id` int(11) DEFAULT NULL,
  `parent_item_id` int(11) DEFAULT '0',
  `is_draft` tinyint(1) DEFAULT '0',
  `updated_by` int(11) DEFAULT NULL,
  `created_at` datetime NOT NULL,
  `updated_at` datetime NOT NULL,
  PRIMARY KEY (`id`),
  UNIQUE KEY `item_key` (`item_key`),
  KEY `form_id` (`form_id`),
  KEY `post_id` (`post_id`),
  KEY `user_id` (`user_id`),
  KEY `parent_item_id` (`parent_item_id`)
) ENGINE=MyISAM  DEFAULT CHARSET=utf8 AUTO_INCREMENT=5 ;

--
-- Dumping data for table `wp_frm_items`
--

INSERT INTO `wp_frm_items` (`id`, `item_key`, `name`, `description`, `ip`, `form_id`, `post_id`, `user_id`, `parent_item_id`, `is_draft`, `updated_by`, `created_at`, `updated_at`) VALUES
(1, 'mrv2p1', 'Barry Gildea', 'a:2:{s:7:"browser";s:121:"Mozilla/5.0 (Macintosh; Intel Mac OS X 10_10_5) AppleWebKit/537.36 (KHTML, like Gecko) Chrome/44.0.2403.157 Safari/537.36";s:8:"referrer";s:40:"http://asiacentre.brickisred.com/spaces/";}', '171.96.181.224', 3, 0, 1, 0, 0, 1, '2015-08-30 11:43:13', '2015-08-30 11:43:13'),
(2, 'ju3gcu', 'naphat', 'a:2:{s:7:"browser";s:102:"Mozilla/5.0 (Windows NT 6.1) AppleWebKit/537.36 (KHTML, like Gecko) Chrome/47.0.2526.106 Safari/537.36";s:8:"referrer";s:31:"http://asiacentre.co.th/spaces/";}', '58.10.169.78', 3, 0, 0, 0, 0, 0, '2015-12-26 07:14:45', '2015-12-26 07:14:45'),
(3, 'jtkwon', 'Tin Aung Saw', 'a:2:{s:7:"browser";s:102:"Mozilla/5.0 (Windows NT 6.1) AppleWebKit/537.36 (KHTML, like Gecko) Chrome/47.0.2526.106 Safari/537.36";s:8:"referrer";s:31:"http://asiacentre.co.th/spaces/";}', '115.87.244.68', 3, 0, 0, 0, 0, 0, '2016-01-14 11:20:14', '2016-01-14 11:20:14'),
(4, 'cx9nux', 'pat', 'a:2:{s:7:"browser";s:109:"Mozilla/5.0 (Windows NT 10.0; WOW64) AppleWebKit/537.36 (KHTML, like Gecko) Chrome/54.0.2840.99 Safari/537.36";s:8:"referrer";s:39:"http://asiacentre.co.th/meeting-spaces/";}', '124.121.239.82', 3, 0, 6, 0, 0, 6, '2016-12-14 08:27:00', '2016-12-14 08:27:00');

-- --------------------------------------------------------

--
-- Table structure for table `wp_limit_login`
--

CREATE TABLE IF NOT EXISTS `wp_limit_login` (
  `login_id` int(11) NOT NULL AUTO_INCREMENT,
  `login_ip` varchar(100) NOT NULL,
  `login_attempts` int(11) NOT NULL,
  `attempt_time` datetime DEFAULT NULL,
  `locked_time` varchar(100) NOT NULL,
  PRIMARY KEY (`login_id`)
) ENGINE=MyISAM  DEFAULT CHARSET=latin1 AUTO_INCREMENT=7 ;

--
-- Dumping data for table `wp_limit_login`
--

INSERT INTO `wp_limit_login` (`login_id`, `login_ip`, `login_attempts`, `attempt_time`, `locked_time`) VALUES
(1, '171.96.162.157', 0, '2016-02-03 07:27:48', '0'),
(2, '58.11.124.112', 13, '2016-02-12 05:06:22', '2016-02-12 5:53:30'),
(3, '61.90.12.200', 7, '2016-02-13 04:29:08', '2016-02-13 5:32:22'),
(4, '171.96.182.158', 0, '2016-02-13 05:42:31', '0'),
(5, '125.24.164.144', 4, '2016-02-13 07:28:01', '0'),
(6, '176.127.175.37', 2, '2016-02-13 08:50:15', '0');

-- --------------------------------------------------------

--
-- Table structure for table `wp_links`
--

CREATE TABLE IF NOT EXISTS `wp_links` (
  `link_id` bigint(20) unsigned NOT NULL AUTO_INCREMENT,
  `link_url` varchar(255) NOT NULL DEFAULT '',
  `link_name` varchar(255) NOT NULL DEFAULT '',
  `link_image` varchar(255) NOT NULL DEFAULT '',
  `link_target` varchar(25) NOT NULL DEFAULT '',
  `link_description` varchar(255) NOT NULL DEFAULT '',
  `link_visible` varchar(20) NOT NULL DEFAULT 'Y',
  `link_owner` bigint(20) unsigned NOT NULL DEFAULT '1',
  `link_rating` int(11) NOT NULL DEFAULT '0',
  `link_updated` datetime NOT NULL DEFAULT '0000-00-00 00:00:00',
  `link_rel` varchar(255) NOT NULL DEFAULT '',
  `link_notes` mediumtext NOT NULL,
  `link_rss` varchar(255) NOT NULL DEFAULT '',
  PRIMARY KEY (`link_id`),
  KEY `link_visible` (`link_visible`)
) ENGINE=InnoDB DEFAULT CHARSET=utf8 AUTO_INCREMENT=1 ;

-- --------------------------------------------------------

--
-- Table structure for table `wp_options`
--

CREATE TABLE IF NOT EXISTS `wp_options` (
  `option_id` bigint(20) unsigned NOT NULL AUTO_INCREMENT,
  `option_name` varchar(191) DEFAULT NULL,
  `option_value` longtext NOT NULL,
  `autoload` varchar(20) NOT NULL DEFAULT 'yes',
  PRIMARY KEY (`option_id`),
  UNIQUE KEY `option_name` (`option_name`)
) ENGINE=InnoDB  DEFAULT CHARSET=utf8 AUTO_INCREMENT=23318 ;


INSERT INTO `wp_options` (`option_id`, `option_name`, `option_value`, `autoload`) VALUES
(888, 'bcn_options_bk', 'a:88:{s:17:"bmainsite_display";b:1;s:18:"Hmainsite_template";s:133:"<span typeof="v:Breadcrumb"><a rel="v:url" property="v:title" title="Go to %title%." href="%link%" class="%type%">%htitle%</a></span>";s:28:"Hmainsite_template_no_anchor";s:75:"<span typeof="v:Breadcrumb"><span property="v:title">%htitle%</span></span>";s:13:"bhome_display";b:1;s:14:"Hhome_template";s:133:"<span typeof="v:Breadcrumb"><a rel="v:url" property="v:title" title="Go to %title%." href="%link%" class="%type%">%htitle%</a></span>";s:24:"Hhome_template_no_anchor";s:75:"<span typeof="v:Breadcrumb"><span property="v:title">%htitle%</span></span>";s:13:"bblog_display";b:1;s:14:"Hblog_template";s:133:"<span typeof="v:Breadcrumb"><a rel="v:url" property="v:title" title="Go to %title%." href="%link%" class="%type%">%htitle%</a></span>";s:24:"Hblog_template_no_anchor";s:75:"<span typeof="v:Breadcrumb"><span property="v:title">%htitle%</span></span>";s:10:"hseparator";s:6:" &gt; ";s:12:"blimit_title";b:0;s:17:"amax_title_length";i:20;s:20:"bcurrent_item_linked";b:0;s:19:"Hpost_page_template";s:133:"<span typeof="v:Breadcrumb"><a rel="v:url" property="v:title" title="Go to %title%." href="%link%" class="%type%">%htitle%</a></span>";s:29:"Hpost_page_template_no_anchor";s:75:"<span typeof="v:Breadcrumb"><span property="v:title">%htitle%</span></span>";s:15:"apost_page_root";s:3:"316";s:15:"Hpaged_template";s:13:"Page %htitle%";s:14:"bpaged_display";b:0;s:19:"Hpost_post_template";s:133:"<span typeof="v:Breadcrumb"><a rel="v:url" property="v:title" title="Go to %title%." href="%link%" class="%type%">%htitle%</a></span>";s:29:"Hpost_post_template_no_anchor";s:75:"<span typeof="v:Breadcrumb"><span property="v:title">%htitle%</span></span>";s:15:"apost_post_root";s:3:"703";s:27:"bpost_post_taxonomy_display";b:1;s:24:"Spost_post_taxonomy_type";s:8:"category";s:25:"Hpost_attachment_template";s:133:"<span typeof="v:Breadcrumb"><a rel="v:url" property="v:title" title="Go to %title%." href="%link%" class="%type%">%htitle%</a></span>";s:35:"Hpost_attachment_template_no_anchor";s:75:"<span typeof="v:Breadcrumb"><span property="v:title">%htitle%</span></span>";s:13:"H404_template";s:75:"<span typeof="v:Breadcrumb"><span property="v:title">%htitle%</span></span>";s:10:"S404_title";s:3:"404";s:16:"Hsearch_template";s:133:"Search results for &#39;<a title="Go to the first page of search results for %title%." href="%link%" class="%type%">%htitle%</a>&#39;";s:26:"Hsearch_template_no_anchor";s:37:"Search results for &#39;%htitle%&#39;";s:22:"Htax_post_tag_template";s:150:"<span typeof="v:Breadcrumb"><a rel="v:url" property="v:title" title="Go to the %title% tag archives." href="%link%" class="%type%">%htitle%</a></span>";s:32:"Htax_post_tag_template_no_anchor";s:75:"<span typeof="v:Breadcrumb"><span property="v:title">%htitle%</span></span>";s:25:"Htax_post_format_template";s:150:"<span typeof="v:Breadcrumb"><a rel="v:url" property="v:title" title="Go to the %title% tag archives." href="%link%" class="%type%">%htitle%</a></span>";s:35:"Htax_post_format_template_no_anchor";s:75:"<span typeof="v:Breadcrumb"><span property="v:title">%htitle%</span></span>";s:16:"Hauthor_template";s:107:"Articles by: <a title="Go to the first page of posts by %title%." href="%link%" class="%type%">%htitle%</a>";s:26:"Hauthor_template_no_anchor";s:21:"Articles by: %htitle%";s:12:"Sauthor_name";s:12:"display_name";s:22:"Htax_category_template";s:155:"<span typeof="v:Breadcrumb"><a rel="v:url" property="v:title" title="Go to the %title% category archives." href="%link%" class="%type%">%htitle%</a></span>";s:32:"Htax_category_template_no_anchor";s:75:"<span typeof="v:Breadcrumb"><span property="v:title">%htitle%</span></span>";s:14:"Hdate_template";s:146:"<span typeof="v:Breadcrumb"><a rel="v:url" property="v:title" title="Go to the %title% archives." href="%link%" class="%type%">%htitle%</a></span>";s:24:"Hdate_template_no_anchor";s:75:"<span typeof="v:Breadcrumb"><span property="v:title">%htitle%</span></span>";s:33:"Hpost_wpcf7_contact_form_template";s:118:"<span typeof="v:Breadcrumb"><a rel="v:url" property="v:title" title="Go to %title%." href="%link%">%htitle%</a></span>";s:43:"Hpost_wpcf7_contact_form_template_no_anchor";s:75:"<span typeof="v:Breadcrumb"><span property="v:title">%htitle%</span></span>";s:40:"bpost_wpcf7_contact_form_archive_display";b:0;s:29:"apost_wpcf7_contact_form_root";s:3:"703";s:41:"bpost_wpcf7_contact_form_taxonomy_display";b:0;s:38:"Spost_wpcf7_contact_form_taxonomy_type";s:4:"date";s:23:"Hpost_hom_page_template";s:118:"<span typeof="v:Breadcrumb"><a rel="v:url" property="v:title" title="Go to %title%." href="%link%">%htitle%</a></span>";s:33:"Hpost_hom_page_template_no_anchor";s:75:"<span typeof="v:Breadcrumb"><span property="v:title">%htitle%</span></span>";s:30:"bpost_hom_page_archive_display";b:1;s:19:"apost_hom_page_root";s:3:"703";s:31:"bpost_hom_page_taxonomy_display";b:0;s:28:"Spost_hom_page_taxonomy_type";s:4:"date";s:20:"Hpost_event_template";s:118:"<span typeof="v:Breadcrumb"><a rel="v:url" property="v:title" title="Go to %title%." href="%link%">%htitle%</a></span>";s:30:"Hpost_event_template_no_anchor";s:75:"<span typeof="v:Breadcrumb"><span property="v:title">%htitle%</span></span>";s:27:"bpost_event_archive_display";b:1;s:16:"apost_event_root";s:3:"703";s:28:"bpost_event_taxonomy_display";b:1;s:25:"Spost_event_taxonomy_type";s:6:"events";s:21:"Hpost_course_template";s:118:"<span typeof="v:Breadcrumb"><a rel="v:url" property="v:title" title="Go to %title%." href="%link%">%htitle%</a></span>";s:31:"Hpost_course_template_no_anchor";s:75:"<span typeof="v:Breadcrumb"><span property="v:title">%htitle%</span></span>";s:28:"bpost_course_archive_display";b:1;s:17:"apost_course_root";s:3:"703";s:29:"bpost_course_taxonomy_display";b:1;s:26:"Spost_course_taxonomy_type";s:7:"courses";s:22:"Hpost_gallery_template";s:118:"<span typeof="v:Breadcrumb"><a rel="v:url" property="v:title" title="Go to %title%." href="%link%">%htitle%</a></span>";s:32:"Hpost_gallery_template_no_anchor";s:75:"<span typeof="v:Breadcrumb"><span property="v:title">%htitle%</span></span>";s:29:"bpost_gallery_archive_display";b:1;s:18:"apost_gallery_root";s:3:"703";s:30:"bpost_gallery_taxonomy_display";b:1;s:27:"Spost_gallery_taxonomy_type";s:9:"galleries";s:21:"Hpost_slider_template";s:118:"<span typeof="v:Breadcrumb"><a rel="v:url" property="v:title" title="Go to %title%." href="%link%">%htitle%</a></span>";s:31:"Hpost_slider_template_no_anchor";s:75:"<span typeof="v:Breadcrumb"><span property="v:title">%htitle%</span></span>";s:28:"bpost_slider_archive_display";b:1;s:17:"apost_slider_root";s:3:"703";s:29:"bpost_slider_taxonomy_display";b:0;s:26:"Spost_slider_taxonomy_type";s:4:"date";s:20:"Hpost_chunk_template";s:118:"<span typeof="v:Breadcrumb"><a rel="v:url" property="v:title" title="Go to %title%." href="%link%">%htitle%</a></span>";s:30:"Hpost_chunk_template_no_anchor";s:75:"<span typeof="v:Breadcrumb"><span property="v:title">%htitle%</span></span>";s:27:"bpost_chunk_archive_display";b:1;s:16:"apost_chunk_root";s:3:"703";s:28:"bpost_chunk_taxonomy_display";b:0;s:25:"Spost_chunk_taxonomy_type";s:4:"date";s:20:"Htax_events_template";s:146:"<span typeof="v:Breadcrumb"><a rel="v:url" property="v:title" title="Go to the %title% Event Category archives." href="%link%">%htitle%</a></span>";s:30:"Htax_events_template_no_anchor";s:75:"<span typeof="v:Breadcrumb"><span property="v:title">%htitle%</span></span>";s:21:"Htax_courses_template";s:147:"<span typeof="v:Breadcrumb"><a rel="v:url" property="v:title" title="Go to the %title% Course Category archives." href="%link%">%htitle%</a></span>";s:31:"Htax_courses_template_no_anchor";s:75:"<span typeof="v:Breadcrumb"><span property="v:title">%htitle%</span></span>";s:23:"Htax_galleries_template";s:148:"<span typeof="v:Breadcrumb"><a rel="v:url" property="v:title" title="Go to the %title% Gallery Category archives." href="%link%">%htitle%</a></span>";s:33:"Htax_galleries_template_no_anchor";s:75:"<span typeof="v:Breadcrumb"><span property="v:title">%htitle%</span></span>";}', 'no'),
(889, 'bcn_version', '5.2.2', 'no'),
(956, 'db_upgraded', '', 'yes'),
(1025, 'finished_splitting_shared_terms', '1', 'yes');
INSERT INTO `wp_options` (`option_id`, `option_name`, `option_value`, `autoload`) VALUES
(1084, 'frmpro_css', '/* WARNING: Any changes made to this file will be lost when your Formidable settings are updated */\n.frm_hidden,.with_frm_style .frm_button.frm_hidden{display:none;}legend.frm_hidden{display:none !important;}.frm_transparent{color:transparent;}.input[type=file].frm_transparent:focus, .with_frm_style input[type=file]{background-color:transparent;border:none;outline:none;box-shadow:none;}.with_frm_style input[type=file]{display:initial;}.frm_preview_page:before{content:normal !important;}.frm_preview_page{padding:25px;}.with_frm_style .form-field.frm_col_field{clear:none;float:left;margin-right:20px;}.with_frm_style label.frm_primary_label{max-width:100%;}.with_frm_style .frm_top_container label.frm_primary_label,.with_frm_style .frm_hidden_container label.frm_primary_label,.with_frm_style .frm_pos_top{display:block;float:none;width:auto;}.with_frm_style .frm_inline_container label.frm_primary_label{margin-right:10px;}.with_frm_style .frm_right_container label.frm_primary_label,.with_frm_style .frm_pos_right{display:inline;float:right;margin-left:10px;}.with_frm_style .frm_none_container label.frm_primary_label,.with_frm_style .frm_pos_none,.frm_none_container label.frm_primary_label{display:none;}.with_frm_style .frm_section_heading.frm_hide_section{margin-top:0px !important;}.with_frm_style .frm_hidden_container label.frm_primary_label,.with_frm_style .frm_pos_hidden,.frm_hidden_container label.frm_primary_label{visibility:hidden;}.with_frm_style .frm_scale{margin-right:10px;text-align:center;float:left;}.with_frm_style .frm_scale input{display:block;}.with_frm_style select[multiple="multiple"]{height:auto;line-height:normal;}.with_frm_style select{white-space:nowrap;}.with_frm_style .frm_catlevel_2,.with_frm_style .frm_catlevel_3,.with_frm_style .frm_catlevel_4,.with_frm_style .frm_catlevel_5{margin-left:18px;}.with_frm_style .wp-editor-container{border:1px solid #e5e5e5;}.with_frm_style .quicktags-toolbar input{font-size:12px !important;}.with_frm_style .wp-editor-container textarea{border:none;}.with_frm_style .auto_width #loginform input,.with_frm_style .auto_width input,.with_frm_style input.auto_width,.with_frm_style select.auto_width,.with_frm_style textarea.auto_width{width:auto;}.with_frm_style .frm_repeat_buttons{white-space:nowrap;}.with_frm_style .frm_button{text-decoration:none;border:1px solid #eee;padding:5px;display:inline;}.with_frm_style .frm_submit{clear:both;}.frm_inline_form .frm_form_field.form-field{margin-right:2.5%;display:inline-block;}.frm_inline_form .frm_submit{display:inline-block;}.with_frm_style.frm_center_submit .frm_submit{text-align:center;}.with_frm_style.frm_center_submit .frm_submit input[type=submit], .with_frm_style.frm_center_submit .frm_submit input[type=button]{margin-bottom:8px !important;}.with_frm_style.frm_center_submit .frm_submit .frm_ajax_loading{display: block;margin: 0 auto;}.frm_forms.frm_style_formidable-style.with_frm_style{max-width:100%;direction:ltr;}.frm_style_formidable-style.with_frm_style,.frm_style_formidable-style.with_frm_style form{text-align:left;}.frm_style_formidable-style.with_frm_style fieldset{border:0px solid #000000;margin:0;padding:0 0 15px 0;background-color:transparent;}.frm_style_formidable-style.with_frm_style .frm-show-form  > h3{font-size:20px;color:#444444;}.frm_style_formidable-style.with_frm_style .frm-show-form  .frm_section_heading h3{padding:15px 0 3px 0;margin:0;font-size:18px;font-weight:bold;color:#444444;border:none;border-top:2px solid #e8e8e8;background-color:transparent}.frm_style_formidable-style.with_frm_style h3 .frm_after_collapse{display:inline;}.frm_style_formidable-style.with_frm_style h3 .frm_before_collapse{display:none;}.menu-edit #post-body-content .frm_style_formidable-style.with_frm_style .frm_section_heading h3{margin:0;}.frm_style_formidable-style.with_frm_style .frm_section_heading{margin-top:15px;}.frm_style_formidable-style.with_frm_style  .frm-show-form .frm_section_heading .frm_section_spacing,.menu-edit #post-body-content .frm_style_formidable-style.with_frm_style  .frm-show-form .frm_section_heading .frm_section_spacing{margin-bottom:12px;}.frm_style_formidable-style.with_frm_style .frm_repeat_sec{margin-bottom:20px;margin-top:20px;}.frm_style_formidable-style.with_frm_style label.frm_primary_label,.frm_style_formidable-style.with_frm_style.frm_login_form label{font-family:"Lucida Grande","Lucida Sans Unicode",Tahoma,sans-serif;font-size:14px;color:#444444;font-weight:bold;text-align:left;margin:0;padding:0 0 3px 0;width:auto;display:block;}.frm_style_formidable-style.with_frm_style .frm_icon_font{color:#444444;}.frm_style_formidable-style.with_frm_style .frm_icon_font.frm_minus_icon:before{content:"\\e600";}.frm_style_formidable-style.with_frm_style .frm_icon_font.frm_plus_icon:before{content:"\\e602";}.frm_style_formidable-style.with_frm_style .frm_icon_font.frm_minus_icon:before,.frm_style_formidable-style.with_frm_style .frm_icon_font.frm_plus_icon:before{color:#444444;}.frm_style_formidable-style.with_frm_style .frm_trigger.active .frm_icon_font.frm_arrow_icon:before{content:"\\e62d";}.frm_style_formidable-style.with_frm_style .frm_trigger .frm_icon_font.frm_arrow_icon:before{content:"\\e62a";}.frm_style_formidable-style.with_frm_style .form-field{margin-bottom:20px;}.frm_style_formidable-style.with_frm_style .frm_grid,.frm_style_formidable-style.with_frm_style .frm_grid_first,.frm_style_formidable-style.with_frm_style .frm_grid_odd {margin-bottom:0;}.frm_style_formidable-style.with_frm_style .form-field.frm_section_heading{margin-bottom:0;}.frm_style_formidable-style.with_frm_style p.description,.frm_style_formidable-style.with_frm_style div.description,.frm_style_formidable-style.with_frm_style div.frm_description,.frm_style_formidable-style.with_frm_style .frm-show-form > div.frm_description,.frm_style_formidable-style.with_frm_style .frm_error{margin:0;padding:0;font-family:"Lucida Grande","Lucida Sans Unicode",Tahoma,sans-serif;font-size:12px;color:#666666;font-weight:normal;text-align:left;font-style:normal;max-width:100%;}.frm_style_formidable-style.with_frm_style .frm-show-form div.frm_description p{font-size:14px;color:#666666;}.frm_style_formidable-style.with_frm_style .frm_left_container label.frm_primary_label{float:left;display:inline;width:150px;max-width:33%;margin-right:10px;}.frm_style_formidable-style.with_frm_style .frm_right_container label.frm_primary_label{display:inline;width:150px;max-width:33%;margin-left:10px;}.frm_style_formidable-style.with_frm_style .frm_form_field.frm_left_container input:not([type=radio]):not([type=checkbox]),.frm_style_formidable-style.with_frm_style .frm_form_field.frm_left_container select,.frm_style_formidable-style.with_frm_style .frm_form_field.frm_left_container textarea,.frm_style_formidable-style.with_frm_style .frm_form_field.frm_left_container:not(.frm_dynamic_select_container) .frm_opt_container,.frm_style_formidable-style.with_frm_style .frm_form_field.frm_left_container .g-recaptcha,.frm_style_formidable-style.with_frm_style .frm_form_field.frm_right_container input:not([type=radio]):not([type=checkbox]),.frm_style_formidable-style.with_frm_style .frm_form_field.frm_right_container select,.frm_style_formidable-style.with_frm_style .frm_form_field.frm_right_container textarea,.frm_style_formidable-style.with_frm_style .frm_form_field.frm_right_container:not(.frm_dynamic_select_container) .frm_opt_container,.frm_style_formidable-style.with_frm_style .frm_form_field.frm_right_container .g-recaptcha{max-width:62%;}.frm_style_formidable-style.with_frm_style .frm_form_field.frm_left_container:not(.frm_dynamic_select_container) .frm_opt_container,.frm_style_formidable-style.with_frm_style .frm_form_field.frm_right_container:not(.frm_dynamic_select_container) .frm_opt_container,.frm_style_formidable-style.with_frm_style .frm_form_field.frm_left_container .g-recaptcha,.frm_style_formidable-style.with_frm_style .frm_form_field.frm_right_container .g-recaptcha{display:inline-block;}.frm_style_formidable-style.with_frm_style .frm_left_container p.description,.frm_style_formidable-style.with_frm_style .frm_left_container div.description,.frm_style_formidable-style.with_frm_style .frm_left_container div.frm_description,.frm_style_formidable-style.with_frm_style .frm_left_container .frm_error{margin-left:160px;max-width:62%;}.frm_style_formidable-style.with_frm_style .frm_right_container p.description,.frm_style_formidable-style.with_frm_style .frm_right_container div.description,.frm_style_formidable-style.with_frm_style .frm_right_container div.frm_description,.frm_style_formidable-style.with_frm_style .frm_right_container .frm_error{margin-right:160px;max-width:62%;}.frm_style_formidable-style.with_frm_style .frm_left_container .attachment-thumbnail{clear:both;margin-left:160px;}.frm_style_formidable-style.with_frm_style .frm_left_container.frm_inline label.frm_primary_label{max-width:90%;}.frm_style_formidable-style.with_frm_style .form-field.frm_col_field div.frm_description{width:100%;max-width:100%;}.frm_style_formidable-style.with_frm_style .frm_inline_container label.frm_primary_label,.frm_style_formidable-style.with_frm_style .frm_inline_container:not(.frm_dynamic_select_container) .frm_opt_container{display:inline;}.frm_style_formidable-style.with_frm_style .frm_inline_container label.frm_primary_label{margin-right:10px;}.frm_style_formidable-style.with_frm_style .frm_pos_right{display:inline;width:150px;}.frm_style_formidable-style.with_frm_style .frm_none_container label.frm_primary_label,.frm_style_formidable-style.with_frm_style .frm_pos_none{display:none;}.frm_style_formidable-style.with_frm_style .frm_scale label{font-weight:normal;font-family:"Lucida Grande","Lucida Sans Unicode",Tahoma,sans-serif;font-size:13px;color:#444444;}.frm_style_formidable-style.with_frm_style .frm_required{color:#B94A48;font-weight:bold;}.frm_style_formidable-style.with_frm_style input[type=text],.frm_style_formidable-style.with_frm_style input[type=password],.frm_style_formidable-style.with_frm_style input[type=email],.frm_style_formidable-style.with_frm_style input[type=number],.frm_style_formidable-style.with_frm_style input[type=url],.frm_style_formidable-style.with_frm_style input[type=tel],.frm_style_formidable-style.with_frm_style input[type=search],.frm_style_formidable-style.with_frm_style select,.frm_style_formidable-style.with_frm_style textarea,.frm_style_formidable-style.with_frm_style .chosen-container{font-family:"Lucida Grande","Lucida Sans Unicode",Tahoma,sans-serif;font-size:14px;margin-bottom:0;}.frm_style_formidable-style.with_frm_style input[type=text],.frm_style_formidable-style.with_frm_style input[type=password],.frm_style_formidable-style.with_frm_style input[type=email],.frm_style_formidable-style.with_frm_style input[type=number],.frm_style_formidable-style.with_frm_style input[type=url],.frm_style_formidable-style.with_frm_style input[type=tel],.frm_style_formidable-style.with_frm_style input[type=phone],.frm_style_formidable-style.with_frm_style input[type=search],.frm_style_formidable-style.with_frm_style select,.frm_style_formidable-style.with_frm_style textarea,.frm_form_fields_style,.frm_style_formidable-style.with_frm_style .frm_scroll_box .frm_opt_container,.frm_form_fields_active_style,.frm_form_fields_error_style,.frm_style_formidable-style.with_frm_style .chosen-container-multi .chosen-choices,.frm_style_formidable-style.with_frm_style .chosen-container-single .chosen-single{color:#555555;background-color:#ffffff;border-color:#cccccc;border-width:1px;border-style:solid;-moz-border-radius:4px;-webkit-border-radius:4px;border-radius:4px;width:100%;max-width:100%;font-size:14px;padding:6px 10px;-webkit-box-sizing:border-box;-moz-box-sizing:border-box;box-sizing:border-box;outline:none;font-weight:normal;box-shadow:0 1px 1px rgba(0, 0, 0, 0.075) inset;}.frm_style_formidable-style.with_frm_style input[type=file]::-webkit-file-upload-button{color:#555555;background-color:#ffffff;padding:6px 10px;border-radius:4px;border-color:#cccccc;border-width:1px;border-style:solid;}.frm_style_formidable-style.with_frm_style input[type=text],.frm_style_formidable-style.with_frm_style input[type=password],.frm_style_formidable-style.with_frm_style input[type=email],.frm_style_formidable-style.with_frm_style input[type=number],.frm_style_formidable-style.with_frm_style input[type=url],.frm_style_formidable-style.with_frm_style input[type=tel],.frm_style_formidable-style.with_frm_style input[type=file],.frm_style_formidable-style.with_frm_style input[type=search],.frm_style_formidable-style.with_frm_style select{height:32px;line-height:1.3;}.frm_style_formidable-style.with_frm_style select[multiple="multiple"]{height:auto ;}.frm_style_formidable-style.with_frm_style input[type=file]{color:#555555;padding:0px;font-family:"Lucida Grande","Lucida Sans Unicode",Tahoma,sans-serif;font-size:14px;}.frm_style_formidable-style.with_frm_style input[type=file].frm_transparent{color:transparent;}.frm_style_formidable-style.with_frm_style .frm_file_names, .frm_style_formidable-style.with_frm_style .frm_uploaded_files .frm_remove_link{font-family:"Lucida Grande","Lucida Sans Unicode",Tahoma,sans-serif;font-size:14px;}.frm_style_formidable-style.with_frm_style .frm_default,.frm_style_formidable-style.with_frm_style .placeholder,.frm_style_formidable-style.with_frm_style .chosen-container-multi .chosen-choices li.search-field .default,.frm_style_formidable-style.with_frm_style .chosen-container-single .chosen-default{color:#555555;font-style:italic;}.frm_style_formidable-style.with_frm_style select{width:100%;max-width:100%;}.frm_style_formidable-style.with_frm_style input.frm_other_input:not(.frm_other_full){width:auto ;margin-left:5px ;}.frm_style_formidable-style.with_frm_style .frm_full input.frm_other_input:not(.frm_other_full){margin-left:0 ;margin-top:8px;}.frm_style_formidable-style.with_frm_style .frm_other_container select:not([multiple="multiple"]){width:auto;}.frm_style_formidable-style.with_frm_style .wp-editor-wrap{width:100%;max-width:100%;}.frm_style_formidable-style.with_frm_style .wp-editor-container textarea{border:none;}.frm_style_formidable-style.with_frm_style .mceIframeContainer{background-color:#ffffff;}.frm_style_formidable-style.with_frm_style .auto_width input,.frm_style_formidable-style.with_frm_style input.auto_width,.frm_style_formidable-style.with_frm_style select.auto_width,.frm_style_formidable-style.with_frm_style textarea.auto_width{width:auto;}.frm_style_formidable-style.with_frm_style input[disabled],.frm_style_formidable-style.with_frm_style select[disabled],.frm_style_formidable-style.with_frm_style textarea[disabled],.frm_style_formidable-style.with_frm_style input[readonly],.frm_style_formidable-style.with_frm_style select[readonly],.frm_style_formidable-style.with_frm_style textarea[readonly]{background-color:#ffffff;color:#A1A1A1;border-color:#E5E5E5;}.frm_style_formidable-style.with_frm_style .form-field input:not([type=file]):focus,.frm_style_formidable-style.with_frm_style select:focus,.frm_style_formidable-style.with_frm_style textarea:focus,.frm_style_formidable-style.with_frm_style .frm_focus_field input[type=text],.frm_style_formidable-style.with_frm_style .frm_focus_field input[type=password],.frm_style_formidable-style.with_frm_style .frm_focus_field input[type=email],.frm_style_formidable-style.with_frm_style .frm_focus_field input[type=number],.frm_style_formidable-style.with_frm_style .frm_focus_field input[type=url],.frm_style_formidable-style.with_frm_style .frm_focus_field input[type=tel],.frm_style_formidable-style.with_frm_style .frm_focus_field input[type=search],.frm_form_fields_active_style,.frm_style_formidable-style.with_frm_style .chosen-container-active .chosen-choices{background-color:#ffffff;border-color:#66afe9;box-shadow:0 1px 1px rgba(0, 0, 0, 0.075) inset, 0 0 8px rgba(102,175,233, 0.6);}.frm_style_formidable-style.with_frm_style input[type=submit],.frm_style_formidable-style.with_frm_style .frm_submit input[type=button],.frm_form_submit_style,.frm_style_formidable-style.with_frm_style.frm_login_form input[type=submit]{width:auto;font-family:"Lucida Grande","Lucida Sans Unicode",Tahoma,sans-serif;font-size:14px;height:auto;line-height:normal;text-align:center;background:#ffffff;border-width:1px;border-color:#cccccc;border-style:solid;color:#444444;cursor:pointer;font-weight:normal;-moz-border-radius:4px;-webkit-border-radius:4px;border-radius:4px;text-shadow:none;padding:6px 11px;-moz-box-sizing:border-box;box-sizing:border-box;-ms-box-sizing:border-box;-moz-box-shadow:0 1px 1px #eeeeee;-webkit-box-shadow:0px 1px 1px #eeeeee;box-shadow:0 1px 1px #eeeeee;-ms-filter:"progid:DXImageTransform.Microsoft.Shadow(Strength=3, Direction=135, Color=''#eeeeee'')";filter:progid:DXImageTransform.Microsoft.Shadow(Strength=3, Direction=135, Color=''#eeeeee'');margin:10px;margin-left:0;margin-right:0;vertical-align:middle;}.frm_style_formidable-style.with_frm_style input[type=submit]:hover,.frm_style_formidable-style.with_frm_style .frm_submit input[type=button]:hover,.frm_style_formidable-style.with_frm_style.frm_login_form input[type=submit]:hover{background:#efefef;border-color:#cccccc;color:#444444;}.frm_style_formidable-style.with_frm_style.frm_center_submit .frm_submit .frm_ajax_loading{margin-bottom:10px;}.frm_style_formidable-style.with_frm_style input[type=submit]:focus,.frm_style_formidable-style.with_frm_style .frm_submit input[type=button]:focus,.frm_style_formidable-style.with_frm_style.frm_login_form input[type=submit]:focus,.frm_style_formidable-style.with_frm_style input[type=submit]:active,.frm_style_formidable-style.with_frm_style .frm_submit input[type=button]:active,.frm_style_formidable-style.with_frm_style.frm_login_form input[type=submit]:active{background:#efefef;border-color:#cccccc;color:#444444;}.frm_style_formidable-style.with_frm_style a.frm_save_draft{font-family:"Lucida Grande","Lucida Sans Unicode",Tahoma,sans-serif;font-size:14px;font-weight:normal;}.frm_style_formidable-style.with_frm_style #frm_field_cptch_number_container{font-family:"Lucida Grande","Lucida Sans Unicode",Tahoma,sans-serif;font-size:14px;color:#444444;font-weight:bold;clear:both;}.frm_style_formidable-style.with_frm_style .frm_radio{display:block;}.frm_style_formidable-style.with_frm_style .horizontal_radio .frm_radio{margin:0 5px 0 0;}.frm_style_formidable-style.with_frm_style .frm_checkbox{display:block;}.frm_style_formidable-style.with_frm_style .vertical_radio .frm_checkbox,.frm_style_formidable-style.with_frm_style .vertical_radio .frm_radio,.vertical_radio .frm_catlevel_1{display:block;}.frm_style_formidable-style.with_frm_style .horizontal_radio .frm_checkbox,.frm_style_formidable-style.with_frm_style .horizontal_radio .frm_radio,.horizontal_radio .frm_catlevel_1{display:inline-block;}.frm_style_formidable-style.with_frm_style .frm_radio label,.frm_style_formidable-style.with_frm_style .frm_checkbox label{font-family:"Lucida Grande","Lucida Sans Unicode",Tahoma,sans-serif;font-size:13px;color:#444444;font-weight:normal;display:inline;white-space:prewrap;}.frm_style_formidable-style.with_frm_style .frm_blank_field input[type=text],.frm_style_formidable-style.with_frm_style .frm_blank_field input[type=password],.frm_style_formidable-style.with_frm_style .frm_blank_field input[type=url],.frm_style_formidable-style.with_frm_style .frm_blank_field input[type=tel],.frm_style_formidable-style.with_frm_style .frm_blank_field input[type=number],.frm_style_formidable-style.with_frm_style .frm_blank_field input[type=email],.frm_style_formidable-style.with_frm_style .frm_blank_field textarea,.frm_style_formidable-style.with_frm_style .frm_blank_field select,.frm_form_fields_error_style,.frm_style_formidable-style.with_frm_style .frm_blank_field .g-recaptcha iframe,.frm_style_formidable-style.with_frm_style .frm_blank_field .chosen-container-multi .chosen-choices{color:#444444;background-color:#ffffff;border-color:#B94A48;border-width:1px;border-style:solid;}.frm_style_formidable-style.with_frm_style .frm_error{font-weight:bold;}.frm_style_formidable-style.with_frm_style .frm_blank_field label,.frm_style_formidable-style.with_frm_style .frm_error{color:#B94A48;}.frm_style_formidable-style.with_frm_style .frm_error_style{background-color:#F2DEDE;border:1px solid #EBCCD1;color:#B94A48;font-size:14px;margin:0;margin-bottom:20px;}.frm_style_formidable-style.with_frm_style .frm_message,.frm_success_style{border:1px solid #D6E9C6;background-color:#DFF0D8;color:#468847;}.frm_style_formidable-style.with_frm_style .frm_message{margin:5px 0 15px;font-size:14px;}.frm_style_formidable-style.with_frm_style .frm-grid td,.frm-grid th{border-color:#cccccc;}.form_results.frm_style_formidable-style.with_frm_style{border:1px solid #cccccc;}.form_results.frm_style_formidable-style.with_frm_style tr td{color:#555555;border-top:1px solid #cccccc;}.form_results.frm_style_formidable-style.with_frm_style tr.frm_even,.frm-grid .frm_even{background-color:#ffffff;}.frm_style_formidable-style.with_frm_style #frm_loading .progress-striped .progress-bar{background-image:linear-gradient(45deg, #cccccc 25%, rgba(0, 0, 0, 0) 25%, rgba(0, 0, 0, 0) 50%, #cccccc 50%, #cccccc 75%, rgba(0, 0, 0, 0) 75%, rgba(0, 0, 0, 0));}.frm_style_formidable-style.with_frm_style #frm_loading .progress-bar{background-color:#ffffff;}.frm_style_formidable-style.with_frm_style .frm_grid,.frm_style_formidable-style.with_frm_style .frm_grid_first,.frm_style_formidable-style.with_frm_style .frm_grid_odd{border-color:#cccccc;}.frm_style_formidable-style.with_frm_style .frm_grid.frm_blank_field,.frm_style_formidable-style.with_frm_style .frm_grid_first.frm_blank_field,.frm_style_formidable-style.with_frm_style .frm_grid_odd.frm_blank_field{background-color:#F2DEDE;border-color:#EBCCD1;}.frm_style_formidable-style.with_frm_style .frm_grid_first,.frm_style_formidable-style.with_frm_style .frm_grid_odd{background-color:#ffffff;}.frm_style_formidable-style.with_frm_style .frm_grid{background-color:#ffffff;}.frm_style_formidable-style.with_frm_style .frm_form_field.frm_html_scroll_box{background-color:#ffffff;border-color:#cccccc;border-width:1px;border-style:solid;-moz-border-radius:4px;-webkit-border-radius:4px;border-radius:4px;width:100%;font-size:14px;padding:6px 10px;outline:none;}.frm_style_formidable-style.with_frm_style .frm_form_field.frm_total input,.frm_style_formidable-style.with_frm_style .frm_form_field.frm_total textarea{color:#555555;background-color:transparent;border:none;display:inline;width:auto;padding:0;}.frm_style_formidable-style.with_frm_style .frm_text_block input,.frm_style_formidable-style.with_frm_style .frm_text_block label.frm_primary_label{margin-left:-20px;}.frm_style_formidable-style.with_frm_style .frm_button{padding:6px 11px;-moz-border-radius:4px;-webkit-border-radius:4px;border-radius:4px;font-size:14px;font-family:"Lucida Grande","Lucida Sans Unicode",Tahoma,sans-serif;font-weight:normal;color:#444444;background:#ffffff;border-width:1px;border-color:#cccccc;height:#auto;}.frm_style_formidable-style.with_frm_style .frm_button .frm_icon_font:before{font-size:14px;}.frm_style_formidable-style.with_frm_style .chosen-container{font-size:14px;}.frm_style_formidable-style.with_frm_style .chosen-container-single .chosen-single{height:32px;line-height:1.3;}.frm_style_formidable-style.with_frm_style .chosen-container-single .chosen-single div{top:3px;}.frm_style_formidable-style.with_frm_style .chosen-container-single .chosen-search input[type="text"]{height:32px;}.frm_style_formidable-style.with_frm_style .chosen-container-multi .chosen-choices li.search-field input[type="text"]{height:15px;}@media only screen and (max-width: 600px){.frm_style_formidable-style.with_frm_style .frm_form_field.frm_half.frm_left_container input:not([type=radio]):not([type=checkbox]),.frm_style_formidable-style.with_frm_style .frm_form_field.frm_half.frm_left_container select,.frm_style_formidable-style.with_frm_style .frm_form_field.frm_half.frm_left_container textarea,.frm_style_formidable-style.with_frm_style .frm_form_field.frm_half.frm_left_container .frm_opt_container,.frm_style_formidable-style.with_frm_style .frm_form_field.frm_half.frm_left_container.g-recaptcha,.frm_style_formidable-style.with_frm_style .frm_form_field.frm_half.frm_right_container input:not([type=radio]):not([type=checkbox]),.frm_style_formidable-style.with_frm_style .frm_form_field.frm_half.frm_right_container select,.frm_style_formidable-style.with_frm_style .frm_form_field.frm_half.frm_right_container textarea,.frm_style_formidable-style.with_frm_style .frm_form_field.frm_half.frm_right_container .frm_opt_container,.frm_style_formidable-style.with_frm_style .frm_form_field.frm_half.frm_right_container.g-recaptcha{max-width:100%;}.frm_style_formidable-style.with_frm_style .frm_form_field.frm_left_half.frm_left_container .frm_primary_label,.frm_style_formidable-style.with_frm_style .frm_form_field.frm_right_half.frm_left_container .frm_primary_label,.frm_style_formidable-style.with_frm_style .frm_form_field.frm_first_half.frm_left_container .frm_primary_label,.frm_style_formidable-style.with_frm_style .frm_form_field.frm_last_half.frm_left_container .frm_primary_label,.frm_style_formidable-style.with_frm_style .frm_form_field.frm_half.frm_left_container .frm_primary_label,.frm_style_formidable-style.with_frm_style .frm_form_field.frm_left_half.frm_right_container .frm_primary_label,.frm_style_formidable-style.with_frm_style .frm_form_field.frm_right_half.frm_right_container .frm_primary_label,.frm_style_formidable-style.with_frm_style .frm_form_field.frm_first_half.frm_right_container .frm_primary_label,.frm_style_formidable-style.with_frm_style .frm_form_field.frm_last_half.frm_right_container .frm_primary_label,.frm_style_formidable-style.with_frm_style .frm_form_field.frm_half.frm_right_container .frm_primary_label{max-width:100%;margin-right:0;margin-left:0;padding-right:0;padding-left:0;width:100%;}.frm_style_formidable-style.with_frm_style .frm_repeat_inline,.frm_style_formidable-style.with_frm_style .frm_repeat_grid{margin: 20px 0;}.frm_style_formidable-style.with_frm_style .frm_form_field.frm_first_half.frm_right_container div.frm_description,.frm_style_formidable-style.with_frm_style .frm_form_field.frm_first_half.frm_right_container .frm_error,.frm_style_formidable-style.with_frm_style .frm_form_field.frm_first_half .frm_right_container div.frm_description,.frm_style_formidable-style.with_frm_style .frm_form_field.frm_first_half .frm_right_container .frm_error,.frm_style_formidable-style.with_frm_style .frm_form_field.frm_last_half.frm_right_container div.frm_description,.frm_style_formidable-style.with_frm_style .frm_form_field.frm_last_half.frm_right_container .frm_error,.frm_style_formidable-style.with_frm_style .frm_form_field.frm_half.frm_right_container div.frm_description,.frm_style_formidable-style.with_frm_style .frm_form_field.frm_half.frm_right_container .frm_error,.frm_style_formidable-style.with_frm_style .frm_form_field.frm_first_half.frm_left_container div.frm_description,.frm_style_formidable-style.with_frm_style .frm_form_field.frm_first_half.frm_left_container .frm_error,.frm_style_formidable-style.with_frm_style .frm_form_field.frm_first_half .frm_left_container div.frm_description,.frm_style_formidable-style.with_frm_style .frm_form_field.frm_first_half .frm_left_container .frm_error,.frm_style_formidable-style.with_frm_style .frm_form_field.frm_last_half.frm_left_container div.frm_description,.frm_style_formidable-style.with_frm_style .frm_form_field.frm_last_half.frm_left_container .frm_error,.frm_style_formidable-style.with_frm_style .frm_form_field.frm_half.frm_left_container div.frm_description,.frm_style_formidable-style.with_frm_style .frm_form_field.frm_half.frm_left_container .frm_error{margin-right:0;margin-left:0;padding-right:0;padding-left:0;}}@media only screen and (max-width: 500px) {.frm_style_formidable-style.with_frm_style .frm_form_field.frm_left_container input:not([type=radio]):not([type=checkbox]),.frm_style_formidable-style.with_frm_style .frm_form_field.frm_left_container select,.frm_style_formidable-style.with_frm_style .frm_form_field.frm_left_container textarea,.frm_style_formidable-style.with_frm_style .frm_form_field.frm_left_container:not(.frm_dynamic_select_container) .frm_opt_container,.frm_style_formidable-style.with_frm_style .frm_form_field.frm_left_container .g-recaptcha,.frm_style_formidable-style.with_frm_style .frm_form_field.frm_right_container input:not([type=radio]):not([type=checkbox]),.frm_style_formidable-style.with_frm_style .frm_form_field.frm_right_container select,.frm_style_formidable-style.with_frm_style .frm_form_field.frm_right_container textarea,.frm_style_formidable-style.with_frm_style .frm_form_field.frm_right_container:not(.frm_dynamic_select_container) .frm_opt_container,.frm_style_formidable-style.with_frm_style .frm_form_field.frm_right_container .g-recaptcha,.frm_style_formidable-style.with_frm_style .frm_left_container p.description,.frm_style_formidable-style.with_frm_style .frm_left_container div.description,.frm_style_formidable-style.with_frm_style .frm_left_container div.frm_description,.frm_style_formidable-style.with_frm_style .frm_left_container .frm_error,.frm_style_formidable-style.with_frm_style .frm_left_container .attachment-thumbnail,.frm_style_formidable-style.with_frm_style .frm_right_container p.description,.frm_style_formidable-style.with_frm_style .frm_right_container div.description,.frm_style_formidable-style.with_frm_style .frm_right_container div.frm_description,.frm_style_formidable-style.with_frm_style .frm_right_container .frm_error{max-width:100%;}.frm_style_formidable-style.with_frm_style .frm_left_container p.description,.frm_style_formidable-style.with_frm_style .frm_left_container div.description,.frm_style_formidable-style.with_frm_style .frm_left_container div.frm_description,.frm_style_formidable-style.with_frm_style .frm_left_container .frm_error,.frm_style_formidable-style.with_frm_style .frm_left_container .attachment-thumbnail,.frm_style_formidable-style.with_frm_style .frm_right_container p.description,.frm_style_formidable-style.with_frm_style .frm_right_container div.description,.frm_style_formidable-style.with_frm_style .frm_right_container div.frm_description,.frm_style_formidable-style.with_frm_style .frm_right_container .frm_error,.frm_style_formidable-style.with_frm_style .frm_left_container label.frm_primary_label,.frm_style_formidable-style.with_frm_style .frm_right_container label.frm_primary_label{width:100%;max-width:100%;margin-right:0px;margin-left:0px;padding-right:0px;padding-left:0px;}}.frm_ajax_loading{visibility:hidden;width:auto;}.frm_ajax_loading.frm_loading_now{visibility:visible !important;}.frm_form_submit_style{height:auto;}a.frm_save_draft{cursor:pointer;}.horizontal_radio .frm_radio{margin:0 5px 0 0;}.horizontal_radio .frm_checkbox{margin:0;margin-right:5px;}.vertical_radio .frm_checkbox,.vertical_radio .frm_radio,.vertical_radio .frm_catlevel_1{display:block;}.horizontal_radio .frm_checkbox,.horizontal_radio .frm_radio,.horizontal_radio .frm_catlevel_1{display:inline-block;}.with_frm_style .frm_radio label .frm_file_container,.with_frm_style .frm_checkbox label .frm_file_container{display:inline-block;margin:5px;vertical-align:middle;}.with_frm_style .frm_radio input[type=radio]{border-radius:10px;-webkit-appearance:radio;}.with_frm_style .frm_checkbox input[type=checkbox]{border-radius:0;-webkit-appearance:checkbox;}.with_frm_style .frm_radio input[type=radio],.with_frm_style .frm_checkbox input[type=checkbox]{margin-right:5px;width:auto;border:none;}.with_frm_style :invalid,.with_frm_style :-moz-submit-invalid,.with_frm_style :-moz-ui-invalid{box-shadow:none;}.with_frm_style .frm_error_style img{padding-right:10px;vertical-align:middle;border:none;}.with_frm_style .frm_trigger{cursor:pointer;}.with_frm_style .frm_error_style,.with_frm_style .frm_message,.frm_success_style{-moz-border-radius:4px;-webkit-border-radius:4px;border-radius:4px;padding:15px;}.with_frm_style .frm_message p{margin-bottom:5px;}.frm_form_fields_style,.frm_form_fields_active_style,.frm_form_fields_error_style,.frm_form_submit_style{width:auto;}.with_frm_style .frm_trigger span{float:left;}.with_frm_style table.frm-grid,#content .with_frm_style table.frm-grid{border-collapse:collapse;border:none;}.frm-grid td,.frm-grid th{padding:5px;border-width:1px;border-style:solid;border-color:#cccccc;border-top:none;border-left:none;border-right:none;}table.form_results.with_frm_style{border:1px solid #ccc;}table.form_results.with_frm_style tr td{text-align:left;color:#555555;padding:7px 9px;border-top:1px solid #cccccc;}table.form_results.with_frm_style tr.frm_even,.frm-grid .frm_even{background-color:#fff;}table.form_results.with_frm_style tr.frm_odd,.frm-grid .frm_odd{background-color:#ffffff;}.with_frm_style .frm_uploaded_files{padding:5px 0;}.with_frm_style .frm_file_names{display:block;}.frm_collapse .ui-icon{display:inline-block;}.frm_toggle_container{border:1px solid transparent;}.frm_toggle_container ul{margin:5px 0;padding-left:0;list-style-type:none;}.frm_toggle_container .frm_month_heading{text-indent:15px;}.frm_toggle_container .frm_month_listing{margin-left:40px;}#frm_loading{display:none;position:fixed;top:0;left:0;width:100%;height:100%;z-index:99999;}#frm_loading h3{font-weight:500;padding-bottom:15px;color:#fff;font-size:24px;}#frm_loading_content{position:fixed;top:20%;left:33%;width:33%;text-align:center;padding-top:30px;font-weight:bold;z-index:9999999;}#frm_loading img{max-width:100%;}#frm_loading .progress{border-radius:4px;box-shadow:0 1px 2px rgba(0, 0, 0, 0.1) inset;height:20px;margin-bottom:20px;overflow:hidden;}#frm_loading .progress.active .progress-bar{animation:2s linear 0s normal none infinite progress-bar-stripes;}#frm_loading .progress-striped .progress-bar{background-image:linear-gradient(45deg, #cccccc 25%, rgba(0, 0, 0, 0) 25%, rgba(0, 0, 0, 0) 50%, #cccccc 50%, #cccccc 75%, rgba(0, 0, 0, 0) 75%, rgba(0, 0, 0, 0));background-size:40px 40px;}#frm_loading .progress-bar{background-color:#ffffff;box-shadow:0 -1px 0 rgba(0, 0, 0, 0.15) inset;float:left;height:100%;line-height:20px;text-align:center;transition:width 0.6s ease 0s;width:100%;}.frm_pagination_cont ul.frm_pagination{display:inline-block;list-style:none;margin-left:0 !important;}.frm_pagination_cont ul.frm_pagination > li{display:inline;list-style:none;margin:2px;background-image:none;}ul.frm_pagination > li.active a{text-decoration:none;}.frm_pagination_cont ul.frm_pagination > li:first-child{margin-left:0;}.archive-pagination.frm_pagination_cont ul.frm_pagination > li{margin:0;}.frmcal{padding-top:30px;}.frmcal-title{font-size:116%;}.frmcal table.frmcal-calendar{border-collapse:collapse;margin-top:20px;color:#555555;}.frmcal table.frmcal-calendar,.frmcal table.frmcal-calendar tbody tr td{border:1px solid #cccccc;}.frmcal table.frmcal-calendar,.frmcal,.frmcal-header{width:100%;}.frmcal-header{text-align:center;}.frmcal-prev{margin-right:10px;}.frmcal-prev,.frmcal-dropdown{float:left;}.frmcal-dropdown{margin-left:5px;}.frmcal-next{float:right;}.frmcal table.frmcal-calendar thead tr th{text-align:center;padding:2px 4px;}.frmcal table.frmcal-calendar tbody tr td{height:110px;width:14.28%;vertical-align:top;padding:0 !important;color:#555555;font-size:12px;}table.frmcal-calendar .frmcal_date{background-color:#ffffff;padding:0 5px;text-align:right;-moz-box-shadow:0 2px 5px #cccccc;-webkit-box-shadow:0 2px 5px #cccccc;box-shadow:0 2px 5px #cccccc;-ms-filter:"progid:DXImageTransform.Microsoft.Shadow(Strength=4, Direction=180, Color=''#cccccc'')";filter:progid:DXImageTransform.Microsoft.Shadow(Strength=4, Direction=180, Color=''#cccccc'');}table.frmcal-calendar .frmcal-today .frmcal_date{background-color:#ffffff;padding:0 5px;text-align:right;-moz-box-shadow:0 2px 5px #66afe9;-webkit-box-shadow:0 2px 5px #66afe9;box-shadow:0 2px 5px #66afe9;-ms-filter:"progid:DXImageTransform.Microsoft.Shadow(Strength=4, Direction=180, Color=''#66afe9'')";filter:progid:DXImageTransform.Microsoft.Shadow(Strength=4, Direction=180, Color=''#66afe9'');}.frmcal_num{display:inline;}.frmcal-content{padding:2px 4px;}.frm_image_from_url{height:50px;}.frm-loading-img{background:url(//asiacentre.co.th/wp-content/plugins/formidable/images/ajax_loader.gif) no-repeat center center;padding:6px 12px;}#ui-datepicker-div{display:none;z-index:999999 !important;}.frm_form_fields div.rating-cancel{display:none !important;}.frm_form_fields div.rating-cancel,.frm_form_fields div.star-rating{float:left;width:17px;height:17px;font-size:16px;line-height:normal;cursor:pointer;display:block;background:transparent;overflow:hidden;}.frm_form_fields div.rating-cancel a:before{font:16px/1 ''dashicons'';content:''\\f460'';color:#CDCDCD;}.frm_form_fields div.star-rating:before,.frm_form_fields div.star-rating a:before{font:16px/1 ''dashicons'';content:''\\f154'';color:#F0AD4E;}.frm_form_fields div.rating-cancel a,.frm_form_fields div.star-rating a{display:block;width:16px;height:100%;border:0;}.frm_form_fields div.star-rating-on:before,.frm_form_fields div.star-rating-on a:before{content:''\\f155'';}.frm_form_fields div.star-rating-hover:before,.frm_form_fields div.star-rating-hover a:before{content:''\\f155'';}.frm_form_fields div.frm_half_star:before,.frm_form_fields div.frm_half_star a:before{content:''\\f459'';}.frm_form_fields div.rating-cancel.star-rating-hover a:before{color:#B63E3F;}.frm_form_fields div.star-rating-readonly,.frm_form_fields div.star-rating-readonly a{cursor:default !important;}.frm_form_fields div.star-rating{overflow:hidden!important;}.with_frm_style .frm_form_field{clear:both;}.frm_form_field.frm_right_half,.frm_form_field.frm_right_third,.frm_form_field.frm_right_two_thirds,.frm_form_field.frm_right_fourth,.frm_form_field.frm_right_fifth,.frm_form_field.frm_right_inline,.frm_form_field.frm_last_half,.frm_form_field.frm_last_third,.frm_form_field.frm_last_two_thirds,.frm_form_field.frm_last_fourth,.frm_form_field.frm_last_fifth,.frm_form_field.frm_last_sixth,.frm_form_field.frm_last_seventh,.frm_form_field.frm_last_eighth,.frm_form_field.frm_last_inline,.frm_form_field.frm_last,.frm_form_field.frm_half,.frm_submit.frm_half,.frm_form_field.frm_third,.frm_submit.frm_third,.frm_form_field.frm_two_thirds,.frm_form_field.frm_fourth,.frm_submit.frm_fourth,.frm_form_field.frm_three_fourths,.frm_form_field.frm_fifth,.frm_submit.frm_fifth,.frm_form_field.frm_two_fifths,.frm_form_field.frm_three_fifths,.frm_form_field.frm_four_fifths,.frm_form_field.frm_sixth,.frm_submit.frm_sixth,.frm_form_field.frm_seventh,.frm_submit.frm_seventh,.frm_form_field.frm_eighth,.frm_submit.frm_eighth,.frm_form_field.frm_inline,.frm_submit.frm_inline{clear:none;float:left;margin-left:2.5%;}.frm_form_field.frm_left_half,.frm_form_field.frm_left_third,.frm_form_field.frm_left_two_thirds,.frm_form_field.frm_left_fourth,.frm_form_field.frm_left_fifth,.frm_form_field.frm_left_inline,.frm_form_field.frm_first_half,.frm_form_field.frm_first_third,.frm_form_field.frm_first_two_thirds,.frm_form_field.frm_first_fourth,.frm_form_field.frm_first_fifth,.frm_form_field.frm_first_sixth,.frm_form_field.frm_first_seventh,.frm_form_field.frm_first_eighth,.frm_form_field.frm_first_inline,.frm_form_field.frm_first{clear:left;float:left;margin-left:0;}.frm_form_field.frm_alignright{float:right !important;}.frm_form_field.frm_left_half,.frm_form_field.frm_right_half,.frm_form_field.frm_first_half,.frm_form_field.frm_last_half,.frm_form_field.frm_half,.frm_submit.frm_half{width:48.75%;}.frm_form_field.frm_left_third,.frm_form_field.frm_third,.frm_submit.frm_third,.frm_form_field.frm_right_third,.frm_form_field.frm_first_third,.frm_form_field.frm_last_third{width:31.66%;}.frm_form_field.frm_left_two_thirds,.frm_form_field.frm_right_two_thirds,.frm_form_field.frm_first_two_thirds,.frm_form_field.frm_last_two_thirds,.frm_form_field.frm_two_thirds{width:65.82%;}.frm_form_field.frm_left_fourth,.frm_form_field.frm_fourth,.frm_submit.frm_fourth,.frm_form_field.frm_right_fourth,.frm_form_field.frm_first_fourth,.frm_form_field.frm_last_fourth{width:23.12%;}.frm_form_field.frm_three_fourths{width:74.36%;}.frm_form_field.frm_left_fifth,.frm_form_field.frm_fifth,.frm_submit.frm_fifth,.frm_form_field.frm_right_fifth,.frm_form_field.frm_first_fifth,.frm_form_field.frm_last_fifth{width:18%;}.frm_form_field.frm_two_fifths {width:38.5%;}.frm_form_field.frm_three_fifths {width:59%;}.frm_form_field.frm_four_fifths {width:79.5%;}.frm_form_field.frm_sixth,.frm_submit.frm_sixth,.frm_form_field.frm_first_sixth,.frm_form_field.frm_last_sixth{width:14.58%;}.frm_form_field.frm_seventh,.frm_submit.frm_seventh,.frm_form_field.frm_first_seventh,.frm_form_field.frm_last_seventh{width:12.14%;}.frm_form_field.frm_eighth,.frm_submit.frm_eighth,.frm_form_field.frm_first_eighth,.frm_form_field.frm_last_eighth{width:10.31%;}.frm_form_field.frm_left_inline,.frm_form_field.frm_first_inline,.frm_form_field.frm_inline,.frm_submit.frm_inline,.frm_form_field.frm_right_inline,.frm_form_field.frm_last_inline{width:auto;}.with_frm_style .frm_form_field.frm_first_half.frm_right_container div.frm_description,.with_frm_style .frm_form_field.frm_first_half.frm_right_container .frm_error,.with_frm_style .frm_form_field.frm_first_half .frm_right_container div.frm_description,.with_frm_style .frm_form_field.frm_first_half .frm_right_container .frm_error,.with_frm_style .frm_form_field.frm_last_half.frm_right_container div.frm_description,.with_frm_style .frm_form_field.frm_last_half.frm_right_container .frm_error,.with_frm_style .frm_form_field.frm_half.frm_right_container div.frm_description,.with_frm_style .frm_form_field.frm_half.frm_right_container .frm_error{margin-right:33%;padding-right:12px;}.with_frm_style .frm_form_field.frm_first_half.frm_left_container div.frm_description,.with_frm_style .frm_form_field.frm_first_half.frm_left_container .frm_error,.with_frm_style .frm_form_field.frm_first_half .frm_left_container div.frm_description,.with_frm_style .frm_form_field.frm_first_half .frm_left_container .frm_error,.with_frm_style .frm_form_field.frm_last_half.frm_left_container div.frm_description,.with_frm_style .frm_form_field.frm_last_half.frm_left_container .frm_error,.with_frm_style .frm_form_field.frm_half.frm_left_container div.frm_description,.with_frm_style .frm_form_field.frm_half.frm_left_container .frm_error{margin-left:33%;padding-left:12px;}.frm_full,.frm_full .wp-editor-wrap,.frm_full input:not([type=''checkbox'']):not([type=''radio'']):not([type=''button'']),.frm_full select,.frm_full textarea{width:100% !important;}.frm_full .wp-editor-wrap input{width:auto !important;}.frm_form_field.frm_left_container label.frm_primary_label{float:left;display:inline;max-width:33%;margin-right:10px;}.frm_form_field.frm_left_container input:not([type=radio]):not([type=checkbox]),.frm_form_field.frm_left_container select,.frm_form_field.frm_left_container textarea,.frm_form_field.frm_left_container:not(.frm_dynamic_select_container) .frm_opt_container,.frm_form_field.frm_left_container .g-recaptcha,.frm_form_field.frm_right_container input:not([type=radio]):not([type=checkbox]),.frm_form_field.frm_right_container select,.frm_form_field.frm_right_container textarea,.frm_form_field.frm_right_container:not(.frm_dynamic_select_container) .frm_opt_container,.frm_form_field.frm_right_container .g-recaptcha{max-width:62%;}.frm_form_field.frm_left_container:not(.frm_dynamic_select_container) .frm_opt_container,.frm_form_field.frm_right_container:not(.frm_dynamic_select_container) .frm_opt_container,.frm_form_field.frm_left_container .g-recaptcha,.frm_form_field.frm_right_container .g-recaptcha{display:inline-block;}.frm_left_container p.description,.frm_left_container div.description,.frm_left_container div.frm_description,.frm_left_container .frm_error{margin-left:33%;max-width:62%;}.frm_form_field.frm_left_half.frm_left_container .frm_primary_label,.frm_form_field.frm_right_half.frm_left_container .frm_primary_label,.frm_form_field.frm_left_half.frm_right_container .frm_primary_label,.frm_form_field.frm_right_half.frm_right_container .frm_primary_label,.frm_form_field.frm_first_half.frm_left_container .frm_primary_label,.frm_form_field.frm_last_half.frm_left_container .frm_primary_label,.frm_form_field.frm_first_half.frm_right_container .frm_primary_label,.frm_form_field.frm_last_half.frm_right_container .frm_primary_label,.frm_form_field.frm_half.frm_right_container .frm_primary_label,.frm_form_field.frm_half.frm_left_container .frm_primary_label{-webkit-box-sizing:border-box;-moz-box-sizing:border-box;box-sizing:border-box;max-width:33%;}.wp-editor-wrap *,.wp-editor-wrap *:after,.wp-editor-wrap *:before{-webkit-box-sizing:content-box;-moz-box-sizing:content-box;box-sizing:content-box;}.with_frm_style .frm_grid,.with_frm_style .frm_grid_first,.with_frm_style .frm_grid_odd{clear:both;margin-bottom:0 !important;padding:5px;border-width:1px;border-style:solid;border-color:#cccccc;border-left:none;border-right:none;}.with_frm_style .frm_grid,.with_frm_style .frm_grid_odd{border-top:none;}.frm_grid .frm_error,.frm_grid_first .frm_error,.frm_grid_odd .frm_error{display:none;}.frm_grid:after,.frm_grid_first:after,.frm_grid_odd:after{visibility:hidden;display:block;font-size:0;content:" ";clear:both;height:0;}.frm_grid_first{margin-top:20px;}.frm_grid_first,.frm_grid_odd{background-color:#ffffff;}.frm_grid{background-color:#ffffff;}.frm_grid .frm_primary_label,.frm_grid_first .frm_primary_label,.frm_grid_odd .frm_primary_label,.frm_grid .frm_radio,.frm_grid_first .frm_radio,.frm_grid_odd .frm_radio,.frm_grid .frm_checkbox,.frm_grid_first .frm_checkbox,.frm_grid_odd .frm_checkbox{float:left !important;display:block;margin-top:0;margin-left:0 !important;}.frm_grid_first .frm_radio label,.frm_grid .frm_radio label,.frm_grid_odd .frm_radio label,.frm_grid_first .frm_checkbox label,.frm_grid .frm_checkbox label,.frm_grid_odd .frm_checkbox label{visibility:hidden;white-space:nowrap;text-align:left;}.frm_grid_first .frm_radio label input,.frm_grid .frm_radio label input,.frm_grid_odd .frm_radio label input,.frm_grid_first .frm_checkbox label input,.frm_grid .frm_checkbox label input,.frm_grid_odd .frm_checkbox label input{visibility:visible;margin:2px 0 0;float:right;}.frm_grid .frm_radio,.frm_grid_first .frm_radio,.frm_grid_odd .frm_radio,.frm_grid .frm_checkbox,.frm_grid_first .frm_checkbox,.frm_grid_odd .frm_checkbox{display:inline;}.frm_grid_2 .frm_radio,.frm_grid_2 .frm_checkbox,.frm_grid_2 label.frm_primary_label{width:48% !important;}.frm_grid_2 .frm_radio,.frm_grid_2 .frm_checkbox{margin-right:4%;}.frm_grid_3 .frm_radio,.frm_grid_3 .frm_checkbox,.frm_grid_3 label.frm_primary_label{width:30% !important;}.frm_grid_3 .frm_radio,.frm_grid_3 .frm_checkbox{margin-right:3%;}.frm_grid_4 .frm_radio,.frm_grid_4 .frm_checkbox{width:20% !important;}.frm_grid_4 label.frm_primary_label{width:28% !important;}.frm_grid_4 .frm_radio,.frm_grid_4 .frm_checkbox{margin-right:4%;}.frm_grid_5 label.frm_primary_label,.frm_grid_7 label.frm_primary_label{width:24% !important;}.frm_grid_5 .frm_radio,.frm_grid_5 .frm_checkbox{width:17% !important;margin-right:2%;}.frm_grid_6 label.frm_primary_label{width:25% !important;}.frm_grid_6 .frm_radio,.frm_grid_6 .frm_checkbox{width:14% !important;margin-right:1%;}.frm_grid_7 label.frm_primary_label{width:22% !important;}.frm_grid_7 .frm_radio,.frm_grid_7 .frm_checkbox{width:12% !important;margin-right:1%;}.frm_grid_8 label.frm_primary_label{width:23% !important;}.frm_grid_8 .frm_radio,.frm_grid_8 .frm_checkbox{width:10% !important;margin-right:1%;}.frm_grid_9 label.frm_primary_label{width:20% !important;}.frm_grid_9 .frm_radio,.frm_grid_9 .frm_checkbox{width:9% !important;margin-right:1%;}.frm_grid_10 label.frm_primary_label{width:19% !important;}.frm_grid_10 .frm_radio,.frm_grid_10 .frm_checkbox{width:8% !important;margin-right:1%;}.with_frm_style .frm_inline_container.frm_grid_first label.frm_primary_label,.with_frm_style .frm_inline_container.frm_grid label.frm_primary_label,.with_frm_style .frm_inline_container.frm_grid_odd label.frm_primary_label,.with_frm_style .frm_inline_container.frm_grid_first .frm_opt_container,.with_frm_style .frm_inline_container.frm_grid .frm_opt_container,.with_frm_style .frm_inline_container.frm_grid_odd .frm_opt_container{margin-right:0;}.with_frm_style .frm_inline_container.frm_scale_container label.frm_primary_label{float:left;}.with_frm_style .frm_other_input.frm_other_full{margin-top:10px;}.with_frm_style .frm_repeat_sec{margin-bottom:20px;margin-top:20px;}.with_frm_style .frm_repeat_inline{clear:both;}.frm_form_field .frm_repeat_sec .frm_add_form_row{opacity:0;display:none;*display:inline;display:inline\\0/; -moz-transition: opacity .15s ease-in-out;-webkit-transition: opacity .15s ease-in-out;transition: opacity .15s ease-in-out;pointer-events:none;}.frm_section_heading div.frm_repeat_sec:last-child .frm_add_form_row{opacity:100;display:inline;pointer-events:auto;}.frm_form_field .frm_repeat_grid .frm_form_field label.frm_primary_label{display:none !important;}.frm_form_field .frm_repeat_grid.frm_first_repeat .frm_form_field label.frm_primary_label{display:inherit !important;}.frm_form_field.frm_two_col .frm_radio,.frm_form_field.frm_three_col .frm_radio,.frm_form_field.frm_four_col .frm_radio,.frm_form_field.frm_two_col .frm_checkbox,.frm_form_field.frm_three_col .frm_checkbox,.frm_form_field.frm_four_col .frm_checkbox{float:left;}.frm_form_field.frm_two_col .frm_radio,.frm_form_field.frm_two_col .frm_checkbox{width:48%;margin-right:4%;}.frm_form_field.frm_three_col .frm_radio,.frm_form_field.frm_three_col .frm_checkbox{width:30%;margin-right:5%;}.frm_form_field.frm_four_col .frm_radio,.frm_form_field.frm_four_col .frm_checkbox{width:22%;margin-right:4%;}.frm_form_field.frm_two_col .frm_radio:nth-child(2n+2),.frm_form_field.frm_two_col .frm_checkbox:nth-child(2n+2),.frm_form_field.frm_three_col .frm_radio:nth-child(3n+3),.frm_form_field.frm_three_col .frm_checkbox:nth-child(3n+3),.frm_form_field.frm_four_col .frm_radio:nth-child(4n+4),.frm_form_field.frm_four_col .frm_checkbox:nth-child(4n+4){margin-right:0;}.frm_form_field.frm_scroll_box .frm_opt_container{height:100px;overflow:auto;}.frm_form_field.frm_html_scroll_box{height:100px;overflow:auto;background-color:#ffffff;border-color:#cccccc;border-width:1px;border-style:solid;-moz-border-radius:4px;-webkit-border-radius:4px;border-radius:4px;width:100%;max-width:100%;font-size:14px;padding:6px 10px;-webkit-box-sizing:border-box;-moz-box-sizing:border-box;box-sizing:border-box;outline:none;font-weight:normal;box-shadow:0 1px 1px rgba(0, 0, 0, 0.075) inset;}.frm_form_field.frm_two_col .frm_opt_container:after,.frm_form_field.frm_three_col .frm_opt_container:after,.frm_form_field.frm_four_col .frm_opt_container:after{content:".";display:block;clear:both;visibility:hidden;line-height:0;height:0;}.frm_form_field.frm_total input,.frm_form_field.frm_total textarea{opacity:1;background-color:transparent !important;border:none !important;font-weight:bold;-moz-box-shadow:none;-webkit-box-shadow:none;box-shadow:none !important;display:inline;width:auto !important;-moz-appearance:textfield;padding:0;}.frm_form_field.frm_total input::-webkit-outer-spin-button,.frm_form_field.frm_total input::-webkit-inner-spin-button {-webkit-appearance: none;}.frm_form_field.frm_total input:focus,.frm_form_field.frm_total textarea:focus{background-color:transparent;border:none;-moz-box-shadow:none;-webkit-box-shadow:none;box-shadow:none;}.frm_text_block{margin-left:20px;}.frm_text_block input,.frm_text_block label.frm_primary_label{margin-left:-20px;}.frm_text_block .frm_checkbox input[type=checkbox],.frm_text_block .frm_radio input[type=radio]{margin-right:4px;}.frm_form_field.frm_capitalize input,.frm_form_field.frm_capitalize select,.frm_form_field.frm_capitalize .frm_opt_container label{text-transform:capitalize;}.frm_clearfix:after{content:".";display:block;clear:both;visibility:hidden;line-height:0;height:0;}.frm_clearfix{display:inline-block;}html[xmlns] .frm_clearfix{display:block;}* html .frm_clearfix{height:1%;}.with_frm_style.frm_login_form,.with_frm_style.frm_login_form form{clear:both;}.with_frm_style.frm_login_form.frm_inline_login .login-remember input{vertical-align:baseline;}.with_frm_style.frm_login_form.frm_inline_login .login-submit{float:left;}.with_frm_style.frm_login_form.frm_inline_login label{display:inline;}.with_frm_style.frm_login_form.frm_inline_login .login-username,.with_frm_style.frm_login_form.frm_inline_login .login-password,.with_frm_style.frm_login_form.frm_inline_login .login-remember{float:left;margin-right:5px;}.with_frm_style.frm_login_form.frm_inline_login form{position:relative;clear:none;}.with_frm_style.frm_login_form.frm_inline_login .login-remember{position:absolute;top:35px;}.with_frm_style.frm_login_form.frm_inline_login input[type=submit]{margin:0 !important;}.with_frm_style.frm_login_form.frm_no_labels .login-username label,.with_frm_style.frm_login_form.frm_no_labels .login-password label{display:none;}.with_frm_style .frm-open-login{float:left;margin-right:15px;}.with_frm_style .frm-open-login a{text-decoration:none;border:none;outline:none;}.with_frm_style.frm_slide.frm_login_form form{display:none;}.with_frm_style .chosen-container{font-size:14px;position:relative;display:inline-block;zoom:1;vertical-align:middle;-webkit-user-select:none;-moz-user-select:none;user-select:none;*display:inline;}.with_frm_style .chosen-container .chosen-drop{background:#fff;border:1px solid #aaa;border-top:0;position:absolute;top:100%;left:-9999px;box-shadow:0 4px 5px rgba(0,0,0,.15);z-index:1010;-webkit-box-sizing:border-box;-moz-box-sizing:border-box;box-sizing:border-box;width:100%;}.with_frm_style .chosen-container.chosen-with-drop .chosen-drop{left:0;}.with_frm_style .chosen-container a{cursor:pointer;}.with_frm_style .chosen-container-single .chosen-single{position:relative;display:block;overflow:hidden;padding:0 0 0 8px;height:25px;background:-webkit-gradient(linear, 50% 0%, 50% 100%, color-stop(20%, #ffffff), color-stop(50%, #f6f6f6), color-stop(52%, #eeeeee), color-stop(100%, #f4f4f4));background:-webkit-linear-gradient(top, #ffffff 20%, #f6f6f6 50%, #eeeeee 52%, #f4f4f4 100%);background:-moz-linear-gradient(top, #ffffff 20%, #f6f6f6 50%, #eeeeee 52%, #f4f4f4 100%);background:-o-linear-gradient(top, #ffffff 20%, #f6f6f6 50%, #eeeeee 52%, #f4f4f4 100%);background:linear-gradient(top, #ffffff 20%, #f6f6f6 50%, #eeeeee 52%, #f4f4f4 100%);background-clip:padding-box;box-shadow:0 0 3px white inset, 0 1px 1px rgba(0, 0, 0, 0.1);text-decoration:none;white-space:nowrap;line-height:24px;}.with_frm_style .chosen-container-single .chosen-single span{margin-right:26px;display:block;overflow:hidden;white-space:nowrap;text-overflow:ellipsis;}.with_frm_style .chosen-container-single .chosen-single-with-deselect span{margin-right:38px;}.with_frm_style .chosen-container-single .chosen-single abbr{display:block;position:absolute;right:26px;top:6px;width:12px;height:12px;font-size:1px;background:url(''//asiacentre.co.th/wp-content/plugins/formidable/pro/images/chosen-sprite.png'') -42px 1px no-repeat;}.with_frm_style .chosen-container-single .chosen-single abbr:hover{background-position:-42px -10px;}.with_frm_style .chosen-container-single.chosen-disabled .chosen-single abbr:hover{background-position:-42px -10px;}.with_frm_style .chosen-container-single .chosen-single div{position:absolute;right:0;top:0;display:block;height:100%;width:18px;}.with_frm_style .chosen-container-single .chosen-single div b{background:url(''//asiacentre.co.th/wp-content/plugins/formidable/pro/images/chosen-sprite.png'') no-repeat 0px 2px;display:block;width:100%;height:100%;}.with_frm_style .chosen-container-single .chosen-search{padding:3px 4px;position:relative;margin:0;white-space:nowrap;z-index:1010;}.with_frm_style .chosen-container-single .chosen-search input[type="text"]{-webkit-box-sizing:border-box;-moz-box-sizing:border-box;box-sizing:border-box;width:100%;height:auto;background:white url(''//asiacentre.co.th/wp-content/plugins/formidable/pro/images/chosen-sprite.png'') no-repeat 100% -20px;background:url(''//asiacentre.co.th/wp-content/plugins/formidable/pro/images/chosen-sprite.png'') no-repeat 100% -20px;font-size:1em;font-family:sans-serif;line-height:normal;border-radius:0;}.with_frm_style .chosen-container-single .chosen-drop{margin-top:-1px;border-radius:0 0 4px 4px;background-clip:padding-box;}.with_frm_style .chosen-container-single.chosen-container-single-nosearch .chosen-search{position:absolute;left:-9999px;}.with_frm_style .chosen-container .chosen-results{cursor:text;overflow-x:hidden;overflow-y:auto;position:relative;margin:0 4px 4px 0;padding:0 0 0 4px;max-height:240px;word-wrap:break-word;-webkit-overflow-scrolling:touch;}.with_frm_style .chosen-container .chosen-results li:before{background:none;}.with_frm_style .chosen-container .chosen-results li{display:none;margin:0;padding:5px 6px;list-style:none;line-height:15px;-webkit-touch-callout:none;}.with_frm_style .chosen-container .chosen-results li.active-result{display:list-item;cursor:pointer;}.with_frm_style .chosen-container .chosen-results li.disabled-result{display:list-item;color:#ccc;cursor:default;}.with_frm_style .chosen-container .chosen-results li.highlighted{background-color:#3875d7;color:#fff;}.with_frm_style .chosen-container .chosen-results li.no-results{display:list-item;background:#f4f4f4;}.with_frm_style .chosen-container .chosen-results li.group-result{display:list-item;font-weight:bold;cursor:default;}.with_frm_style .chosen-container .chosen-results li.group-option{padding-left:15px;}.with_frm_style .chosen-container .chosen-results li em{font-style:normal;text-decoration:underline;}.with_frm_style .chosen-container-multi .chosen-choices{position:relative;overflow:hidden;-webkit-box-sizing:border-box;-moz-box-sizing:border-box;box-sizing:border-box;margin:0;padding:0 5px;width:100%;height:auto !important;height:1%;cursor:text;}.with_frm_style .chosen-container-multi .chosen-choices li{float:left;list-style:none;}.with_frm_style .chosen-container-multi .chosen-choices li.search-field{margin:0;padding:0;white-space:nowrap;}.with_frm_style .chosen-container-multi .chosen-choices li.search-field input[type="text"]{margin:1px 0;padding:0;height:25px;outline:0;border:0 !important;background:transparent !important;box-shadow:none;color:#666;font-size:100%;font-family:sans-serif;line-height:normal;border-radius:0;}.with_frm_style .chosen-container-multi .chosen-choices li.search-choice{position:relative;margin:3px 5px 3px 0;padding:3px 20px 3px 5px;border:1px solid #aaa;max-width:100%;border-radius:3px;background-color:#eee;background-size:100% 19px;background-repeat:repeat-x;background-clip:padding-box;box-shadow:0 0 2px white inset, 0 1px 0 rgba(0, 0, 0, 0.05);color:#333;line-height:13px;cursor:default;}.with_frm_style .chosen-container-multi .chosen-choices li.search-choice .search-choice-close{position:absolute;top:4px;right:3px;display:block;width:12px;height:12px;background:url(''//asiacentre.co.th/wp-content/plugins/formidable/pro/images/chosen-sprite.png'') -42px 1px no-repeat;font-size:1px;}.with_frm_style .chosen-container-multi .chosen-choices li.search-choice .search-choice-close:hover{background-position:-42px -10px;}.with_frm_style .chosen-container-multi .chosen-choices li.search-choice-disabled{padding-right:5px;border:1px solid #ccc;background-color:#e4e4e4;color:#666;}.with_frm_style .chosen-container-multi .chosen-choices li.search-choice-focus{background:#d4d4d4;}.with_frm_style .chosen-container-multi .chosen-choices li.search-choice-focus .search-choice-close{background-position:-42px -10px;}.with_frm_style .chosen-container-multi .chosen-results{margin:0;padding:0;}.with_frm_style .chosen-container-multi .chosen-drop .result-selected{display:list-item;color:#ccc;cursor:default;}.with_frm_style .chosen-container-active .chosen-single{border:1px solid #5897fb;box-shadow:0 0 5px rgba(0, 0, 0, 0.3);}.with_frm_style .chosen-container-active.chosen-with-drop .chosen-single{border:1px solid #aaa;-moz-border-radius-bottomright:0;border-bottom-right-radius:0;-moz-border-radius-bottomleft:0;border-bottom-left-radius:0;box-shadow:0 1px 0 #fff inset;}.with_frm_style .chosen-container-active.chosen-with-drop .chosen-single div{border-left:none;background:transparent;}.with_frm_style .chosen-container-active.chosen-with-drop .chosen-single div b{background-position:-18px 2px;}.with_frm_style .chosen-container-active .chosen-choices li.search-field input[type="text"]{color:#111 !important;}.with_frm_style .chosen-disabled{opacity:0.5 !important;cursor:default;}.with_frm_style .chosen-disabled .chosen-single{cursor:default;}.with_frm_style .chosen-disabled .chosen-choices .search-choice .search-choice-close{cursor:default;}.with_frm_style .chosen-rtl{text-align:right;}.with_frm_style .chosen-rtl .chosen-single{overflow:visible;padding:0 8px 0 0;}.with_frm_style .chosen-rtl .chosen-single span{margin-right:0;margin-left:26px;direction:rtl;}.with_frm_style .chosen-rtl .chosen-single-with-deselect span{margin-left:38px;}.with_frm_style .chosen-rtl .chosen-single div{right:auto;left:3px;}.with_frm_style .chosen-rtl .chosen-single abbr{right:auto;left:26px;}.with_frm_style .chosen-rtl .chosen-choices li{float:right;}.with_frm_style .chosen-rtl .chosen-choices li.search-field input[type="text"]{direction:rtl;}.with_frm_style .chosen-rtl .chosen-choices li.search-choice{margin:3px 5px 3px 0;padding:3px 5px 3px 19px;}.with_frm_style .chosen-rtl .chosen-choices li.search-choice .search-choice-close{right:auto;left:4px;}.with_frm_style .chosen-rtl.chosen-container-single-nosearch .chosen-search, .with_frm_style .chosen-rtl .chosen-drop{left:9999px;}.with_frm_style .chosen-rtl.chosen-container-single .chosen-results{margin:0 0 4px 4px;padding:0 4px 0 0;}.with_frm_style .chosen-rtl .chosen-results li.group-option{padding-right:15px;padding-left:0;}.with_frm_style .chosen-rtl.chosen-container-active.chosen-with-drop .chosen-single div{border-right:none;}.with_frm_style .chosen-rtl .chosen-search input[type="text"]{padding:4px 5px 4px 20px;background:white url(''//asiacentre.co.th/wp-content/plugins/formidable/pro/images/chosen-sprite.png'') no-repeat -30px -20px;background:url(''//asiacentre.co.th/wp-content/plugins/formidable/pro/images/chosen-sprite.png'') no-repeat -30px -20px;direction:rtl;}.with_frm_style .chosen-rtl.chosen-container-single .chosen-single div b{background-position:6px 2px;}.with_frm_style .chosen-rtl.chosen-container-single.chosen-with-drop .chosen-single div b{background-position:-12px 2px;}@font-face {font-family:''s11-fp'';src:url(''//asiacentre.co.th/wp-content/plugins/formidable/fonts/s11-fp.eot'');src:local(''☺''), url(''//asiacentre.co.th/wp-content/plugins/formidable/fonts/s11-fp.woff'') format(''woff''), url(''//asiacentre.co.th/wp-content/plugins/formidable/fonts/s11-fp.ttf'') format(''truetype''), url(''//asiacentre.co.th/wp-content/plugins/formidable/fonts/s11-fp.svg'') format(''svg'');font-weight:normal;font-style:normal;}.frm_icon_font,.frm_dashicon_font{text-decoration:none;text-shadow: none;font-weight:normal;}i.frm_icon_font{font-style:normal;}.frm_icon_font:before,select.frm_icon_font{font-family: ''s11-fp'' !important;font-size:16px;speak: none;-webkit-font-smoothing: antialiased;-moz-osx-font-smoothing: grayscale;-moz-transition: all .1s ease-in-out;-webkit-transition: all .1s ease-in-out;transition: all .1s ease-in-out;}.frm_icon_font,a.frm_icon_font.frm_icon_font:hover,a.frm_icon_font:hover{text-decoration:none !important;}.frm_icon_font:focus,.frm_dashicon_font:focus{box-shadow:none;-webkit-box-shadow:none;}.frm_duplicate_icon:active,.frm_move_icon:active,.frm_delete_icon:active{outline:none;}.ab-icon.frm_dashicon_font:before{content: "\\f324";}.frm_logo_icon:before {content: "\\e601";}.frm_required_icon:before {content: "\\e612";}.frm_delete_icon:before {content: "\\e610" !important;}.frm_move_icon:before {content: "\\e61a";}.frm_clear_icon:before {content: "\\e60a";}.frm_noclear_icon:before {content: "\\e60b";}.frm_duplicate_icon:before {content: "\\e61b";}.frm_new_icon:before {content: "\\e614";}.frm_tooltip_icon:before {content: "\\e611";}.frm_forbid_icon:before {content: "\\e636";}.frm_check_icon:before {content: "\\e605";}.frm_check1_icon:before {content: "\\e606";}.frm_plus_icon:before {content: "\\e62f";}.frm_plus1_icon:before {content: "\\e602";}.frm_plus2_icon:before {content: "\\e603";}.frm_plus3_icon:before {content: "\\e632";}.frm_plus4_icon:before {content: "\\e60f";}.frm_minus_icon:before {content: "\\e62e";}.frm_minus1_icon:before {content: "\\e600";}.frm_minus2_icon:before {content: "\\e604";}.frm_minus3_icon:before {content: "\\e633";}.frm_minus4_icon:before {content: "\\e613";}.frm_cancel_icon:before {content: "\\e607";}.frm_cancel1_icon:before {content: "\\e608";}.frm_arrowup_icon:before {content: "\\e60d";}.frm_arrowup1_icon:before {content: "\\e60e";}.frm_arrowup2_icon:before {content: "\\e630";}.frm_arrowup3_icon:before {content: "\\e62b";}.frm_arrowup4_icon:before {content: "\\e62c";}.frm_arrowup5_icon:before {content: "\\e635";}.frm_arrowup6_icon:before {content: "\\e62d";}.frm_arrowdown_icon:before {content: "\\e609";}.frm_arrowdown1_icon:before {content: "\\e60c";}.frm_arrowdown2_icon:before {content: "\\e631";}.frm_arrowdown3_icon:before {content: "\\e628";}.frm_arrowdown4_icon:before {content: "\\e629";}.frm_arrowdown5_icon:before {content: "\\e634";}.frm_arrowdown6_icon:before {content: "\\e62a";}.frm_download_icon:before {content: "\\e615";}.frm_upload_icon:before {content: "\\e616";}.frm_menu_icon:before {content: "\\e618";}.frm_twitter_icon:before {content: "\\e619";}.frm_sms_icon:before {content: "\\e61c";}.frm_pencil_icon:before {content: "\\e61d";}.frm_pencil1_icon:before {content: "\\e61e";}.frm_paypal_icon:before {content: "\\e61f";}.frm_twilio_icon:before {content: "\\e620";}.frm_googleplus_icon:before {content: "\\e621";}.frm_mailchimp_icon:before {content: "\\e622";}.frm_pdf_icon:before {content: "\\e623";}.frm_highrise_icon:before {content: "\\e617";}.frm_feed_icon:before {content: "\\e624";}.frm_facebook_icon:before {content: "\\e625";}.frm_email_icon:before {content: "\\e626";}.frm_aweber_icon:before {content: "\\e627";}.frm_register_icon:before {content: "\\e637";}@media only screen and (-webkit-min-device-pixel-ratio: 2), only screen and (min-resolution: 144dpi){.with_frm_style .chosen-rtl .chosen-search input[type="text"],.with_frm_style .chosen-container-single .chosen-single abbr,.with_frm_style .chosen-container-single .chosen-single div b,.with_frm_style .chosen-container-single .chosen-search input[type="text"],.with_frm_style .chosen-container-multi .chosen-choices .search-choice .search-choice-close,.with_frm_style .chosen-container .chosen-results-scroll-down span,.with_frm_style .chosen-container .chosen-results-scroll-up span{background-image:url(''//asiacentre.co.th/wp-content/plugins/formidable/pro/images/chosen-sprite2x.png'') !important;background-size:52px 37px !important;background-repeat:no-repeat !important;}}@media only screen and (max-width: 900px) {.frm_form_field .frm_repeat_grid .frm_form_field.frm_sixth label.frm_primary_label,.frm_form_field .frm_repeat_grid .frm_form_field.frm_seventh label.frm_primary_label,.frm_form_field .frm_repeat_grid .frm_form_field.frm_eighth label.frm_primary_label{display: block !important;}.frm_form_field .frm_repeat_grid .frm_form_field.frm_repeat_buttons.frm_seventh label.frm_primary_label{display:none !important;}}@media only screen and (max-width: 600px) {.frm_form_field.frm_half,.frm_submit.frm_half,.frm_form_field.frm_left_half,.frm_form_field.frm_right_half,.frm_form_field.frm_first_half,.frm_form_field.frm_last_half,.frm_form_field.frm_first_third,.frm_form_field.frm_third,.frm_submit.frm_third,.frm_form_field.frm_last_third,.frm_form_field.frm_first_two_thirds,.frm_form_field.frm_last_two_thirds,.frm_form_field.frm_two_thirds,.frm_form_field.frm_left_fourth,.frm_form_field.frm_fourth,.frm_submit.frm_fourth,.frm_form_field.frm_right_fourth,.frm_form_field.frm_first_fourth,.frm_form_field.frm_last_fourth,.frm_form_field.frm_three_fourths,.frm_form_field.frm_fifth,.frm_submit.frm_fifth,.frm_form_field.frm_two_fifths,.frm_form_field.frm_three_fifths,.frm_form_field.frm_four_fifths,.frm_form_field.frm_sixth,.frm_submit.frm_sixth,.frm_form_field.frm_seventh,.frm_submit.frm_seventh,.frm_form_field.frm_eighth,.frm_submit.frm_eighth,.frm_form_field.frm_first_inline,.frm_form_field.frm_inline,.frm_submit.frm_inline,.frm_form_field.frm_last_inline{width:100%;margin-left:0;margin-right:0;clear:both;float:none;}.frm_form_field.frm_four_col .frm_radio,.frm_form_field.frm_four_col .frm_checkbox{width:48%;margin-right:4%;}.frm_form_field.frm_four_col .frm_radio:nth-child(2n+2),.frm_form_field.frm_four_col .frm_checkbox:nth-child(2n+2){margin-right:0;}.frm_form_field .frm_repeat_grid.frm_first_repeat .frm_form_field.frm_repeat_buttons:not(.frm_fourth):not(.frm_sixth):not(.frm_eighth) label.frm_primary_label{display:none !important;}.frm_form_field .frm_repeat_grid .frm_form_field.frm_fifth label.frm_primary_label{display:block !important;}.frm_form_field .frm_repeat_grid .frm_form_field.frm_repeat_buttons.frm_fifth label.frm_primary_label{display:none !important;}}@media only screen and (max-width: 500px) {.frm_form_field.frm_two_col .frm_radio,.frm_form_field.frm_two_col .frm_checkbox,.frm_form_field.frm_three_col .frm_radio,.frm_form_field.frm_three_col .frm_checkbox{width: auto;margin-right: 0;float: none;display:block;}.frm_form_field input[type=file] {max-width:220px;}.with_frm_style.frm_login_form.frm_inline_login p{clear:both;float:none;}.with_frm_style.frm_login_form.frm_inline_login form{position:static;}.with_frm_style.frm_login_form.frm_inline_login .login-remember{position:static;}.with_frm_style .g-recaptcha > div > div{width:inherit !important;display:block;overflow:hidden;max-width:302px;border-right:1px solid #d3d3d3;border-radius:4px;box-shadow:2px 0px 4px -1px rgba(0,0,0,.08);-moz-box-shadow:2px 0px 4px -1px rgba(0,0,0,.08);}.with_frm_style .g-recaptcha iframe{width:100%;}}', 'yes');

INSERT INTO `wp_options` (`option_id`, `option_name`, `option_value`, `autoload`) VALUES
(4695, '_transient_frmpro_css', '/* WARNING: Any changes made to this file will be lost when your Formidable settings are updated */\n.frm_hidden,.with_frm_style .frm_button.frm_hidden{display:none;}legend.frm_hidden{display:none !important;}.frm_transparent{color:transparent;}.input[type=file].frm_transparent:focus, .with_frm_style input[type=file]{background-color:transparent;border:none;outline:none;box-shadow:none;}.with_frm_style input[type=file]{display:initial;}.frm_preview_page:before{content:normal !important;}.frm_preview_page{padding:25px;}.with_frm_style .form-field.frm_col_field{clear:none;float:left;margin-right:20px;}.with_frm_style label.frm_primary_label{max-width:100%;}.with_frm_style .frm_top_container label.frm_primary_label,.with_frm_style .frm_hidden_container label.frm_primary_label,.with_frm_style .frm_pos_top{display:block;float:none;width:auto;}.with_frm_style .frm_inline_container label.frm_primary_label{margin-right:10px;}.with_frm_style .frm_right_container label.frm_primary_label,.with_frm_style .frm_pos_right{display:inline;float:right;margin-left:10px;}.with_frm_style .frm_none_container label.frm_primary_label,.with_frm_style .frm_pos_none,.frm_none_container label.frm_primary_label{display:none;}.with_frm_style .frm_section_heading.frm_hide_section{margin-top:0px !important;}.with_frm_style .frm_hidden_container label.frm_primary_label,.with_frm_style .frm_pos_hidden,.frm_hidden_container label.frm_primary_label{visibility:hidden;}.with_frm_style .frm_scale{margin-right:10px;text-align:center;float:left;}.with_frm_style .frm_scale input{display:block;}.with_frm_style select[multiple="multiple"]{height:auto;line-height:normal;}.with_frm_style select{white-space:nowrap;}.with_frm_style .frm_catlevel_2,.with_frm_style .frm_catlevel_3,.with_frm_style .frm_catlevel_4,.with_frm_style .frm_catlevel_5{margin-left:18px;}.with_frm_style .wp-editor-container{border:1px solid #e5e5e5;}.with_frm_style .quicktags-toolbar input{font-size:12px !important;}.with_frm_style .wp-editor-container textarea{border:none;}.with_frm_style .auto_width #loginform input,.with_frm_style .auto_width input,.with_frm_style input.auto_width,.with_frm_style select.auto_width,.with_frm_style textarea.auto_width{width:auto;}.with_frm_style .frm_repeat_buttons{white-space:nowrap;}.with_frm_style .frm_button{text-decoration:none;border:1px solid #eee;padding:5px;display:inline;}.with_frm_style .frm_submit{clear:both;}.frm_inline_form .frm_form_field.form-field{margin-right:2.5%;display:inline-block;}.frm_inline_form .frm_submit{display:inline-block;}.with_frm_style.frm_center_submit .frm_submit{text-align:center;}.with_frm_style.frm_center_submit .frm_submit input[type=submit], .with_frm_style.frm_center_submit .frm_submit input[type=button]{margin-bottom:8px !important;}.with_frm_style.frm_center_submit .frm_submit .frm_ajax_loading{display: block;margin: 0 auto;}.frm_forms.frm_style_formidable-style.with_frm_style{max-width:100%;direction:ltr;}.frm_style_formidable-style.with_frm_style,.frm_style_formidable-style.with_frm_style form{text-align:left;}.frm_style_formidable-style.with_frm_style fieldset{border:0px solid #000000;margin:0;padding:0 0 15px 0;background-color:transparent;}.frm_style_formidable-style.with_frm_style .frm-show-form  > h3{font-size:20px;color:#444444;}.frm_style_formidable-style.with_frm_style .frm-show-form  .frm_section_heading h3{padding:15px 0 3px 0;margin:0;font-size:18px;font-weight:bold;color:#444444;border:none;border-top:2px solid #e8e8e8;background-color:transparent}.frm_style_formidable-style.with_frm_style h3 .frm_after_collapse{display:inline;}.frm_style_formidable-style.with_frm_style h3 .frm_before_collapse{display:none;}.menu-edit #post-body-content .frm_style_formidable-style.with_frm_style .frm_section_heading h3{margin:0;}.frm_style_formidable-style.with_frm_style .frm_section_heading{margin-top:15px;}.frm_style_formidable-style.with_frm_style  .frm-show-form .frm_section_heading .frm_section_spacing,.menu-edit #post-body-content .frm_style_formidable-style.with_frm_style  .frm-show-form .frm_section_heading .frm_section_spacing{margin-bottom:12px;}.frm_style_formidable-style.with_frm_style .frm_repeat_sec{margin-bottom:20px;margin-top:20px;}.frm_style_formidable-style.with_frm_style label.frm_primary_label,.frm_style_formidable-style.with_frm_style.frm_login_form label{font-family:"Lucida Grande","Lucida Sans Unicode",Tahoma,sans-serif;font-size:14px;color:#444444;font-weight:bold;text-align:left;margin:0;padding:0 0 3px 0;width:auto;display:block;}.frm_style_formidable-style.with_frm_style .frm_icon_font{color:#444444;}.frm_style_formidable-style.with_frm_style .frm_icon_font.frm_minus_icon:before{content:"\\e600";}.frm_style_formidable-style.with_frm_style .frm_icon_font.frm_plus_icon:before{content:"\\e602";}.frm_style_formidable-style.with_frm_style .frm_icon_font.frm_minus_icon:before,.frm_style_formidable-style.with_frm_style .frm_icon_font.frm_plus_icon:before{color:#444444;}.frm_style_formidable-style.with_frm_style .frm_trigger.active .frm_icon_font.frm_arrow_icon:before{content:"\\e62d";}.frm_style_formidable-style.with_frm_style .frm_trigger .frm_icon_font.frm_arrow_icon:before{content:"\\e62a";}.frm_style_formidable-style.with_frm_style .form-field{margin-bottom:20px;}.frm_style_formidable-style.with_frm_style .frm_grid,.frm_style_formidable-style.with_frm_style .frm_grid_first,.frm_style_formidable-style.with_frm_style .frm_grid_odd {margin-bottom:0;}.frm_style_formidable-style.with_frm_style .form-field.frm_section_heading{margin-bottom:0;}.frm_style_formidable-style.with_frm_style p.description,.frm_style_formidable-style.with_frm_style div.description,.frm_style_formidable-style.with_frm_style div.frm_description,.frm_style_formidable-style.with_frm_style .frm-show-form > div.frm_description,.frm_style_formidable-style.with_frm_style .frm_error{margin:0;padding:0;font-family:"Lucida Grande","Lucida Sans Unicode",Tahoma,sans-serif;font-size:12px;color:#666666;font-weight:normal;text-align:left;font-style:normal;max-width:100%;}.frm_style_formidable-style.with_frm_style .frm-show-form div.frm_description p{font-size:14px;color:#666666;}.frm_style_formidable-style.with_frm_style .frm_left_container label.frm_primary_label{float:left;display:inline;width:150px;max-width:33%;margin-right:10px;}.frm_style_formidable-style.with_frm_style .frm_right_container label.frm_primary_label{display:inline;width:150px;max-width:33%;margin-left:10px;}.frm_style_formidable-style.with_frm_style .frm_form_field.frm_left_container input:not([type=radio]):not([type=checkbox]),.frm_style_formidable-style.with_frm_style .frm_form_field.frm_left_container select,.frm_style_formidable-style.with_frm_style .frm_form_field.frm_left_container textarea,.frm_style_formidable-style.with_frm_style .frm_form_field.frm_left_container:not(.frm_dynamic_select_container) .frm_opt_container,.frm_style_formidable-style.with_frm_style .frm_form_field.frm_left_container .g-recaptcha,.frm_style_formidable-style.with_frm_style .frm_form_field.frm_right_container input:not([type=radio]):not([type=checkbox]),.frm_style_formidable-style.with_frm_style .frm_form_field.frm_right_container select,.frm_style_formidable-style.with_frm_style .frm_form_field.frm_right_container textarea,.frm_style_formidable-style.with_frm_style .frm_form_field.frm_right_container:not(.frm_dynamic_select_container) .frm_opt_container,.frm_style_formidable-style.with_frm_style .frm_form_field.frm_right_container .g-recaptcha{max-width:62%;}.frm_style_formidable-style.with_frm_style .frm_form_field.frm_left_container:not(.frm_dynamic_select_container) .frm_opt_container,.frm_style_formidable-style.with_frm_style .frm_form_field.frm_right_container:not(.frm_dynamic_select_container) .frm_opt_container,.frm_style_formidable-style.with_frm_style .frm_form_field.frm_left_container .g-recaptcha,.frm_style_formidable-style.with_frm_style .frm_form_field.frm_right_container .g-recaptcha{display:inline-block;}.frm_style_formidable-style.with_frm_style .frm_left_container p.description,.frm_style_formidable-style.with_frm_style .frm_left_container div.description,.frm_style_formidable-style.with_frm_style .frm_left_container div.frm_description,.frm_style_formidable-style.with_frm_style .frm_left_container .frm_error{margin-left:160px;max-width:62%;}.frm_style_formidable-style.with_frm_style .frm_right_container p.description,.frm_style_formidable-style.with_frm_style .frm_right_container div.description,.frm_style_formidable-style.with_frm_style .frm_right_container div.frm_description,.frm_style_formidable-style.with_frm_style .frm_right_container .frm_error{margin-right:160px;max-width:62%;}.frm_style_formidable-style.with_frm_style .frm_left_container .attachment-thumbnail{clear:both;margin-left:160px;}.frm_style_formidable-style.with_frm_style .frm_left_container.frm_inline label.frm_primary_label{max-width:90%;}.frm_style_formidable-style.with_frm_style .form-field.frm_col_field div.frm_description{width:100%;max-width:100%;}.frm_style_formidable-style.with_frm_style .frm_inline_container label.frm_primary_label,.frm_style_formidable-style.with_frm_style .frm_inline_container:not(.frm_dynamic_select_container) .frm_opt_container{display:inline;}.frm_style_formidable-style.with_frm_style .frm_inline_container label.frm_primary_label{margin-right:10px;}.frm_style_formidable-style.with_frm_style .frm_pos_right{display:inline;width:150px;}.frm_style_formidable-style.with_frm_style .frm_none_container label.frm_primary_label,.frm_style_formidable-style.with_frm_style .frm_pos_none{display:none;}.frm_style_formidable-style.with_frm_style .frm_scale label{font-weight:normal;font-family:"Lucida Grande","Lucida Sans Unicode",Tahoma,sans-serif;font-size:13px;color:#444444;}.frm_style_formidable-style.with_frm_style .frm_required{color:#B94A48;font-weight:bold;}.frm_style_formidable-style.with_frm_style input[type=text],.frm_style_formidable-style.with_frm_style input[type=password],.frm_style_formidable-style.with_frm_style input[type=email],.frm_style_formidable-style.with_frm_style input[type=number],.frm_style_formidable-style.with_frm_style input[type=url],.frm_style_formidable-style.with_frm_style input[type=tel],.frm_style_formidable-style.with_frm_style input[type=search],.frm_style_formidable-style.with_frm_style select,.frm_style_formidable-style.with_frm_style textarea,.frm_style_formidable-style.with_frm_style .chosen-container{font-family:"Lucida Grande","Lucida Sans Unicode",Tahoma,sans-serif;font-size:14px;margin-bottom:0;}.frm_style_formidable-style.with_frm_style input[type=text],.frm_style_formidable-style.with_frm_style input[type=password],.frm_style_formidable-style.with_frm_style input[type=email],.frm_style_formidable-style.with_frm_style input[type=number],.frm_style_formidable-style.with_frm_style input[type=url],.frm_style_formidable-style.with_frm_style input[type=tel],.frm_style_formidable-style.with_frm_style input[type=phone],.frm_style_formidable-style.with_frm_style input[type=search],.frm_style_formidable-style.with_frm_style select,.frm_style_formidable-style.with_frm_style textarea,.frm_form_fields_style,.frm_style_formidable-style.with_frm_style .frm_scroll_box .frm_opt_container,.frm_form_fields_active_style,.frm_form_fields_error_style,.frm_style_formidable-style.with_frm_style .chosen-container-multi .chosen-choices,.frm_style_formidable-style.with_frm_style .chosen-container-single .chosen-single{color:#555555;background-color:#ffffff;border-color:#cccccc;border-width:1px;border-style:solid;-moz-border-radius:4px;-webkit-border-radius:4px;border-radius:4px;width:100%;max-width:100%;font-size:14px;padding:6px 10px;-webkit-box-sizing:border-box;-moz-box-sizing:border-box;box-sizing:border-box;outline:none;font-weight:normal;box-shadow:0 1px 1px rgba(0, 0, 0, 0.075) inset;}.frm_style_formidable-style.with_frm_style input[type=file]::-webkit-file-upload-button{color:#555555;background-color:#ffffff;padding:6px 10px;border-radius:4px;border-color:#cccccc;border-width:1px;border-style:solid;}.frm_style_formidable-style.with_frm_style input[type=text],.frm_style_formidable-style.with_frm_style input[type=password],.frm_style_formidable-style.with_frm_style input[type=email],.frm_style_formidable-style.with_frm_style input[type=number],.frm_style_formidable-style.with_frm_style input[type=url],.frm_style_formidable-style.with_frm_style input[type=tel],.frm_style_formidable-style.with_frm_style input[type=file],.frm_style_formidable-style.with_frm_style input[type=search],.frm_style_formidable-style.with_frm_style select{height:32px;line-height:1.3;}.frm_style_formidable-style.with_frm_style select[multiple="multiple"]{height:auto ;}.frm_style_formidable-style.with_frm_style input[type=file]{color:#555555;padding:0px;font-family:"Lucida Grande","Lucida Sans Unicode",Tahoma,sans-serif;font-size:14px;}.frm_style_formidable-style.with_frm_style input[type=file].frm_transparent{color:transparent;}.frm_style_formidable-style.with_frm_style .frm_file_names, .frm_style_formidable-style.with_frm_style .frm_uploaded_files .frm_remove_link{font-family:"Lucida Grande","Lucida Sans Unicode",Tahoma,sans-serif;font-size:14px;}.frm_style_formidable-style.with_frm_style .frm_default,.frm_style_formidable-style.with_frm_style .placeholder,.frm_style_formidable-style.with_frm_style .chosen-container-multi .chosen-choices li.search-field .default,.frm_style_formidable-style.with_frm_style .chosen-container-single .chosen-default{color:#555555;font-style:italic;}.frm_style_formidable-style.with_frm_style select{width:100%;max-width:100%;}.frm_style_formidable-style.with_frm_style input.frm_other_input:not(.frm_other_full){width:auto ;margin-left:5px ;}.frm_style_formidable-style.with_frm_style .frm_full input.frm_other_input:not(.frm_other_full){margin-left:0 ;margin-top:8px;}.frm_style_formidable-style.with_frm_style .frm_other_container select:not([multiple="multiple"]){width:auto;}.frm_style_formidable-style.with_frm_style .wp-editor-wrap{width:100%;max-width:100%;}.frm_style_formidable-style.with_frm_style .wp-editor-container textarea{border:none;}.frm_style_formidable-style.with_frm_style .mceIframeContainer{background-color:#ffffff;}.frm_style_formidable-style.with_frm_style .auto_width input,.frm_style_formidable-style.with_frm_style input.auto_width,.frm_style_formidable-style.with_frm_style select.auto_width,.frm_style_formidable-style.with_frm_style textarea.auto_width{width:auto;}.frm_style_formidable-style.with_frm_style input[disabled],.frm_style_formidable-style.with_frm_style select[disabled],.frm_style_formidable-style.with_frm_style textarea[disabled],.frm_style_formidable-style.with_frm_style input[readonly],.frm_style_formidable-style.with_frm_style select[readonly],.frm_style_formidable-style.with_frm_style textarea[readonly]{background-color:#ffffff;color:#A1A1A1;border-color:#E5E5E5;}.frm_style_formidable-style.with_frm_style .form-field input:not([type=file]):focus,.frm_style_formidable-style.with_frm_style select:focus,.frm_style_formidable-style.with_frm_style textarea:focus,.frm_style_formidable-style.with_frm_style .frm_focus_field input[type=text],.frm_style_formidable-style.with_frm_style .frm_focus_field input[type=password],.frm_style_formidable-style.with_frm_style .frm_focus_field input[type=email],.frm_style_formidable-style.with_frm_style .frm_focus_field input[type=number],.frm_style_formidable-style.with_frm_style .frm_focus_field input[type=url],.frm_style_formidable-style.with_frm_style .frm_focus_field input[type=tel],.frm_style_formidable-style.with_frm_style .frm_focus_field input[type=search],.frm_form_fields_active_style,.frm_style_formidable-style.with_frm_style .chosen-container-active .chosen-choices{background-color:#ffffff;border-color:#66afe9;box-shadow:0 1px 1px rgba(0, 0, 0, 0.075) inset, 0 0 8px rgba(102,175,233, 0.6);}.frm_style_formidable-style.with_frm_style input[type=submit],.frm_style_formidable-style.with_frm_style .frm_submit input[type=button],.frm_form_submit_style,.frm_style_formidable-style.with_frm_style.frm_login_form input[type=submit]{width:auto;font-family:"Lucida Grande","Lucida Sans Unicode",Tahoma,sans-serif;font-size:14px;height:auto;line-height:normal;text-align:center;background:#ffffff;border-width:1px;border-color:#cccccc;border-style:solid;color:#444444;cursor:pointer;font-weight:normal;-moz-border-radius:4px;-webkit-border-radius:4px;border-radius:4px;text-shadow:none;padding:6px 11px;-moz-box-sizing:border-box;box-sizing:border-box;-ms-box-sizing:border-box;-moz-box-shadow:0 1px 1px #eeeeee;-webkit-box-shadow:0px 1px 1px #eeeeee;box-shadow:0 1px 1px #eeeeee;-ms-filter:"progid:DXImageTransform.Microsoft.Shadow(Strength=3, Direction=135, Color=''#eeeeee'')";filter:progid:DXImageTransform.Microsoft.Shadow(Strength=3, Direction=135, Color=''#eeeeee'');margin:10px;margin-left:0;margin-right:0;vertical-align:middle;}.frm_style_formidable-style.with_frm_style input[type=submit]:hover,.frm_style_formidable-style.with_frm_style .frm_submit input[type=button]:hover,.frm_style_formidable-style.with_frm_style.frm_login_form input[type=submit]:hover{background:#efefef;border-color:#cccccc;color:#444444;}.frm_style_formidable-style.with_frm_style.frm_center_submit .frm_submit .frm_ajax_loading{margin-bottom:10px;}.frm_style_formidable-style.with_frm_style input[type=submit]:focus,.frm_style_formidable-style.with_frm_style .frm_submit input[type=button]:focus,.frm_style_formidable-style.with_frm_style.frm_login_form input[type=submit]:focus,.frm_style_formidable-style.with_frm_style input[type=submit]:active,.frm_style_formidable-style.with_frm_style .frm_submit input[type=button]:active,.frm_style_formidable-style.with_frm_style.frm_login_form input[type=submit]:active{background:#efefef;border-color:#cccccc;color:#444444;}.frm_style_formidable-style.with_frm_style a.frm_save_draft{font-family:"Lucida Grande","Lucida Sans Unicode",Tahoma,sans-serif;font-size:14px;font-weight:normal;}.frm_style_formidable-style.with_frm_style #frm_field_cptch_number_container{font-family:"Lucida Grande","Lucida Sans Unicode",Tahoma,sans-serif;font-size:14px;color:#444444;font-weight:bold;clear:both;}.frm_style_formidable-style.with_frm_style .frm_radio{display:block;}.frm_style_formidable-style.with_frm_style .horizontal_radio .frm_radio{margin:0 5px 0 0;}.frm_style_formidable-style.with_frm_style .frm_checkbox{display:block;}.frm_style_formidable-style.with_frm_style .vertical_radio .frm_checkbox,.frm_style_formidable-style.with_frm_style .vertical_radio .frm_radio,.vertical_radio .frm_catlevel_1{display:block;}.frm_style_formidable-style.with_frm_style .horizontal_radio .frm_checkbox,.frm_style_formidable-style.with_frm_style .horizontal_radio .frm_radio,.horizontal_radio .frm_catlevel_1{display:inline-block;}.frm_style_formidable-style.with_frm_style .frm_radio label,.frm_style_formidable-style.with_frm_style .frm_checkbox label{font-family:"Lucida Grande","Lucida Sans Unicode",Tahoma,sans-serif;font-size:13px;color:#444444;font-weight:normal;display:inline;white-space:prewrap;}.frm_style_formidable-style.with_frm_style .frm_blank_field input[type=text],.frm_style_formidable-style.with_frm_style .frm_blank_field input[type=password],.frm_style_formidable-style.with_frm_style .frm_blank_field input[type=url],.frm_style_formidable-style.with_frm_style .frm_blank_field input[type=tel],.frm_style_formidable-style.with_frm_style .frm_blank_field input[type=number],.frm_style_formidable-style.with_frm_style .frm_blank_field input[type=email],.frm_style_formidable-style.with_frm_style .frm_blank_field textarea,.frm_style_formidable-style.with_frm_style .frm_blank_field select,.frm_form_fields_error_style,.frm_style_formidable-style.with_frm_style .frm_blank_field .g-recaptcha iframe,.frm_style_formidable-style.with_frm_style .frm_blank_field .chosen-container-multi .chosen-choices{color:#444444;background-color:#ffffff;border-color:#B94A48;border-width:1px;border-style:solid;}.frm_style_formidable-style.with_frm_style .frm_error{font-weight:bold;}.frm_style_formidable-style.with_frm_style .frm_blank_field label,.frm_style_formidable-style.with_frm_style .frm_error{color:#B94A48;}.frm_style_formidable-style.with_frm_style .frm_error_style{background-color:#F2DEDE;border:1px solid #EBCCD1;color:#B94A48;font-size:14px;margin:0;margin-bottom:20px;}.frm_style_formidable-style.with_frm_style .frm_message,.frm_success_style{border:1px solid #D6E9C6;background-color:#DFF0D8;color:#468847;}.frm_style_formidable-style.with_frm_style .frm_message{margin:5px 0 15px;font-size:14px;}.frm_style_formidable-style.with_frm_style .frm-grid td,.frm-grid th{border-color:#cccccc;}.form_results.frm_style_formidable-style.with_frm_style{border:1px solid #cccccc;}.form_results.frm_style_formidable-style.with_frm_style tr td{color:#555555;border-top:1px solid #cccccc;}.form_results.frm_style_formidable-style.with_frm_style tr.frm_even,.frm-grid .frm_even{background-color:#ffffff;}.frm_style_formidable-style.with_frm_style #frm_loading .progress-striped .progress-bar{background-image:linear-gradient(45deg, #cccccc 25%, rgba(0, 0, 0, 0) 25%, rgba(0, 0, 0, 0) 50%, #cccccc 50%, #cccccc 75%, rgba(0, 0, 0, 0) 75%, rgba(0, 0, 0, 0));}.frm_style_formidable-style.with_frm_style #frm_loading .progress-bar{background-color:#ffffff;}.frm_style_formidable-style.with_frm_style .frm_grid,.frm_style_formidable-style.with_frm_style .frm_grid_first,.frm_style_formidable-style.with_frm_style .frm_grid_odd{border-color:#cccccc;}.frm_style_formidable-style.with_frm_style .frm_grid.frm_blank_field,.frm_style_formidable-style.with_frm_style .frm_grid_first.frm_blank_field,.frm_style_formidable-style.with_frm_style .frm_grid_odd.frm_blank_field{background-color:#F2DEDE;border-color:#EBCCD1;}.frm_style_formidable-style.with_frm_style .frm_grid_first,.frm_style_formidable-style.with_frm_style .frm_grid_odd{background-color:#ffffff;}.frm_style_formidable-style.with_frm_style .frm_grid{background-color:#ffffff;}.frm_style_formidable-style.with_frm_style .frm_form_field.frm_html_scroll_box{background-color:#ffffff;border-color:#cccccc;border-width:1px;border-style:solid;-moz-border-radius:4px;-webkit-border-radius:4px;border-radius:4px;width:100%;font-size:14px;padding:6px 10px;outline:none;}.frm_style_formidable-style.with_frm_style .frm_form_field.frm_total input,.frm_style_formidable-style.with_frm_style .frm_form_field.frm_total textarea{color:#555555;background-color:transparent;border:none;display:inline;width:auto;padding:0;}.frm_style_formidable-style.with_frm_style .frm_text_block input,.frm_style_formidable-style.with_frm_style .frm_text_block label.frm_primary_label{margin-left:-20px;}.frm_style_formidable-style.with_frm_style .frm_button{padding:6px 11px;-moz-border-radius:4px;-webkit-border-radius:4px;border-radius:4px;font-size:14px;font-family:"Lucida Grande","Lucida Sans Unicode",Tahoma,sans-serif;font-weight:normal;color:#444444;background:#ffffff;border-width:1px;border-color:#cccccc;height:#auto;}.frm_style_formidable-style.with_frm_style .frm_button .frm_icon_font:before{font-size:14px;}.frm_style_formidable-style.with_frm_style .chosen-container{font-size:14px;}.frm_style_formidable-style.with_frm_style .chosen-container-single .chosen-single{height:32px;line-height:1.3;}.frm_style_formidable-style.with_frm_style .chosen-container-single .chosen-single div{top:3px;}.frm_style_formidable-style.with_frm_style .chosen-container-single .chosen-search input[type="text"]{height:32px;}.frm_style_formidable-style.with_frm_style .chosen-container-multi .chosen-choices li.search-field input[type="text"]{height:15px;}@media only screen and (max-width: 600px){.frm_style_formidable-style.with_frm_style .frm_form_field.frm_half.frm_left_container input:not([type=radio]):not([type=checkbox]),.frm_style_formidable-style.with_frm_style .frm_form_field.frm_half.frm_left_container select,.frm_style_formidable-style.with_frm_style .frm_form_field.frm_half.frm_left_container textarea,.frm_style_formidable-style.with_frm_style .frm_form_field.frm_half.frm_left_container .frm_opt_container,.frm_style_formidable-style.with_frm_style .frm_form_field.frm_half.frm_left_container.g-recaptcha,.frm_style_formidable-style.with_frm_style .frm_form_field.frm_half.frm_right_container input:not([type=radio]):not([type=checkbox]),.frm_style_formidable-style.with_frm_style .frm_form_field.frm_half.frm_right_container select,.frm_style_formidable-style.with_frm_style .frm_form_field.frm_half.frm_right_container textarea,.frm_style_formidable-style.with_frm_style .frm_form_field.frm_half.frm_right_container .frm_opt_container,.frm_style_formidable-style.with_frm_style .frm_form_field.frm_half.frm_right_container.g-recaptcha{max-width:100%;}.frm_style_formidable-style.with_frm_style .frm_form_field.frm_left_half.frm_left_container .frm_primary_label,.frm_style_formidable-style.with_frm_style .frm_form_field.frm_right_half.frm_left_container .frm_primary_label,.frm_style_formidable-style.with_frm_style .frm_form_field.frm_first_half.frm_left_container .frm_primary_label,.frm_style_formidable-style.with_frm_style .frm_form_field.frm_last_half.frm_left_container .frm_primary_label,.frm_style_formidable-style.with_frm_style .frm_form_field.frm_half.frm_left_container .frm_primary_label,.frm_style_formidable-style.with_frm_style .frm_form_field.frm_left_half.frm_right_container .frm_primary_label,.frm_style_formidable-style.with_frm_style .frm_form_field.frm_right_half.frm_right_container .frm_primary_label,.frm_style_formidable-style.with_frm_style .frm_form_field.frm_first_half.frm_right_container .frm_primary_label,.frm_style_formidable-style.with_frm_style .frm_form_field.frm_last_half.frm_right_container .frm_primary_label,.frm_style_formidable-style.with_frm_style .frm_form_field.frm_half.frm_right_container .frm_primary_label{max-width:100%;margin-right:0;margin-left:0;padding-right:0;padding-left:0;width:100%;}.frm_style_formidable-style.with_frm_style .frm_repeat_inline,.frm_style_formidable-style.with_frm_style .frm_repeat_grid{margin: 20px 0;}.frm_style_formidable-style.with_frm_style .frm_form_field.frm_first_half.frm_right_container div.frm_description,.frm_style_formidable-style.with_frm_style .frm_form_field.frm_first_half.frm_right_container .frm_error,.frm_style_formidable-style.with_frm_style .frm_form_field.frm_first_half .frm_right_container div.frm_description,.frm_style_formidable-style.with_frm_style .frm_form_field.frm_first_half .frm_right_container .frm_error,.frm_style_formidable-style.with_frm_style .frm_form_field.frm_last_half.frm_right_container div.frm_description,.frm_style_formidable-style.with_frm_style .frm_form_field.frm_last_half.frm_right_container .frm_error,.frm_style_formidable-style.with_frm_style .frm_form_field.frm_half.frm_right_container div.frm_description,.frm_style_formidable-style.with_frm_style .frm_form_field.frm_half.frm_right_container .frm_error,.frm_style_formidable-style.with_frm_style .frm_form_field.frm_first_half.frm_left_container div.frm_description,.frm_style_formidable-style.with_frm_style .frm_form_field.frm_first_half.frm_left_container .frm_error,.frm_style_formidable-style.with_frm_style .frm_form_field.frm_first_half .frm_left_container div.frm_description,.frm_style_formidable-style.with_frm_style .frm_form_field.frm_first_half .frm_left_container .frm_error,.frm_style_formidable-style.with_frm_style .frm_form_field.frm_last_half.frm_left_container div.frm_description,.frm_style_formidable-style.with_frm_style .frm_form_field.frm_last_half.frm_left_container .frm_error,.frm_style_formidable-style.with_frm_style .frm_form_field.frm_half.frm_left_container div.frm_description,.frm_style_formidable-style.with_frm_style .frm_form_field.frm_half.frm_left_container .frm_error{margin-right:0;margin-left:0;padding-right:0;padding-left:0;}}@media only screen and (max-width: 500px) {.frm_style_formidable-style.with_frm_style .frm_form_field.frm_left_container input:not([type=radio]):not([type=checkbox]),.frm_style_formidable-style.with_frm_style .frm_form_field.frm_left_container select,.frm_style_formidable-style.with_frm_style .frm_form_field.frm_left_container textarea,.frm_style_formidable-style.with_frm_style .frm_form_field.frm_left_container:not(.frm_dynamic_select_container) .frm_opt_container,.frm_style_formidable-style.with_frm_style .frm_form_field.frm_left_container .g-recaptcha,.frm_style_formidable-style.with_frm_style .frm_form_field.frm_right_container input:not([type=radio]):not([type=checkbox]),.frm_style_formidable-style.with_frm_style .frm_form_field.frm_right_container select,.frm_style_formidable-style.with_frm_style .frm_form_field.frm_right_container textarea,.frm_style_formidable-style.with_frm_style .frm_form_field.frm_right_container:not(.frm_dynamic_select_container) .frm_opt_container,.frm_style_formidable-style.with_frm_style .frm_form_field.frm_right_container .g-recaptcha,.frm_style_formidable-style.with_frm_style .frm_left_container p.description,.frm_style_formidable-style.with_frm_style .frm_left_container div.description,.frm_style_formidable-style.with_frm_style .frm_left_container div.frm_description,.frm_style_formidable-style.with_frm_style .frm_left_container .frm_error,.frm_style_formidable-style.with_frm_style .frm_left_container .attachment-thumbnail,.frm_style_formidable-style.with_frm_style .frm_right_container p.description,.frm_style_formidable-style.with_frm_style .frm_right_container div.description,.frm_style_formidable-style.with_frm_style .frm_right_container div.frm_description,.frm_style_formidable-style.with_frm_style .frm_right_container .frm_error{max-width:100%;}.frm_style_formidable-style.with_frm_style .frm_left_container p.description,.frm_style_formidable-style.with_frm_style .frm_left_container div.description,.frm_style_formidable-style.with_frm_style .frm_left_container div.frm_description,.frm_style_formidable-style.with_frm_style .frm_left_container .frm_error,.frm_style_formidable-style.with_frm_style .frm_left_container .attachment-thumbnail,.frm_style_formidable-style.with_frm_style .frm_right_container p.description,.frm_style_formidable-style.with_frm_style .frm_right_container div.description,.frm_style_formidable-style.with_frm_style .frm_right_container div.frm_description,.frm_style_formidable-style.with_frm_style .frm_right_container .frm_error,.frm_style_formidable-style.with_frm_style .frm_left_container label.frm_primary_label,.frm_style_formidable-style.with_frm_style .frm_right_container label.frm_primary_label{width:100%;max-width:100%;margin-right:0px;margin-left:0px;padding-right:0px;padding-left:0px;}}.frm_ajax_loading{visibility:hidden;width:auto;}.frm_ajax_loading.frm_loading_now{visibility:visible !important;}.frm_form_submit_style{height:auto;}a.frm_save_draft{cursor:pointer;}.horizontal_radio .frm_radio{margin:0 5px 0 0;}.horizontal_radio .frm_checkbox{margin:0;margin-right:5px;}.vertical_radio .frm_checkbox,.vertical_radio .frm_radio,.vertical_radio .frm_catlevel_1{display:block;}.horizontal_radio .frm_checkbox,.horizontal_radio .frm_radio,.horizontal_radio .frm_catlevel_1{display:inline-block;}.with_frm_style .frm_radio label .frm_file_container,.with_frm_style .frm_checkbox label .frm_file_container{display:inline-block;margin:5px;vertical-align:middle;}.with_frm_style .frm_radio input[type=radio]{border-radius:10px;-webkit-appearance:radio;}.with_frm_style .frm_checkbox input[type=checkbox]{border-radius:0;-webkit-appearance:checkbox;}.with_frm_style .frm_radio input[type=radio],.with_frm_style .frm_checkbox input[type=checkbox]{margin-right:5px;width:auto;border:none;}.with_frm_style :invalid,.with_frm_style :-moz-submit-invalid,.with_frm_style :-moz-ui-invalid{box-shadow:none;}.with_frm_style .frm_error_style img{padding-right:10px;vertical-align:middle;border:none;}.with_frm_style .frm_trigger{cursor:pointer;}.with_frm_style .frm_error_style,.with_frm_style .frm_message,.frm_success_style{-moz-border-radius:4px;-webkit-border-radius:4px;border-radius:4px;padding:15px;}.with_frm_style .frm_message p{margin-bottom:5px;}.frm_form_fields_style,.frm_form_fields_active_style,.frm_form_fields_error_style,.frm_form_submit_style{width:auto;}.with_frm_style .frm_trigger span{float:left;}.with_frm_style table.frm-grid,#content .with_frm_style table.frm-grid{border-collapse:collapse;border:none;}.frm-grid td,.frm-grid th{padding:5px;border-width:1px;border-style:solid;border-color:#cccccc;border-top:none;border-left:none;border-right:none;}table.form_results.with_frm_style{border:1px solid #ccc;}table.form_results.with_frm_style tr td{text-align:left;color:#555555;padding:7px 9px;border-top:1px solid #cccccc;}table.form_results.with_frm_style tr.frm_even,.frm-grid .frm_even{background-color:#fff;}table.form_results.with_frm_style tr.frm_odd,.frm-grid .frm_odd{background-color:#ffffff;}.with_frm_style .frm_uploaded_files{padding:5px 0;}.with_frm_style .frm_file_names{display:block;}.frm_collapse .ui-icon{display:inline-block;}.frm_toggle_container{border:1px solid transparent;}.frm_toggle_container ul{margin:5px 0;padding-left:0;list-style-type:none;}.frm_toggle_container .frm_month_heading{text-indent:15px;}.frm_toggle_container .frm_month_listing{margin-left:40px;}#frm_loading{display:none;position:fixed;top:0;left:0;width:100%;height:100%;z-index:99999;}#frm_loading h3{font-weight:500;padding-bottom:15px;color:#fff;font-size:24px;}#frm_loading_content{position:fixed;top:20%;left:33%;width:33%;text-align:center;padding-top:30px;font-weight:bold;z-index:9999999;}#frm_loading img{max-width:100%;}#frm_loading .progress{border-radius:4px;box-shadow:0 1px 2px rgba(0, 0, 0, 0.1) inset;height:20px;margin-bottom:20px;overflow:hidden;}#frm_loading .progress.active .progress-bar{animation:2s linear 0s normal none infinite progress-bar-stripes;}#frm_loading .progress-striped .progress-bar{background-image:linear-gradient(45deg, #cccccc 25%, rgba(0, 0, 0, 0) 25%, rgba(0, 0, 0, 0) 50%, #cccccc 50%, #cccccc 75%, rgba(0, 0, 0, 0) 75%, rgba(0, 0, 0, 0));background-size:40px 40px;}#frm_loading .progress-bar{background-color:#ffffff;box-shadow:0 -1px 0 rgba(0, 0, 0, 0.15) inset;float:left;height:100%;line-height:20px;text-align:center;transition:width 0.6s ease 0s;width:100%;}.frm_pagination_cont ul.frm_pagination{display:inline-block;list-style:none;margin-left:0 !important;}.frm_pagination_cont ul.frm_pagination > li{display:inline;list-style:none;margin:2px;background-image:none;}ul.frm_pagination > li.active a{text-decoration:none;}.frm_pagination_cont ul.frm_pagination > li:first-child{margin-left:0;}.archive-pagination.frm_pagination_cont ul.frm_pagination > li{margin:0;}.frmcal{padding-top:30px;}.frmcal-title{font-size:116%;}.frmcal table.frmcal-calendar{border-collapse:collapse;margin-top:20px;color:#555555;}.frmcal table.frmcal-calendar,.frmcal table.frmcal-calendar tbody tr td{border:1px solid #cccccc;}.frmcal table.frmcal-calendar,.frmcal,.frmcal-header{width:100%;}.frmcal-header{text-align:center;}.frmcal-prev{margin-right:10px;}.frmcal-prev,.frmcal-dropdown{float:left;}.frmcal-dropdown{margin-left:5px;}.frmcal-next{float:right;}.frmcal table.frmcal-calendar thead tr th{text-align:center;padding:2px 4px;}.frmcal table.frmcal-calendar tbody tr td{height:110px;width:14.28%;vertical-align:top;padding:0 !important;color:#555555;font-size:12px;}table.frmcal-calendar .frmcal_date{background-color:#ffffff;padding:0 5px;text-align:right;-moz-box-shadow:0 2px 5px #cccccc;-webkit-box-shadow:0 2px 5px #cccccc;box-shadow:0 2px 5px #cccccc;-ms-filter:"progid:DXImageTransform.Microsoft.Shadow(Strength=4, Direction=180, Color=''#cccccc'')";filter:progid:DXImageTransform.Microsoft.Shadow(Strength=4, Direction=180, Color=''#cccccc'');}table.frmcal-calendar .frmcal-today .frmcal_date{background-color:#ffffff;padding:0 5px;text-align:right;-moz-box-shadow:0 2px 5px #66afe9;-webkit-box-shadow:0 2px 5px #66afe9;box-shadow:0 2px 5px #66afe9;-ms-filter:"progid:DXImageTransform.Microsoft.Shadow(Strength=4, Direction=180, Color=''#66afe9'')";filter:progid:DXImageTransform.Microsoft.Shadow(Strength=4, Direction=180, Color=''#66afe9'');}.frmcal_num{display:inline;}.frmcal-content{padding:2px 4px;}.frm_image_from_url{height:50px;}.frm-loading-img{background:url(//asiacentre.co.th/wp-content/plugins/formidable/images/ajax_loader.gif) no-repeat center center;padding:6px 12px;}#ui-datepicker-div{display:none;z-index:999999 !important;}.frm_form_fields div.rating-cancel{display:none !important;}.frm_form_fields div.rating-cancel,.frm_form_fields div.star-rating{float:left;width:17px;height:17px;font-size:16px;line-height:normal;cursor:pointer;display:block;background:transparent;overflow:hidden;}.frm_form_fields div.rating-cancel a:before{font:16px/1 ''dashicons'';content:''\\f460'';color:#CDCDCD;}.frm_form_fields div.star-rating:before,.frm_form_fields div.star-rating a:before{font:16px/1 ''dashicons'';content:''\\f154'';color:#F0AD4E;}.frm_form_fields div.rating-cancel a,.frm_form_fields div.star-rating a{display:block;width:16px;height:100%;border:0;}.frm_form_fields div.star-rating-on:before,.frm_form_fields div.star-rating-on a:before{content:''\\f155'';}.frm_form_fields div.star-rating-hover:before,.frm_form_fields div.star-rating-hover a:before{content:''\\f155'';}.frm_form_fields div.frm_half_star:before,.frm_form_fields div.frm_half_star a:before{content:''\\f459'';}.frm_form_fields div.rating-cancel.star-rating-hover a:before{color:#B63E3F;}.frm_form_fields div.star-rating-readonly,.frm_form_fields div.star-rating-readonly a{cursor:default !important;}.frm_form_fields div.star-rating{overflow:hidden!important;}.with_frm_style .frm_form_field{clear:both;}.frm_form_field.frm_right_half,.frm_form_field.frm_right_third,.frm_form_field.frm_right_two_thirds,.frm_form_field.frm_right_fourth,.frm_form_field.frm_right_fifth,.frm_form_field.frm_right_inline,.frm_form_field.frm_last_half,.frm_form_field.frm_last_third,.frm_form_field.frm_last_two_thirds,.frm_form_field.frm_last_fourth,.frm_form_field.frm_last_fifth,.frm_form_field.frm_last_sixth,.frm_form_field.frm_last_seventh,.frm_form_field.frm_last_eighth,.frm_form_field.frm_last_inline,.frm_form_field.frm_last,.frm_form_field.frm_half,.frm_submit.frm_half,.frm_form_field.frm_third,.frm_submit.frm_third,.frm_form_field.frm_two_thirds,.frm_form_field.frm_fourth,.frm_submit.frm_fourth,.frm_form_field.frm_three_fourths,.frm_form_field.frm_fifth,.frm_submit.frm_fifth,.frm_form_field.frm_two_fifths,.frm_form_field.frm_three_fifths,.frm_form_field.frm_four_fifths,.frm_form_field.frm_sixth,.frm_submit.frm_sixth,.frm_form_field.frm_seventh,.frm_submit.frm_seventh,.frm_form_field.frm_eighth,.frm_submit.frm_eighth,.frm_form_field.frm_inline,.frm_submit.frm_inline{clear:none;float:left;margin-left:2.5%;}.frm_form_field.frm_left_half,.frm_form_field.frm_left_third,.frm_form_field.frm_left_two_thirds,.frm_form_field.frm_left_fourth,.frm_form_field.frm_left_fifth,.frm_form_field.frm_left_inline,.frm_form_field.frm_first_half,.frm_form_field.frm_first_third,.frm_form_field.frm_first_two_thirds,.frm_form_field.frm_first_fourth,.frm_form_field.frm_first_fifth,.frm_form_field.frm_first_sixth,.frm_form_field.frm_first_seventh,.frm_form_field.frm_first_eighth,.frm_form_field.frm_first_inline,.frm_form_field.frm_first{clear:left;float:left;margin-left:0;}.frm_form_field.frm_alignright{float:right !important;}.frm_form_field.frm_left_half,.frm_form_field.frm_right_half,.frm_form_field.frm_first_half,.frm_form_field.frm_last_half,.frm_form_field.frm_half,.frm_submit.frm_half{width:48.75%;}.frm_form_field.frm_left_third,.frm_form_field.frm_third,.frm_submit.frm_third,.frm_form_field.frm_right_third,.frm_form_field.frm_first_third,.frm_form_field.frm_last_third{width:31.66%;}.frm_form_field.frm_left_two_thirds,.frm_form_field.frm_right_two_thirds,.frm_form_field.frm_first_two_thirds,.frm_form_field.frm_last_two_thirds,.frm_form_field.frm_two_thirds{width:65.82%;}.frm_form_field.frm_left_fourth,.frm_form_field.frm_fourth,.frm_submit.frm_fourth,.frm_form_field.frm_right_fourth,.frm_form_field.frm_first_fourth,.frm_form_field.frm_last_fourth{width:23.12%;}.frm_form_field.frm_three_fourths{width:74.36%;}.frm_form_field.frm_left_fifth,.frm_form_field.frm_fifth,.frm_submit.frm_fifth,.frm_form_field.frm_right_fifth,.frm_form_field.frm_first_fifth,.frm_form_field.frm_last_fifth{width:18%;}.frm_form_field.frm_two_fifths {width:38.5%;}.frm_form_field.frm_three_fifths {width:59%;}.frm_form_field.frm_four_fifths {width:79.5%;}.frm_form_field.frm_sixth,.frm_submit.frm_sixth,.frm_form_field.frm_first_sixth,.frm_form_field.frm_last_sixth{width:14.58%;}.frm_form_field.frm_seventh,.frm_submit.frm_seventh,.frm_form_field.frm_first_seventh,.frm_form_field.frm_last_seventh{width:12.14%;}.frm_form_field.frm_eighth,.frm_submit.frm_eighth,.frm_form_field.frm_first_eighth,.frm_form_field.frm_last_eighth{width:10.31%;}.frm_form_field.frm_left_inline,.frm_form_field.frm_first_inline,.frm_form_field.frm_inline,.frm_submit.frm_inline,.frm_form_field.frm_right_inline,.frm_form_field.frm_last_inline{width:auto;}.with_frm_style .frm_form_field.frm_first_half.frm_right_container div.frm_description,.with_frm_style .frm_form_field.frm_first_half.frm_right_container .frm_error,.with_frm_style .frm_form_field.frm_first_half .frm_right_container div.frm_description,.with_frm_style .frm_form_field.frm_first_half .frm_right_container .frm_error,.with_frm_style .frm_form_field.frm_last_half.frm_right_container div.frm_description,.with_frm_style .frm_form_field.frm_last_half.frm_right_container .frm_error,.with_frm_style .frm_form_field.frm_half.frm_right_container div.frm_description,.with_frm_style .frm_form_field.frm_half.frm_right_container .frm_error{margin-right:33%;padding-right:12px;}.with_frm_style .frm_form_field.frm_first_half.frm_left_container div.frm_description,.with_frm_style .frm_form_field.frm_first_half.frm_left_container .frm_error,.with_frm_style .frm_form_field.frm_first_half .frm_left_container div.frm_description,.with_frm_style .frm_form_field.frm_first_half .frm_left_container .frm_error,.with_frm_style .frm_form_field.frm_last_half.frm_left_container div.frm_description,.with_frm_style .frm_form_field.frm_last_half.frm_left_container .frm_error,.with_frm_style .frm_form_field.frm_half.frm_left_container div.frm_description,.with_frm_style .frm_form_field.frm_half.frm_left_container .frm_error{margin-left:33%;padding-left:12px;}.frm_full,.frm_full .wp-editor-wrap,.frm_full input:not([type=''checkbox'']):not([type=''radio'']):not([type=''button'']),.frm_full select,.frm_full textarea{width:100% !important;}.frm_full .wp-editor-wrap input{width:auto !important;}.frm_form_field.frm_left_container label.frm_primary_label{float:left;display:inline;max-width:33%;margin-right:10px;}.frm_form_field.frm_left_container input:not([type=radio]):not([type=checkbox]),.frm_form_field.frm_left_container select,.frm_form_field.frm_left_container textarea,.frm_form_field.frm_left_container:not(.frm_dynamic_select_container) .frm_opt_container,.frm_form_field.frm_left_container .g-recaptcha,.frm_form_field.frm_right_container input:not([type=radio]):not([type=checkbox]),.frm_form_field.frm_right_container select,.frm_form_field.frm_right_container textarea,.frm_form_field.frm_right_container:not(.frm_dynamic_select_container) .frm_opt_container,.frm_form_field.frm_right_container .g-recaptcha{max-width:62%;}.frm_form_field.frm_left_container:not(.frm_dynamic_select_container) .frm_opt_container,.frm_form_field.frm_right_container:not(.frm_dynamic_select_container) .frm_opt_container,.frm_form_field.frm_left_container .g-recaptcha,.frm_form_field.frm_right_container .g-recaptcha{display:inline-block;}.frm_left_container p.description,.frm_left_container div.description,.frm_left_container div.frm_description,.frm_left_container .frm_error{margin-left:33%;max-width:62%;}.frm_form_field.frm_left_half.frm_left_container .frm_primary_label,.frm_form_field.frm_right_half.frm_left_container .frm_primary_label,.frm_form_field.frm_left_half.frm_right_container .frm_primary_label,.frm_form_field.frm_right_half.frm_right_container .frm_primary_label,.frm_form_field.frm_first_half.frm_left_container .frm_primary_label,.frm_form_field.frm_last_half.frm_left_container .frm_primary_label,.frm_form_field.frm_first_half.frm_right_container .frm_primary_label,.frm_form_field.frm_last_half.frm_right_container .frm_primary_label,.frm_form_field.frm_half.frm_right_container .frm_primary_label,.frm_form_field.frm_half.frm_left_container .frm_primary_label{-webkit-box-sizing:border-box;-moz-box-sizing:border-box;box-sizing:border-box;max-width:33%;}.wp-editor-wrap *,.wp-editor-wrap *:after,.wp-editor-wrap *:before{-webkit-box-sizing:content-box;-moz-box-sizing:content-box;box-sizing:content-box;}.with_frm_style .frm_grid,.with_frm_style .frm_grid_first,.with_frm_style .frm_grid_odd{clear:both;margin-bottom:0 !important;padding:5px;border-width:1px;border-style:solid;border-color:#cccccc;border-left:none;border-right:none;}.with_frm_style .frm_grid,.with_frm_style .frm_grid_odd{border-top:none;}.frm_grid .frm_error,.frm_grid_first .frm_error,.frm_grid_odd .frm_error{display:none;}.frm_grid:after,.frm_grid_first:after,.frm_grid_odd:after{visibility:hidden;display:block;font-size:0;content:" ";clear:both;height:0;}.frm_grid_first{margin-top:20px;}.frm_grid_first,.frm_grid_odd{background-color:#ffffff;}.frm_grid{background-color:#ffffff;}.frm_grid .frm_primary_label,.frm_grid_first .frm_primary_label,.frm_grid_odd .frm_primary_label,.frm_grid .frm_radio,.frm_grid_first .frm_radio,.frm_grid_odd .frm_radio,.frm_grid .frm_checkbox,.frm_grid_first .frm_checkbox,.frm_grid_odd .frm_checkbox{float:left !important;display:block;margin-top:0;margin-left:0 !important;}.frm_grid_first .frm_radio label,.frm_grid .frm_radio label,.frm_grid_odd .frm_radio label,.frm_grid_first .frm_checkbox label,.frm_grid .frm_checkbox label,.frm_grid_odd .frm_checkbox label{visibility:hidden;white-space:nowrap;text-align:left;}.frm_grid_first .frm_radio label input,.frm_grid .frm_radio label input,.frm_grid_odd .frm_radio label input,.frm_grid_first .frm_checkbox label input,.frm_grid .frm_checkbox label input,.frm_grid_odd .frm_checkbox label input{visibility:visible;margin:2px 0 0;float:right;}.frm_grid .frm_radio,.frm_grid_first .frm_radio,.frm_grid_odd .frm_radio,.frm_grid .frm_checkbox,.frm_grid_first .frm_checkbox,.frm_grid_odd .frm_checkbox{display:inline;}.frm_grid_2 .frm_radio,.frm_grid_2 .frm_checkbox,.frm_grid_2 label.frm_primary_label{width:48% !important;}.frm_grid_2 .frm_radio,.frm_grid_2 .frm_checkbox{margin-right:4%;}.frm_grid_3 .frm_radio,.frm_grid_3 .frm_checkbox,.frm_grid_3 label.frm_primary_label{width:30% !important;}.frm_grid_3 .frm_radio,.frm_grid_3 .frm_checkbox{margin-right:3%;}.frm_grid_4 .frm_radio,.frm_grid_4 .frm_checkbox{width:20% !important;}.frm_grid_4 label.frm_primary_label{width:28% !important;}.frm_grid_4 .frm_radio,.frm_grid_4 .frm_checkbox{margin-right:4%;}.frm_grid_5 label.frm_primary_label,.frm_grid_7 label.frm_primary_label{width:24% !important;}.frm_grid_5 .frm_radio,.frm_grid_5 .frm_checkbox{width:17% !important;margin-right:2%;}.frm_grid_6 label.frm_primary_label{width:25% !important;}.frm_grid_6 .frm_radio,.frm_grid_6 .frm_checkbox{width:14% !important;margin-right:1%;}.frm_grid_7 label.frm_primary_label{width:22% !important;}.frm_grid_7 .frm_radio,.frm_grid_7 .frm_checkbox{width:12% !important;margin-right:1%;}.frm_grid_8 label.frm_primary_label{width:23% !important;}.frm_grid_8 .frm_radio,.frm_grid_8 .frm_checkbox{width:10% !important;margin-right:1%;}.frm_grid_9 label.frm_primary_label{width:20% !important;}.frm_grid_9 .frm_radio,.frm_grid_9 .frm_checkbox{width:9% !important;margin-right:1%;}.frm_grid_10 label.frm_primary_label{width:19% !important;}.frm_grid_10 .frm_radio,.frm_grid_10 .frm_checkbox{width:8% !important;margin-right:1%;}.with_frm_style .frm_inline_container.frm_grid_first label.frm_primary_label,.with_frm_style .frm_inline_container.frm_grid label.frm_primary_label,.with_frm_style .frm_inline_container.frm_grid_odd label.frm_primary_label,.with_frm_style .frm_inline_container.frm_grid_first .frm_opt_container,.with_frm_style .frm_inline_container.frm_grid .frm_opt_container,.with_frm_style .frm_inline_container.frm_grid_odd .frm_opt_container{margin-right:0;}.with_frm_style .frm_inline_container.frm_scale_container label.frm_primary_label{float:left;}.with_frm_style .frm_other_input.frm_other_full{margin-top:10px;}.with_frm_style .frm_repeat_sec{margin-bottom:20px;margin-top:20px;}.with_frm_style .frm_repeat_inline{clear:both;}.frm_form_field .frm_repeat_sec .frm_add_form_row{opacity:0;display:none;*display:inline;display:inline\\0/; -moz-transition: opacity .15s ease-in-out;-webkit-transition: opacity .15s ease-in-out;transition: opacity .15s ease-in-out;pointer-events:none;}.frm_section_heading div.frm_repeat_sec:last-child .frm_add_form_row{opacity:100;display:inline;pointer-events:auto;}.frm_form_field .frm_repeat_grid .frm_form_field label.frm_primary_label{display:none !important;}.frm_form_field .frm_repeat_grid.frm_first_repeat .frm_form_field label.frm_primary_label{display:inherit !important;}.frm_form_field.frm_two_col .frm_radio,.frm_form_field.frm_three_col .frm_radio,.frm_form_field.frm_four_col .frm_radio,.frm_form_field.frm_two_col .frm_checkbox,.frm_form_field.frm_three_col .frm_checkbox,.frm_form_field.frm_four_col .frm_checkbox{float:left;}.frm_form_field.frm_two_col .frm_radio,.frm_form_field.frm_two_col .frm_checkbox{width:48%;margin-right:4%;}.frm_form_field.frm_three_col .frm_radio,.frm_form_field.frm_three_col .frm_checkbox{width:30%;margin-right:5%;}.frm_form_field.frm_four_col .frm_radio,.frm_form_field.frm_four_col .frm_checkbox{width:22%;margin-right:4%;}.frm_form_field.frm_two_col .frm_radio:nth-child(2n+2),.frm_form_field.frm_two_col .frm_checkbox:nth-child(2n+2),.frm_form_field.frm_three_col .frm_radio:nth-child(3n+3),.frm_form_field.frm_three_col .frm_checkbox:nth-child(3n+3),.frm_form_field.frm_four_col .frm_radio:nth-child(4n+4),.frm_form_field.frm_four_col .frm_checkbox:nth-child(4n+4){margin-right:0;}.frm_form_field.frm_scroll_box .frm_opt_container{height:100px;overflow:auto;}.frm_form_field.frm_html_scroll_box{height:100px;overflow:auto;background-color:#ffffff;border-color:#cccccc;border-width:1px;border-style:solid;-moz-border-radius:4px;-webkit-border-radius:4px;border-radius:4px;width:100%;max-width:100%;font-size:14px;padding:6px 10px;-webkit-box-sizing:border-box;-moz-box-sizing:border-box;box-sizing:border-box;outline:none;font-weight:normal;box-shadow:0 1px 1px rgba(0, 0, 0, 0.075) inset;}.frm_form_field.frm_two_col .frm_opt_container:after,.frm_form_field.frm_three_col .frm_opt_container:after,.frm_form_field.frm_four_col .frm_opt_container:after{content:".";display:block;clear:both;visibility:hidden;line-height:0;height:0;}.frm_form_field.frm_total input,.frm_form_field.frm_total textarea{opacity:1;background-color:transparent !important;border:none !important;font-weight:bold;-moz-box-shadow:none;-webkit-box-shadow:none;box-shadow:none !important;display:inline;width:auto !important;-moz-appearance:textfield;padding:0;}.frm_form_field.frm_total input::-webkit-outer-spin-button,.frm_form_field.frm_total input::-webkit-inner-spin-button {-webkit-appearance: none;}.frm_form_field.frm_total input:focus,.frm_form_field.frm_total textarea:focus{background-color:transparent;border:none;-moz-box-shadow:none;-webkit-box-shadow:none;box-shadow:none;}.frm_text_block{margin-left:20px;}.frm_text_block input,.frm_text_block label.frm_primary_label{margin-left:-20px;}.frm_text_block .frm_checkbox input[type=checkbox],.frm_text_block .frm_radio input[type=radio]{margin-right:4px;}.frm_form_field.frm_capitalize input,.frm_form_field.frm_capitalize select,.frm_form_field.frm_capitalize .frm_opt_container label{text-transform:capitalize;}.frm_clearfix:after{content:".";display:block;clear:both;visibility:hidden;line-height:0;height:0;}.frm_clearfix{display:inline-block;}html[xmlns] .frm_clearfix{display:block;}* html .frm_clearfix{height:1%;}.with_frm_style.frm_login_form,.with_frm_style.frm_login_form form{clear:both;}.with_frm_style.frm_login_form.frm_inline_login .login-remember input{vertical-align:baseline;}.with_frm_style.frm_login_form.frm_inline_login .login-submit{float:left;}.with_frm_style.frm_login_form.frm_inline_login label{display:inline;}.with_frm_style.frm_login_form.frm_inline_login .login-username,.with_frm_style.frm_login_form.frm_inline_login .login-password,.with_frm_style.frm_login_form.frm_inline_login .login-remember{float:left;margin-right:5px;}.with_frm_style.frm_login_form.frm_inline_login form{position:relative;clear:none;}.with_frm_style.frm_login_form.frm_inline_login .login-remember{position:absolute;top:35px;}.with_frm_style.frm_login_form.frm_inline_login input[type=submit]{margin:0 !important;}.with_frm_style.frm_login_form.frm_no_labels .login-username label,.with_frm_style.frm_login_form.frm_no_labels .login-password label{display:none;}.with_frm_style .frm-open-login{float:left;margin-right:15px;}.with_frm_style .frm-open-login a{text-decoration:none;border:none;outline:none;}.with_frm_style.frm_slide.frm_login_form form{display:none;}.with_frm_style .chosen-container{font-size:14px;position:relative;display:inline-block;zoom:1;vertical-align:middle;-webkit-user-select:none;-moz-user-select:none;user-select:none;*display:inline;}.with_frm_style .chosen-container .chosen-drop{background:#fff;border:1px solid #aaa;border-top:0;position:absolute;top:100%;left:-9999px;box-shadow:0 4px 5px rgba(0,0,0,.15);z-index:1010;-webkit-box-sizing:border-box;-moz-box-sizing:border-box;box-sizing:border-box;width:100%;}.with_frm_style .chosen-container.chosen-with-drop .chosen-drop{left:0;}.with_frm_style .chosen-container a{cursor:pointer;}.with_frm_style .chosen-container-single .chosen-single{position:relative;display:block;overflow:hidden;padding:0 0 0 8px;height:25px;background:-webkit-gradient(linear, 50% 0%, 50% 100%, color-stop(20%, #ffffff), color-stop(50%, #f6f6f6), color-stop(52%, #eeeeee), color-stop(100%, #f4f4f4));background:-webkit-linear-gradient(top, #ffffff 20%, #f6f6f6 50%, #eeeeee 52%, #f4f4f4 100%);background:-moz-linear-gradient(top, #ffffff 20%, #f6f6f6 50%, #eeeeee 52%, #f4f4f4 100%);background:-o-linear-gradient(top, #ffffff 20%, #f6f6f6 50%, #eeeeee 52%, #f4f4f4 100%);background:linear-gradient(top, #ffffff 20%, #f6f6f6 50%, #eeeeee 52%, #f4f4f4 100%);background-clip:padding-box;box-shadow:0 0 3px white inset, 0 1px 1px rgba(0, 0, 0, 0.1);text-decoration:none;white-space:nowrap;line-height:24px;}.with_frm_style .chosen-container-single .chosen-single span{margin-right:26px;display:block;overflow:hidden;white-space:nowrap;text-overflow:ellipsis;}.with_frm_style .chosen-container-single .chosen-single-with-deselect span{margin-right:38px;}.with_frm_style .chosen-container-single .chosen-single abbr{display:block;position:absolute;right:26px;top:6px;width:12px;height:12px;font-size:1px;background:url(''//asiacentre.co.th/wp-content/plugins/formidable/pro/images/chosen-sprite.png'') -42px 1px no-repeat;}.with_frm_style .chosen-container-single .chosen-single abbr:hover{background-position:-42px -10px;}.with_frm_style .chosen-container-single.chosen-disabled .chosen-single abbr:hover{background-position:-42px -10px;}.with_frm_style .chosen-container-single .chosen-single div{position:absolute;right:0;top:0;display:block;height:100%;width:18px;}.with_frm_style .chosen-container-single .chosen-single div b{background:url(''//asiacentre.co.th/wp-content/plugins/formidable/pro/images/chosen-sprite.png'') no-repeat 0px 2px;display:block;width:100%;height:100%;}.with_frm_style .chosen-container-single .chosen-search{padding:3px 4px;position:relative;margin:0;white-space:nowrap;z-index:1010;}.with_frm_style .chosen-container-single .chosen-search input[type="text"]{-webkit-box-sizing:border-box;-moz-box-sizing:border-box;box-sizing:border-box;width:100%;height:auto;background:white url(''//asiacentre.co.th/wp-content/plugins/formidable/pro/images/chosen-sprite.png'') no-repeat 100% -20px;background:url(''//asiacentre.co.th/wp-content/plugins/formidable/pro/images/chosen-sprite.png'') no-repeat 100% -20px;font-size:1em;font-family:sans-serif;line-height:normal;border-radius:0;}.with_frm_style .chosen-container-single .chosen-drop{margin-top:-1px;border-radius:0 0 4px 4px;background-clip:padding-box;}.with_frm_style .chosen-container-single.chosen-container-single-nosearch .chosen-search{position:absolute;left:-9999px;}.with_frm_style .chosen-container .chosen-results{cursor:text;overflow-x:hidden;overflow-y:auto;position:relative;margin:0 4px 4px 0;padding:0 0 0 4px;max-height:240px;word-wrap:break-word;-webkit-overflow-scrolling:touch;}.with_frm_style .chosen-container .chosen-results li:before{background:none;}.with_frm_style .chosen-container .chosen-results li{display:none;margin:0;padding:5px 6px;list-style:none;line-height:15px;-webkit-touch-callout:none;}.with_frm_style .chosen-container .chosen-results li.active-result{display:list-item;cursor:pointer;}.with_frm_style .chosen-container .chosen-results li.disabled-result{display:list-item;color:#ccc;cursor:default;}.with_frm_style .chosen-container .chosen-results li.highlighted{background-color:#3875d7;color:#fff;}.with_frm_style .chosen-container .chosen-results li.no-results{display:list-item;background:#f4f4f4;}.with_frm_style .chosen-container .chosen-results li.group-result{display:list-item;font-weight:bold;cursor:default;}.with_frm_style .chosen-container .chosen-results li.group-option{padding-left:15px;}.with_frm_style .chosen-container .chosen-results li em{font-style:normal;text-decoration:underline;}.with_frm_style .chosen-container-multi .chosen-choices{position:relative;overflow:hidden;-webkit-box-sizing:border-box;-moz-box-sizing:border-box;box-sizing:border-box;margin:0;padding:0 5px;width:100%;height:auto !important;height:1%;cursor:text;}.with_frm_style .chosen-container-multi .chosen-choices li{float:left;list-style:none;}.with_frm_style .chosen-container-multi .chosen-choices li.search-field{margin:0;padding:0;white-space:nowrap;}.with_frm_style .chosen-container-multi .chosen-choices li.search-field input[type="text"]{margin:1px 0;padding:0;height:25px;outline:0;border:0 !important;background:transparent !important;box-shadow:none;color:#666;font-size:100%;font-family:sans-serif;line-height:normal;border-radius:0;}.with_frm_style .chosen-container-multi .chosen-choices li.search-choice{position:relative;margin:3px 5px 3px 0;padding:3px 20px 3px 5px;border:1px solid #aaa;max-width:100%;border-radius:3px;background-color:#eee;background-size:100% 19px;background-repeat:repeat-x;background-clip:padding-box;box-shadow:0 0 2px white inset, 0 1px 0 rgba(0, 0, 0, 0.05);color:#333;line-height:13px;cursor:default;}.with_frm_style .chosen-container-multi .chosen-choices li.search-choice .search-choice-close{position:absolute;top:4px;right:3px;display:block;width:12px;height:12px;background:url(''//asiacentre.co.th/wp-content/plugins/formidable/pro/images/chosen-sprite.png'') -42px 1px no-repeat;font-size:1px;}.with_frm_style .chosen-container-multi .chosen-choices li.search-choice .search-choice-close:hover{background-position:-42px -10px;}.with_frm_style .chosen-container-multi .chosen-choices li.search-choice-disabled{padding-right:5px;border:1px solid #ccc;background-color:#e4e4e4;color:#666;}.with_frm_style .chosen-container-multi .chosen-choices li.search-choice-focus{background:#d4d4d4;}.with_frm_style .chosen-container-multi .chosen-choices li.search-choice-focus .search-choice-close{background-position:-42px -10px;}.with_frm_style .chosen-container-multi .chosen-results{margin:0;padding:0;}.with_frm_style .chosen-container-multi .chosen-drop .result-selected{display:list-item;color:#ccc;cursor:default;}.with_frm_style .chosen-container-active .chosen-single{border:1px solid #5897fb;box-shadow:0 0 5px rgba(0, 0, 0, 0.3);}.with_frm_style .chosen-container-active.chosen-with-drop .chosen-single{border:1px solid #aaa;-moz-border-radius-bottomright:0;border-bottom-right-radius:0;-moz-border-radius-bottomleft:0;border-bottom-left-radius:0;box-shadow:0 1px 0 #fff inset;}.with_frm_style .chosen-container-active.chosen-with-drop .chosen-single div{border-left:none;background:transparent;}.with_frm_style .chosen-container-active.chosen-with-drop .chosen-single div b{background-position:-18px 2px;}.with_frm_style .chosen-container-active .chosen-choices li.search-field input[type="text"]{color:#111 !important;}.with_frm_style .chosen-disabled{opacity:0.5 !important;cursor:default;}.with_frm_style .chosen-disabled .chosen-single{cursor:default;}.with_frm_style .chosen-disabled .chosen-choices .search-choice .search-choice-close{cursor:default;}.with_frm_style .chosen-rtl{text-align:right;}.with_frm_style .chosen-rtl .chosen-single{overflow:visible;padding:0 8px 0 0;}.with_frm_style .chosen-rtl .chosen-single span{margin-right:0;margin-left:26px;direction:rtl;}.with_frm_style .chosen-rtl .chosen-single-with-deselect span{margin-left:38px;}.with_frm_style .chosen-rtl .chosen-single div{right:auto;left:3px;}.with_frm_style .chosen-rtl .chosen-single abbr{right:auto;left:26px;}.with_frm_style .chosen-rtl .chosen-choices li{float:right;}.with_frm_style .chosen-rtl .chosen-choices li.search-field input[type="text"]{direction:rtl;}.with_frm_style .chosen-rtl .chosen-choices li.search-choice{margin:3px 5px 3px 0;padding:3px 5px 3px 19px;}.with_frm_style .chosen-rtl .chosen-choices li.search-choice .search-choice-close{right:auto;left:4px;}.with_frm_style .chosen-rtl.chosen-container-single-nosearch .chosen-search, .with_frm_style .chosen-rtl .chosen-drop{left:9999px;}.with_frm_style .chosen-rtl.chosen-container-single .chosen-results{margin:0 0 4px 4px;padding:0 4px 0 0;}.with_frm_style .chosen-rtl .chosen-results li.group-option{padding-right:15px;padding-left:0;}.with_frm_style .chosen-rtl.chosen-container-active.chosen-with-drop .chosen-single div{border-right:none;}.with_frm_style .chosen-rtl .chosen-search input[type="text"]{padding:4px 5px 4px 20px;background:white url(''//asiacentre.co.th/wp-content/plugins/formidable/pro/images/chosen-sprite.png'') no-repeat -30px -20px;background:url(''//asiacentre.co.th/wp-content/plugins/formidable/pro/images/chosen-sprite.png'') no-repeat -30px -20px;direction:rtl;}.with_frm_style .chosen-rtl.chosen-container-single .chosen-single div b{background-position:6px 2px;}.with_frm_style .chosen-rtl.chosen-container-single.chosen-with-drop .chosen-single div b{background-position:-12px 2px;}@font-face {font-family:''s11-fp'';src:url(''//asiacentre.co.th/wp-content/plugins/formidable/fonts/s11-fp.eot'');src:local(''☺''), url(''//asiacentre.co.th/wp-content/plugins/formidable/fonts/s11-fp.woff'') format(''woff''), url(''//asiacentre.co.th/wp-content/plugins/formidable/fonts/s11-fp.ttf'') format(''truetype''), url(''//asiacentre.co.th/wp-content/plugins/formidable/fonts/s11-fp.svg'') format(''svg'');font-weight:normal;font-style:normal;}.frm_icon_font,.frm_dashicon_font{text-decoration:none;text-shadow: none;font-weight:normal;}i.frm_icon_font{font-style:normal;}.frm_icon_font:before,select.frm_icon_font{font-family: ''s11-fp'' !important;font-size:16px;speak: none;-webkit-font-smoothing: antialiased;-moz-osx-font-smoothing: grayscale;-moz-transition: all .1s ease-in-out;-webkit-transition: all .1s ease-in-out;transition: all .1s ease-in-out;}.frm_icon_font,a.frm_icon_font.frm_icon_font:hover,a.frm_icon_font:hover{text-decoration:none !important;}.frm_icon_font:focus,.frm_dashicon_font:focus{box-shadow:none;-webkit-box-shadow:none;}.frm_duplicate_icon:active,.frm_move_icon:active,.frm_delete_icon:active{outline:none;}.ab-icon.frm_dashicon_font:before{content: "\\f324";}.frm_logo_icon:before {content: "\\e601";}.frm_required_icon:before {content: "\\e612";}.frm_delete_icon:before {content: "\\e610" !important;}.frm_move_icon:before {content: "\\e61a";}.frm_clear_icon:before {content: "\\e60a";}.frm_noclear_icon:before {content: "\\e60b";}.frm_duplicate_icon:before {content: "\\e61b";}.frm_new_icon:before {content: "\\e614";}.frm_tooltip_icon:before {content: "\\e611";}.frm_forbid_icon:before {content: "\\e636";}.frm_check_icon:before {content: "\\e605";}.frm_check1_icon:before {content: "\\e606";}.frm_plus_icon:before {content: "\\e62f";}.frm_plus1_icon:before {content: "\\e602";}.frm_plus2_icon:before {content: "\\e603";}.frm_plus3_icon:before {content: "\\e632";}.frm_plus4_icon:before {content: "\\e60f";}.frm_minus_icon:before {content: "\\e62e";}.frm_minus1_icon:before {content: "\\e600";}.frm_minus2_icon:before {content: "\\e604";}.frm_minus3_icon:before {content: "\\e633";}.frm_minus4_icon:before {content: "\\e613";}.frm_cancel_icon:before {content: "\\e607";}.frm_cancel1_icon:before {content: "\\e608";}.frm_arrowup_icon:before {content: "\\e60d";}.frm_arrowup1_icon:before {content: "\\e60e";}.frm_arrowup2_icon:before {content: "\\e630";}.frm_arrowup3_icon:before {content: "\\e62b";}.frm_arrowup4_icon:before {content: "\\e62c";}.frm_arrowup5_icon:before {content: "\\e635";}.frm_arrowup6_icon:before {content: "\\e62d";}.frm_arrowdown_icon:before {content: "\\e609";}.frm_arrowdown1_icon:before {content: "\\e60c";}.frm_arrowdown2_icon:before {content: "\\e631";}.frm_arrowdown3_icon:before {content: "\\e628";}.frm_arrowdown4_icon:before {content: "\\e629";}.frm_arrowdown5_icon:before {content: "\\e634";}.frm_arrowdown6_icon:before {content: "\\e62a";}.frm_download_icon:before {content: "\\e615";}.frm_upload_icon:before {content: "\\e616";}.frm_menu_icon:before {content: "\\e618";}.frm_twitter_icon:before {content: "\\e619";}.frm_sms_icon:before {content: "\\e61c";}.frm_pencil_icon:before {content: "\\e61d";}.frm_pencil1_icon:before {content: "\\e61e";}.frm_paypal_icon:before {content: "\\e61f";}.frm_twilio_icon:before {content: "\\e620";}.frm_googleplus_icon:before {content: "\\e621";}.frm_mailchimp_icon:before {content: "\\e622";}.frm_pdf_icon:before {content: "\\e623";}.frm_highrise_icon:before {content: "\\e617";}.frm_feed_icon:before {content: "\\e624";}.frm_facebook_icon:before {content: "\\e625";}.frm_email_icon:before {content: "\\e626";}.frm_aweber_icon:before {content: "\\e627";}.frm_register_icon:before {content: "\\e637";}@media only screen and (-webkit-min-device-pixel-ratio: 2), only screen and (min-resolution: 144dpi){.with_frm_style .chosen-rtl .chosen-search input[type="text"],.with_frm_style .chosen-container-single .chosen-single abbr,.with_frm_style .chosen-container-single .chosen-single div b,.with_frm_style .chosen-container-single .chosen-search input[type="text"],.with_frm_style .chosen-container-multi .chosen-choices .search-choice .search-choice-close,.with_frm_style .chosen-container .chosen-results-scroll-down span,.with_frm_style .chosen-container .chosen-results-scroll-up span{background-image:url(''//asiacentre.co.th/wp-content/plugins/formidable/pro/images/chosen-sprite2x.png'') !important;background-size:52px 37px !important;background-repeat:no-repeat !important;}}@media only screen and (max-width: 900px) {.frm_form_field .frm_repeat_grid .frm_form_field.frm_sixth label.frm_primary_label,.frm_form_field .frm_repeat_grid .frm_form_field.frm_seventh label.frm_primary_label,.frm_form_field .frm_repeat_grid .frm_form_field.frm_eighth label.frm_primary_label{display: block !important;}.frm_form_field .frm_repeat_grid .frm_form_field.frm_repeat_buttons.frm_seventh label.frm_primary_label{display:none !important;}}@media only screen and (max-width: 600px) {.frm_form_field.frm_half,.frm_submit.frm_half,.frm_form_field.frm_left_half,.frm_form_field.frm_right_half,.frm_form_field.frm_first_half,.frm_form_field.frm_last_half,.frm_form_field.frm_first_third,.frm_form_field.frm_third,.frm_submit.frm_third,.frm_form_field.frm_last_third,.frm_form_field.frm_first_two_thirds,.frm_form_field.frm_last_two_thirds,.frm_form_field.frm_two_thirds,.frm_form_field.frm_left_fourth,.frm_form_field.frm_fourth,.frm_submit.frm_fourth,.frm_form_field.frm_right_fourth,.frm_form_field.frm_first_fourth,.frm_form_field.frm_last_fourth,.frm_form_field.frm_three_fourths,.frm_form_field.frm_fifth,.frm_submit.frm_fifth,.frm_form_field.frm_two_fifths,.frm_form_field.frm_three_fifths,.frm_form_field.frm_four_fifths,.frm_form_field.frm_sixth,.frm_submit.frm_sixth,.frm_form_field.frm_seventh,.frm_submit.frm_seventh,.frm_form_field.frm_eighth,.frm_submit.frm_eighth,.frm_form_field.frm_first_inline,.frm_form_field.frm_inline,.frm_submit.frm_inline,.frm_form_field.frm_last_inline{width:100%;margin-left:0;margin-right:0;clear:both;float:none;}.frm_form_field.frm_four_col .frm_radio,.frm_form_field.frm_four_col .frm_checkbox{width:48%;margin-right:4%;}.frm_form_field.frm_four_col .frm_radio:nth-child(2n+2),.frm_form_field.frm_four_col .frm_checkbox:nth-child(2n+2){margin-right:0;}.frm_form_field .frm_repeat_grid.frm_first_repeat .frm_form_field.frm_repeat_buttons:not(.frm_fourth):not(.frm_sixth):not(.frm_eighth) label.frm_primary_label{display:none !important;}.frm_form_field .frm_repeat_grid .frm_form_field.frm_fifth label.frm_primary_label{display:block !important;}.frm_form_field .frm_repeat_grid .frm_form_field.frm_repeat_buttons.frm_fifth label.frm_primary_label{display:none !important;}}@media only screen and (max-width: 500px) {.frm_form_field.frm_two_col .frm_radio,.frm_form_field.frm_two_col .frm_checkbox,.frm_form_field.frm_three_col .frm_radio,.frm_form_field.frm_three_col .frm_checkbox{width: auto;margin-right: 0;float: none;display:block;}.frm_form_field input[type=file] {max-width:220px;}.with_frm_style.frm_login_form.frm_inline_login p{clear:both;float:none;}.with_frm_style.frm_login_form.frm_inline_login form{position:static;}.with_frm_style.frm_login_form.frm_inline_login .login-remember{position:static;}.with_frm_style .g-recaptcha > div > div{width:inherit !important;display:block;overflow:hidden;max-width:302px;border-right:1px solid #d3d3d3;border-radius:4px;box-shadow:2px 0px 4px -1px rgba(0,0,0,.08);-moz-box-shadow:2px 0px 4px -1px rgba(0,0,0,.08);}.with_frm_style .g-recaptcha iframe{width:100%;}}', 'yes');

INSERT INTO `wp_options` (`option_id`, `option_name`, `option_value`, `autoload`) VALUES
(20092, '_transient_frm_api_addons', 'a:2:{s:8:"products";a:33:{i:0;a:3:{s:4:"info";a:12:{s:2:"id";i:458113;s:4:"slug";s:22:"car-payment-calculator";s:5:"title";s:22:"Car Payment Calculator";s:11:"create_date";s:19:"2016-09-29 19:11:33";s:13:"modified_date";s:19:"2016-09-29 19:24:04";s:6:"status";s:7:"publish";s:4:"link";s:54:"https://formidablepro.com/?post_type=download&p=458113";s:7:"content";s:723:"Let us build your car payment calculator for you. Instantly download this form to calculate the monthly payment for auto loans. Calculate loan amounts based on taxes, dealer fees, and a trade-in value. Just download, import, and you''re done.\r\n\r\nUse this car payment calculator to estimate monthly payments for new or used auto loans. Enter the loan amount, term, and interest rate to calculate monthly auto loan payments. Add dealer fees, incentives, trade-in value, and a down payment for a spot-on result. Help your site visitors determine how much car they can afford.\r\n\r\nInstall the <a href="/downloads/bootstrap/">Bootstrap plugin</a> if you would like the symbols before and after the fields shown in the screenshots.";s:7:"excerpt";s:168:"Let us build your car payment calculator for you. Calculate the loan amount based on taxes, dealer fees, and a trade-in value. Simply download, import, and you''re done.";s:9:"thumbnail";b:0;s:8:"category";a:2:{i:0;a:11:{s:7:"term_id";i:10802;s:4:"name";s:14:"Form Templates";s:4:"slug";s:14:"form-templates";s:10:"term_group";i:0;s:16:"term_taxonomy_id";i:10818;s:8:"taxonomy";s:17:"download_category";s:11:"description";s:0:"";s:6:"parent";i:10807;s:5:"count";i:4;s:6:"filter";s:3:"raw";s:4:"meta";a:0:{}}i:1;a:11:{s:7:"term_id";i:10806;s:4:"name";s:10:"Strategy11";s:4:"slug";s:10:"strategy11";s:10:"term_group";i:0;s:16:"term_taxonomy_id";i:10822;s:8:"taxonomy";s:17:"download_category";s:11:"description";s:0:"";s:6:"parent";i:0;s:5:"count";i:31;s:6:"filter";s:3:"raw";s:4:"meta";a:0:{}}}s:4:"tags";b:0;}s:7:"pricing";a:1:{s:6:"amount";s:5:"20.00";}s:9:"licensing";a:4:{s:7:"enabled";b:0;s:7:"version";s:0:"";s:8:"exp_unit";s:4:"days";s:10:"exp_length";s:0:"";}}i:1;a:3:{s:4:"info";a:12:{s:2:"id";i:326042;s:4:"slug";s:13:"autoresponder";s:5:"title";s:13:"Autoresponder";s:11:"create_date";s:19:"2016-09-21 11:26:58";s:13:"modified_date";s:19:"2016-11-03 15:58:39";s:6:"status";s:7:"publish";s:4:"link";s:54:"https://formidablepro.com/?post_type=download&p=326042";s:7:"content";s:1738:"Power up your form actions with powerful automation. Each entry can have its very own set of scheduled form actions. \r\n\r\n<ul><li>Schedule email notifications based on time passed since the entry was created or updated.</li>\r\n<li>Use one of the fields on your form to schedule the email</li>\r\n<li>Schedule emails to go out again after a specified amount of time</li>\r\n<li>Limit the number of times an email will be sent out</li>\r\n<li>Use the existing Conditional Logic settings included in Formidable Pro to further augment the logic behind when to send out the email</li>\r\n<li>Schedule emails that include content from views.</li>\r\n<li>Combine with the <a href="/downloads/twilio">Twilio</a> addon to schedule your SMS text messages as well.</li></ul>\r\n\r\n<h3>Form action automation for you</h3>\r\nStill not sure what form action automation can do for you? How about a few examples?\r\n<ul>\r\n<li>Send weekly digest emails with help from a view inside your email message.</li>\r\n<li>Automate your invoice reminders until it''s marked as paid.</li>\r\n<li>Trigger a reminder text for an upcoming appointment.</li>\r\n<li>Set deadlines on tasks, and get reminders when they are due.</li>\r\n<li>Send yearly birthday texts</li>\r\n</ul>\r\n\r\n<h3>Pick the best tool for the job</h3>\r\nIf you''d like to send newsletters to a list of subscribers with static content, this isn''t the best option. <a href="/downloads/mailchimp">Mailchimp</a> may be a better option for you. \r\n\r\nDisclaimer: Sending emails is not reliable using the PHP mail that web hosts use by default. An SMTP plugin or integrating with an email service is encouraged for more reliable email receipt. <a href="/knowledgebase/why-isnt-my-form-sending-emails/">Click here</a> for more information.";s:7:"excerpt";s:60:"Schedule email notifications, SMS messages, and API actions.";s:9:"thumbnail";b:0;s:8:"category";a:2:{i:0;a:11:{s:7:"term_id";i:10799;s:4:"name";s:9:"Marketing";s:4:"slug";s:9:"marketing";s:10:"term_group";i:0;s:16:"term_taxonomy_id";i:10815;s:8:"taxonomy";s:17:"download_category";s:11:"description";s:0:"";s:6:"parent";i:0;s:5:"count";i:2;s:6:"filter";s:3:"raw";s:4:"meta";a:0:{}}i:1;a:11:{s:7:"term_id";i:10806;s:4:"name";s:10:"Strategy11";s:4:"slug";s:10:"strategy11";s:10:"term_group";i:0;s:16:"term_taxonomy_id";i:10822;s:8:"taxonomy";s:17:"download_category";s:11:"description";s:0:"";s:6:"parent";i:0;s:5:"count";i:31;s:6:"filter";s:3:"raw";s:4:"meta";a:0:{}}}s:4:"tags";b:0;}s:7:"pricing";a:3:{s:5:"1site";s:5:"29.00";s:7:"15sites";s:5:"49.00";s:14:"unlimitedsites";s:5:"69.00";}s:9:"licensing";a:4:{s:7:"enabled";b:1;s:7:"version";s:4:"1.04";s:8:"exp_unit";s:5:"years";s:10:"exp_length";s:1:"1";}}i:2;a:3:{s:4:"info";a:12:{s:2:"id";i:337527;s:4:"slug";s:17:"authorize-net-aim";s:5:"title";s:17:"Authorize.net AIM";s:11:"create_date";s:19:"2016-04-29 17:44:33";s:13:"modified_date";s:19:"2016-11-09 15:28:00";s:6:"status";s:7:"publish";s:4:"link";s:54:"https://formidablepro.com/?post_type=download&p=337527";s:7:"content";s:1298:"Accept one-time payments directly on your site using Authorize.net AIM. Allow your customers the option of paying with a credit card, or with an eCheck.\r\n\r\nThe AIM version of the Authorize.net Payment Gateway add-on allows you to keep the customer on your site for the checkout process, giving you maximum control over checkout. SSL is required for PCI compliance due to the direct checkout to ensure that your customers'' credit card information is secure. If you don''t have SSL on your site, ask your host about free SLL through <a href="https://letsencrypt.org/">LetsEncrypt</a>.\r\n\r\n<ul><li>Accept Credit Card or eChecks without sending people away from your site.</li>\r\n<li>Easily refund payments directing from your admin area</li>\r\n<li>Show a payment receipt using the shortcode [frm_payment_receipt id=25 layout=right]. In a view, use [frm_payment_receipt id=[id]].</li>\r\n<li>Use Formidable Pro calculations to charge different amounts based on selections in the form.</li>\r\n<li>Make automatic changes to your entry after a payment is completed, refunded, or failed. This allows you to only publish posts and entries that have been paid for.</li>\r\n<li>After the payment is received, trigger other form actions including email notifications, add to MailChimp lists, and Twilio SMS.</li>\r\n</ul>";s:7:"excerpt";s:72:"Accept one-time payments directly on your site, using Authorize.net AIM.";s:9:"thumbnail";b:0;s:8:"category";a:2:{i:0;a:11:{s:7:"term_id";i:10798;s:4:"name";s:9:"Ecommerce";s:4:"slug";s:9:"ecommerce";s:10:"term_group";i:0;s:16:"term_taxonomy_id";i:10814;s:8:"taxonomy";s:17:"download_category";s:11:"description";s:0:"";s:6:"parent";i:0;s:5:"count";i:5;s:6:"filter";s:3:"raw";s:4:"meta";a:0:{}}i:1;a:11:{s:7:"term_id";i:10806;s:4:"name";s:10:"Strategy11";s:4:"slug";s:10:"strategy11";s:10:"term_group";i:0;s:16:"term_taxonomy_id";i:10822;s:8:"taxonomy";s:17:"download_category";s:11:"description";s:0:"";s:6:"parent";i:0;s:5:"count";i:31;s:6:"filter";s:3:"raw";s:4:"meta";a:0:{}}}s:4:"tags";b:0;}s:7:"pricing";a:3:{s:5:"1site";s:5:"49.00";s:7:"15sites";s:5:"69.00";s:14:"unlimitedsites";s:5:"99.00";}s:9:"licensing";a:4:{s:7:"enabled";b:1;s:7:"version";s:3:"1.0";s:8:"exp_unit";s:5:"years";s:10:"exp_length";s:1:"1";}}i:3;a:3:{s:4:"info";a:12:{s:2:"id";i:310430;s:4:"slug";s:6:"stripe";s:5:"title";s:6:"Stripe";s:11:"create_date";s:19:"2016-04-26 11:59:06";s:13:"modified_date";s:19:"2016-10-28 16:34:28";s:6:"status";s:7:"publish";s:4:"link";s:54:"https://formidablepro.com/?post_type=download&p=310430";s:7:"content";s:1092:"Any Formidable forms on your site can accept one-time or recurring credit card payments without users ever leaving your site. Use conditional logic on your Stripe settings to allow your users to choose how they want to pay.\r\n\r\n<ul><li>Collect payments without sending people away from your site.</li>\r\n<li>Setup one-time payments or recurring subscriptions.</li>\r\n<li>Use the frm-subscriptions shortcode to show a logged-in user their list of subscriptions and allow easy cancelations.</li>\r\n<li>Use Formidable Pro calculations to charge different amounts based on selections in the form.</li>\r\n<li>Refund charges and cancel subscriptions directly from your site.</li>\r\n<li>When a charge is refunded in Stripe, it will automatically be marked as refunded on your site.</li>\r\n<li>Make automatic changes to your entry after a payment is completed, refunded, or failed. This allows you to only publish posts and entries that have been paid for.</li>\r\n<li>After the payment is received, trigger other form actions including email notifications, add to MailChimp lists, and Twilio SMS.</li>\r\n</ul>";s:7:"excerpt";s:103:"Any Formidable forms on your site can accept credit card payments without users ever leaving your site.";s:9:"thumbnail";b:0;s:8:"category";a:2:{i:0;a:11:{s:7:"term_id";i:10798;s:4:"name";s:9:"Ecommerce";s:4:"slug";s:9:"ecommerce";s:10:"term_group";i:0;s:16:"term_taxonomy_id";i:10814;s:8:"taxonomy";s:17:"download_category";s:11:"description";s:0:"";s:6:"parent";i:0;s:5:"count";i:5;s:6:"filter";s:3:"raw";s:4:"meta";a:0:{}}i:1;a:11:{s:7:"term_id";i:10806;s:4:"name";s:10:"Strategy11";s:4:"slug";s:10:"strategy11";s:10:"term_group";i:0;s:16:"term_taxonomy_id";i:10822;s:8:"taxonomy";s:17:"download_category";s:11:"description";s:0:"";s:6:"parent";i:0;s:5:"count";i:31;s:6:"filter";s:3:"raw";s:4:"meta";a:0:{}}}s:4:"tags";b:0;}s:7:"pricing";a:3:{s:5:"1site";s:5:"49.00";s:7:"15sites";s:5:"69.00";s:14:"unlimitedsites";s:5:"99.00";}s:9:"licensing";a:4:{s:7:"enabled";b:1;s:7:"version";s:4:"1.10";s:8:"exp_unit";s:5:"years";s:10:"exp_length";s:1:"1";}}i:4;a:3:{s:4:"info";a:12:{s:2:"id";i:310394;s:4:"slug";s:12:"sleek-smooth";s:5:"title";s:14:"Sleek & Smooth";s:11:"create_date";s:19:"2016-04-01 15:58:43";s:13:"modified_date";s:19:"2016-04-01 15:59:15";s:6:"status";s:7:"publish";s:4:"link";s:54:"https://formidablepro.com/?post_type=download&p=310394";s:7:"content";s:151:"<img src="https://formidablepro.com/wp-content/uploads/edd/2016/04/sleek-smooth.png" alt="sleek-smooth" width="1024" height="496" class="post-image" />";s:7:"excerpt";s:0:"";s:9:"thumbnail";s:73:"https://formidablepro.com/wp-content/uploads/edd/2016/04/sleek-smooth.png";s:8:"category";a:2:{i:0;a:11:{s:7:"term_id";i:10806;s:4:"name";s:10:"Strategy11";s:4:"slug";s:10:"strategy11";s:10:"term_group";i:0;s:16:"term_taxonomy_id";i:10822;s:8:"taxonomy";s:17:"download_category";s:11:"description";s:0:"";s:6:"parent";i:0;s:5:"count";i:31;s:6:"filter";s:3:"raw";s:4:"meta";a:0:{}}i:1;a:11:{s:7:"term_id";i:10804;s:4:"name";s:15:"Style Templates";s:4:"slug";s:15:"style-templates";s:10:"term_group";i:0;s:16:"term_taxonomy_id";i:10820;s:8:"taxonomy";s:17:"download_category";s:11:"description";s:0:"";s:6:"parent";i:10807;s:5:"count";i:4;s:6:"filter";s:3:"raw";s:4:"meta";a:0:{}}}s:4:"tags";b:0;}s:7:"pricing";a:1:{s:6:"amount";s:4:"5.00";}s:9:"licensing";a:4:{s:7:"enabled";b:0;s:7:"version";s:0:"";s:8:"exp_unit";s:4:"days";s:10:"exp_length";s:0:"";}}i:5;a:3:{s:4:"info";a:12:{s:2:"id";i:301694;s:4:"slug";s:17:"edit-user-profile";s:5:"title";s:17:"Edit User Profile";s:11:"create_date";s:19:"2016-03-24 09:10:15";s:13:"modified_date";s:19:"2016-03-24 09:15:17";s:6:"status";s:7:"publish";s:4:"link";s:54:"https://formidablepro.com/?post_type=download&p=301694";s:7:"content";s:477:"<em class="frm_paid_feature">* Requires the User Registration Add-on *</em>\r\n\r\nInstantly setup your user profile form. This form includes the basics from the regular back-end profile page including first and last name, password and email with confirmation, avatar, website, and bio.\r\n\r\nBe sure to install the <a href="/downloads/registration-lite/">User Registration plugin</a>. If you are not running Formidable Pro, you won''t be able to use the avatar or confirmation fields.";s:7:"excerpt";s:173:"Instantly setup your user profile form to replace the regular back-end profile page with first and last name, password and email with confirmation, avatar, website, and bio.";s:9:"thumbnail";b:0;s:8:"category";a:2:{i:0;a:11:{s:7:"term_id";i:10802;s:4:"name";s:14:"Form Templates";s:4:"slug";s:14:"form-templates";s:10:"term_group";i:0;s:16:"term_taxonomy_id";i:10818;s:8:"taxonomy";s:17:"download_category";s:11:"description";s:0:"";s:6:"parent";i:10807;s:5:"count";i:4;s:6:"filter";s:3:"raw";s:4:"meta";a:0:{}}i:1;a:11:{s:7:"term_id";i:10806;s:4:"name";s:10:"Strategy11";s:4:"slug";s:10:"strategy11";s:10:"term_group";i:0;s:16:"term_taxonomy_id";i:10822;s:8:"taxonomy";s:17:"download_category";s:11:"description";s:0:"";s:6:"parent";i:0;s:5:"count";i:31;s:6:"filter";s:3:"raw";s:4:"meta";a:0:{}}}s:4:"tags";b:0;}s:7:"pricing";a:1:{s:6:"amount";s:5:"10.00";}s:9:"licensing";a:4:{s:7:"enabled";b:0;s:7:"version";s:0:"";s:8:"exp_unit";s:4:"days";s:10:"exp_length";s:0:"";}}i:6;a:3:{s:4:"info";a:12:{s:2:"id";i:224036;s:4:"slug";s:10:"blackboard";s:5:"title";s:16:"Blackboard Style";s:11:"create_date";s:19:"2016-01-13 14:04:53";s:13:"modified_date";s:19:"2016-01-13 14:19:38";s:6:"status";s:7:"publish";s:4:"link";s:54:"https://formidablepro.com/?post_type=download&p=224036";s:7:"content";s:239:"Make your forms look like a blackboard. Perfect for sites with a dark background.\r\n\r\n<img src="https://formidablepro.com/wp-content/uploads/edd/2016/01/blackboard-style.png" alt="Blackboard style"  class="post-image" style="width:785px" />";s:7:"excerpt";s:0:"";s:9:"thumbnail";s:77:"https://formidablepro.com/wp-content/uploads/edd/2016/01/blackboard-style.png";s:8:"category";a:1:{i:0;a:11:{s:7:"term_id";i:10804;s:4:"name";s:15:"Style Templates";s:4:"slug";s:15:"style-templates";s:10:"term_group";i:0;s:16:"term_taxonomy_id";i:10820;s:8:"taxonomy";s:17:"download_category";s:11:"description";s:0:"";s:6:"parent";i:10807;s:5:"count";i:4;s:6:"filter";s:3:"raw";s:4:"meta";a:0:{}}}s:4:"tags";b:0;}s:7:"pricing";a:1:{s:6:"amount";s:4:"5.00";}s:9:"licensing";a:4:{s:7:"enabled";b:0;s:7:"version";s:0:"";s:8:"exp_unit";s:4:"days";s:10:"exp_length";s:0:"";}}i:7;a:3:{s:4:"info";a:12:{s:2:"id";i:219627;s:4:"slug";s:14:"big-text-style";s:5:"title";s:14:"Big Text Style";s:11:"create_date";s:19:"2016-01-08 14:04:00";s:13:"modified_date";s:19:"2016-01-13 15:02:46";s:6:"status";s:7:"publish";s:4:"link";s:54:"https://formidablepro.com/?post_type=download&p=219627";s:7:"content";s:207:"Use a clean style with large fields and font sizes.\r\n\r\n<img src="https://formidablepro.com/wp-content/uploads/edd/2016/01/Big-Text-Style.png" alt="Big Text Style"  class="post-image" style="width:785px" />\r\n";s:7:"excerpt";s:0:"";s:9:"thumbnail";s:75:"https://formidablepro.com/wp-content/uploads/edd/2016/01/Big-Text-Style.png";s:8:"category";a:1:{i:0;a:11:{s:7:"term_id";i:10804;s:4:"name";s:15:"Style Templates";s:4:"slug";s:15:"style-templates";s:10:"term_group";i:0;s:16:"term_taxonomy_id";i:10820;s:8:"taxonomy";s:17:"download_category";s:11:"description";s:0:"";s:6:"parent";i:10807;s:5:"count";i:4;s:6:"filter";s:3:"raw";s:4:"meta";a:0:{}}}s:4:"tags";b:0;}s:7:"pricing";a:1:{s:6:"amount";s:4:"5.00";}s:9:"licensing";a:4:{s:7:"enabled";b:0;s:7:"version";s:0:"";s:8:"exp_unit";s:4:"days";s:10:"exp_length";s:0:"";}}i:8;a:3:{s:4:"info";a:12:{s:2:"id";i:209561;s:4:"slug";s:8:"polylang";s:5:"title";s:8:"Polylang";s:11:"create_date";s:19:"2015-12-18 15:27:39";s:13:"modified_date";s:19:"2016-10-31 13:36:23";s:6:"status";s:7:"publish";s:4:"link";s:54:"https://formidablepro.com/?post_type=download&p=209561";s:7:"content";s:359:"Create bilingual or multilingual forms with help from <a href="https://wordpress.org/plugins/polylang/">Polylang</a>. Polylang is a free plugin for WordPress that many rave about.\r\n\r\nIt''s easy to use the same form in multiple languages, while keeping all your collected data in one place.\r\n\r\n<em>Please note: This add-on requires Polylang 1.9+ or higher.</em>";s:7:"excerpt";s:63:"Create bilingual or multilingual forms with help from Polylang.";s:9:"thumbnail";b:0;s:8:"category";a:1:{i:0;a:11:{s:7:"term_id";i:10806;s:4:"name";s:10:"Strategy11";s:4:"slug";s:10:"strategy11";s:10:"term_group";i:0;s:16:"term_taxonomy_id";i:10822;s:8:"taxonomy";s:17:"download_category";s:11:"description";s:0:"";s:6:"parent";i:0;s:5:"count";i:31;s:6:"filter";s:3:"raw";s:4:"meta";a:0:{}}}s:4:"tags";b:0;}s:7:"pricing";a:3:{s:5:"1site";s:5:"24.00";s:7:"15sites";s:5:"34.00";s:14:"unlimitedsites";s:5:"49.00";}s:9:"licensing";a:4:{s:7:"enabled";b:1;s:7:"version";s:4:"1.05";s:8:"exp_unit";s:5:"years";s:10:"exp_length";s:1:"1";}}i:9;a:3:{s:4:"info";a:12:{s:2:"id";i:185013;s:4:"slug";s:15:"bootstrap-modal";s:5:"title";s:15:"Bootstrap Modal";s:11:"create_date";s:19:"2015-11-12 10:24:42";s:13:"modified_date";s:19:"2016-09-21 16:46:16";s:6:"status";s:7:"publish";s:4:"link";s:54:"https://formidablepro.com/?post_type=download&p=185013";s:7:"content";s:1072:"Open a view or form in a Bootstrap popup like the we use on this site. Go ahead, check it out. Click the login link at the top of the page. Not only can you insert a form or view in a modal, but you can use any shortcode you would like from any plugin that uses regular WordPress shortocodes.\r\n\r\nInserting the link to open the modal is a simple as inserting a shortcode on your page. Insert [frmmodal type="formidable" id=25 label="Click me" class="extra classes here"] for a form or [frmmodal type="view" id=25 label="Click me"] for a view.\r\n\r\nInsert the login form shortocode and any other shortcodes with [frmmodal label="Click me" type="frm-login" label_log_in="Log in"]. Replace "frm-login" with the name of your shortcode, and add any parameters you would like passed through. "label_log_in" is an example of using a parameter from the frm-login shortcode inside the frmmodal shortcode. Smooth sailing!\r\n\r\nAdditional shortcodes, such as the frm-field-value shortcode, can be inserted in a modal like this: [frmmodal type="frm-field-value" field_id="x" entry="12345"]";s:7:"excerpt";s:41:"Open a view or form in a Bootstrap popup.";s:9:"thumbnail";b:0;s:8:"category";a:1:{i:0;a:11:{s:7:"term_id";i:10806;s:4:"name";s:10:"Strategy11";s:4:"slug";s:10:"strategy11";s:10:"term_group";i:0;s:16:"term_taxonomy_id";i:10822;s:8:"taxonomy";s:17:"download_category";s:11:"description";s:0:"";s:6:"parent";i:0;s:5:"count";i:31;s:6:"filter";s:3:"raw";s:4:"meta";a:0:{}}}s:4:"tags";b:0;}s:7:"pricing";a:3:{s:5:"1site";s:5:"10.00";s:7:"15sites";s:5:"15.00";s:14:"unlimitedsites";s:5:"20.00";}s:9:"licensing";a:4:{s:7:"enabled";b:1;s:7:"version";s:4:"1.04";s:8:"exp_unit";s:5:"years";s:10:"exp_length";s:1:"1";}}i:10;a:3:{s:4:"info";a:12:{s:2:"id";i:180495;s:4:"slug";s:8:"highrise";s:5:"title";s:8:"Highrise";s:11:"create_date";s:19:"2015-11-02 18:06:47";s:13:"modified_date";s:19:"2016-09-21 16:45:52";s:6:"status";s:7:"publish";s:4:"link";s:54:"https://formidablepro.com/?post_type=download&p=180495";s:7:"content";s:523:"Add your leads to your Highrise CRM account any time a Formidable form is submitted. This customer relationship management tool helps you create a page for every user to track their form submissions and entries. Please note, you must have a <a href="https://highrisehq.com/">Highrise</a> account in order to use the Highrise add-on.\r\n\r\nSetup your contacts with tags and any personal information you would like. You can then use those added contacts just the same as any other contact in Highrise from your Highrise account.";s:7:"excerpt";s:84:"Add your leads to your Highrise CRM account any time a Formidable form is submitted.";s:9:"thumbnail";b:0;s:8:"category";a:1:{i:0;a:11:{s:7:"term_id";i:10806;s:4:"name";s:10:"Strategy11";s:4:"slug";s:10:"strategy11";s:10:"term_group";i:0;s:16:"term_taxonomy_id";i:10822;s:8:"taxonomy";s:17:"download_category";s:11:"description";s:0:"";s:6:"parent";i:0;s:5:"count";i:31;s:6:"filter";s:3:"raw";s:4:"meta";a:0:{}}}s:4:"tags";b:0;}s:7:"pricing";a:3:{s:5:"1site";s:5:"19.00";s:7:"15sites";s:5:"29.00";s:14:"unlimitedsites";s:5:"49.00";}s:9:"licensing";a:4:{s:7:"enabled";b:1;s:7:"version";s:4:"1.06";s:8:"exp_unit";s:5:"years";s:10:"exp_length";s:1:"1";}}i:11;a:3:{s:4:"info";a:12:{s:2:"id";i:179807;s:4:"slug";s:16:"advanced-add-ons";s:5:"title";s:16:"Advanced Add-ons";s:11:"create_date";s:19:"2015-10-30 12:02:52";s:13:"modified_date";s:19:"2015-11-06 12:27:25";s:6:"status";s:7:"publish";s:4:"link";s:54:"https://formidablepro.com/?post_type=download&p=179807";s:7:"content";s:259:"This bundle includes 9 add-ons:\r\n<ul><li>MailChimp</li>\r\n<li>Aweber</li>\r\n<li>Highrise</li>\r\n<li>Formidable API</li>\r\n<li>PayPal Standard</li>\r\n<li>Signature</li>\r\n<li>Twilio</li>\r\n<li>WP Multilingual</li>\r\n<li>Registration Lite</li>\r\n<li>Zapier</li></ul>\r\n\r\n";s:7:"excerpt";s:0:"";s:9:"thumbnail";b:0;s:8:"category";a:1:{i:0;a:11:{s:7:"term_id";i:10806;s:4:"name";s:10:"Strategy11";s:4:"slug";s:10:"strategy11";s:10:"term_group";i:0;s:16:"term_taxonomy_id";i:10822;s:8:"taxonomy";s:17:"download_category";s:11:"description";s:0:"";s:6:"parent";i:0;s:5:"count";i:31;s:6:"filter";s:3:"raw";s:4:"meta";a:0:{}}}s:4:"tags";b:0;}s:7:"pricing";a:1:{s:6:"amount";s:6:"145.00";}s:9:"licensing";a:4:{s:7:"enabled";b:1;s:7:"version";s:0:"";s:8:"exp_unit";s:5:"years";s:10:"exp_length";s:1:"1";}}i:12;a:3:{s:4:"info";a:12:{s:2:"id";i:174006;s:4:"slug";s:11:"woocommerce";s:5:"title";s:11:"WooCommerce";s:11:"create_date";s:19:"2015-10-21 16:32:14";s:13:"modified_date";s:19:"2016-11-04 15:26:04";s:6:"status";s:7:"publish";s:4:"link";s:54:"https://formidablepro.com/?post_type=download&p=174006";s:7:"content";s:682:"Use a Formidable form on your <a href="https://www.woothemes.com/woocommerce/">WooCommerce</a> product pages. Create your form however you would like, add a calculation to generate the total, and select your form in the sidebar box on the WooCommerce page. Now you can collect whatever information you would like before a product is added to the cart, and even include variable pricing based on the options chosen in the form.\r\n\r\nWooCommerce is an eCommerce plugin used on millions of WordPress sites. You can get download WooCommerce  free over at <a href="https://wordpress.org/plugins/woocommerce/">WordPress.org</a> and immediately start collecting payments from your customers.";s:7:"excerpt";s:56:"Use a Formidable form on your WooCommerce product pages.";s:9:"thumbnail";b:0;s:8:"category";a:2:{i:0;a:11:{s:7:"term_id";i:10798;s:4:"name";s:9:"Ecommerce";s:4:"slug";s:9:"ecommerce";s:10:"term_group";i:0;s:16:"term_taxonomy_id";i:10814;s:8:"taxonomy";s:17:"download_category";s:11:"description";s:0:"";s:6:"parent";i:0;s:5:"count";i:5;s:6:"filter";s:3:"raw";s:4:"meta";a:0:{}}i:1;a:11:{s:7:"term_id";i:10806;s:4:"name";s:10:"Strategy11";s:4:"slug";s:10:"strategy11";s:10:"term_group";i:0;s:16:"term_taxonomy_id";i:10822;s:8:"taxonomy";s:17:"download_category";s:11:"description";s:0:"";s:6:"parent";i:0;s:5:"count";i:31;s:6:"filter";s:3:"raw";s:4:"meta";a:0:{}}}s:4:"tags";b:0;}s:7:"pricing";a:3:{s:5:"1site";s:5:"49.00";s:7:"15sites";s:5:"69.00";s:14:"unlimitedsites";s:5:"99.00";}s:9:"licensing";a:4:{s:7:"enabled";b:1;s:7:"version";s:4:"1.04";s:8:"exp_unit";s:5:"years";s:10:"exp_length";s:1:"1";}}i:13;a:3:{s:4:"info";a:12:{s:2:"id";i:172715;s:4:"slug";s:31:"paypal-standard-single-payments";s:5:"title";s:12:"PayPal Basic";s:11:"create_date";s:19:"2015-10-21 12:20:35";s:13:"modified_date";s:19:"2016-01-25 14:14:02";s:6:"status";s:7:"publish";s:4:"link";s:54:"https://formidablepro.com/?post_type=download&p=172715";s:7:"content";s:366:"Collect payments on your site using your Formidable forms. Send your users and a total directly to PayPal after submitting a Formidable form. The total can come from a calculated field, or a set value in the settings.\r\n\r\nIf you''d like recurring payments and easy actions after successful payment, check out <a href="/downloads/paypal-standard/">PayPal Standard</a> .";s:7:"excerpt";s:0:"";s:9:"thumbnail";b:0;s:8:"category";a:2:{i:0;a:11:{s:7:"term_id";i:10798;s:4:"name";s:9:"Ecommerce";s:4:"slug";s:9:"ecommerce";s:10:"term_group";i:0;s:16:"term_taxonomy_id";i:10814;s:8:"taxonomy";s:17:"download_category";s:11:"description";s:0:"";s:6:"parent";i:0;s:5:"count";i:5;s:6:"filter";s:3:"raw";s:4:"meta";a:0:{}}i:1;a:11:{s:7:"term_id";i:10806;s:4:"name";s:10:"Strategy11";s:4:"slug";s:10:"strategy11";s:10:"term_group";i:0;s:16:"term_taxonomy_id";i:10822;s:8:"taxonomy";s:17:"download_category";s:11:"description";s:0:"";s:6:"parent";i:0;s:5:"count";i:31;s:6:"filter";s:3:"raw";s:4:"meta";a:0:{}}}s:4:"tags";b:0;}s:7:"pricing";a:3:{s:5:"1site";s:5:"19.00";s:7:"15sites";s:5:"29.00";s:8:"200sites";s:5:"39.00";}s:9:"licensing";a:4:{s:7:"enabled";b:1;s:7:"version";s:7:"2.04.07";s:8:"exp_unit";s:5:"years";s:10:"exp_length";s:1:"1";}}i:14;a:3:{s:4:"info";a:12:{s:2:"id";i:170655;s:4:"slug";s:9:"mailchimp";s:5:"title";s:9:"MailChimp";s:11:"create_date";s:19:"2015-10-19 16:28:03";s:13:"modified_date";s:19:"2016-11-09 09:45:58";s:6:"status";s:7:"publish";s:4:"link";s:54:"https://formidablepro.com/?post_type=download&p=170655";s:7:"content";s:3377:"Any time a form on your site is filled out, subscribe users to a <a href="http://eepurl.com/bk8tvr">MailChimp</a> mailing list. Sort your leads into your list groups based on the settings you choose. And even automatically update their information when the entry is updated.\r\n\r\nMaybe you haven''t heard that the return on investment (ROI) on email marketing is positively steep. In 2015 it was reported that for every $1 spent, email marketing generates $38 in ROI. For a marketing manager on a limited budget (as is the norm these days), spending money where the biggest bang for the buck resides is a no brainer.\r\n\r\nOne thing that''s not disputed either, is the benefit to adding automation into your email marketing plan. Automation gives you the power to say "welcome" to your subscribers the moment they opt-in to your list via a Formidable Pro form. And it gives you the power to create email communication workflows to send targeted emails to your subscribers based upon their interests and online behaviors. Automation gives you capability to connect immediately with customers, clients and prospects. \r\n\r\nAutomation can only happen if you are actively building your lists. That''s where Formidable Pro comes in to give you the power to create email opt-in forms that will give you a starting place for your lists. If you weren''t aware of the massive benefits of building and maintaining a solid email marketing list, we won''t hold that against you. But let''s agree to agree on the following 10 facts about email marketing:\r\n\r\n<strong>10. Email gives you the ability to connect with desktop and mobile customers directly.\r\n\r\n9. Email marketing is inexpensive\r\n\r\n8. Opt-in features keep your list healthy and ensures you are communicating with directly with the clients or customers who use your services or buy your products.\r\n\r\n7. Email communications done right lend credibility to your business \r\n\r\n6. Directly control where a customer lands from your email\r\n\r\n5. Generate leads\r\n\r\n4. Nurture relationships\r\n\r\n3. Email marketing can be coordinated with any marketing or advertising campaign to In crease ROI\r\n\r\n2. Give your customers and prospects something to share\r\n\r\n1. Get immediate results</strong>\r\n\r\nWe''ve finished our top ten and have a BONUS reason for you to add the MailChimp add-on to your suite of Formidable Pro tools now. That reason is <strong>conversion tracking</strong>. We mentioned it briefly above in number six, and it''s inherent in every reason above: that Email marketing allows the marketer to track conversions and engagement in the form of social media shares, clicks, opens, and forwards.\r\n\r\nThis ability to track conversions and engagement as well as the inexpensive and convenient nature of email marketing make it an obvious choice for the marketer at any skill level or stage of the game.\r\n\r\nDownload the MailChimp add-on for Formidable Pro now, sign up for a MailChimp account, add in your MailChimp API key to Formidable. Set up an email capture form to pop up on your home pages, landing pages, or reside on your "Contact Us" page of your website. Get on the path to more sales and leads today in just a matter of minutes. Now that you know these ten facts about email marketing, it''s up to you to make it happen. We here at Formidable Pro are rooting for you!\r\n\r\n[s11edd_download_beta plugin="mailchimp" beta_versions="2.0b1"]\r\n<br>";s:7:"excerpt";s:175:"Get on the path to more sales and leads in a matter of minutes. Add leads to a MailChimp mailing list when they submit forms and update their information along with the entry.";s:9:"thumbnail";b:0;s:8:"category";a:1:{i:0;a:11:{s:7:"term_id";i:10806;s:4:"name";s:10:"Strategy11";s:4:"slug";s:10:"strategy11";s:10:"term_group";i:0;s:16:"term_taxonomy_id";i:10822;s:8:"taxonomy";s:17:"download_category";s:11:"description";s:0:"";s:6:"parent";i:0;s:5:"count";i:31;s:6:"filter";s:3:"raw";s:4:"meta";a:0:{}}}s:4:"tags";b:0;}s:7:"pricing";a:3:{s:5:"1site";s:5:"29.00";s:7:"15sites";s:5:"49.00";s:14:"unlimitedsites";s:5:"69.00";}s:9:"licensing";a:4:{s:7:"enabled";b:1;s:7:"version";s:4:"1.06";s:8:"exp_unit";s:5:"years";s:10:"exp_length";s:1:"1";}}i:15;a:3:{s:4:"info";a:12:{s:2:"id";i:170649;s:4:"slug";s:13:"user-tracking";s:5:"title";s:13:"User Tracking";s:11:"create_date";s:19:"2015-10-19 15:53:58";s:13:"modified_date";s:19:"2016-09-27 14:50:35";s:6:"status";s:7:"publish";s:4:"link";s:54:"https://formidablepro.com/?post_type=download&p=170649";s:7:"content";s:187:"Track which pages a user visits prior to submitting a form. This information can be viewed on the individual entry page in the admin and can be optionally included in email notifications.";s:7:"excerpt";s:59:"Track which pages a user visits prior to submitting a form.";s:9:"thumbnail";b:0;s:8:"category";a:1:{i:0;a:11:{s:7:"term_id";i:10806;s:4:"name";s:10:"Strategy11";s:4:"slug";s:10:"strategy11";s:10:"term_group";i:0;s:16:"term_taxonomy_id";i:10822;s:8:"taxonomy";s:17:"download_category";s:11:"description";s:0:"";s:6:"parent";i:0;s:5:"count";i:31;s:6:"filter";s:3:"raw";s:4:"meta";a:0:{}}}s:4:"tags";b:0;}s:7:"pricing";a:4:{s:5:"1site";s:5:"10.00";s:6:"3sites";s:5:"15.00";s:7:"15sites";s:5:"20.00";s:14:"unlimitedsites";s:5:"30.00";}s:9:"licensing";a:4:{s:7:"enabled";b:1;s:7:"version";s:3:"1.0";s:8:"exp_unit";s:5:"years";s:10:"exp_length";s:1:"1";}}i:16;a:3:{s:4:"info";a:12:{s:2:"id";i:170641;s:4:"slug";s:9:"locations";s:5:"title";s:9:"Locations";s:11:"create_date";s:19:"2015-10-19 15:13:55";s:13:"modified_date";s:19:"2016-05-10 13:24:28";s:6:"status";s:7:"publish";s:4:"link";s:54:"https://formidablepro.com/?post_type=download&p=170641";s:7:"content";s:358:"Use the Formidable Locations add-on to import Countries, States/Provinces, U.S. Counties, and U.S. Cities so you don''t have to add all the locations manually. After this data is imported, it can then be used in Lookup fields. Lookup fields allow your users to select a Country, for example, and then select from States/Provinces within that selected Country.";s:7:"excerpt";s:147:"Populate fields with Countries, States/Provinces, U.S. Counties, and U.S. Cities. This data can then be used in dependent Data from Entries fields.";s:9:"thumbnail";b:0;s:8:"category";a:1:{i:0;a:11:{s:7:"term_id";i:10806;s:4:"name";s:10:"Strategy11";s:4:"slug";s:10:"strategy11";s:10:"term_group";i:0;s:16:"term_taxonomy_id";i:10822;s:8:"taxonomy";s:17:"download_category";s:11:"description";s:0:"";s:6:"parent";i:0;s:5:"count";i:31;s:6:"filter";s:3:"raw";s:4:"meta";a:0:{}}}s:4:"tags";b:0;}s:7:"pricing";a:1:{s:6:"amount";s:5:"25.00";}s:9:"licensing";a:4:{s:7:"enabled";b:1;s:7:"version";s:4:"2.01";s:8:"exp_unit";s:5:"years";s:10:"exp_length";s:1:"1";}}i:17;a:3:{s:4:"info";a:12:{s:2:"id";i:169998;s:4:"slug";s:15:"wp-multilingual";s:5:"title";s:15:"WP Multilingual";s:11:"create_date";s:19:"2015-10-17 17:52:14";s:13:"modified_date";s:19:"2016-11-04 15:27:05";s:6:"status";s:7:"publish";s:4:"link";s:54:"https://formidablepro.com/?post_type=download&p=169998";s:7:"content";s:170:"Integrate with the <a href="https://wpml.org/?aid=16095&amp;affiliate_key=Ysmulk9GO5LK">WordPress Multilingual Plugin</a> to translate your forms into multiple languages.";s:7:"excerpt";s:89:"Translate your forms into multiple languages using the Formidable-integrated WPML plugin.";s:9:"thumbnail";b:0;s:8:"category";a:1:{i:0;a:11:{s:7:"term_id";i:10806;s:4:"name";s:10:"Strategy11";s:4:"slug";s:10:"strategy11";s:10:"term_group";i:0;s:16:"term_taxonomy_id";i:10822;s:8:"taxonomy";s:17:"download_category";s:11:"description";s:0:"";s:6:"parent";i:0;s:5:"count";i:31;s:6:"filter";s:3:"raw";s:4:"meta";a:0:{}}}s:4:"tags";b:0;}s:7:"pricing";a:3:{s:5:"1site";s:5:"19.00";s:7:"15sites";s:5:"29.00";s:14:"unlimitedsites";s:5:"49.00";}s:9:"licensing";a:4:{s:7:"enabled";b:1;s:7:"version";s:4:"1.04";s:8:"exp_unit";s:5:"years";s:10:"exp_length";s:1:"1";}}i:18;a:3:{s:4:"info";a:12:{s:2:"id";i:168485;s:4:"slug";s:20:"mortgage-calculators";s:5:"title";s:20:"Mortgage Calculators";s:11:"create_date";s:19:"2015-10-17 01:11:41";s:13:"modified_date";s:19:"2016-09-29 19:15:43";s:6:"status";s:7:"publish";s:4:"link";s:54:"https://formidablepro.com/?post_type=download&p=168485";s:7:"content";s:317:"This download includes two forms: one simple calculator with three fields and a monthly payment, and one more advanced including taxes, insurance, and PMI. Install the <a href="https://formidablepro.com/downloads/bootstrap/">Bootstrap plugin</a> if you would like the symbols before and after the fields in the forms.";s:7:"excerpt";s:152:"Get two forms in this package: one simple calculator with three fields and a monthly payment, and one more advanced including taxes, insurance, and PMI.";s:9:"thumbnail";b:0;s:8:"category";a:2:{i:0;a:11:{s:7:"term_id";i:10802;s:4:"name";s:14:"Form Templates";s:4:"slug";s:14:"form-templates";s:10:"term_group";i:0;s:16:"term_taxonomy_id";i:10818;s:8:"taxonomy";s:17:"download_category";s:11:"description";s:0:"";s:6:"parent";i:10807;s:5:"count";i:4;s:6:"filter";s:3:"raw";s:4:"meta";a:0:{}}i:1;a:11:{s:7:"term_id";i:10806;s:4:"name";s:10:"Strategy11";s:4:"slug";s:10:"strategy11";s:10:"term_group";i:0;s:16:"term_taxonomy_id";i:10822;s:8:"taxonomy";s:17:"download_category";s:11:"description";s:0:"";s:6:"parent";i:0;s:5:"count";i:31;s:6:"filter";s:3:"raw";s:4:"meta";a:0:{}}}s:4:"tags";b:0;}s:7:"pricing";a:1:{s:6:"amount";s:5:"25.00";}s:9:"licensing";a:4:{s:7:"enabled";b:0;s:7:"version";s:0:"";s:8:"exp_unit";s:4:"days";s:10:"exp_length";s:0:"";}}i:19;a:3:{s:4:"info";a:12:{s:2:"id";i:168479;s:4:"slug";s:18:"divi-theme-styling";s:5:"title";s:18:"Divi Theme Styling";s:11:"create_date";s:19:"2015-10-16 23:34:49";s:13:"modified_date";s:19:"2016-01-11 20:45:29";s:6:"status";s:7:"publish";s:4:"link";s:54:"https://formidablepro.com/?post_type=download&p=168479";s:7:"content";s:332:"Are you using the Divi Theme and want your forms to match? Wish granted. Here''s an example of how your forms will look with this style. Just import and set the new "Divi" style as default.\r\n\r\n<img src="https://formidablepro.com/wp-content/uploads/edd/2015/10/DiviTheme.png" alt="DiviTheme"  class="post-image" style="width:785px" />";s:7:"excerpt";s:0:"";s:9:"thumbnail";s:70:"https://formidablepro.com/wp-content/uploads/edd/2015/10/DiviTheme.png";s:8:"category";a:2:{i:0;a:11:{s:7:"term_id";i:10806;s:4:"name";s:10:"Strategy11";s:4:"slug";s:10:"strategy11";s:10:"term_group";i:0;s:16:"term_taxonomy_id";i:10822;s:8:"taxonomy";s:17:"download_category";s:11:"description";s:0:"";s:6:"parent";i:0;s:5:"count";i:31;s:6:"filter";s:3:"raw";s:4:"meta";a:0:{}}i:1;a:11:{s:7:"term_id";i:10804;s:4:"name";s:15:"Style Templates";s:4:"slug";s:15:"style-templates";s:10:"term_group";i:0;s:16:"term_taxonomy_id";i:10820;s:8:"taxonomy";s:17:"download_category";s:11:"description";s:0:"";s:6:"parent";i:10807;s:5:"count";i:4;s:6:"filter";s:3:"raw";s:4:"meta";a:0:{}}}s:4:"tags";b:0;}s:7:"pricing";a:1:{s:6:"amount";s:5:"10.00";}s:9:"licensing";a:4:{s:7:"enabled";b:0;s:7:"version";s:0:"";s:8:"exp_unit";s:4:"days";s:10:"exp_length";s:0:"";}}i:20;a:3:{s:4:"info";a:12:{s:2:"id";i:168468;s:4:"slug";s:6:"aweber";s:5:"title";s:6:"AWeber";s:11:"create_date";s:19:"2015-10-16 17:56:29";s:13:"modified_date";s:19:"2016-11-04 15:25:23";s:6:"status";s:7:"publish";s:4:"link";s:54:"https://formidablepro.com/?post_type=download&p=168468";s:7:"content";s:146:"AWeber is a powerful email marketing service. You can subscribe users to an AWeber mailing list when they submit any Formidable form on your site.";s:7:"excerpt";s:112:"Subscribe users to an AWeber mailing list when they submit a form. AWeber is a powerful email marketing service.";s:9:"thumbnail";b:0;s:8:"category";a:2:{i:0;a:11:{s:7:"term_id";i:10799;s:4:"name";s:9:"Marketing";s:4:"slug";s:9:"marketing";s:10:"term_group";i:0;s:16:"term_taxonomy_id";i:10815;s:8:"taxonomy";s:17:"download_category";s:11:"description";s:0:"";s:6:"parent";i:0;s:5:"count";i:2;s:6:"filter";s:3:"raw";s:4:"meta";a:0:{}}i:1;a:11:{s:7:"term_id";i:10806;s:4:"name";s:10:"Strategy11";s:4:"slug";s:10:"strategy11";s:10:"term_group";i:0;s:16:"term_taxonomy_id";i:10822;s:8:"taxonomy";s:17:"download_category";s:11:"description";s:0:"";s:6:"parent";i:0;s:5:"count";i:31;s:6:"filter";s:3:"raw";s:4:"meta";a:0:{}}}s:4:"tags";b:0;}s:7:"pricing";a:3:{s:5:"1site";s:5:"19.00";s:7:"15sites";s:5:"29.00";s:14:"unlimitedsites";s:5:"39.00";}s:9:"licensing";a:4:{s:7:"enabled";b:1;s:7:"version";s:4:"2.01";s:8:"exp_unit";s:5:"years";s:10:"exp_length";s:1:"1";}}i:21;a:3:{s:4:"info";a:12:{s:2:"id";i:168463;s:4:"slug";s:9:"bootstrap";s:5:"title";s:9:"Bootstrap";s:11:"create_date";s:19:"2015-10-16 17:44:43";s:13:"modified_date";s:19:"2016-08-25 13:21:33";s:6:"status";s:7:"publish";s:4:"link";s:54:"https://formidablepro.com/?post_type=download&p=168463";s:7:"content";s:288:"Without any effort at all, you can instantly have Bootstrap styling on all your Formidable forms. You''ll also have extra options for each text and number field to allow you to prepend or append a label to your field. Take a look at the screenshots below to see the setting and the result.";s:7:"excerpt";s:61:"Instantly add Bootstrap styling to all your Formidable forms.";s:9:"thumbnail";b:0;s:8:"category";a:1:{i:0;a:11:{s:7:"term_id";i:10806;s:4:"name";s:10:"Strategy11";s:4:"slug";s:10:"strategy11";s:10:"term_group";i:0;s:16:"term_taxonomy_id";i:10822;s:8:"taxonomy";s:17:"download_category";s:11:"description";s:0:"";s:6:"parent";i:0;s:5:"count";i:31;s:6:"filter";s:3:"raw";s:4:"meta";a:0:{}}}s:4:"tags";b:0;}s:7:"pricing";a:1:{s:6:"amount";s:5:"10.00";}s:9:"licensing";a:4:{s:7:"enabled";b:1;s:7:"version";s:7:"1.01.04";s:8:"exp_unit";s:5:"years";s:10:"exp_length";s:1:"1";}}i:22;a:3:{s:4:"info";a:12:{s:2:"id";i:168460;s:4:"slug";s:6:"twilio";s:5:"title";s:6:"Twilio";s:11:"create_date";s:19:"2015-10-16 17:30:05";s:13:"modified_date";s:19:"2016-11-04 15:17:31";s:6:"status";s:7:"publish";s:4:"link";s:54:"https://formidablepro.com/?post_type=download&p=168460";s:7:"content";s:1856:"<h3>GUI-less Submissions</h3>\r\nWant to start your own community text voting? Easily allow anyone to text in votes to your Formidable Form. Or maybe you have a survey you''d like to use without requiring anyone to visit your site. Even send out texts to your phone list, and any responses will be saved directly into your form. Get rid of the UI completely, and communicate by SMS.\r\n\r\n<h3>Automated Conversations</h4>\r\nAfter an SMS message is sent to your Twilio number, you control the response. Send different responses based on the contents of the text.\r\n\r\n<h3>Send SMS</h3>\r\nSend SMS notifications conditionally when your entries are created or updated, or even when a PayPal payment is received when used with our <a href="/downloads/paypal-standard">PayPal plugin</a>. Add even more power with Twilio + <a href="/downloads/autoresponder/">Scheduled Autoresponders</a> for timed texts for appointment reminders or birthday wishes.\r\n\r\n<h3>Need some examples?</h3>\r\n<ul><li>Send your team individual texts when a game is canceled.</li>\r\n<li>Send blog subscribers a text when you publish a new post. Be sure to include a link to the goods.</li>\r\n<li>Host a contest and allow everyone to text their votes. Prevent those pesky double voters too.</li>\r\n<li>Run a survey and send a winning notice to submitter number 25.</li></ul>\r\n\r\n<h3>Schedule your Messages</h3>\r\nSupercharge the Twilio add-on alongside the <a href="/downloads/autoresponder/">Scheduled Autoresponders</a> add-on.\r\n<ul><li>Ask for feedback after a scheduled appointment, and respond with follow-up questions.</li>\r\n<li>Send holiday and birthday SMS messages to your clients.</li>\r\n<li>Someone didn''t make it to your gym this week. Maybe they need a little reminder.</li></ul>\r\n\r\nPlease note, you must have a <a href="http://twilio.com">Twilio</a> account in order to use this Twilio plugin.";s:7:"excerpt";s:135:"Allow users to text their votes for polls created by Formidable Forms, or send SMS notifications when entries are submitted or updated.";s:9:"thumbnail";b:0;s:8:"category";a:1:{i:0;a:11:{s:7:"term_id";i:10806;s:4:"name";s:10:"Strategy11";s:4:"slug";s:10:"strategy11";s:10:"term_group";i:0;s:16:"term_taxonomy_id";i:10822;s:8:"taxonomy";s:17:"download_category";s:11:"description";s:0:"";s:6:"parent";i:0;s:5:"count";i:31;s:6:"filter";s:3:"raw";s:4:"meta";a:0:{}}}s:4:"tags";b:0;}s:7:"pricing";a:3:{s:5:"1site";s:5:"25.00";s:7:"15sites";s:5:"35.00";s:14:"unlimitedsites";s:5:"45.00";}s:9:"licensing";a:4:{s:7:"enabled";b:1;s:7:"version";s:4:"1.07";s:8:"exp_unit";s:5:"years";s:10:"exp_length";s:1:"1";}}i:23;a:3:{s:4:"info";a:12:{s:2:"id";i:168456;s:4:"slug";s:15:"upload-importer";s:5:"title";s:15:"Upload Importer";s:11:"create_date";s:19:"2015-10-16 17:05:47";s:13:"modified_date";s:19:"2016-06-20 14:26:44";s:6:"status";s:7:"publish";s:4:"link";s:54:"https://formidablepro.com/?post_type=download&p=168456";s:7:"content";s:379:"<strong>This add-on is no longer required, and it included in v2.02 of Formidable Pro</strong>\r\n\r\n* Requires Formidable Pro *\r\n\r\nAre you importing a CSV into Formidable that includes urls for the upload fields? This add-on will automatically link up those uploads if they are already in your Media Library, or it will fetch and import the files from the url included in your CSV.";s:7:"excerpt";s:0:"";s:9:"thumbnail";b:0;s:8:"category";a:1:{i:0;a:11:{s:7:"term_id";i:10806;s:4:"name";s:10:"Strategy11";s:4:"slug";s:10:"strategy11";s:10:"term_group";i:0;s:16:"term_taxonomy_id";i:10822;s:8:"taxonomy";s:17:"download_category";s:11:"description";s:0:"";s:6:"parent";i:0;s:5:"count";i:31;s:6:"filter";s:3:"raw";s:4:"meta";a:0:{}}}s:4:"tags";b:0;}s:7:"pricing";a:1:{s:6:"amount";s:5:"10.00";}s:9:"licensing";a:4:{s:7:"enabled";b:1;s:7:"version";s:6:"1.0.01";s:8:"exp_unit";s:4:"days";s:10:"exp_length";s:0:"";}}i:24;a:3:{s:4:"info";a:12:{s:2:"id";i:168072;s:4:"slug";s:14:"formidable-api";s:5:"title";s:14:"Formidable API";s:11:"create_date";s:19:"2015-10-14 16:29:08";s:13:"modified_date";s:19:"2016-11-09 07:28:38";s:6:"status";s:7:"publish";s:4:"link";s:54:"https://formidablepro.com/?post_type=download&p=168072";s:7:"content";s:1013:"<p>Add even more power to Formidable with a full API.</p>\r\n<ul>\r\n<li>Get view content and display it on a page with a simple shortcode.</li>\r\n<li>Insert a form on a page and accept submissions from another site.</li>\r\n<li>Trigger any webhooks after an entry is created, updated, or deleted. This will allow you to send data to any other site with a REST API.</li>\r\n<li>Fetch, create, update, and delete entries.</li>\r\n<li>Get, create, and delete fields.</li>\r\n<li>Get, create, and delete forms.</li>\r\n</ul>\r\n<p><em>Note</em> Requires the <a href="https://wordpress.org/plugins/rest-api/">WordPress REST API plugin</a> until the endpoints are included in WordPress core. The Formidable API is designed for developers, engineers, or anyone else who’s comfortable creating custom-coded solutions or integrating with RESTful APIs. If you think you may need some help integrating with the Formidable API, take a look at our <a href="/knowledgebase/developers/">list of developers</a> who may be able to help you.</p>";s:7:"excerpt";s:138:"Send entry results to any other site that has a Rest API. This includes the option of sending entries from one Formidable site to another.";s:9:"thumbnail";b:0;s:8:"category";a:1:{i:0;a:11:{s:7:"term_id";i:10806;s:4:"name";s:10:"Strategy11";s:4:"slug";s:10:"strategy11";s:10:"term_group";i:0;s:16:"term_taxonomy_id";i:10822;s:8:"taxonomy";s:17:"download_category";s:11:"description";s:0:"";s:6:"parent";i:0;s:5:"count";i:31;s:6:"filter";s:3:"raw";s:4:"meta";a:0:{}}}s:4:"tags";b:0;}s:7:"pricing";a:3:{s:5:"1site";s:5:"39.00";s:7:"15sites";s:5:"49.00";s:14:"unlimitedsites";s:5:"69.00";}s:9:"licensing";a:4:{s:7:"enabled";b:1;s:7:"version";s:3:"1.0";s:8:"exp_unit";s:5:"years";s:10:"exp_length";s:1:"1";}}i:25;a:3:{s:4:"info";a:12:{s:2:"id";i:163257;s:4:"slug";s:15:"paypal-standard";s:5:"title";s:15:"PayPal Standard";s:11:"create_date";s:19:"2015-10-12 14:09:20";s:13:"modified_date";s:19:"2016-11-28 11:08:22";s:6:"status";s:7:"publish";s:4:"link";s:54:"https://formidablepro.com/?post_type=download&p=163257";s:7:"content";s:1033:"The PayPal Add-On enables you to collect instant PayPal payments from your customers or subscribers after form submission. Users do NOT need to have a PayPal account in order to pay with PayPal. The "Submit" button on your PayPal Add-On Formidable Form triggers the customer and their respective purchase details to be sent to a PayPal payment page. Conditional logic can be used to conditionally send users to PayPal after form submission.\r\n\r\nOne time payments and recurring payments for the purpose of subscriptions, and automatically billed payments are all easily set up. With the PayPal Add-On, you can require a payment before publishing content on your site, such as a job posting or classified ad.\r\n\r\nThe Formidable Pro PayPal Add-On enables automatic changes to an entry when a payment is successful or when a recurring payment fails. \r\n\r\nThe PayPal Add-On for your WordPress Formidable form is very user friendly and easy to implement. <a href="/knowledgebase/formidable-paypal/ ">View detailed setup instructions here</a>.";s:7:"excerpt";s:198:"Automate your business by collecting instant payments from your clients. Collect information, calculate a total, and send them on to PayPal. Require a payment before publishing content on your site.";s:9:"thumbnail";b:0;s:8:"category";a:2:{i:0;a:11:{s:7:"term_id";i:10798;s:4:"name";s:9:"Ecommerce";s:4:"slug";s:9:"ecommerce";s:10:"term_group";i:0;s:16:"term_taxonomy_id";i:10814;s:8:"taxonomy";s:17:"download_category";s:11:"description";s:0:"";s:6:"parent";i:0;s:5:"count";i:5;s:6:"filter";s:3:"raw";s:4:"meta";a:0:{}}i:1;a:11:{s:7:"term_id";i:10806;s:4:"name";s:10:"Strategy11";s:4:"slug";s:10:"strategy11";s:10:"term_group";i:0;s:16:"term_taxonomy_id";i:10822;s:8:"taxonomy";s:17:"download_category";s:11:"description";s:0:"";s:6:"parent";i:0;s:5:"count";i:31;s:6:"filter";s:3:"raw";s:4:"meta";a:0:{}}}s:4:"tags";b:0;}s:7:"pricing";a:3:{s:5:"1site";s:5:"39.00";s:7:"15sites";s:5:"49.00";s:14:"unlimitedsites";s:5:"69.00";}s:9:"licensing";a:4:{s:7:"enabled";b:1;s:7:"version";s:4:"3.05";s:8:"exp_unit";s:5:"years";s:10:"exp_length";s:1:"1";}}i:26;a:3:{s:4:"info";a:12:{s:2:"id";i:163255;s:4:"slug";s:12:"math-captcha";s:5:"title";s:12:"Math Captcha";s:11:"create_date";s:19:"2015-10-12 14:00:35";s:13:"modified_date";s:19:"2016-10-31 13:33:19";s:6:"status";s:7:"publish";s:4:"link";s:54:"https://formidablepro.com/?post_type=download&p=163255";s:7:"content";s:279:"Prevent spam entries in your forms with a simple calculation. Your users will be required to correctly complete the math equation before the form can be submitted. This add-on requires and extends <a href="https://wordpress.org/plugins/captcha/">BestWebSoft''s Captcha</a> plugin.";s:7:"excerpt";s:137:"Require users to perform a simple calculation before submitting a form to prevent spam. This add-on extends BestWebSoft''s Captcha plugin.";s:9:"thumbnail";b:0;s:8:"category";a:2:{i:0;a:11:{s:7:"term_id";i:10797;s:4:"name";s:12:"SPAM blocker";s:4:"slug";s:4:"spam";s:10:"term_group";i:0;s:16:"term_taxonomy_id";i:10813;s:8:"taxonomy";s:17:"download_category";s:11:"description";s:0:"";s:6:"parent";i:0;s:5:"count";i:1;s:6:"filter";s:3:"raw";s:4:"meta";a:0:{}}i:1;a:11:{s:7:"term_id";i:10806;s:4:"name";s:10:"Strategy11";s:4:"slug";s:10:"strategy11";s:10:"term_group";i:0;s:16:"term_taxonomy_id";i:10822;s:8:"taxonomy";s:17:"download_category";s:11:"description";s:0:"";s:6:"parent";i:0;s:5:"count";i:31;s:6:"filter";s:3:"raw";s:4:"meta";a:0:{}}}s:4:"tags";b:0;}s:7:"pricing";a:3:{s:5:"1site";s:5:"19.00";s:7:"15sites";s:5:"24.00";s:14:"unlimitedsites";s:5:"39.00";}s:9:"licensing";a:4:{s:7:"enabled";b:1;s:7:"version";s:4:"1.14";s:8:"exp_unit";s:5:"years";s:10:"exp_length";s:1:"1";}}i:27;a:3:{s:4:"info";a:12:{s:2:"id";i:163248;s:4:"slug";s:9:"signature";s:5:"title";s:9:"Signature";s:11:"create_date";s:19:"2015-10-12 13:40:07";s:13:"modified_date";s:19:"2016-09-21 16:05:59";s:6:"status";s:7:"publish";s:4:"link";s:54:"https://formidablepro.com/?post_type=download&p=163248";s:7:"content";s:292:"Offer your clients the ability to sign their forms on the spot, eliminating the need for any more paper forms. Simply add a signature field to your form and sign forms and contracts online.\r\n\r\nAfter the signature is submitted, an image is created and stored in your Formidable uploads folder.";s:7:"excerpt";s:109:"Add a signature field to your form. The user may write their signature with a trackpad/mouse or just type it.";s:9:"thumbnail";b:0;s:8:"category";a:1:{i:0;a:11:{s:7:"term_id";i:10806;s:4:"name";s:10:"Strategy11";s:4:"slug";s:10:"strategy11";s:10:"term_group";i:0;s:16:"term_taxonomy_id";i:10822;s:8:"taxonomy";s:17:"download_category";s:11:"description";s:0:"";s:6:"parent";i:0;s:5:"count";i:31;s:6:"filter";s:3:"raw";s:4:"meta";a:0:{}}}s:4:"tags";b:0;}s:7:"pricing";a:3:{s:5:"1site";s:5:"19.00";s:7:"15sites";s:5:"29.00";s:14:"unlimitedsites";s:5:"39.00";}s:9:"licensing";a:4:{s:7:"enabled";b:1;s:7:"version";s:4:"1.09";s:8:"exp_unit";s:5:"years";s:10:"exp_length";s:1:"1";}}i:28;a:3:{s:4:"info";a:12:{s:2:"id";i:93150;s:4:"slug";s:13:"opening-hours";s:5:"title";s:13:"Opening Hours";s:11:"create_date";s:19:"2015-09-30 13:48:22";s:13:"modified_date";s:19:"2016-09-29 19:16:05";s:6:"status";s:7:"publish";s:4:"link";s:53:"https://formidablepro.com/?post_type=download&p=93150";s:7:"content";s:333:"Set your opening hours and show a message to let your users know whether you are currently open or not. This app includes a form to change your business hours, and two views: one shows all business hours, and the other shows whether you are currently open. You can insert one or both of those view shortcodes wherever you would like.";s:7:"excerpt";s:103:"Set your opening hours and show a message to let your users know whether you are currently open or not.";s:9:"thumbnail";b:0;s:8:"category";a:2:{i:0;a:11:{s:7:"term_id";i:10802;s:4:"name";s:14:"Form Templates";s:4:"slug";s:14:"form-templates";s:10:"term_group";i:0;s:16:"term_taxonomy_id";i:10818;s:8:"taxonomy";s:17:"download_category";s:11:"description";s:0:"";s:6:"parent";i:10807;s:5:"count";i:4;s:6:"filter";s:3:"raw";s:4:"meta";a:0:{}}i:1;a:11:{s:7:"term_id";i:10806;s:4:"name";s:10:"Strategy11";s:4:"slug";s:10:"strategy11";s:10:"term_group";i:0;s:16:"term_taxonomy_id";i:10822;s:8:"taxonomy";s:17:"download_category";s:11:"description";s:0:"";s:6:"parent";i:0;s:5:"count";i:31;s:6:"filter";s:3:"raw";s:4:"meta";a:0:{}}}s:4:"tags";b:0;}s:7:"pricing";a:1:{s:6:"amount";s:5:"20.00";}s:9:"licensing";a:4:{s:7:"enabled";b:0;s:7:"version";s:0:"";s:8:"exp_unit";s:4:"days";s:10:"exp_length";s:0:"";}}i:29;a:3:{s:4:"info";a:12:{s:2:"id";i:170645;s:4:"slug";s:6:"zapier";s:5:"title";s:6:"Zapier";s:11:"create_date";s:19:"2014-06-04 15:35:06";s:13:"modified_date";s:19:"2016-11-05 12:31:54";s:6:"status";s:7:"publish";s:4:"link";s:54:"https://formidablepro.com/?post_type=download&p=170645";s:7:"content";s:169:"Connect with hundreds of different applications through Zapier. Insert a new row in a Google docs spreadsheet, post on Twitter, or add a new Dropbox file with your form.";s:7:"excerpt";s:169:"Connect with hundreds of different applications through Zapier. Insert a new row in a Google docs spreadsheet, post on Twitter, or add a new Dropbox file with your form.";s:9:"thumbnail";b:0;s:8:"category";a:1:{i:0;a:11:{s:7:"term_id";i:10806;s:4:"name";s:10:"Strategy11";s:4:"slug";s:10:"strategy11";s:10:"term_group";i:0;s:16:"term_taxonomy_id";i:10822;s:8:"taxonomy";s:17:"download_category";s:11:"description";s:0:"";s:6:"parent";i:0;s:5:"count";i:31;s:6:"filter";s:3:"raw";s:4:"meta";a:0:{}}}s:4:"tags";b:0;}s:7:"pricing";a:3:{s:5:"1site";s:5:"29.00";s:7:"15sites";s:5:"49.00";s:14:"unlimitedsites";s:5:"69.00";}s:9:"licensing";a:4:{s:7:"enabled";b:1;s:7:"version";s:4:"1.02";s:8:"exp_unit";s:5:"years";s:10:"exp_length";s:1:"1";}}i:30;a:3:{s:4:"info";a:12:{s:2:"id";i:162949;s:4:"slug";s:16:"one-time-service";s:5:"title";s:16:"One-Time Service";s:11:"create_date";s:19:"2013-03-01 13:03:55";s:13:"modified_date";s:19:"2015-10-17 01:16:58";s:6:"status";s:7:"publish";s:4:"link";s:54:"https://formidablepro.com/?post_type=download&p=162949";s:7:"content";s:0:"";s:7:"excerpt";s:0:"";s:9:"thumbnail";b:0;s:8:"category";a:1:{i:0;a:11:{s:7:"term_id";i:10806;s:4:"name";s:10:"Strategy11";s:4:"slug";s:10:"strategy11";s:10:"term_group";i:0;s:16:"term_taxonomy_id";i:10822;s:8:"taxonomy";s:17:"download_category";s:11:"description";s:0:"";s:6:"parent";i:0;s:5:"count";i:31;s:6:"filter";s:3:"raw";s:4:"meta";a:0:{}}}s:4:"tags";b:0;}s:7:"pricing";a:1:{s:0:"";s:6:"200.00";}s:9:"licensing";a:4:{s:7:"enabled";b:0;s:7:"version";s:0:"";s:8:"exp_unit";s:4:"days";s:10:"exp_length";s:0:"";}}i:31;a:3:{s:4:"info";a:12:{s:2:"id";i:173984;s:4:"slug";s:17:"registration-lite";s:5:"title";s:17:"User Registration";s:11:"create_date";s:19:"2011-12-21 13:54:24";s:13:"modified_date";s:19:"2016-11-21 13:52:09";s:6:"status";s:7:"publish";s:4:"link";s:54:"https://formidablepro.com/?post_type=download&p=173984";s:7:"content";s:2020:"Need to be able to allow users to register, edit their user profiles and sign in from the front end of your site? Want users to be able to change their passwords? Let them do it themselves on the front end with the User Registration Add-On. Build a customized registration form that gives new users sign-in access to your site immediately.\r\n\r\nBe the form builder customers love. When users have multiple forms to complete, reduce their headache by auto-populating their forms when they are logged in.\r\n\r\nThe User Registration Add-On is one of the top three Add-Ons to the Formidable Forms Pro suite of tools. It’s no wonder, because it is essential for the following types of websites:\r\n<ul><li>Membership-based sites (Including sites that have content restricted to members only)</li>\r\n<li>Subscriber-based sites (Including sites that have content restricted to subscribers only)</li>\r\n<li>Sites with forms that require users to be able to save drafts of their forms on the front end</li>\r\n<li>Sites that want to <a href="/simplify-the-guest-blog-post-process-by-creating-a-blog-posting-form/">allow guest bloggers</a> to be able to register and post content from the front end</li>\r\n<li>Sites needing to populate user meta</li></ul>\r\n\r\nCheck out these basic but powerful features that make this Add-On invaluable for virtually every type of website.\r\n\r\n<h2>User Registration Add-On Features</h2>\r\n<ul><li>Autopopulate forms with User Meta</li>\r\n<li>Allow users to be logged-in automatically after they submit the registration form</li>\r\n<li>Confirm email address option before user is registered</li>\r\n<li>Allow user to upload an avatar</li>\r\n<li>Allow user to update profile and change password on the front end</li>\r\n<li>Add a login form to a widget or any page on your site</li></ul>\r\n\r\n\r\nDownload the User Registration add-on now and you can have new users signing up on your site within minutes. If you aren''t running Formidable Pro yet, you may want to consider the <a href="/pricing/">Small Business</a> plan.";s:7:"excerpt";s:216:"Give new users access to your site as quickly and painlessly as possible. Allow users to register, edit and be able to login to their profiles on your site from the front end in a clean, customized registration form.";s:9:"thumbnail";b:0;s:8:"category";a:1:{i:0;a:11:{s:7:"term_id";i:10806;s:4:"name";s:10:"Strategy11";s:4:"slug";s:10:"strategy11";s:10:"term_group";i:0;s:16:"term_taxonomy_id";i:10822;s:8:"taxonomy";s:17:"download_category";s:11:"description";s:0:"";s:6:"parent";i:0;s:5:"count";i:31;s:6:"filter";s:3:"raw";s:4:"meta";a:0:{}}}s:4:"tags";b:0;}s:7:"pricing";a:3:{s:5:"1site";s:5:"29.00";s:7:"15sites";s:5:"49.00";s:14:"unlimitedsites";s:5:"69.00";}s:9:"licensing";a:4:{s:7:"enabled";b:1;s:7:"version";s:7:"1.11.09";s:8:"exp_unit";s:5:"years";s:10:"exp_length";s:1:"1";}}i:32;a:3:{s:4:"info";a:12:{s:2:"id";i:93790;s:4:"slug";s:14:"formidable-pro";s:5:"title";s:14:"Formidable Pro";s:11:"create_date";s:19:"2010-02-01 16:27:26";s:13:"modified_date";s:19:"2016-11-04 06:47:29";s:6:"status";s:7:"publish";s:4:"link";s:53:"https://formidablepro.com/?post_type=download&p=93790";s:7:"content";s:102:"<style>#edd_price_option_93790_individual, #edd_price_option_93790_individual-2{display:none;}</style>";s:7:"excerpt";s:147:"Enhance your basic Formidable forms with a plethora of Pro field types and features. Create advanced forms and data-driven applications in minutes.";s:9:"thumbnail";b:0;s:8:"category";a:1:{i:0;a:11:{s:7:"term_id";i:10806;s:4:"name";s:10:"Strategy11";s:4:"slug";s:10:"strategy11";s:10:"term_group";i:0;s:16:"term_taxonomy_id";i:10822;s:8:"taxonomy";s:17:"download_category";s:11:"description";s:0:"";s:6:"parent";i:0;s:5:"count";i:31;s:6:"filter";s:3:"raw";s:4:"meta";a:0:{}}}s:4:"tags";b:0;}s:7:"pricing";a:6:{s:7:"starter";s:5:"34.00";s:8:"personal";s:5:"49.00";s:10:"individual";s:5:"77.00";s:12:"professional";s:5:"99.00";s:13:"smallbusiness";s:6:"199.00";s:10:"enterprise";s:6:"399.00";}s:9:"licensing";a:4:{s:7:"enabled";b:1;s:7:"version";s:7:"2.02.10";s:8:"exp_unit";s:5:"years";s:10:"exp_length";s:1:"1";}}}s:13:"request_speed";d:0.054412126541138001;}', 'no');
INSERT INTO `wp_options` (`option_id`, `option_name`, `option_value`, `autoload`) VALUES
(20481, '_site_transient_timeout_browser_6c892d4501d4469861f63942e905365a', '1481682309', 'no'),
(20482, '_site_transient_browser_6c892d4501d4469861f63942e905365a', 'a:9:{s:8:"platform";s:9:"Macintosh";s:4:"name";s:6:"Safari";s:7:"version";s:5:"9.1.2";s:10:"update_url";s:28:"http://www.apple.com/safari/";s:7:"img_src";s:49:"http://s.wordpress.org/images/browsers/safari.png";s:11:"img_src_ssl";s:48:"https://wordpress.org/images/browsers/safari.png";s:15:"current_version";s:1:"5";s:7:"upgrade";b:0;s:8:"insecure";b:0;}', 'no'),
(20722, '_site_transient_timeout_browser_bbe17f0a746d1d92d88f5944fc82bf7f', '1482232019', 'no'),
(20723, '_site_transient_browser_bbe17f0a746d1d92d88f5944fc82bf7f', 'a:9:{s:8:"platform";s:7:"Windows";s:4:"name";s:6:"Chrome";s:7:"version";s:12:"54.0.2840.99";s:10:"update_url";s:28:"http://www.google.com/chrome";s:7:"img_src";s:49:"http://s.wordpress.org/images/browsers/chrome.png";s:11:"img_src_ssl";s:48:"https://wordpress.org/images/browsers/chrome.png";s:15:"current_version";s:2:"18";s:7:"upgrade";b:0;s:8:"insecure";b:0;}', 'no'),
(20798, '_transient_timeout_frm_form_fields_3includeinclude', '1481725621', 'no'),
(20799, '_transient_frm_form_fields_3includeinclude', 'a:10:{i:0;O:8:"stdClass":13:{s:2:"id";s:1:"8";s:9:"field_key";s:7:"qh4icy2";s:4:"name";s:4:"Name";s:11:"description";s:0:"";s:4:"type";s:4:"text";s:13:"default_value";s:0:"";s:7:"options";s:0:"";s:11:"field_order";s:1:"0";s:8:"required";s:1:"1";s:13:"field_options";a:10:{s:5:"blank";s:27:"This field cannot be blank.";s:14:"separate_value";i:0;s:7:"classes";s:19:"frm_half  frm_first";s:4:"size";s:0:"";s:3:"max";s:0:"";s:5:"label";s:0:"";s:7:"invalid";s:0:"";s:18:"required_indicator";s:1:"*";s:11:"custom_html";s:413:"<div id="frm_field_[id]_container" class="frm_form_field form-field [required_class][error_class]">\r\n    <label for="field_[key]" class="frm_primary_label">[field_name]\r\n        <span class="frm_required">[required_label]</span>\r\n    </label>\r\n    [input]\r\n    [if description]<div class="frm_description">[description]</div>[/if description]\r\n    [if error]<div class="frm_error">[error]</div>[/if error]\r\n</div>";s:12:"captcha_size";s:0:"";}s:7:"form_id";s:1:"3";s:10:"created_at";s:19:"2015-08-27 07:55:21";s:9:"form_name";s:13:"Space Booking";}i:1;O:8:"stdClass":13:{s:2:"id";s:2:"30";s:9:"field_key";s:6:"esi12y";s:4:"name";s:20:"Organization/Company";s:11:"description";s:0:"";s:4:"type";s:5:"email";s:13:"default_value";s:0:"";s:7:"options";s:0:"";s:11:"field_order";s:1:"1";s:8:"required";s:1:"0";s:13:"field_options";a:10:{s:5:"blank";s:27:"This field cannot be blank.";s:7:"invalid";s:34:"Please enter a valid email address";s:7:"classes";s:17:"frm_half frm_last";s:4:"size";s:0:"";s:3:"max";s:0:"";s:5:"label";s:0:"";s:18:"required_indicator";s:1:"*";s:14:"separate_value";i:0;s:11:"custom_html";s:413:"<div id="frm_field_[id]_container" class="frm_form_field form-field [required_class][error_class]">\r\n    <label for="field_[key]" class="frm_primary_label">[field_name]\r\n        <span class="frm_required">[required_label]</span>\r\n    </label>\r\n    [input]\r\n    [if description]<div class="frm_description">[description]</div>[/if description]\r\n    [if error]<div class="frm_error">[error]</div>[/if error]\r\n</div>";s:12:"captcha_size";s:0:"";}s:7:"form_id";s:1:"3";s:10:"created_at";s:19:"2016-01-20 10:48:38";s:9:"form_name";s:13:"Space Booking";}i:2;O:8:"stdClass":13:{s:2:"id";s:2:"28";s:9:"field_key";s:6:"cp5pfc";s:4:"name";s:9:"Telephone";s:11:"description";s:0:"";s:4:"type";s:4:"text";s:13:"default_value";s:0:"";s:7:"options";s:0:"";s:11:"field_order";s:1:"3";s:8:"required";s:1:"1";s:13:"field_options";a:10:{s:5:"blank";s:27:"This field cannot be blank.";s:14:"separate_value";i:0;s:7:"classes";s:19:"frm_half  frm_first";s:4:"size";s:0:"";s:3:"max";s:0:"";s:5:"label";s:0:"";s:7:"invalid";s:0:"";s:18:"required_indicator";s:1:"*";s:11:"custom_html";s:413:"<div id="frm_field_[id]_container" class="frm_form_field form-field [required_class][error_class]">\r\n    <label for="field_[key]" class="frm_primary_label">[field_name]\r\n        <span class="frm_required">[required_label]</span>\r\n    </label>\r\n    [input]\r\n    [if description]<div class="frm_description">[description]</div>[/if description]\r\n    [if error]<div class="frm_error">[error]</div>[/if error]\r\n</div>";s:12:"captcha_size";s:0:"";}s:7:"form_id";s:1:"3";s:10:"created_at";s:19:"2016-01-20 10:45:23";s:9:"form_name";s:13:"Space Booking";}i:3;O:8:"stdClass":13:{s:2:"id";s:2:"10";s:9:"field_key";s:7:"29yf4d2";s:4:"name";s:5:"Email";s:11:"description";s:0:"";s:4:"type";s:5:"email";s:13:"default_value";s:0:"";s:7:"options";s:0:"";s:11:"field_order";s:1:"4";s:8:"required";s:1:"1";s:13:"field_options";a:10:{s:5:"blank";s:27:"This field cannot be blank.";s:7:"invalid";s:34:"Please enter a valid email address";s:7:"classes";s:17:"frm_half frm_last";s:4:"size";s:0:"";s:3:"max";s:0:"";s:5:"label";s:0:"";s:18:"required_indicator";s:1:"*";s:14:"separate_value";i:0;s:11:"custom_html";s:413:"<div id="frm_field_[id]_container" class="frm_form_field form-field [required_class][error_class]">\r\n    <label for="field_[key]" class="frm_primary_label">[field_name]\r\n        <span class="frm_required">[required_label]</span>\r\n    </label>\r\n    [input]\r\n    [if description]<div class="frm_description">[description]</div>[/if description]\r\n    [if error]<div class="frm_error">[error]</div>[/if error]\r\n</div>";s:12:"captcha_size";s:0:"";}s:7:"form_id";s:1:"3";s:10:"created_at";s:19:"2015-08-27 07:55:21";s:9:"form_name";s:13:"Space Booking";}i:4;O:8:"stdClass":13:{s:2:"id";s:2:"16";s:9:"field_key";s:6:"xzvb1y";s:4:"name";s:9:"Room Type";s:11:"description";s:0:"";s:4:"type";s:6:"select";s:13:"default_value";s:13:"Please Choose";s:7:"options";a:6:{i:0;s:13:"Please Choose";i:1;s:12:"Seminar Room";i:2;s:12:"Meeting Room";i:3;s:10:"Both Rooms";i:4;s:34:"Office Suite - Full Unit (2 desks)";i:5;s:33:"Office - Suite = Sharing (1 desk)";}s:11:"field_order";s:1:"5";s:8:"required";s:1:"1";s:13:"field_options";a:12:{s:4:"size";s:0:"";s:3:"max";s:0:"";s:5:"label";s:0:"";s:5:"blank";s:27:"This field cannot be blank.";s:18:"required_indicator";s:1:"*";s:7:"invalid";s:0:"";s:14:"separate_value";i:0;s:14:"clear_on_focus";i:0;s:13:"default_blank";i:0;s:7:"classes";s:18:"frm_half frm_first";s:11:"custom_html";s:413:"<div id="frm_field_[id]_container" class="frm_form_field form-field [required_class][error_class]">\r\n    <label for="field_[key]" class="frm_primary_label">[field_name]\r\n        <span class="frm_required">[required_label]</span>\r\n    </label>\r\n    [input]\r\n    [if description]<div class="frm_description">[description]</div>[/if description]\r\n    [if error]<div class="frm_error">[error]</div>[/if error]\r\n</div>";s:12:"captcha_size";s:0:"";}s:7:"form_id";s:1:"3";s:10:"created_at";s:19:"2015-08-27 08:00:12";s:9:"form_name";s:13:"Space Booking";}i:5;O:8:"stdClass":13:{s:2:"id";s:2:"25";s:9:"field_key";s:6:"d5yseo";s:4:"name";s:4:"Date";s:11:"description";s:0:"";s:4:"type";s:6:"select";s:13:"default_value";s:13:"Please Choose";s:7:"options";a:3:{i:0;s:13:"Please Choose";i:1;s:7:"Weekday";i:2;s:26:"Weekend and Public Holiday";}s:11:"field_order";s:1:"6";s:8:"required";s:1:"1";s:13:"field_options";a:12:{s:4:"size";s:0:"";s:3:"max";s:0:"";s:5:"label";s:0:"";s:5:"blank";s:27:"This field cannot be blank.";s:18:"required_indicator";s:1:"*";s:7:"invalid";s:0:"";s:14:"separate_value";i:0;s:14:"clear_on_focus";i:0;s:13:"default_blank";i:1;s:7:"classes";s:18:"frm_half frm_first";s:11:"custom_html";s:413:"<div id="frm_field_[id]_container" class="frm_form_field form-field [required_class][error_class]">\r\n    <label for="field_[key]" class="frm_primary_label">[field_name]\r\n        <span class="frm_required">[required_label]</span>\r\n    </label>\r\n    [input]\r\n    [if description]<div class="frm_description">[description]</div>[/if description]\r\n    [if error]<div class="frm_error">[error]</div>[/if error]\r\n</div>";s:12:"captcha_size";s:0:"";}s:7:"form_id";s:1:"3";s:10:"created_at";s:19:"2016-01-20 10:36:09";s:9:"form_name";s:13:"Space Booking";}i:6;O:8:"stdClass":13:{s:2:"id";s:2:"15";s:9:"field_key";s:6:"ynbpp9";s:4:"name";s:14:"Request a time";s:11:"description";s:0:"";s:4:"type";s:6:"select";s:13:"default_value";s:13:"Please Choose";s:7:"options";a:9:{i:0;s:13:"Please Choose";i:1;s:38:"Half day - 08.00-12.00 or  13.00-17.00";i:2;s:22:"Full Day - 08.00-17.00";i:3;s:21:"Evening - 17.00-21.00";i:4;s:30:"Full Day & Evening 08.00-21.00";i:5;s:32:"1 hour - Minimum 3 hours (8-5pm)";i:6;s:21:"Office Suite - Weekly";i:7;s:22:"Office Suite - Monthly";i:8;s:21:"Office Suite - Yearly";}s:11:"field_order";s:1:"7";s:8:"required";s:1:"1";s:13:"field_options";a:12:{s:4:"size";s:0:"";s:3:"max";s:0:"";s:5:"label";s:0:"";s:5:"blank";s:27:"This field cannot be blank.";s:18:"required_indicator";s:1:"*";s:7:"invalid";s:0:"";s:14:"separate_value";i:0;s:14:"clear_on_focus";i:0;s:13:"default_blank";i:0;s:7:"classes";s:17:"frm_half frm_last";s:11:"custom_html";s:413:"<div id="frm_field_[id]_container" class="frm_form_field form-field [required_class][error_class]">\r\n    <label for="field_[key]" class="frm_primary_label">[field_name]\r\n        <span class="frm_required">[required_label]</span>\r\n    </label>\r\n    [input]\r\n    [if description]<div class="frm_description">[description]</div>[/if description]\r\n    [if error]<div class="frm_error">[error]</div>[/if error]\r\n</div>";s:12:"captcha_size";s:0:"";}s:7:"form_id";s:1:"3";s:10:"created_at";s:19:"2015-08-27 07:57:30";s:9:"form_name";s:13:"Space Booking";}i:7;O:8:"stdClass":13:{s:2:"id";s:2:"17";s:9:"field_key";s:6:"jql3f6";s:4:"name";s:27:"Refreshments &amp; Catering";s:11:"description";s:0:"";s:4:"type";s:8:"checkbox";s:13:"default_value";s:0:"";s:7:"options";a:4:{i:0;s:6:"Coffee";i:1;s:5:"Lunch";i:2;s:10:"Sandwiches";i:6;s:24:"Sparking / Bottled Water";}s:11:"field_order";s:1:"8";s:8:"required";s:1:"0";s:13:"field_options";a:12:{s:4:"size";s:0:"";s:3:"max";s:0:"";s:5:"label";s:0:"";s:5:"blank";s:27:"This field cannot be blank.";s:18:"required_indicator";s:1:"*";s:7:"invalid";s:0:"";s:14:"separate_value";i:0;s:14:"clear_on_focus";i:0;s:13:"default_blank";i:0;s:7:"classes";s:18:"frm_half frm_first";s:11:"custom_html";s:433:"<div id="frm_field_[id]_container" class="frm_form_field form-field [required_class][error_class]">\r\n    <label  class="frm_primary_label">[field_name]\r\n        <span class="frm_required">[required_label]</span>\r\n    </label>\r\n    <div class="frm_opt_container">[input]</div>\r\n    [if description]<div class="frm_description">[description]</div>[/if description]\r\n    [if error]<div class="frm_error">[error]</div>[/if error]\r\n</div>";s:12:"captcha_size";s:0:"";}s:7:"form_id";s:1:"3";s:10:"created_at";s:19:"2015-08-27 08:01:24";s:9:"form_name";s:13:"Space Booking";}i:8;O:8:"stdClass":13:{s:2:"id";s:2:"13";s:9:"field_key";s:7:"9jv0r12";s:4:"name";s:16:"Special requests";s:11:"description";s:0:"";s:4:"type";s:8:"textarea";s:13:"default_value";s:0:"";s:7:"options";s:0:"";s:11:"field_order";s:1:"9";s:8:"required";s:1:"0";s:13:"field_options";a:10:{s:3:"max";s:1:"2";s:5:"blank";s:27:"This field cannot be blank.";s:7:"classes";s:17:"frm_half frm_last";s:4:"size";s:0:"";s:5:"label";s:0:"";s:7:"invalid";s:0:"";s:18:"required_indicator";s:1:"*";s:14:"separate_value";i:0;s:11:"custom_html";s:413:"<div id="frm_field_[id]_container" class="frm_form_field form-field [required_class][error_class]">\r\n    <label for="field_[key]" class="frm_primary_label">[field_name]\r\n        <span class="frm_required">[required_label]</span>\r\n    </label>\r\n    [input]\r\n    [if description]<div class="frm_description">[description]</div>[/if description]\r\n    [if error]<div class="frm_error">[error]</div>[/if error]\r\n</div>";s:12:"captcha_size";s:0:"";}s:7:"form_id";s:1:"3";s:10:"created_at";s:19:"2015-08-27 07:55:21";s:9:"form_name";s:13:"Space Booking";}i:9;O:8:"stdClass":13:{s:2:"id";s:2:"14";s:9:"field_key";s:7:"62n6q32";s:4:"name";s:7:"Captcha";s:11:"description";s:0:"";s:4:"type";s:7:"captcha";s:13:"default_value";s:1:"1";s:7:"options";s:0:"";s:11:"field_order";s:2:"10";s:8:"required";s:1:"0";s:13:"field_options";a:12:{s:5:"label";s:4:"none";s:5:"blank";s:0:"";s:14:"clear_on_focus";i:0;s:13:"default_blank";i:0;s:4:"size";s:0:"";s:3:"max";s:0:"";s:7:"invalid";s:39:"The reCAPTCHA was not entered correctly";s:7:"classes";s:0:"";s:18:"required_indicator";s:1:"*";s:14:"separate_value";i:0;s:11:"custom_html";s:413:"<div id="frm_field_[id]_container" class="frm_form_field form-field [required_class][error_class]">\r\n    <label for="field_[key]" class="frm_primary_label">[field_name]\r\n        <span class="frm_required">[required_label]</span>\r\n    </label>\r\n    [input]\r\n    [if description]<div class="frm_description">[description]</div>[/if description]\r\n    [if error]<div class="frm_error">[error]</div>[/if error]\r\n</div>";s:12:"captcha_size";s:7:"default";}s:7:"form_id";s:1:"3";s:10:"created_at";s:19:"2015-08-27 07:55:21";s:9:"form_name";s:13:"Space Booking";}}', 'no'),
(20977, '_site_transient_timeout_browser_f90f9d5b5a1bb1d6e2289490ecf74ebb', '1482819768', 'no'),
(20978, '_site_transient_browser_f90f9d5b5a1bb1d6e2289490ecf74ebb', 'a:9:{s:8:"platform";s:7:"Windows";s:4:"name";s:7:"Firefox";s:7:"version";s:4:"50.0";s:10:"update_url";s:23:"http://www.firefox.com/";s:7:"img_src";s:50:"http://s.wordpress.org/images/browsers/firefox.png";s:11:"img_src_ssl";s:49:"https://wordpress.org/images/browsers/firefox.png";s:15:"current_version";s:2:"16";s:7:"upgrade";b:0;s:8:"insecure";b:0;}', 'no'),
(21165, '_site_transient_timeout_browser_00cb6228a64f759a1bb585e143526e4f', '1483087100', 'no'),
(21166, '_site_transient_browser_00cb6228a64f759a1bb585e143526e4f', 'a:9:{s:8:"platform";s:7:"Windows";s:4:"name";s:6:"Chrome";s:7:"version";s:12:"55.0.2883.87";s:10:"update_url";s:28:"http://www.google.com/chrome";s:7:"img_src";s:49:"http://s.wordpress.org/images/browsers/chrome.png";s:11:"img_src_ssl";s:48:"https://wordpress.org/images/browsers/chrome.png";s:15:"current_version";s:2:"18";s:7:"upgrade";b:0;s:8:"insecure";b:0;}', 'no'),
(21226, 'widget_like_box_facbook', 'a:5:{i:2;a:8:{s:5:"title";s:0:"";s:10:"profile_id";s:0:"";s:11:"connections";s:4:"show";s:5:"width";s:3:"300";s:6:"height";s:3:"550";s:6:"header";s:5:"small";s:11:"cover_photo";s:4:"show";s:6:"locale";s:5:"en_US";}i:5;a:12:{s:5:"title";s:0:"";s:10:"profile_id";s:16:"asiacentre.co.th";s:6:"stream";s:4:"show";s:12:"border_color";s:7:"#686868";s:11:"show_border";s:4:"show";s:16:"animation_effect";s:6:"bounce";s:11:"connections";s:4:"show";s:5:"width";s:3:"350";s:6:"height";s:3:"500";s:6:"header";s:5:"small";s:11:"cover_photo";s:4:"show";s:6:"locale";s:5:"en_US";}i:6;a:12:{s:5:"title";s:0:"";s:10:"profile_id";s:16:"asiacentre.co.th";s:6:"stream";s:4:"show";s:12:"border_color";s:4:"#FFF";s:11:"show_border";s:4:"show";s:16:"animation_effect";s:4:"none";s:11:"connections";s:4:"show";s:5:"width";s:3:"300";s:6:"height";s:3:"500";s:6:"header";s:5:"small";s:11:"cover_photo";s:4:"show";s:6:"locale";s:5:"en_US";}i:7;a:12:{s:5:"title";s:0:"";s:10:"profile_id";s:16:"asiacentre.co.th";s:6:"stream";s:4:"show";s:12:"border_color";s:4:"#FFF";s:11:"show_border";s:4:"show";s:16:"animation_effect";s:4:"none";s:11:"connections";s:4:"show";s:5:"width";s:3:"300";s:6:"height";s:3:"550";s:6:"header";s:5:"small";s:11:"cover_photo";s:4:"show";s:6:"locale";s:5:"en_US";}s:12:"_multiwidget";i:1;}', 'yes'),
(21240, 'like_box_sidebar_slide_mode', 'yes', 'yes'),
(21241, 'like_box_open_sidebar_button_must_show_in', '{\\"home\\":true,\\"post\\":true,\\"page\\":true,\\"everywhere\\":true}', 'yes'),
(21242, 'like_box_sidebar_slide_position', 'left', 'yes'),
(21243, 'like_box_sidebar_slide_bg_color', '#3A5897', 'yes'),
(21244, 'like_box_sidebar_slide_border_bg_color', '#ffffff', 'yes'),
(21245, 'like_box_sidebar_slide_title_color', '#FFFFFF', 'yes'),
(21246, 'like_box_sidebar_slide_title', 'Facebook', 'yes'),
(21247, 'like_box_sidebar_slide_title_font_famely', 'Times New Roman,Times,Georgia,serif', 'yes'),
(21248, 'like_box_sidebar_slide_pntik_height', '100', 'yes'),
(21249, 'like_box_sidebar_slide_profile_id', 'asiacentre.co.th', 'yes'),
(21250, 'like_box_sidebar_slide_width', '360', 'yes'),
(21251, 'like_box_sidebar_slide_height', '450', 'yes'),
(21252, 'like_box_sidebar_slide_header', 'small', 'yes'),
(21253, 'like_box_sidebar_slide_cover_photo', 'show', 'yes'),
(21254, 'like_box_sidebar_slide_connections', 'show', 'yes'),
(21255, 'like_box_sidebar_slide_stream', 'show', 'yes'),
(21256, 'like_box_sidebar_slide_locale', 'en_US', 'yes'),
(21257, 'like_box_enable_like_box', 'no', 'yes'),
(21258, 'like_box_popup_must_show_in', '{\\"home\\":true,\\"post\\":true,\\"page\\":true,\\"everywhere\\":true}', 'yes'),
(21259, 'like_box_popup_show_quantity', 'onew_time', 'yes'),
(21260, 'like_box_secont_befor_show', '0', 'yes'),
(21261, 'like_box_popup_title', 'Facebook like box', 'yes'),
(21262, 'like_box_popup_title_color', '#000000', 'yes'),
(21263, 'like_box_popup_title_font_famely', 'Times New Roman,Times,Georgia,serif', 'yes'),
(21264, 'like_box_profile_id', 'asiacentre.co.th', 'yes'),
(21265, 'like_box_show_border', 'hide', 'yes'),
(21266, 'like_box_border_color', '#FFF', 'yes'),
(21267, 'like_box_width', '600', 'yes'),
(21268, 'like_box_height', '450', 'yes'),
(21269, 'like_box_cover_photo', 'show', 'yes'),
(21270, 'like_box_header', 'small', 'yes'),
(21271, 'like_box_connections', 'show', 'yes'),
(21272, 'like_box_stream', 'show', 'yes'),
(21273, 'like_box_locale', 'en_US', 'yes'),
(21282, 'galleries_children', 'a:0:{}', 'yes'),
(21328, '_transient_timeout_yoast_i18n_wordpress-seo_en_GB', '1482600587', 'no'),
(21329, '_transient_yoast_i18n_wordpress-seo_en_GB', 'O:8:"stdClass":12:{s:2:"id";s:3:"639";s:4:"name";s:12:"English (UK)";s:4:"slug";s:7:"default";s:10:"project_id";s:1:"1";s:6:"locale";s:5:"en-gb";s:13:"current_count";i:1044;s:18:"untranslated_count";i:0;s:13:"waiting_count";i:0;s:11:"fuzzy_count";i:0;s:18:"percent_translated";i:100;s:9:"wp_locale";s:5:"en_GB";s:13:"last_modified";s:19:"2016-12-07 00:20:43";}', 'no'),
(21344, 'widget_a2a_share_save_widget', 'a:1:{s:12:"_multiwidget";i:1;}', 'yes'),
(21345, 'widget_a2a_follow_widget', 'a:1:{s:12:"_multiwidget";i:1;}', 'yes'),
(21346, 'addtoany_options', 'a:47:{s:8:"position";s:6:"bottom";s:30:"display_in_posts_on_front_page";s:2:"-1";s:33:"display_in_posts_on_archive_pages";s:2:"-1";s:19:"display_in_excerpts";s:2:"-1";s:16:"display_in_posts";s:2:"-1";s:16:"display_in_pages";s:2:"-1";s:22:"display_in_attachments";s:2:"-1";s:15:"display_in_feed";s:2:"-1";s:7:"onclick";s:2:"-1";s:9:"icon_size";s:2:"32";s:6:"button";s:10:"A2A_SVG_32";s:13:"button_custom";s:0:"";s:17:"button_show_count";s:2:"-1";s:6:"header";s:0:"";s:23:"additional_js_variables";s:0:"";s:14:"additional_css";s:0:"";s:12:"custom_icons";s:2:"-1";s:16:"custom_icons_url";s:1:"/";s:17:"custom_icons_type";s:3:"png";s:18:"custom_icons_width";s:0:"";s:19:"custom_icons_height";s:0:"";s:10:"inline_css";s:1:"1";s:5:"cache";s:2:"-1";s:23:"display_in_cpt_hom_page";s:2:"-1";s:20:"display_in_cpt_event";s:2:"-1";s:21:"display_in_cpt_course";s:2:"-1";s:22:"display_in_cpt_gallery";s:2:"-1";s:21:"display_in_cpt_slider";s:2:"-1";s:20:"display_in_cpt_chunk";s:2:"-1";s:11:"button_text";s:5:"Share";s:24:"special_facebook_options";a:1:{s:10:"show_count";s:2:"-1";}s:15:"active_services";a:3:{i:0;s:8:"facebook";i:1;s:7:"twitter";i:2;s:11:"google_plus";}s:29:"special_facebook_like_options";a:1:{s:4:"verb";s:4:"like";}s:29:"special_twitter_tweet_options";a:1:{s:10:"show_count";s:2:"-1";}s:30:"special_google_plusone_options";a:1:{s:10:"show_count";s:2:"-1";}s:33:"special_google_plus_share_options";a:1:{s:10:"show_count";s:2:"-1";}s:29:"special_pinterest_pin_options";a:1:{s:10:"show_count";s:2:"-1";}s:17:"floating_vertical";s:4:"none";s:19:"floating_horizontal";s:4:"none";s:26:"floating_vertical_position";s:3:"100";s:24:"floating_vertical_offset";s:1:"0";s:28:"floating_vertical_responsive";s:1:"1";s:38:"floating_vertical_responsive_max_width";s:3:"980";s:28:"floating_horizontal_position";s:1:"0";s:26:"floating_horizontal_offset";s:1:"0";s:30:"floating_horizontal_responsive";s:1:"1";s:40:"floating_horizontal_responsive_min_width";s:3:"981";}', 'yes'),
(21511, 'widget_ee-upcoming-events-widget', 'a:1:{s:12:"_multiwidget";i:1;}', 'yes'),
(21513, '_transient_timeout_ee_active_theme_check', '1485418321', 'no'),
(21514, '_transient_ee_active_theme_check', '1', 'no'),
(21515, '_transient_timeout_ee4_event_info_check', '1484035921', 'no'),
(21516, '_transient_ee4_event_info_check', '1', 'no'),
(21527, 'espresso_event_categories_children', 'a:1:{i:248;a:2:{i:0;i:249;i:1;i:250;}}', 'yes'),
(21547, '_site_transient_timeout_popular_importers_ee7264e484b22e934c2419199bc0b83b', '1483004087', 'no'),
(21548, '_site_transient_popular_importers_ee7264e484b22e934c2419199bc0b83b', 'a:2:{s:9:"importers";a:8:{s:7:"blogger";a:4:{s:4:"name";s:7:"Blogger";s:11:"description";s:54:"Import posts, comments, and users from a Blogger blog.";s:11:"plugin-slug";s:16:"blogger-importer";s:11:"importer-id";s:7:"blogger";}s:9:"wpcat2tag";a:4:{s:4:"name";s:29:"Categories and Tags Converter";s:11:"description";s:71:"Convert existing categories to tags or tags to categories, selectively.";s:11:"plugin-slug";s:18:"wpcat2tag-importer";s:11:"importer-id";s:10:"wp-cat2tag";}s:11:"livejournal";a:4:{s:4:"name";s:11:"LiveJournal";s:11:"description";s:46:"Import posts from LiveJournal using their API.";s:11:"plugin-slug";s:20:"livejournal-importer";s:11:"importer-id";s:11:"livejournal";}s:11:"movabletype";a:4:{s:4:"name";s:24:"Movable Type and TypePad";s:11:"description";s:62:"Import posts and comments from a Movable Type or TypePad blog.";s:11:"plugin-slug";s:20:"movabletype-importer";s:11:"importer-id";s:2:"mt";}s:4:"opml";a:4:{s:4:"name";s:8:"Blogroll";s:11:"description";s:28:"Import links in OPML format.";s:11:"plugin-slug";s:13:"opml-importer";s:11:"importer-id";s:4:"opml";}s:3:"rss";a:4:{s:4:"name";s:3:"RSS";s:11:"description";s:30:"Import posts from an RSS feed.";s:11:"plugin-slug";s:12:"rss-importer";s:11:"importer-id";s:3:"rss";}s:6:"tumblr";a:4:{s:4:"name";s:6:"Tumblr";s:11:"description";s:53:"Import posts &amp; media from Tumblr using their API.";s:11:"plugin-slug";s:15:"tumblr-importer";s:11:"importer-id";s:6:"tumblr";}s:9:"wordpress";a:4:{s:4:"name";s:9:"WordPress";s:11:"description";s:96:"Import posts, pages, comments, custom fields, categories, and tags from a WordPress export file.";s:11:"plugin-slug";s:18:"wordpress-importer";s:11:"importer-id";s:9:"wordpress";}}s:10:"translated";b:0;}', 'no'),
(21585, 'ee_config', 'O:9:"EE_Config":11:{s:6:"addons";O:8:"stdClass":0:{}s:5:"admin";O:15:"EE_Admin_Config":12:{s:21:"use_personnel_manager";b:1;s:20:"use_dashboard_widget";b:1;s:19:"events_in_dashboard";i:30;s:19:"use_event_timezones";b:0;s:16:"use_full_logging";b:0;s:13:"log_file_name";N;s:15:"debug_file_name";N;s:18:"use_remote_logging";b:0;s:18:"remote_logging_url";N;s:15:"show_reg_footer";b:1;s:12:"affiliate_id";s:7:"default";s:20:"help_tour_activation";b:1;}s:4:"core";O:14:"EE_Core_Config":16:{s:15:"current_blog_id";i:1;s:13:"ee_ueip_optin";s:2:"no";s:20:"ee_ueip_has_notified";b:1;s:15:"post_shortcodes";a:4:{s:21:"registration-checkout";a:1:{s:17:"ESPRESSO_CHECKOUT";i:2104;}s:12:"transactions";a:1:{s:17:"ESPRESSO_TXN_PAGE";i:2105;}s:9:"thank-you";a:1:{s:18:"ESPRESSO_THANK_YOU";i:2106;}s:22:"registration-cancelled";a:1:{s:18:"ESPRESSO_CANCELLED";i:2107;}}s:16:"module_route_map";a:0:{}s:18:"module_forward_map";a:0:{}s:15:"module_view_map";a:0:{}s:11:"reg_page_id";i:2104;s:11:"txn_page_id";i:2105;s:17:"thank_you_page_id";i:2106;s:14:"cancel_page_id";i:2107;s:12:"reg_page_url";s:0:"";s:12:"txn_page_url";s:0:"";s:18:"thank_you_page_url";s:0:"";s:15:"cancel_page_url";s:0:"";s:14:"event_cpt_slug";s:6:"events";}s:8:"currency";O:18:"EE_Currency_Config":8:{s:4:"code";s:3:"USD";s:4:"name";s:6:"Dollar";s:6:"plural";s:6:"Dollas";s:4:"sign";s:1:"$";s:7:"sign_b4";b:1;s:7:"dec_plc";i:2;s:7:"dec_mrk";s:1:".";s:6:"thsnds";s:1:",";}s:12:"organization";O:22:"EE_Organization_Config":17:{s:4:"name";s:11:"ASIA CENTRE";s:9:"address_1";s:37:"128/183, Phayathai Plaza, 17st Floor,";s:9:"address_2";s:30:"Phayathai Rd., Thung Phayathai";s:4:"city";s:20:"Ratchathewi, Bangkok";s:6:"STA_ID";i:0;s:7:"CNT_ISO";s:2:"TH";s:3:"zip";s:5:"10400";s:5:"email";s:21:"info@asiacentre.co.th";s:5:"phone";s:9:"021293773";s:3:"vat";s:13:"0105558119135";s:8:"logo_url";s:70:"http://asiacentre.co.th/wp-content/uploads/2016/12/asiacentre-logo.png";s:8:"facebook";s:42:"https://www.facebook.com/asiacentre.co.th/";s:7:"twitter";s:0:"";s:8:"linkedin";s:0:"";s:9:"pinterest";s:0:"";s:6:"google";s:0:"";s:9:"instagram";s:0:"";}s:12:"registration";O:22:"EE_Registration_Config":12:{s:14:"default_STS_ID";s:3:"RPP";s:28:"show_pending_payment_options";s:1:"1";s:21:"skip_reg_confirmation";b:0;s:9:"reg_steps";a:0:{}s:21:"reg_confirmation_last";b:0;s:11:"use_captcha";b:0;s:15:"recaptcha_theme";s:5:"light";s:14:"recaptcha_type";s:5:"image";s:18:"recaptcha_language";s:2:"en";s:19:"recaptcha_publickey";N;s:20:"recaptcha_privatekey";N;s:15:"recaptcha_width";i:500;}s:17:"template_settings";O:18:"EE_Template_Config":7:{s:20:"enable_default_style";b:1;s:18:"custom_style_sheet";N;s:26:"display_address_in_regform";b:1;s:37:"display_description_on_multi_reg_page";b:0;s:20:"use_custom_templates";b:0;s:22:"current_espresso_theme";s:21:"Espresso_Arabica_2014";s:19:"EED_Ticket_Selector";O:25:"EE_Ticket_Selector_Config":3:{s:24:"show_ticket_sale_columns";i:1;s:19:"show_ticket_details";i:1;s:20:"show_expired_tickets";i:1;}}s:11:"environment";O:21:"EE_Environment_Config":1:{s:3:"php";O:8:"stdClass":2:{s:14:"max_input_vars";s:4:"1000";s:7:"version";s:6:"5.4.45";}}s:12:"map_settings";O:13:"EE_Map_Config":15:{s:15:"use_google_maps";b:1;s:23:"event_details_map_width";i:585;s:24:"event_details_map_height";i:362;s:22:"event_details_map_zoom";i:14;s:25:"event_details_display_nav";b:1;s:22:"event_details_nav_size";b:0;s:26:"event_details_control_type";s:7:"default";s:23:"event_details_map_align";s:6:"center";s:20:"event_list_map_width";i:300;s:21:"event_list_map_height";i:185;s:19:"event_list_map_zoom";i:12;s:22:"event_list_display_nav";b:0;s:19:"event_list_nav_size";b:1;s:23:"event_list_control_type";s:8:"dropdown";s:20:"event_list_map_align";s:6:"center";}s:7:"gateway";O:17:"EE_Gateway_Config":2:{s:16:"payment_settings";a:0:{}s:15:"active_gateways";a:1:{s:7:"Invoice";b:0;}}s:31:"\0EE_Config\0_config_option_names";a:0:{}}', 'yes'),
(21586, 'ee_flush_rewrite_rules', '', 'yes'),
(21587, 'ee_notices', '', 'yes'),
(21588, 'ee_data_migration_current_db_state', 'a:1:{s:4:"Core";s:12:"4.7.12.decaf";}', 'yes'),
(21591, 'ee_ueip_optin', 'no', 'yes'),
(21592, '_transient_timeout_ee_extra_data', '1483439026', 'no'),
(21593, '_transient_ee_extra_data', 'a:4:{s:12:"active_theme";s:16:"Asia Centre 2015";s:13:"all_tkt_count";s:1:"1";s:14:"free_tkt_count";s:1:"1";s:10:"phpversion";s:6:"5.4.45";}', 'no'),
(21594, 'external_updates-event-espresso-core-decaf', 'O:8:"stdClass":3:{s:9:"lastCheck";i:1482911038;s:14:"checkedVersion";s:12:"4.7.12.decaf";s:6:"update";O:19:"PluginUpdateUtility":7:{s:2:"id";s:6:"116825";s:4:"slug";s:25:"event-espresso-core-decaf";s:7:"version";s:12:"4.8.42.decaf";s:8:"homepage";s:45:"https://eventespresso.com/pricing/?ee_ver=ee4";s:12:"download_url";s:178:"https://eventespresso.com?pu_request_plugin=event-espresso-core-decaf&pu_get_download=1&pue_active_version=4.7.12.decaf&site_domain=asiacentre.co.th&pu_plugin_api&new_pue_check=1";s:8:"sections";O:8:"stdClass":3:{s:11:"description";s:110:"Manage your events from your WordPress dashboard. Reduce your admin, reduce your costs, make your life easier!";s:12:"installation";s:0:"";s:9:"changelog";s:0:"";}s:14:"upgrade_notice";s:0:"";}}', 'no'),
(21642, 'events_children', 'a:1:{i:211;a:3:{i:0;i:225;i:1;i:228;i:2;i:229;}}', 'yes'),
(21656, 'tribe_events_calendar_options', 'a:5:{s:14:"schema-version";s:3:"3.9";s:27:"recurring_events_are_hidden";s:6:"hidden";s:21:"previous_ecp_versions";a:1:{i:0;s:1:"0";}s:18:"latest_ecp_version";s:5:"4.3.5";s:39:"last-update-message-the-events-calendar";s:5:"4.3.5";}', 'yes'),
(21657, 'widget_tribe-events-list-widget', 'a:1:{s:12:"_multiwidget";i:1;}', 'yes'),
(21658, 'tribe_last_save_post', '1482897425', 'yes'),
(21660, '_transient_timeout_feed_0d102f2a1f4d6bc90eb8c6ffe18e56ed', '1482940065', 'no'),
(21661, '_transient_timeout_feed_mod_0d102f2a1f4d6bc90eb8c6ffe18e56ed', '1482940065', 'no'),
(21662, '_transient_feed_mod_0d102f2a1f4d6bc90eb8c6ffe18e56ed', '1482896865', 'no'),
(21667, 'tribe_events_cat_children', 'a:1:{i:251;a:2:{i:0;i:252;i:1;i:253;}}', 'yes');
INSERT INTO `wp_options` (`option_id`, `option_name`, `option_value`, `autoload`) VALUES
(21669, 'rewrite_rules', 'a:282:{s:19:"sitemap_index\\.xml$";s:19:"index.php?sitemap=1";s:31:"([^/]+?)-sitemap([0-9]+)?\\.xml$";s:51:"index.php?sitemap=$matches[1]&sitemap_n=$matches[2]";s:24:"([a-z]+)?-?sitemap\\.xsl$";s:25:"index.php?xsl=$matches[1]";s:11:"^wp-json/?$";s:22:"index.php?rest_route=/";s:14:"^wp-json/(.*)?";s:33:"index.php?rest_route=/$matches[1]";s:7:"home/?$";s:28:"index.php?post_type=hom_page";s:37:"home/feed/(feed|rdf|rss|rss2|atom)/?$";s:45:"index.php?post_type=hom_page&feed=$matches[1]";s:32:"home/(feed|rdf|rss|rss2|atom)/?$";s:45:"index.php?post_type=hom_page&feed=$matches[1]";s:24:"home/page/([0-9]{1,})/?$";s:46:"index.php?post_type=hom_page&paged=$matches[1]";s:8:"event/?$";s:25:"index.php?post_type=event";s:38:"event/feed/(feed|rdf|rss|rss2|atom)/?$";s:42:"index.php?post_type=event&feed=$matches[1]";s:33:"event/(feed|rdf|rss|rss2|atom)/?$";s:42:"index.php?post_type=event&feed=$matches[1]";s:25:"event/page/([0-9]{1,})/?$";s:43:"index.php?post_type=event&paged=$matches[1]";s:9:"course/?$";s:26:"index.php?post_type=course";s:39:"course/feed/(feed|rdf|rss|rss2|atom)/?$";s:43:"index.php?post_type=course&feed=$matches[1]";s:34:"course/(feed|rdf|rss|rss2|atom)/?$";s:43:"index.php?post_type=course&feed=$matches[1]";s:26:"course/page/([0-9]{1,})/?$";s:44:"index.php?post_type=course&paged=$matches[1]";s:10:"gallery/?$";s:27:"index.php?post_type=gallery";s:40:"gallery/feed/(feed|rdf|rss|rss2|atom)/?$";s:44:"index.php?post_type=gallery&feed=$matches[1]";s:35:"gallery/(feed|rdf|rss|rss2|atom)/?$";s:44:"index.php?post_type=gallery&feed=$matches[1]";s:27:"gallery/page/([0-9]{1,})/?$";s:45:"index.php?post_type=gallery&paged=$matches[1]";s:9:"slider/?$";s:26:"index.php?post_type=slider";s:39:"slider/feed/(feed|rdf|rss|rss2|atom)/?$";s:43:"index.php?post_type=slider&feed=$matches[1]";s:34:"slider/(feed|rdf|rss|rss2|atom)/?$";s:43:"index.php?post_type=slider&feed=$matches[1]";s:26:"slider/page/([0-9]{1,})/?$";s:44:"index.php?post_type=slider&paged=$matches[1]";s:8:"chunk/?$";s:25:"index.php?post_type=chunk";s:38:"chunk/feed/(feed|rdf|rss|rss2|atom)/?$";s:42:"index.php?post_type=chunk&feed=$matches[1]";s:33:"chunk/(feed|rdf|rss|rss2|atom)/?$";s:42:"index.php?post_type=chunk&feed=$matches[1]";s:25:"chunk/page/([0-9]{1,})/?$";s:43:"index.php?post_type=chunk&paged=$matches[1]";s:47:"category/(.+?)/feed/(feed|rdf|rss|rss2|atom)/?$";s:52:"index.php?category_name=$matches[1]&feed=$matches[2]";s:42:"category/(.+?)/(feed|rdf|rss|rss2|atom)/?$";s:52:"index.php?category_name=$matches[1]&feed=$matches[2]";s:23:"category/(.+?)/embed/?$";s:46:"index.php?category_name=$matches[1]&embed=true";s:35:"category/(.+?)/page/?([0-9]{1,})/?$";s:53:"index.php?category_name=$matches[1]&paged=$matches[2]";s:17:"category/(.+?)/?$";s:35:"index.php?category_name=$matches[1]";s:44:"tag/([^/]+)/feed/(feed|rdf|rss|rss2|atom)/?$";s:42:"index.php?tag=$matches[1]&feed=$matches[2]";s:39:"tag/([^/]+)/(feed|rdf|rss|rss2|atom)/?$";s:42:"index.php?tag=$matches[1]&feed=$matches[2]";s:20:"tag/([^/]+)/embed/?$";s:36:"index.php?tag=$matches[1]&embed=true";s:32:"tag/([^/]+)/page/?([0-9]{1,})/?$";s:43:"index.php?tag=$matches[1]&paged=$matches[2]";s:14:"tag/([^/]+)/?$";s:25:"index.php?tag=$matches[1]";s:45:"type/([^/]+)/feed/(feed|rdf|rss|rss2|atom)/?$";s:50:"index.php?post_format=$matches[1]&feed=$matches[2]";s:40:"type/([^/]+)/(feed|rdf|rss|rss2|atom)/?$";s:50:"index.php?post_format=$matches[1]&feed=$matches[2]";s:21:"type/([^/]+)/embed/?$";s:44:"index.php?post_format=$matches[1]&embed=true";s:33:"type/([^/]+)/page/?([0-9]{1,})/?$";s:51:"index.php?post_format=$matches[1]&paged=$matches[2]";s:15:"type/([^/]+)/?$";s:33:"index.php?post_format=$matches[1]";s:38:"frm_styles/[^/]+/attachment/([^/]+)/?$";s:32:"index.php?attachment=$matches[1]";s:48:"frm_styles/[^/]+/attachment/([^/]+)/trackback/?$";s:37:"index.php?attachment=$matches[1]&tb=1";s:68:"frm_styles/[^/]+/attachment/([^/]+)/feed/(feed|rdf|rss|rss2|atom)/?$";s:49:"index.php?attachment=$matches[1]&feed=$matches[2]";s:63:"frm_styles/[^/]+/attachment/([^/]+)/(feed|rdf|rss|rss2|atom)/?$";s:49:"index.php?attachment=$matches[1]&feed=$matches[2]";s:63:"frm_styles/[^/]+/attachment/([^/]+)/comment-page-([0-9]{1,})/?$";s:50:"index.php?attachment=$matches[1]&cpage=$matches[2]";s:44:"frm_styles/[^/]+/attachment/([^/]+)/embed/?$";s:43:"index.php?attachment=$matches[1]&embed=true";s:27:"frm_styles/([^/]+)/embed/?$";s:43:"index.php?frm_styles=$matches[1]&embed=true";s:31:"frm_styles/([^/]+)/trackback/?$";s:37:"index.php?frm_styles=$matches[1]&tb=1";s:39:"frm_styles/([^/]+)/page/?([0-9]{1,})/?$";s:50:"index.php?frm_styles=$matches[1]&paged=$matches[2]";s:46:"frm_styles/([^/]+)/comment-page-([0-9]{1,})/?$";s:50:"index.php?frm_styles=$matches[1]&cpage=$matches[2]";s:35:"frm_styles/([^/]+)(?:/([0-9]+))?/?$";s:49:"index.php?frm_styles=$matches[1]&page=$matches[2]";s:27:"frm_styles/[^/]+/([^/]+)/?$";s:32:"index.php?attachment=$matches[1]";s:37:"frm_styles/[^/]+/([^/]+)/trackback/?$";s:37:"index.php?attachment=$matches[1]&tb=1";s:57:"frm_styles/[^/]+/([^/]+)/feed/(feed|rdf|rss|rss2|atom)/?$";s:49:"index.php?attachment=$matches[1]&feed=$matches[2]";s:52:"frm_styles/[^/]+/([^/]+)/(feed|rdf|rss|rss2|atom)/?$";s:49:"index.php?attachment=$matches[1]&feed=$matches[2]";s:52:"frm_styles/[^/]+/([^/]+)/comment-page-([0-9]{1,})/?$";s:50:"index.php?attachment=$matches[1]&cpage=$matches[2]";s:33:"frm_styles/[^/]+/([^/]+)/embed/?$";s:43:"index.php?attachment=$matches[1]&embed=true";s:44:"frm_form_actions/[^/]+/attachment/([^/]+)/?$";s:32:"index.php?attachment=$matches[1]";s:54:"frm_form_actions/[^/]+/attachment/([^/]+)/trackback/?$";s:37:"index.php?attachment=$matches[1]&tb=1";s:74:"frm_form_actions/[^/]+/attachment/([^/]+)/feed/(feed|rdf|rss|rss2|atom)/?$";s:49:"index.php?attachment=$matches[1]&feed=$matches[2]";s:69:"frm_form_actions/[^/]+/attachment/([^/]+)/(feed|rdf|rss|rss2|atom)/?$";s:49:"index.php?attachment=$matches[1]&feed=$matches[2]";s:69:"frm_form_actions/[^/]+/attachment/([^/]+)/comment-page-([0-9]{1,})/?$";s:50:"index.php?attachment=$matches[1]&cpage=$matches[2]";s:50:"frm_form_actions/[^/]+/attachment/([^/]+)/embed/?$";s:43:"index.php?attachment=$matches[1]&embed=true";s:33:"frm_form_actions/([^/]+)/embed/?$";s:49:"index.php?frm_form_actions=$matches[1]&embed=true";s:37:"frm_form_actions/([^/]+)/trackback/?$";s:43:"index.php?frm_form_actions=$matches[1]&tb=1";s:45:"frm_form_actions/([^/]+)/page/?([0-9]{1,})/?$";s:56:"index.php?frm_form_actions=$matches[1]&paged=$matches[2]";s:52:"frm_form_actions/([^/]+)/comment-page-([0-9]{1,})/?$";s:56:"index.php?frm_form_actions=$matches[1]&cpage=$matches[2]";s:41:"frm_form_actions/([^/]+)(?:/([0-9]+))?/?$";s:55:"index.php?frm_form_actions=$matches[1]&page=$matches[2]";s:33:"frm_form_actions/[^/]+/([^/]+)/?$";s:32:"index.php?attachment=$matches[1]";s:43:"frm_form_actions/[^/]+/([^/]+)/trackback/?$";s:37:"index.php?attachment=$matches[1]&tb=1";s:63:"frm_form_actions/[^/]+/([^/]+)/feed/(feed|rdf|rss|rss2|atom)/?$";s:49:"index.php?attachment=$matches[1]&feed=$matches[2]";s:58:"frm_form_actions/[^/]+/([^/]+)/(feed|rdf|rss|rss2|atom)/?$";s:49:"index.php?attachment=$matches[1]&feed=$matches[2]";s:58:"frm_form_actions/[^/]+/([^/]+)/comment-page-([0-9]{1,})/?$";s:50:"index.php?attachment=$matches[1]&cpage=$matches[2]";s:39:"frm_form_actions/[^/]+/([^/]+)/embed/?$";s:43:"index.php?attachment=$matches[1]&embed=true";s:32:"home/[^/]+/attachment/([^/]+)/?$";s:32:"index.php?attachment=$matches[1]";s:42:"home/[^/]+/attachment/([^/]+)/trackback/?$";s:37:"index.php?attachment=$matches[1]&tb=1";s:62:"home/[^/]+/attachment/([^/]+)/feed/(feed|rdf|rss|rss2|atom)/?$";s:49:"index.php?attachment=$matches[1]&feed=$matches[2]";s:57:"home/[^/]+/attachment/([^/]+)/(feed|rdf|rss|rss2|atom)/?$";s:49:"index.php?attachment=$matches[1]&feed=$matches[2]";s:57:"home/[^/]+/attachment/([^/]+)/comment-page-([0-9]{1,})/?$";s:50:"index.php?attachment=$matches[1]&cpage=$matches[2]";s:38:"home/[^/]+/attachment/([^/]+)/embed/?$";s:43:"index.php?attachment=$matches[1]&embed=true";s:21:"home/([^/]+)/embed/?$";s:41:"index.php?hom_page=$matches[1]&embed=true";s:25:"home/([^/]+)/trackback/?$";s:35:"index.php?hom_page=$matches[1]&tb=1";s:45:"home/([^/]+)/feed/(feed|rdf|rss|rss2|atom)/?$";s:47:"index.php?hom_page=$matches[1]&feed=$matches[2]";s:40:"home/([^/]+)/(feed|rdf|rss|rss2|atom)/?$";s:47:"index.php?hom_page=$matches[1]&feed=$matches[2]";s:33:"home/([^/]+)/page/?([0-9]{1,})/?$";s:48:"index.php?hom_page=$matches[1]&paged=$matches[2]";s:40:"home/([^/]+)/comment-page-([0-9]{1,})/?$";s:48:"index.php?hom_page=$matches[1]&cpage=$matches[2]";s:29:"home/([^/]+)(?:/([0-9]+))?/?$";s:47:"index.php?hom_page=$matches[1]&page=$matches[2]";s:21:"home/[^/]+/([^/]+)/?$";s:32:"index.php?attachment=$matches[1]";s:31:"home/[^/]+/([^/]+)/trackback/?$";s:37:"index.php?attachment=$matches[1]&tb=1";s:51:"home/[^/]+/([^/]+)/feed/(feed|rdf|rss|rss2|atom)/?$";s:49:"index.php?attachment=$matches[1]&feed=$matches[2]";s:46:"home/[^/]+/([^/]+)/(feed|rdf|rss|rss2|atom)/?$";s:49:"index.php?attachment=$matches[1]&feed=$matches[2]";s:46:"home/[^/]+/([^/]+)/comment-page-([0-9]{1,})/?$";s:50:"index.php?attachment=$matches[1]&cpage=$matches[2]";s:27:"home/[^/]+/([^/]+)/embed/?$";s:43:"index.php?attachment=$matches[1]&embed=true";s:33:"event/[^/]+/attachment/([^/]+)/?$";s:32:"index.php?attachment=$matches[1]";s:43:"event/[^/]+/attachment/([^/]+)/trackback/?$";s:37:"index.php?attachment=$matches[1]&tb=1";s:63:"event/[^/]+/attachment/([^/]+)/feed/(feed|rdf|rss|rss2|atom)/?$";s:49:"index.php?attachment=$matches[1]&feed=$matches[2]";s:58:"event/[^/]+/attachment/([^/]+)/(feed|rdf|rss|rss2|atom)/?$";s:49:"index.php?attachment=$matches[1]&feed=$matches[2]";s:58:"event/[^/]+/attachment/([^/]+)/comment-page-([0-9]{1,})/?$";s:50:"index.php?attachment=$matches[1]&cpage=$matches[2]";s:39:"event/[^/]+/attachment/([^/]+)/embed/?$";s:43:"index.php?attachment=$matches[1]&embed=true";s:22:"event/([^/]+)/embed/?$";s:38:"index.php?event=$matches[1]&embed=true";s:26:"event/([^/]+)/trackback/?$";s:32:"index.php?event=$matches[1]&tb=1";s:46:"event/([^/]+)/feed/(feed|rdf|rss|rss2|atom)/?$";s:44:"index.php?event=$matches[1]&feed=$matches[2]";s:41:"event/([^/]+)/(feed|rdf|rss|rss2|atom)/?$";s:44:"index.php?event=$matches[1]&feed=$matches[2]";s:34:"event/([^/]+)/page/?([0-9]{1,})/?$";s:45:"index.php?event=$matches[1]&paged=$matches[2]";s:41:"event/([^/]+)/comment-page-([0-9]{1,})/?$";s:45:"index.php?event=$matches[1]&cpage=$matches[2]";s:30:"event/([^/]+)(?:/([0-9]+))?/?$";s:44:"index.php?event=$matches[1]&page=$matches[2]";s:22:"event/[^/]+/([^/]+)/?$";s:32:"index.php?attachment=$matches[1]";s:32:"event/[^/]+/([^/]+)/trackback/?$";s:37:"index.php?attachment=$matches[1]&tb=1";s:52:"event/[^/]+/([^/]+)/feed/(feed|rdf|rss|rss2|atom)/?$";s:49:"index.php?attachment=$matches[1]&feed=$matches[2]";s:47:"event/[^/]+/([^/]+)/(feed|rdf|rss|rss2|atom)/?$";s:49:"index.php?attachment=$matches[1]&feed=$matches[2]";s:47:"event/[^/]+/([^/]+)/comment-page-([0-9]{1,})/?$";s:50:"index.php?attachment=$matches[1]&cpage=$matches[2]";s:28:"event/[^/]+/([^/]+)/embed/?$";s:43:"index.php?attachment=$matches[1]&embed=true";s:47:"events/([^/]+)/feed/(feed|rdf|rss|rss2|atom)/?$";s:45:"index.php?events=$matches[1]&feed=$matches[2]";s:42:"events/([^/]+)/(feed|rdf|rss|rss2|atom)/?$";s:45:"index.php?events=$matches[1]&feed=$matches[2]";s:23:"events/([^/]+)/embed/?$";s:39:"index.php?events=$matches[1]&embed=true";s:35:"events/([^/]+)/page/?([0-9]{1,})/?$";s:46:"index.php?events=$matches[1]&paged=$matches[2]";s:17:"events/([^/]+)/?$";s:28:"index.php?events=$matches[1]";s:34:"course/[^/]+/attachment/([^/]+)/?$";s:32:"index.php?attachment=$matches[1]";s:44:"course/[^/]+/attachment/([^/]+)/trackback/?$";s:37:"index.php?attachment=$matches[1]&tb=1";s:64:"course/[^/]+/attachment/([^/]+)/feed/(feed|rdf|rss|rss2|atom)/?$";s:49:"index.php?attachment=$matches[1]&feed=$matches[2]";s:59:"course/[^/]+/attachment/([^/]+)/(feed|rdf|rss|rss2|atom)/?$";s:49:"index.php?attachment=$matches[1]&feed=$matches[2]";s:59:"course/[^/]+/attachment/([^/]+)/comment-page-([0-9]{1,})/?$";s:50:"index.php?attachment=$matches[1]&cpage=$matches[2]";s:40:"course/[^/]+/attachment/([^/]+)/embed/?$";s:43:"index.php?attachment=$matches[1]&embed=true";s:23:"course/([^/]+)/embed/?$";s:39:"index.php?course=$matches[1]&embed=true";s:27:"course/([^/]+)/trackback/?$";s:33:"index.php?course=$matches[1]&tb=1";s:47:"course/([^/]+)/feed/(feed|rdf|rss|rss2|atom)/?$";s:45:"index.php?course=$matches[1]&feed=$matches[2]";s:42:"course/([^/]+)/(feed|rdf|rss|rss2|atom)/?$";s:45:"index.php?course=$matches[1]&feed=$matches[2]";s:35:"course/([^/]+)/page/?([0-9]{1,})/?$";s:46:"index.php?course=$matches[1]&paged=$matches[2]";s:42:"course/([^/]+)/comment-page-([0-9]{1,})/?$";s:46:"index.php?course=$matches[1]&cpage=$matches[2]";s:31:"course/([^/]+)(?:/([0-9]+))?/?$";s:45:"index.php?course=$matches[1]&page=$matches[2]";s:23:"course/[^/]+/([^/]+)/?$";s:32:"index.php?attachment=$matches[1]";s:33:"course/[^/]+/([^/]+)/trackback/?$";s:37:"index.php?attachment=$matches[1]&tb=1";s:53:"course/[^/]+/([^/]+)/feed/(feed|rdf|rss|rss2|atom)/?$";s:49:"index.php?attachment=$matches[1]&feed=$matches[2]";s:48:"course/[^/]+/([^/]+)/(feed|rdf|rss|rss2|atom)/?$";s:49:"index.php?attachment=$matches[1]&feed=$matches[2]";s:48:"course/[^/]+/([^/]+)/comment-page-([0-9]{1,})/?$";s:50:"index.php?attachment=$matches[1]&cpage=$matches[2]";s:29:"course/[^/]+/([^/]+)/embed/?$";s:43:"index.php?attachment=$matches[1]&embed=true";s:48:"courses/([^/]+)/feed/(feed|rdf|rss|rss2|atom)/?$";s:46:"index.php?courses=$matches[1]&feed=$matches[2]";s:43:"courses/([^/]+)/(feed|rdf|rss|rss2|atom)/?$";s:46:"index.php?courses=$matches[1]&feed=$matches[2]";s:24:"courses/([^/]+)/embed/?$";s:40:"index.php?courses=$matches[1]&embed=true";s:36:"courses/([^/]+)/page/?([0-9]{1,})/?$";s:47:"index.php?courses=$matches[1]&paged=$matches[2]";s:18:"courses/([^/]+)/?$";s:29:"index.php?courses=$matches[1]";s:35:"gallery/[^/]+/attachment/([^/]+)/?$";s:32:"index.php?attachment=$matches[1]";s:45:"gallery/[^/]+/attachment/([^/]+)/trackback/?$";s:37:"index.php?attachment=$matches[1]&tb=1";s:65:"gallery/[^/]+/attachment/([^/]+)/feed/(feed|rdf|rss|rss2|atom)/?$";s:49:"index.php?attachment=$matches[1]&feed=$matches[2]";s:60:"gallery/[^/]+/attachment/([^/]+)/(feed|rdf|rss|rss2|atom)/?$";s:49:"index.php?attachment=$matches[1]&feed=$matches[2]";s:60:"gallery/[^/]+/attachment/([^/]+)/comment-page-([0-9]{1,})/?$";s:50:"index.php?attachment=$matches[1]&cpage=$matches[2]";s:41:"gallery/[^/]+/attachment/([^/]+)/embed/?$";s:43:"index.php?attachment=$matches[1]&embed=true";s:24:"gallery/([^/]+)/embed/?$";s:40:"index.php?gallery=$matches[1]&embed=true";s:28:"gallery/([^/]+)/trackback/?$";s:34:"index.php?gallery=$matches[1]&tb=1";s:48:"gallery/([^/]+)/feed/(feed|rdf|rss|rss2|atom)/?$";s:46:"index.php?gallery=$matches[1]&feed=$matches[2]";s:43:"gallery/([^/]+)/(feed|rdf|rss|rss2|atom)/?$";s:46:"index.php?gallery=$matches[1]&feed=$matches[2]";s:36:"gallery/([^/]+)/page/?([0-9]{1,})/?$";s:47:"index.php?gallery=$matches[1]&paged=$matches[2]";s:43:"gallery/([^/]+)/comment-page-([0-9]{1,})/?$";s:47:"index.php?gallery=$matches[1]&cpage=$matches[2]";s:32:"gallery/([^/]+)(?:/([0-9]+))?/?$";s:46:"index.php?gallery=$matches[1]&page=$matches[2]";s:24:"gallery/[^/]+/([^/]+)/?$";s:32:"index.php?attachment=$matches[1]";s:34:"gallery/[^/]+/([^/]+)/trackback/?$";s:37:"index.php?attachment=$matches[1]&tb=1";s:54:"gallery/[^/]+/([^/]+)/feed/(feed|rdf|rss|rss2|atom)/?$";s:49:"index.php?attachment=$matches[1]&feed=$matches[2]";s:49:"gallery/[^/]+/([^/]+)/(feed|rdf|rss|rss2|atom)/?$";s:49:"index.php?attachment=$matches[1]&feed=$matches[2]";s:49:"gallery/[^/]+/([^/]+)/comment-page-([0-9]{1,})/?$";s:50:"index.php?attachment=$matches[1]&cpage=$matches[2]";s:30:"gallery/[^/]+/([^/]+)/embed/?$";s:43:"index.php?attachment=$matches[1]&embed=true";s:50:"galleries/([^/]+)/feed/(feed|rdf|rss|rss2|atom)/?$";s:48:"index.php?galleries=$matches[1]&feed=$matches[2]";s:45:"galleries/([^/]+)/(feed|rdf|rss|rss2|atom)/?$";s:48:"index.php?galleries=$matches[1]&feed=$matches[2]";s:26:"galleries/([^/]+)/embed/?$";s:42:"index.php?galleries=$matches[1]&embed=true";s:38:"galleries/([^/]+)/page/?([0-9]{1,})/?$";s:49:"index.php?galleries=$matches[1]&paged=$matches[2]";s:20:"galleries/([^/]+)/?$";s:31:"index.php?galleries=$matches[1]";s:34:"slider/[^/]+/attachment/([^/]+)/?$";s:32:"index.php?attachment=$matches[1]";s:44:"slider/[^/]+/attachment/([^/]+)/trackback/?$";s:37:"index.php?attachment=$matches[1]&tb=1";s:64:"slider/[^/]+/attachment/([^/]+)/feed/(feed|rdf|rss|rss2|atom)/?$";s:49:"index.php?attachment=$matches[1]&feed=$matches[2]";s:59:"slider/[^/]+/attachment/([^/]+)/(feed|rdf|rss|rss2|atom)/?$";s:49:"index.php?attachment=$matches[1]&feed=$matches[2]";s:59:"slider/[^/]+/attachment/([^/]+)/comment-page-([0-9]{1,})/?$";s:50:"index.php?attachment=$matches[1]&cpage=$matches[2]";s:40:"slider/[^/]+/attachment/([^/]+)/embed/?$";s:43:"index.php?attachment=$matches[1]&embed=true";s:23:"slider/([^/]+)/embed/?$";s:39:"index.php?slider=$matches[1]&embed=true";s:27:"slider/([^/]+)/trackback/?$";s:33:"index.php?slider=$matches[1]&tb=1";s:47:"slider/([^/]+)/feed/(feed|rdf|rss|rss2|atom)/?$";s:45:"index.php?slider=$matches[1]&feed=$matches[2]";s:42:"slider/([^/]+)/(feed|rdf|rss|rss2|atom)/?$";s:45:"index.php?slider=$matches[1]&feed=$matches[2]";s:35:"slider/([^/]+)/page/?([0-9]{1,})/?$";s:46:"index.php?slider=$matches[1]&paged=$matches[2]";s:42:"slider/([^/]+)/comment-page-([0-9]{1,})/?$";s:46:"index.php?slider=$matches[1]&cpage=$matches[2]";s:31:"slider/([^/]+)(?:/([0-9]+))?/?$";s:45:"index.php?slider=$matches[1]&page=$matches[2]";s:23:"slider/[^/]+/([^/]+)/?$";s:32:"index.php?attachment=$matches[1]";s:33:"slider/[^/]+/([^/]+)/trackback/?$";s:37:"index.php?attachment=$matches[1]&tb=1";s:53:"slider/[^/]+/([^/]+)/feed/(feed|rdf|rss|rss2|atom)/?$";s:49:"index.php?attachment=$matches[1]&feed=$matches[2]";s:48:"slider/[^/]+/([^/]+)/(feed|rdf|rss|rss2|atom)/?$";s:49:"index.php?attachment=$matches[1]&feed=$matches[2]";s:48:"slider/[^/]+/([^/]+)/comment-page-([0-9]{1,})/?$";s:50:"index.php?attachment=$matches[1]&cpage=$matches[2]";s:29:"slider/[^/]+/([^/]+)/embed/?$";s:43:"index.php?attachment=$matches[1]&embed=true";s:33:"chunk/[^/]+/attachment/([^/]+)/?$";s:32:"index.php?attachment=$matches[1]";s:43:"chunk/[^/]+/attachment/([^/]+)/trackback/?$";s:37:"index.php?attachment=$matches[1]&tb=1";s:63:"chunk/[^/]+/attachment/([^/]+)/feed/(feed|rdf|rss|rss2|atom)/?$";s:49:"index.php?attachment=$matches[1]&feed=$matches[2]";s:58:"chunk/[^/]+/attachment/([^/]+)/(feed|rdf|rss|rss2|atom)/?$";s:49:"index.php?attachment=$matches[1]&feed=$matches[2]";s:58:"chunk/[^/]+/attachment/([^/]+)/comment-page-([0-9]{1,})/?$";s:50:"index.php?attachment=$matches[1]&cpage=$matches[2]";s:39:"chunk/[^/]+/attachment/([^/]+)/embed/?$";s:43:"index.php?attachment=$matches[1]&embed=true";s:22:"chunk/([^/]+)/embed/?$";s:38:"index.php?chunk=$matches[1]&embed=true";s:26:"chunk/([^/]+)/trackback/?$";s:32:"index.php?chunk=$matches[1]&tb=1";s:46:"chunk/([^/]+)/feed/(feed|rdf|rss|rss2|atom)/?$";s:44:"index.php?chunk=$matches[1]&feed=$matches[2]";s:41:"chunk/([^/]+)/(feed|rdf|rss|rss2|atom)/?$";s:44:"index.php?chunk=$matches[1]&feed=$matches[2]";s:34:"chunk/([^/]+)/page/?([0-9]{1,})/?$";s:45:"index.php?chunk=$matches[1]&paged=$matches[2]";s:41:"chunk/([^/]+)/comment-page-([0-9]{1,})/?$";s:45:"index.php?chunk=$matches[1]&cpage=$matches[2]";s:30:"chunk/([^/]+)(?:/([0-9]+))?/?$";s:44:"index.php?chunk=$matches[1]&page=$matches[2]";s:22:"chunk/[^/]+/([^/]+)/?$";s:32:"index.php?attachment=$matches[1]";s:32:"chunk/[^/]+/([^/]+)/trackback/?$";s:37:"index.php?attachment=$matches[1]&tb=1";s:52:"chunk/[^/]+/([^/]+)/feed/(feed|rdf|rss|rss2|atom)/?$";s:49:"index.php?attachment=$matches[1]&feed=$matches[2]";s:47:"chunk/[^/]+/([^/]+)/(feed|rdf|rss|rss2|atom)/?$";s:49:"index.php?attachment=$matches[1]&feed=$matches[2]";s:47:"chunk/[^/]+/([^/]+)/comment-page-([0-9]{1,})/?$";s:50:"index.php?attachment=$matches[1]&cpage=$matches[2]";s:28:"chunk/[^/]+/([^/]+)/embed/?$";s:43:"index.php?attachment=$matches[1]&embed=true";s:12:"robots\\.txt$";s:18:"index.php?robots=1";s:48:".*wp-(atom|rdf|rss|rss2|feed|commentsrss2)\\.php$";s:18:"index.php?feed=old";s:20:".*wp-app\\.php(/.*)?$";s:19:"index.php?error=403";s:18:".*wp-register.php$";s:23:"index.php?register=true";s:32:"feed/(feed|rdf|rss|rss2|atom)/?$";s:27:"index.php?&feed=$matches[1]";s:27:"(feed|rdf|rss|rss2|atom)/?$";s:27:"index.php?&feed=$matches[1]";s:8:"embed/?$";s:21:"index.php?&embed=true";s:20:"page/?([0-9]{1,})/?$";s:28:"index.php?&paged=$matches[1]";s:27:"comment-page-([0-9]{1,})/?$";s:40:"index.php?&page_id=316&cpage=$matches[1]";s:41:"comments/feed/(feed|rdf|rss|rss2|atom)/?$";s:42:"index.php?&feed=$matches[1]&withcomments=1";s:36:"comments/(feed|rdf|rss|rss2|atom)/?$";s:42:"index.php?&feed=$matches[1]&withcomments=1";s:17:"comments/embed/?$";s:21:"index.php?&embed=true";s:44:"search/(.+)/feed/(feed|rdf|rss|rss2|atom)/?$";s:40:"index.php?s=$matches[1]&feed=$matches[2]";s:39:"search/(.+)/(feed|rdf|rss|rss2|atom)/?$";s:40:"index.php?s=$matches[1]&feed=$matches[2]";s:20:"search/(.+)/embed/?$";s:34:"index.php?s=$matches[1]&embed=true";s:32:"search/(.+)/page/?([0-9]{1,})/?$";s:41:"index.php?s=$matches[1]&paged=$matches[2]";s:14:"search/(.+)/?$";s:23:"index.php?s=$matches[1]";s:47:"author/([^/]+)/feed/(feed|rdf|rss|rss2|atom)/?$";s:50:"index.php?author_name=$matches[1]&feed=$matches[2]";s:42:"author/([^/]+)/(feed|rdf|rss|rss2|atom)/?$";s:50:"index.php?author_name=$matches[1]&feed=$matches[2]";s:23:"author/([^/]+)/embed/?$";s:44:"index.php?author_name=$matches[1]&embed=true";s:35:"author/([^/]+)/page/?([0-9]{1,})/?$";s:51:"index.php?author_name=$matches[1]&paged=$matches[2]";s:17:"author/([^/]+)/?$";s:33:"index.php?author_name=$matches[1]";s:69:"([0-9]{4})/([0-9]{1,2})/([0-9]{1,2})/feed/(feed|rdf|rss|rss2|atom)/?$";s:80:"index.php?year=$matches[1]&monthnum=$matches[2]&day=$matches[3]&feed=$matches[4]";s:64:"([0-9]{4})/([0-9]{1,2})/([0-9]{1,2})/(feed|rdf|rss|rss2|atom)/?$";s:80:"index.php?year=$matches[1]&monthnum=$matches[2]&day=$matches[3]&feed=$matches[4]";s:45:"([0-9]{4})/([0-9]{1,2})/([0-9]{1,2})/embed/?$";s:74:"index.php?year=$matches[1]&monthnum=$matches[2]&day=$matches[3]&embed=true";s:57:"([0-9]{4})/([0-9]{1,2})/([0-9]{1,2})/page/?([0-9]{1,})/?$";s:81:"index.php?year=$matches[1]&monthnum=$matches[2]&day=$matches[3]&paged=$matches[4]";s:39:"([0-9]{4})/([0-9]{1,2})/([0-9]{1,2})/?$";s:63:"index.php?year=$matches[1]&monthnum=$matches[2]&day=$matches[3]";s:56:"([0-9]{4})/([0-9]{1,2})/feed/(feed|rdf|rss|rss2|atom)/?$";s:64:"index.php?year=$matches[1]&monthnum=$matches[2]&feed=$matches[3]";s:51:"([0-9]{4})/([0-9]{1,2})/(feed|rdf|rss|rss2|atom)/?$";s:64:"index.php?year=$matches[1]&monthnum=$matches[2]&feed=$matches[3]";s:32:"([0-9]{4})/([0-9]{1,2})/embed/?$";s:58:"index.php?year=$matches[1]&monthnum=$matches[2]&embed=true";s:44:"([0-9]{4})/([0-9]{1,2})/page/?([0-9]{1,})/?$";s:65:"index.php?year=$matches[1]&monthnum=$matches[2]&paged=$matches[3]";s:26:"([0-9]{4})/([0-9]{1,2})/?$";s:47:"index.php?year=$matches[1]&monthnum=$matches[2]";s:43:"([0-9]{4})/feed/(feed|rdf|rss|rss2|atom)/?$";s:43:"index.php?year=$matches[1]&feed=$matches[2]";s:38:"([0-9]{4})/(feed|rdf|rss|rss2|atom)/?$";s:43:"index.php?year=$matches[1]&feed=$matches[2]";s:19:"([0-9]{4})/embed/?$";s:37:"index.php?year=$matches[1]&embed=true";s:31:"([0-9]{4})/page/?([0-9]{1,})/?$";s:44:"index.php?year=$matches[1]&paged=$matches[2]";s:13:"([0-9]{4})/?$";s:26:"index.php?year=$matches[1]";s:27:".?.+?/attachment/([^/]+)/?$";s:32:"index.php?attachment=$matches[1]";s:37:".?.+?/attachment/([^/]+)/trackback/?$";s:37:"index.php?attachment=$matches[1]&tb=1";s:57:".?.+?/attachment/([^/]+)/feed/(feed|rdf|rss|rss2|atom)/?$";s:49:"index.php?attachment=$matches[1]&feed=$matches[2]";s:52:".?.+?/attachment/([^/]+)/(feed|rdf|rss|rss2|atom)/?$";s:49:"index.php?attachment=$matches[1]&feed=$matches[2]";s:52:".?.+?/attachment/([^/]+)/comment-page-([0-9]{1,})/?$";s:50:"index.php?attachment=$matches[1]&cpage=$matches[2]";s:33:".?.+?/attachment/([^/]+)/embed/?$";s:43:"index.php?attachment=$matches[1]&embed=true";s:16:"(.?.+?)/embed/?$";s:41:"index.php?pagename=$matches[1]&embed=true";s:20:"(.?.+?)/trackback/?$";s:35:"index.php?pagename=$matches[1]&tb=1";s:40:"(.?.+?)/feed/(feed|rdf|rss|rss2|atom)/?$";s:47:"index.php?pagename=$matches[1]&feed=$matches[2]";s:35:"(.?.+?)/(feed|rdf|rss|rss2|atom)/?$";s:47:"index.php?pagename=$matches[1]&feed=$matches[2]";s:28:"(.?.+?)/page/?([0-9]{1,})/?$";s:48:"index.php?pagename=$matches[1]&paged=$matches[2]";s:35:"(.?.+?)/comment-page-([0-9]{1,})/?$";s:48:"index.php?pagename=$matches[1]&cpage=$matches[2]";s:24:"(.?.+?)(?:/([0-9]+))?/?$";s:47:"index.php?pagename=$matches[1]&page=$matches[2]";s:31:".+?/[^/]+/attachment/([^/]+)/?$";s:32:"index.php?attachment=$matches[1]";s:41:".+?/[^/]+/attachment/([^/]+)/trackback/?$";s:37:"index.php?attachment=$matches[1]&tb=1";s:61:".+?/[^/]+/attachment/([^/]+)/feed/(feed|rdf|rss|rss2|atom)/?$";s:49:"index.php?attachment=$matches[1]&feed=$matches[2]";s:56:".+?/[^/]+/attachment/([^/]+)/(feed|rdf|rss|rss2|atom)/?$";s:49:"index.php?attachment=$matches[1]&feed=$matches[2]";s:56:".+?/[^/]+/attachment/([^/]+)/comment-page-([0-9]{1,})/?$";s:50:"index.php?attachment=$matches[1]&cpage=$matches[2]";s:37:".+?/[^/]+/attachment/([^/]+)/embed/?$";s:43:"index.php?attachment=$matches[1]&embed=true";s:22:"(.+?)/([^/]+)/embed/?$";s:63:"index.php?category_name=$matches[1]&name=$matches[2]&embed=true";s:26:"(.+?)/([^/]+)/trackback/?$";s:57:"index.php?category_name=$matches[1]&name=$matches[2]&tb=1";s:46:"(.+?)/([^/]+)/feed/(feed|rdf|rss|rss2|atom)/?$";s:69:"index.php?category_name=$matches[1]&name=$matches[2]&feed=$matches[3]";s:41:"(.+?)/([^/]+)/(feed|rdf|rss|rss2|atom)/?$";s:69:"index.php?category_name=$matches[1]&name=$matches[2]&feed=$matches[3]";s:34:"(.+?)/([^/]+)/page/?([0-9]{1,})/?$";s:70:"index.php?category_name=$matches[1]&name=$matches[2]&paged=$matches[3]";s:41:"(.+?)/([^/]+)/comment-page-([0-9]{1,})/?$";s:70:"index.php?category_name=$matches[1]&name=$matches[2]&cpage=$matches[3]";s:30:"(.+?)/([^/]+)(?:/([0-9]+))?/?$";s:69:"index.php?category_name=$matches[1]&name=$matches[2]&page=$matches[3]";s:20:".+?/[^/]+/([^/]+)/?$";s:32:"index.php?attachment=$matches[1]";s:30:".+?/[^/]+/([^/]+)/trackback/?$";s:37:"index.php?attachment=$matches[1]&tb=1";s:50:".+?/[^/]+/([^/]+)/feed/(feed|rdf|rss|rss2|atom)/?$";s:49:"index.php?attachment=$matches[1]&feed=$matches[2]";s:45:".+?/[^/]+/([^/]+)/(feed|rdf|rss|rss2|atom)/?$";s:49:"index.php?attachment=$matches[1]&feed=$matches[2]";s:45:".+?/[^/]+/([^/]+)/comment-page-([0-9]{1,})/?$";s:50:"index.php?attachment=$matches[1]&cpage=$matches[2]";s:26:".+?/[^/]+/([^/]+)/embed/?$";s:43:"index.php?attachment=$matches[1]&embed=true";s:38:"(.+?)/feed/(feed|rdf|rss|rss2|atom)/?$";s:52:"index.php?category_name=$matches[1]&feed=$matches[2]";s:33:"(.+?)/(feed|rdf|rss|rss2|atom)/?$";s:52:"index.php?category_name=$matches[1]&feed=$matches[2]";s:14:"(.+?)/embed/?$";s:46:"index.php?category_name=$matches[1]&embed=true";s:26:"(.+?)/page/?([0-9]{1,})/?$";s:53:"index.php?category_name=$matches[1]&paged=$matches[2]";s:33:"(.+?)/comment-page-([0-9]{1,})/?$";s:53:"index.php?category_name=$matches[1]&cpage=$matches[2]";s:8:"(.+?)/?$";s:35:"index.php?category_name=$matches[1]";}', 'yes');
