-- http://www.phpmyadmin.net
--




--
-- Database: `wordpress_5`
--
CREATE DATABASE `wordpress_5` DEFAULT CHARACTER SET utf8 COLLATE utf8_general_ci;
USE `wordpress_5`;

-- --------------------------------------------------------

--
-- Table structure for table `wp_commentmeta`
--

CREATE TABLE IF NOT EXISTS `wp_commentmeta` (
  `meta_id` bigint(20) unsigned NOT NULL AUTO_INCREMENT,
  `comment_id` bigint(20) unsigned NOT NULL DEFAULT '0',
  `meta_key` varchar(255) DEFAULT NULL,
  `meta_value` longtext,
  PRIMARY KEY (`meta_id`),
  KEY `comment_id` (`comment_id`),
  KEY `meta_key` (`meta_key`(191))
) ENGINE=InnoDB DEFAULT CHARSET=utf8 AUTO_INCREMENT=1 ;

-- --------------------------------------------------------

--
-- Table structure for table `wp_comments`
--

CREATE TABLE IF NOT EXISTS `wp_comments` (
  `comment_ID` bigint(20) unsigned NOT NULL AUTO_INCREMENT,
  `comment_post_ID` bigint(20) unsigned NOT NULL DEFAULT '0',
  `comment_author` tinytext NOT NULL,
  `comment_author_email` varchar(100) NOT NULL DEFAULT '',
  `comment_author_url` varchar(200) NOT NULL DEFAULT '',
  `comment_author_IP` varchar(100) NOT NULL DEFAULT '',
  `comment_date` datetime NOT NULL DEFAULT '0000-00-00 00:00:00',
  `comment_date_gmt` datetime NOT NULL DEFAULT '0000-00-00 00:00:00',
  `comment_content` text NOT NULL,
  `comment_karma` int(11) NOT NULL DEFAULT '0',
  `comment_approved` varchar(20) NOT NULL DEFAULT '1',
  `comment_agent` varchar(255) NOT NULL DEFAULT '',
  `comment_type` varchar(20) NOT NULL DEFAULT '',
  `comment_parent` bigint(20) unsigned NOT NULL DEFAULT '0',
  `user_id` bigint(20) unsigned NOT NULL DEFAULT '0',
  PRIMARY KEY (`comment_ID`),
  KEY `comment_post_ID` (`comment_post_ID`),
  KEY `comment_approved_date_gmt` (`comment_approved`,`comment_date_gmt`),
  KEY `comment_date_gmt` (`comment_date_gmt`),
  KEY `comment_parent` (`comment_parent`),
  KEY `comment_author_email` (`comment_author_email`(10))
) ENGINE=InnoDB DEFAULT CHARSET=utf8 AUTO_INCREMENT=1 ;

-- --------------------------------------------------------

--
-- Table structure for table `wp_esp_answer`
--

CREATE TABLE IF NOT EXISTS `wp_esp_answer` (
  `ANS_ID` int(10) unsigned NOT NULL AUTO_INCREMENT,
  `REG_ID` int(10) unsigned NOT NULL,
  `QST_ID` int(10) unsigned NOT NULL,
  `ANS_value` text NOT NULL,
  PRIMARY KEY (`ANS_ID`)
) ENGINE=InnoDB  DEFAULT CHARSET=utf8 AUTO_INCREMENT=11 ;

--
-- Dumping data for table `wp_esp_answer`
--

INSERT INTO `wp_esp_answer` (`ANS_ID`, `REG_ID`, `QST_ID`, `ANS_value`) VALUES
(1, 0, 1, ''),
(2, 0, 2, ''),
(3, 0, 3, ''),
(4, 0, 4, ''),
(5, 0, 5, ''),
(6, 0, 6, ''),
(7, 0, 7, ''),
(8, 0, 8, ''),
(9, 0, 9, ''),
(10, 0, 10, '');

-- --------------------------------------------------------

--
-- Table structure for table `wp_esp_attendee_meta`
--

CREATE TABLE IF NOT EXISTS `wp_esp_attendee_meta` (
  `ATTM_ID` int(10) unsigned NOT NULL AUTO_INCREMENT,
  `ATT_ID` bigint(20) unsigned NOT NULL,
  `ATT_fname` varchar(45) NOT NULL,
  `ATT_lname` varchar(45) NOT NULL,
  `ATT_address` varchar(255) DEFAULT NULL,
  `ATT_address2` varchar(255) DEFAULT NULL,
  `ATT_city` varchar(45) DEFAULT NULL,
  `STA_ID` int(10) DEFAULT NULL,
  `CNT_ISO` varchar(45) DEFAULT NULL,
  `ATT_zip` varchar(12) DEFAULT NULL,
  `ATT_email` varchar(255) NOT NULL,
  `ATT_phone` varchar(45) DEFAULT NULL,
  PRIMARY KEY (`ATTM_ID`),
  KEY `ATT_fname` (`ATT_fname`),
  KEY `ATT_lname` (`ATT_lname`),
  KEY `ATT_email` (`ATT_email`)
) ENGINE=InnoDB  DEFAULT CHARSET=utf8 AUTO_INCREMENT=2 ;

--
-- Dumping data for table `wp_esp_attendee_meta`
--

INSERT INTO `wp_esp_attendee_meta` (`ATTM_ID`, `ATT_ID`, `ATT_fname`, `ATT_lname`, `ATT_address`, `ATT_address2`, `ATT_city`, `STA_ID`, `CNT_ISO`, `ATT_zip`, `ATT_email`, `ATT_phone`) VALUES
(1, 3393, 'Pat', 'Rat', '', '', '', 0, '', '', 'patcharee@asiacentre.co.th', '');

-- --------------------------------------------------------

--
-- Table structure for table `wp_esp_checkin`
--

CREATE TABLE IF NOT EXISTS `wp_esp_checkin` (
  `CHK_ID` int(10) unsigned NOT NULL AUTO_INCREMENT,
  `REG_ID` int(10) unsigned NOT NULL,
  `DTT_ID` int(10) unsigned NOT NULL,
  `CHK_in` tinyint(1) unsigned NOT NULL DEFAULT '1',
  `CHK_timestamp` datetime NOT NULL DEFAULT '0000-00-00 00:00:00',
  PRIMARY KEY (`CHK_ID`)
) ENGINE=InnoDB DEFAULT CHARSET=utf8 AUTO_INCREMENT=1 ;

-- --------------------------------------------------------

--
-- Table structure for table `wp_esp_country`
--

CREATE TABLE IF NOT EXISTS `wp_esp_country` (
  `CNT_ISO` varchar(2) CHARACTER SET utf8 COLLATE utf8_bin NOT NULL,
  `CNT_ISO3` varchar(3) CHARACTER SET utf8 COLLATE utf8_bin NOT NULL,
  `RGN_ID` tinyint(3) unsigned DEFAULT NULL,
  `CNT_name` varchar(45) CHARACTER SET utf8 COLLATE utf8_bin NOT NULL,
  `CNT_cur_code` varchar(6) CHARACTER SET utf8 COLLATE utf8_bin DEFAULT 'USD',
  `CNT_cur_single` varchar(45) CHARACTER SET utf8 COLLATE utf8_bin DEFAULT 'dollar',
  `CNT_cur_plural` varchar(45) CHARACTER SET utf8 COLLATE utf8_bin DEFAULT 'dollars',
  `CNT_cur_sign` varchar(45) CHARACTER SET utf8 COLLATE utf8_bin DEFAULT '$',
  `CNT_cur_sign_b4` tinyint(1) DEFAULT '1',
  `CNT_cur_dec_plc` tinyint(3) unsigned NOT NULL DEFAULT '2',
  `CNT_cur_dec_mrk` varchar(1) CHARACTER SET utf8 COLLATE utf8_bin NOT NULL DEFAULT '.',
  `CNT_cur_thsnds` varchar(1) CHARACTER SET utf8 COLLATE utf8_bin NOT NULL DEFAULT ',',
  `CNT_tel_code` varchar(12) CHARACTER SET utf8 COLLATE utf8_bin DEFAULT NULL,
  `CNT_is_EU` tinyint(1) DEFAULT '0',
  `CNT_active` tinyint(1) DEFAULT '0',
  PRIMARY KEY (`CNT_ISO`)
) ENGINE=InnoDB DEFAULT CHARSET=utf8;

--
-- Dumping data for table `wp_esp_country`
--

INSERT INTO `wp_esp_country` (`CNT_ISO`, `CNT_ISO3`, `RGN_ID`, `CNT_name`, `CNT_cur_code`, `CNT_cur_single`, `CNT_cur_plural`, `CNT_cur_sign`, `CNT_cur_sign_b4`, `CNT_cur_dec_plc`, `CNT_cur_dec_mrk`, `CNT_cur_thsnds`, `CNT_tel_code`, `CNT_is_EU`, `CNT_active`) VALUES
('AD', 'AND', 0, 'Andorra', 'EUR', 'Euro', 'Euros', '€', 1, 2, '.', ',', '+376', 0, 0),
('AE', 'ARE', 0, 'United Arab Emirates', 'AED', 'Dirham', 'Dirhams', 'د.إ', 1, 2, '.', ',', '+971', 0, 0),
('AF', 'AFG', 0, 'Afghanistan', 'AFN', 'Afghani', 'Afghanis', '؋', 1, 2, '.', ',', '+93', 0, 0),
('AG', 'ATG', 0, 'Antigua and Barbuda', 'XCD', 'Dollar', 'Dollars', '$', 1, 2, '.', ',', '+1-268', 0, 0),
('AI', 'AIA', 0, 'Anguilla', 'XCD', 'Dollar', 'Dollars', '$', 1, 2, '.', ',', '+1-264', 0, 0),
('AL', 'ALB', 0, 'Albania', 'ALL', 'Lek', 'Leks', 'Lek', 1, 2, '.', ',', '+355', 0, 0),
('AM', 'ARM', 0, 'Armenia', 'AMD', 'Dram', 'Dram', 'Դրամ', 1, 2, '.', ',', '+374', 0, 0),
('AN', 'ANT', 0, 'Netherlands Antilles', 'ANG', 'Guilder', 'Guilders', 'ƒ', 1, 2, '.', ',', '+599', 0, 0),
('AO', 'AGO', 0, 'Angola', 'AOA', 'Kwanza', 'Kwanzas', '', 1, 2, '.', ',', '+244', 0, 0),
('AR', 'ARG', 0, 'Argentina', 'ARS', 'Peso', 'Pesos', '$', 1, 2, '.', ',', '+54', 0, 0),
('AS', 'ASM', 0, 'American Samoa', 'USD', 'Dollar', 'Dollars', '$', 1, 2, '.', ',', '+1-684', 0, 0),
('AT', 'AUT', 0, 'Austria', 'EUR', 'Euro', 'Euros', '€', 1, 2, '.', ',', '+43', 1, 0),
('AU', 'AUS', 0, 'Australia', 'AUD', 'Dollar', 'Dollars', '$', 1, 2, '.', ',', '+61', 0, 0),
('AW', 'ABW', 0, 'Aruba', 'AWG', 'Guilder', 'Guilders', 'ƒ', 1, 2, '.', ',', '+297', 0, 0),
('AZ', 'AZE', 0, 'Azerbaijan', 'AMD', 'Dram', 'Dram', 'Դրամ', 1, 2, '.', ',', '+374-97', 0, 0),
('BA', 'BIH', 0, 'Bosnia and Herzegovina', 'BAM', 'Marka', 'Markas', 'KM', 1, 2, '.', ',', '+387', 0, 0),
('BB', 'BRB', 0, 'Barbados', 'BBD', 'Dollar', 'Dollars', '$', 1, 2, '.', ',', '+1-246', 0, 0),
('BD', 'BGD', 0, 'Bangladesh', 'BDT', 'Taka', 'Takas', '৳', 1, 2, '.', ',', '+880', 0, 0),
('BE', 'BEL', 0, 'Belgium', 'EUR', 'Euro', 'Euros', '€', 1, 2, '.', ',', '+32', 1, 0),
('BF', 'BFA', 0, 'Burkina Faso', 'XOF', 'Franc', 'Francs', '₣', 1, 0, '.', ',', '+226', 0, 0),
('BG', 'BGR', 0, 'Bulgaria', 'BGN', 'Lev', 'Levs', 'лв', 1, 2, '.', ',', '+359', 1, 0),
('BH', 'BHR', 0, 'Bahrain', 'BHD', 'Dinar', 'Dinars', '', 1, 3, '.', ',', '+973', 0, 0),
('BI', 'BDI', 0, 'Burundi', 'BIF', 'Franc', 'Francs', '₣', 1, 0, '.', ',', '+257', 0, 0),
('BJ', 'BEN', 0, 'Benin', 'XOF', 'Franc', 'Francs', '₣', 1, 0, '.', ',', '+229', 0, 0),
('BM', 'BMU', 0, 'Bermuda', 'BMD', 'Dollar', 'Dollars', '$', 1, 2, '.', ',', '+1-441', 0, 0),
('BN', 'BRN', 0, 'Brunei Darussalam', 'BND', 'Dollar', 'Dollars', '$', 1, 2, '.', ',', '+673', 0, 0),
('BO', 'BOL', 0, 'Bolivia', 'BOB', 'Boliviano', 'Bolivianos', '$b', 1, 2, '.', ',', '+591', 0, 0),
('BR', 'BRA', 0, 'Brazil', 'BRL', 'Real', 'Reals', 'R$', 1, 2, '.', ',', '+55', 0, 0),
('BS', 'BHS', 0, 'Bahamas', 'BSD', 'Dollar', 'Dollars', '$', 1, 2, '.', ',', '+1-242', 0, 0),
('BT', 'BTN', 0, 'Bhutan', 'BTN', 'Ngultrum', 'Ngultrums', '', 1, 2, '.', ',', '+975', 0, 0),
('BW', 'BWA', 0, 'Botswana', 'BWP', 'Pula', 'Pulas', 'P', 1, 2, '.', ',', '+267', 0, 0),
('BY', 'BLR', 0, 'Belarus', 'BYR', 'Ruble', 'Rubles', 'p.', 1, 0, '.', ',', '+375', 0, 0),
('BZ', 'BLZ', 0, 'Belize', 'BZD', 'Dollar', 'Dollars', 'BZ$', 1, 2, '.', ',', '+501', 0, 0),
('CA', 'CAN', 0, 'Canada', 'CAD', 'Dollar', 'Dollars', '$', 1, 2, '.', ',', '+1', 0, 1),
('CD', 'COD', 0, 'Congo, the Democratic Republic of the', 'CDF', 'Franc', 'Francs', '₣', 1, 2, '.', ',', '+243', 0, 0),
('CF', 'CAF', 0, 'Central African Republic', 'XAF', 'Franc', 'Francs', '₣', 1, 0, '.', ',', '+236', 0, 0),
('CG', 'COG', 0, 'Congo', 'XAF', 'Franc', 'Francs', '₣', 1, 0, '.', ',', '+242', 0, 0),
('CH', 'CHE', 0, 'Switzerland', 'CHF', 'Franc', 'Francs', '₣', 1, 2, '.', ',', '+41', 0, 0),
('CI', 'CIV', 0, 'Cote D''Ivoire', 'XOF', 'Franc', 'Francs', '₣', 1, 0, '.', ',', '+225', 0, 0),
('CK', 'COK', 0, 'Cook Islands', 'NZD', 'Dollar', 'Dollars', '$', 1, 2, '.', ',', '+682', 0, 0),
('CL', 'CHL', 0, 'Chile', 'CLP', 'Peso', 'Pesos', '$', 1, 0, '.', ',', '+56', 0, 0),
('CM', 'CMR', 0, 'Cameroon', 'XAF', 'Franc', 'Francs', '₣', 1, 0, '.', ',', '+237', 0, 0),
('CN', 'CHN', 0, 'China', 'CNY', 'Yuan Renminbi', 'Yuan Renminbis', '¥', 1, 2, '.', ',', '+86', 0, 0),
('CO', 'COL', 0, 'Colombia', 'COP', 'Peso', 'Pesos', '$', 1, 2, '.', ',', '+57', 0, 0),
('CR', 'CRI', 0, 'Costa Rica', 'CRC', 'Colon', 'Colons', '₡', 1, 2, '.', ',', '+506', 0, 0),
('CU', 'CUB', 0, 'Cuba', 'CUP', 'Peso', 'Pesos', '₱', 1, 2, '.', ',', '+53', 0, 0),
('CV', 'CPV', 0, 'Cape Verde', 'CVE', 'Escudo', 'Escudos', '', 1, 2, '.', ',', '+238', 0, 0),
('CY', 'CYP', 0, 'Cyprus', 'EUR', 'Euro', 'Euros', '€', 1, 2, '.', ',', '+357', 1, 0),
('CZ', 'CZE', 0, 'Czech Republic', 'CZK', 'Koruna', 'Korunas', 'Kč', 1, 2, '.', ',', '+420', 1, 0),
('DE', 'DEU', 0, 'Germany', 'EUR', 'Euro', 'Euros', '€', 1, 2, '.', ',', '+49', 1, 0),
('DJ', 'DJI', 0, 'Djibouti', 'DJF', 'Franc', 'Francs', '₣', 1, 0, '.', ',', '+253', 0, 0),
('DK', 'DNK', 0, 'Denmark', 'DKK', 'Krone', 'Kroner', 'kr', 1, 2, '.', ',', '+45', 1, 0),
('DM', 'DMA', 0, 'Dominica', 'XCD', 'Dollar', 'Dollars', '$', 1, 2, '.', ',', '+1-767', 0, 0),
('DO', 'DOM', 0, 'Dominican Republic', 'DOP', 'Peso', 'Pesos', 'RD$', 1, 2, '.', ',', '+849', 0, 0),
('DZ', 'DZA', 0, 'Algeria', 'DZD', 'Dinar', 'Dinars', '', 1, 3, '.', ',', '+213', 0, 0),
('EC', 'ECU', 0, 'Ecuador', 'USD', 'Dollar', 'Dollars', '$', 1, 2, '.', ',', '+593', 0, 0),
('EE', 'EST', 0, 'Estonia', 'EUR', 'Euro', 'Euros', '€', 1, 2, '.', ',', '+372', 1, 0),
('EG', 'EGY', 0, 'Egypt', 'EGP', 'Pound', 'Pounds', '£', 1, 2, '.', ',', '+20', 0, 0),
('EH', 'ESH', 0, 'Western Sahara', 'MAD', 'Dirham', 'Dirhams', '', 1, 2, '.', ',', '+212', 0, 0),
('ER', 'ERI', 0, 'Eritrea', 'ERN', 'Nakfa', 'Nakfas', '', 1, 2, '.', ',', '+291', 0, 0),
('ES', 'ESP', 0, 'Spain', 'EUR', 'Euro', 'Euros', '€', 1, 2, '.', ',', '+34', 1, 0),
('ET', 'ETH', 0, 'Ethiopia', 'ETB', 'Birr', 'Birrs', '', 1, 2, '.', ',', '+251', 0, 0),
('FI', 'FIN', 0, 'Finland', 'EUR', 'Euro', 'Euros', '€', 1, 2, '.', ',', '+358', 1, 0),
('FJ', 'FJI', 0, 'Fiji', 'FJD', 'Dollar', 'Dollars', '$', 1, 2, '.', ',', '+679', 0, 0),
('FK', 'FLK', 0, 'Falkland Islands (Malvinas)', 'FKP', 'Pound', 'Pounds', '£', 1, 2, '.', ',', '+500', 0, 0),
('FM', 'FSM', 0, 'Micronesia, Federated States of', 'USD', 'Dollar', 'Dollars', '$', 1, 2, '.', ',', '+691', 0, 0),
('FO', 'FRO', 0, 'Faroe Islands', 'DKK', 'Krone', 'Krones', 'kr', 1, 2, '.', ',', '+298', 0, 0),
('FR', 'FRA', 0, 'France', 'EUR', 'Euro', 'Euros', '€', 1, 2, '.', ',', '+33', 1, 0),
('GA', 'GAB', 0, 'Gabon', 'XAF', 'Franc', 'Francs', '₣', 1, 0, '.', ',', '+241', 0, 0),
('GB', 'GBR', 0, 'United Kingdom', 'GBP', 'Pound', 'Pounds', '£', 1, 2, '.', ',', '+44', 1, 0),
('GD', 'GRD', 0, 'Grenada', 'XCD', 'Dollar', 'Dollars', '$', 1, 2, '.', ',', '+1-473', 0, 0),
('GE', 'GEO', 0, 'Georgia', 'RUB', 'Ruble', 'Rubles', 'руб', 1, 2, '.', ',', '+995', 0, 0),
('GF', 'GUF', 0, 'French Guiana', 'EUR', 'Euro', 'Euros', '€', 1, 2, '.', ',', '+594', 0, 0),
('GH', 'GHA', 0, 'Ghana', 'GHS', 'Cedi', 'Cedis', '', 1, 2, '.', ',', '+233', 0, 0),
('GI', 'GIB', 0, 'Gibraltar', 'GIP', 'Pound', 'Pounds', '£', 1, 2, '.', ',', '+350', 0, 0),
('GL', 'GRL', 0, 'Greenland', 'DKK', 'Krone', 'Krones', 'kr', 1, 2, '.', ',', '+299', 0, 0),
('GM', 'GMB', 0, 'Gambia', 'GMD', 'Dalasi', 'Dalasis', '', 1, 2, '.', ',', '+220', 0, 0),
('GN', 'GIN', 0, 'Guinea', 'GNF', 'Franc', 'Francs', '₣', 1, 0, '.', ',', '+224', 0, 0),
('GP', 'GLP', 0, 'Guadeloupe', 'EUR', 'Euro', 'Euros', '€', 1, 2, '.', ',', '+590', 0, 0),
('GQ', 'GNQ', 0, 'Equatorial Guinea', 'XAF', 'Franc', 'Francs', '₣', 1, 0, '.', ',', '+240', 0, 0),
('GR', 'GRC', 0, 'Greece', 'EUR', 'Euro', 'Euros', '€', 1, 2, '.', ',', '+30', 1, 0),
('GT', 'GTM', 0, 'Guatemala', 'GTQ', 'Quetzal', 'Quetzals', 'Q', 1, 2, '.', ',', '+502', 0, 0),
('GU', 'GUM', 0, 'Guam', 'USD', 'Dollar', 'Dollars', '$', 1, 2, '.', ',', '+1-671', 0, 0),
('GW', 'GNB', 0, 'Guinea-Bissau', 'XOF', 'Franc', 'Francs', '₣', 1, 0, '.', ',', '+245', 0, 0),
('GY', 'GUY', 0, 'Guyana', 'GYD', 'Dollar', 'Dollars', '$', 1, 2, '.', ',', '+592', 0, 0),
('HK', 'HKG', 0, 'Hong Kong', 'HKD', 'Dollar', 'Dollars', '$', 1, 2, '.', ',', '+852', 0, 0),
('HN', 'HND', 0, 'Honduras', 'HNL', 'Lempira', 'Lempiras', 'L', 1, 2, '.', ',', '+504', 0, 0),
('HR', 'HRV', 0, 'Croatia', 'HRK', 'Kuna', 'Kunas', 'kn', 1, 2, '.', ',', '+385', 0, 0),
('HT', 'HTI', 0, 'Haiti', 'HTG', 'Gourde', 'Gourdes', '', 1, 2, '.', ',', '+509', 0, 0),
('HU', 'HUN', 0, 'Hungary', 'HUF', 'Forint', 'Forints', 'Ft', 1, 2, '.', ',', '+36', 1, 0),
('ID', 'IDN', 0, 'Indonesia', 'IDR', 'Rupiah', 'Rupiahs', 'Rp', 1, 2, '.', ',', '+62', 0, 0),
('IE', 'IRL', 0, 'Ireland', 'EUR', 'Euro', 'Euros', '€', 1, 2, '.', ',', '+353', 1, 0),
('IL', 'ISR', 0, 'Israel', 'ILS', 'Shekel', 'Shekels', '₪', 1, 2, '.', ',', '+972', 0, 0),
('IN', 'IND', 0, 'India', 'INR', 'Rupee', 'Rupees', '$', 1, 2, '.', ',', '+91', 0, 0),
('IQ', 'IRQ', 0, 'Iraq', 'IQD', 'Dinar', 'Dinars', 'د.ع', 1, 3, '.', ',', '+964', 0, 0),
('IR', 'IRN', 0, 'Iran, Islamic Republic of', 'IRR', 'Rial', 'Rials', '﷼', 1, 2, '.', ',', '+98', 0, 0),
('IS', 'ISL', 0, 'Iceland', 'ISK', 'Króna', 'krónur', 'kr', 1, 0, '.', ',', '+354', 0, 0),
('IT', 'ITA', 0, 'Italy', 'EUR', 'Euro', 'Euros', '€', 1, 2, '.', ',', '+39', 1, 0),
('JM', 'JAM', 0, 'Jamaica', 'JMD', 'Dollar', 'Dollars', 'J$', 1, 2, '.', ',', '+1-876', 0, 0),
('JO', 'JOR', 0, 'Jordan', 'JOD', 'Dinar', 'Dinars', '', 1, 3, '.', ',', '+962', 0, 0),
('JP', 'JPN', 0, 'Japan', 'JPY', 'Yen', 'Yens', '¥', 1, 0, '.', ',', '+81', 0, 0),
('KE', 'KEN', 0, 'Kenya', 'KES', 'Shilling', 'Shillings', 'S', 1, 2, '.', ',', '+254', 0, 0),
('KG', 'KGZ', 0, 'Kyrgyzstan', 'KGS', 'Som', 'Soms', 'лв', 1, 2, '.', ',', '+996', 0, 0),
('KH', 'KHM', 0, 'Cambodia', 'KHR', 'Riels', 'Rielss', '៛', 1, 2, '.', ',', '+855', 0, 0),
('KI', 'KIR', 0, 'Kiribati', 'AUD', 'Dollar', 'Dollars', '$', 1, 2, '.', ',', '+686', 0, 0),
('KM', 'COM', 0, 'Comoros', 'KMF', 'Franc', 'Francs', '₣', 1, 0, '.', ',', '+269', 0, 0),
('KN', 'KNA', 0, 'Saint Kitts and Nevis', 'XCD', 'Dollar', 'Dollars', '$', 1, 2, '.', ',', '+1-869', 0, 0),
('KP', 'PRK', 0, 'Korea, Democratic People''s Republic of', 'KPW', 'Won', 'Wons', '₩', 1, 2, '.', ',', '+850', 0, 0),
('KR', 'KOR', 0, 'Korea, Republic of', 'KRW', 'Won', 'Wons', '₩', 1, 0, '.', ',', '+82', 0, 0),
('KW', 'KWT', 0, 'Kuwait', 'KWD', 'Dinar', 'Dinars', '', 1, 3, '.', ',', '+965', 0, 0),
('KY', 'CYM', 0, 'Cayman Islands', 'KYD', 'Dollar', 'Dollars', '$', 1, 2, '.', ',', '+1-345', 0, 0),
('KZ', 'KAZ', 0, 'Kazakhstan', 'KZT', 'Tenge', 'Tenges', 'лв', 1, 2, '.', ',', '+7', 0, 0),
('LA', 'LAO', 0, 'Lao People''s Democratic Republic', 'LAK', 'Kip', 'Kips', '₭', 1, 2, '.', ',', '+856', 0, 0),
('LB', 'LBN', 0, 'Lebanon', 'LBP', 'Pound', 'Pounds', '£', 1, 2, '.', ',', '+961', 0, 0),
('LC', 'LCA', 0, 'Saint Lucia', 'XCD', 'Dollar', 'Dollars', '$', 1, 2, '.', ',', '+1-758', 0, 0),
('LI', 'LIE', 0, 'Liechtenstein', 'CHF', 'Franc', 'Francs', '₣', 1, 2, '.', ',', '+423', 0, 0),
('LK', 'LKA', 0, 'Sri Lanka', 'LKR', 'Rupee', 'Rupees', '₨', 1, 2, '.', ',', '+94', 0, 0),
('LR', 'LBR', 0, 'Liberia', 'LRD', 'Dollar', 'Dollars', '$', 1, 2, '.', ',', '+231', 0, 0),
('LS', 'LSO', 0, 'Lesotho', 'LSL', 'Loti', 'Lotis', '', 1, 2, '.', ',', '+266', 0, 0),
('LT', 'LTU', 0, 'Lithuania', 'LTL', 'Litas', 'Litass', 'Lt', 1, 2, '.', ',', '+370', 1, 0),
('LU', 'LUX', 0, 'Luxembourg', 'EUR', 'Euro', 'Euros', '€', 1, 2, '.', ',', '+352', 1, 0),
('LV', 'LVA', 0, 'Latvia', 'EUR', 'Euro', 'Euros', '€', 1, 2, '.', ',', '+371', 1, 0),
('LY', 'LBY', 0, 'Libyan Arab Jamahiriya', 'LYD', 'Dinar', 'Dinars', '', 1, 3, '.', ',', '+218', 0, 0),
('MA', 'MAR', 0, 'Morocco', 'MAD', 'Dirham', 'Dirhams', '', 1, 2, '.', ',', '+212', 0, 0),
('MC', 'MCO', 0, 'Monaco', 'EUR', 'Euro', 'Euros', '€', 1, 2, '.', ',', '+377', 0, 0),
('MD', 'MDA', 0, 'Moldova, Republic of', 'MDL', 'Leu', 'Leus', '', 1, 2, '.', ',', '+373', 0, 0),
('MG', 'MDG', 0, 'Madagascar', 'MGA', 'Ariary', 'Ariarys', '', 1, 2, '.', ',', '+261', 0, 0),
('MH', 'MHL', 0, 'Marshall Islands', 'USD', 'Dollar', 'Dollars', '$', 1, 2, '.', ',', '+692', 0, 0),
('MK', 'MKD', 0, 'Macedonia, the Former Yugoslav Republic of', 'MKD', 'Denar', 'Denars', 'ден', 1, 2, '.', ',', '+389', 0, 0),
('ML', 'MLI', 0, 'Mali', 'XOF', 'Franc', 'Francs', '₣', 1, 0, '.', ',', '+223', 0, 0),
('MM', 'MMR', 0, 'Myanmar', 'MMK', 'Kyat', 'Kyats', '', 1, 2, '.', ',', '+95', 0, 0),
('MN', 'MNG', 0, 'Mongolia', 'MNT', 'Tugrik', 'Tugriks', '₮', 1, 2, '.', ',', '+976', 0, 0),
('MO', 'MAC', 0, 'Macao', 'MOP', 'Pataca', 'Patacas', '', 1, 2, '.', ',', '+853', 0, 0),
('MP', 'MNP', 0, 'Northern Mariana Islands', 'USD', 'Dollar', 'Dollars', '$', 1, 2, '.', ',', '+1-670', 0, 0),
('MQ', 'MTQ', 0, 'Martinique', 'EUR', 'Euro', 'Euros', '€', 1, 2, '.', ',', '+596', 0, 0),
('MR', 'MRT', 0, 'Mauritania', 'MRO', 'Ouguiya', 'Ouguiyas', '', 1, 2, '.', ',', '+222', 0, 0),
('MS', 'MSR', 0, 'Montserrat', 'XCD', 'Dollar', 'Dollars', '$', 1, 2, '.', ',', '+1-664', 0, 0),
('MT', 'MLT', 0, 'Malta', 'EUR', 'Euro', 'Euros', '€', 1, 2, '.', ',', '+356', 1, 0),
('MU', 'MUS', 0, 'Mauritius', 'MUR', 'Rupee', 'Rupees', '₨', 1, 2, '.', ',', '+230', 0, 0),
('MV', 'MDV', 0, 'Maldives', 'MVR', 'Rufiyaa', 'Rufiyaas', '', 1, 2, '.', ',', '+960', 0, 0),
('MW', 'MWI', 0, 'Malawi', 'MWK', 'Kwacha', 'Kwachas', '', 1, 2, '.', ',', '+265', 0, 0),
('MX', 'MEX', 0, 'Mexico', 'MXN', 'Peso', 'Pesos', '$', 1, 2, '.', ',', '+52', 0, 0),
('MY', 'MYS', 0, 'Malaysia', 'MYR', 'Ringgit', 'Ringgits', 'RM', 1, 2, '.', ',', '+60', 0, 0),
('MZ', 'MOZ', 0, 'Mozambique', 'MZM', 'Meticail', 'Meticails', '', 1, 2, '.', ',', '+258', 0, 0),
('NA', 'NAM', 0, 'Namibia', 'NAD', 'Dollar', 'Dollars', '$', 1, 2, '.', ',', '+264', 0, 0),
('NC', 'NCL', 0, 'New Caledonia', 'XPF', 'Franc', 'Francs', '₣', 1, 0, '.', ',', '+687', 0, 0),
('NE', 'NER', 0, 'Niger', 'XOF', 'Franc', 'Francs', '₣', 1, 0, '.', ',', '+227', 0, 0),
('NF', 'NFK', 0, 'Norfolk Island', 'AUD', 'Dollar', 'Dollars', '$', 1, 2, '.', ',', '+672', 0, 0),
('NG', 'NGA', 0, 'Nigeria', 'NGN', 'Naira', 'Nairas', '₦', 1, 2, '.', ',', '+234', 0, 0),
('NI', 'NIC', 0, 'Nicaragua', 'NIO', 'Cordoba', 'Cordobas', 'C$', 1, 2, '.', ',', '+505', 0, 0),
('NL', 'NLD', 0, 'Netherlands', 'EUR', 'Euro', 'Euros', '€', 1, 2, '.', ',', '+31', 1, 0),
('NO', 'NOR', 0, 'Norway', 'NOK', 'Krone', 'Krones', 'kr', 1, 2, '.', ',', '+47', 0, 0),
('NP', 'NPL', 0, 'Nepal', 'NPR', 'Rupee', 'Rupees', '₨', 1, 2, '.', ',', '+977', 0, 0),
('NR', 'NRU', 0, 'Nauru', 'AUD', 'Dollar', 'Dollars', '$', 1, 2, '.', ',', '+674', 0, 0),
('NU', 'NIU', 0, 'Niue', 'NZD', 'Dollar', 'Dollars', '$', 1, 2, '.', ',', '+683', 0, 0),
('NZ', 'NZL', 0, 'New Zealand', 'NZD', 'Dollar', 'Dollars', '$', 1, 2, '.', ',', '+64', 0, 0),
('OM', 'OMN', 0, 'Oman', 'OMR', 'Rial', 'Rials', '﷼', 1, 3, '.', ',', '+968', 0, 0),
('PA', 'PAN', 0, 'Panama', 'PAB', 'Balboa', 'Balboas', 'B/.', 1, 2, '.', ',', '+507', 0, 0),
('PE', 'PER', 0, 'Peru', 'PEN', 'Sol', 'Sols', 'S/.', 1, 2, '.', ',', '+51', 0, 0),
('PF', 'PYF', 0, 'French Polynesia', 'XPF', 'Franc', 'Francs', '₣', 1, 0, '.', ',', '+689', 0, 0),
('PG', 'PNG', 0, 'Papua New Guinea', 'PGK', 'Kina', 'Kinas', '', 1, 2, '.', ',', '+675', 0, 0),
('PH', 'PHL', 0, 'Philippines', 'PHP', 'Peso', 'Pesos', '₱', 1, 2, '.', ',', '+63', 0, 0),
('PK', 'PAK', 0, 'Pakistan', 'PKR', 'Rupee', 'Rupees', '₨', 1, 2, '.', ',', '+92', 0, 0),
('PL', 'POL', 0, 'Poland', 'PLN', 'Zloty', 'Zlotys', 'zł', 1, 2, '.', ',', '+48', 1, 0),
('PM', 'SPM', 0, 'Saint Pierre and Miquelon', 'EUR', 'Euro', 'Euros', '€', 1, 2, '.', ',', '+508', 0, 0),
('PN', 'PCN', 0, 'Pitcairn', 'NZD', 'Dollar', 'Dollars', '$', 1, 2, '.', ',', '', 0, 0),
('PR', 'PRI', 0, 'Puerto Rico', 'USD', 'Dollar', 'Dollars', '$', 1, 2, '.', ',', '+1', 0, 0),
('PT', 'PRT', 0, 'Portugal', 'EUR', 'Euro', 'Euros', '€', 1, 2, '.', ',', '+351', 1, 0),
('PW', 'PLW', 0, 'Palau', 'USD', 'Dollar', 'Dollars', '$', 1, 2, '.', ',', '+680', 0, 0),
('PY', 'PRY', 0, 'Paraguay', 'PYG', 'Guarani', 'Guaranis', 'Gs', 1, 0, '.', ',', '+595', 0, 0),
('QA', 'QAT', 0, 'Qatar', 'QAR', 'Rial', 'Rials', '﷼', 1, 2, '.', ',', '+974', 0, 0),
('RE', 'REU', 0, 'Reunion', 'EUR', 'Euro', 'Euros', '€', 1, 2, '.', ',', '+262', 0, 0),
('RO', 'ROM', 0, 'Romania', 'RON', 'Leu', 'Leus', 'lei', 1, 2, '.', ',', '+40', 1, 0),
('RU', 'RUS', 0, 'Russian Federation', 'RUB', 'Ruble', 'Rubles', 'руб', 1, 2, '.', ',', '+7', 0, 0),
('RW', 'RWA', 0, 'Rwanda', 'RWF', 'Franc', 'Francs', '₣', 1, 0, '.', ',', '+250', 0, 0),
('SA', 'SAU', 0, 'Saudi Arabia', 'SAR', 'Rial', 'Rials', '﷼', 1, 2, '.', ',', '+966', 0, 0),
('SB', 'SLB', 0, 'Solomon Islands', 'SBD', 'Dollar', 'Dollars', '$', 1, 2, '.', ',', '+677', 0, 0),
('SC', 'SYC', 0, 'Seychelles', 'SCR', 'Rupee', 'Rupees', '₨', 1, 2, '.', ',', '+248', 0, 0),
('SD', 'SDN', 0, 'Sudan', 'SDG', 'Pound', 'Pounds', '', 1, 2, '.', ',', '+249', 0, 0),
('SE', 'SWE', 0, 'Sweden', 'SEK', 'Krona', 'Kronor', 'kr', 1, 2, '.', ',', '+46', 1, 0),
('SG', 'SGP', 0, 'Singapore', 'SGD', 'Dollar', 'Dollars', '$', 1, 2, '.', ',', '+65', 0, 0),
('SH', 'SHN', 0, 'Saint Helena', 'SHP', 'Pound', 'Pounds', '£', 1, 2, '.', ',', '+290', 0, 0),
('SI', 'SVN', 0, 'Slovenia', 'EUR', 'Euro', 'Euros', '€', 1, 2, '.', ',', '+386', 1, 0),
('SJ', 'SJM', 0, 'Svalbard and Jan Mayen', 'NOK', 'Krone', 'Krones', 'kr', 1, 2, '.', ',', '+47', 0, 0),
('SK', 'SVK', 0, 'Slovakia', 'EUR', 'Euro', 'Euros', '€', 1, 2, '.', ',', '+421', 1, 0),
('SL', 'SLE', 0, 'Sierra Leone', 'SLL', 'Leone', 'Leones', '', 1, 2, '.', ',', '+232', 0, 0),
('SM', 'SMR', 0, 'San Marino', 'EUR', 'Euro', 'Euros', '€', 1, 2, '.', ',', '+378', 0, 0),
('SN', 'SEN', 0, 'Senegal', 'XOF', 'Franc', 'Francs', '₣', 1, 0, '.', ',', '+221', 0, 0),
('SO', 'SOM', 0, 'Somalia', 'SOS', 'Shilling', 'Shillings', 'S', 1, 2, '.', ',', '+252', 0, 0),
('SR', 'SUR', 0, 'Suriname', 'SRD', 'Dollar', 'Dollars', '$', 1, 2, '.', ',', '+597', 0, 0),
('ST', 'STP', 0, 'Sao Tome and Principe', 'STD', 'Dobra', 'Dobras', '', 1, 2, '.', ',', '+239', 0, 0),
('SV', 'SLV', 0, 'El Salvador', 'USD', 'Dollar', 'Dollars', '$', 1, 2, '.', ',', '+503', 0, 0),
('SY', 'SYR', 0, 'Syrian Arab Republic', 'SYP', 'Pound', 'Pounds', '£', 1, 2, '.', ',', '+963', 0, 0),
('SZ', 'SWZ', 0, 'Swaziland', 'SZL', 'Lilangeni', 'Lilangenis', '', 1, 2, '.', ',', '+268', 0, 0),
('TC', 'TCA', 0, 'Turks and Caicos Islands', 'USD', 'Dollar', 'Dollars', '$', 1, 2, '.', ',', '+1-649', 0, 0),
('TD', 'TCD', 0, 'Chad', 'XAF', 'Franc', 'Francs', '₣', 1, 0, '.', ',', '+235', 0, 0),
('TG', 'TGO', 0, 'Togo', 'XOF', 'Franc', 'Francs', '₣', 1, 0, '.', ',', '+228', 0, 0),
('TH', 'THA', 0, 'Thailand', 'USD', 'Dollar', 'Dollas', '$', 1, 2, '.', ',', '+66', 0, 1),
('TJ', 'TJK', 0, 'Tajikistan', 'TJS', 'Somoni', 'Somonis', '', 1, 2, '.', ',', '+992', 0, 0),
('TK', 'TKL', 0, 'Tokelau', 'NZD', 'Dollar', 'Dollars', '$', 1, 2, '.', ',', '+690', 0, 0),
('TM', 'TKM', 0, 'Turkmenistan', 'TMM', 'Manat', 'Manats', '', 1, 2, '.', ',', '+993', 0, 0),
('TN', 'TUN', 0, 'Tunisia', 'TND', 'Dinar', 'Dinars', '', 1, 3, '.', ',', '+216', 0, 0),
('TO', 'TON', 0, 'Tonga', 'TOP', 'Pa''anga', 'Pa''angas', '', 1, 2, '.', ',', '+676', 0, 0),
('TR', 'TUR', 0, 'Turkey', 'TRY', 'Lira', 'Liras', '$', 1, 2, '.', ',', '+90', 0, 0),
('TT', 'TTO', 0, 'Trinidad and Tobago', 'TTD', 'Dollar', 'Dollars', 'TT$', 1, 2, '.', ',', '+1-868', 0, 0),
('TV', 'TUV', 0, 'Tuvalu', 'AUD', 'Dollar', 'Dollars', '$', 1, 2, '.', ',', '+688', 0, 0),
('TW', 'TWN', 0, 'Taiwan, Province of China', 'TWD', 'Dollar', 'Dollars', 'NT$', 1, 2, '.', ',', '+886', 0, 0),
('TZ', 'TZA', 0, 'Tanzania, United Republic of', 'TZS', 'Shilling', 'Shillings', 'S', 1, 2, '.', ',', '+255', 0, 0),
('UA', 'UKR', 0, 'Ukraine', 'UAH', 'Hryvnia', 'Hryvnias', '₴', 1, 2, '.', ',', '+380', 0, 0),
('UG', 'UGA', 0, 'Uganda', 'UGX', 'Shilling', 'Shillings', 'S', 1, 2, '.', ',', '+256', 0, 0),
('US', 'USA', 0, 'United States', 'USD', 'Dollar', 'Dollars', '$', 1, 2, '.', ',', '+1', 0, 0),
('UY', 'URY', 0, 'Uruguay', 'UYU', 'Peso', 'Pesos', '$U', 1, 2, '.', ',', '+598', 0, 0),
('UZ', 'UZB', 0, 'Uzbekistan', 'UZS', 'Som', 'Soms', 'лв', 1, 2, '.', ',', '+998', 0, 0),
('VA', 'VAT', 0, 'Holy See (Vatican City State)', 'EUR', 'Euro', 'Euros', '€', 1, 2, '.', ',', '+379', 0, 0),
('VC', 'VCT', 0, 'Saint Vincent and the Grenadines', 'XCD', 'Dollar', 'Dollars', '$', 1, 2, '.', ',', '+1-784', 0, 0),
('VE', 'VEN', 0, 'Venezuela', 'VEB', 'Bolivar', 'Bolivars', '', 1, 2, '.', ',', '+58', 0, 0),
('VG', 'VGB', 0, 'Virgin Islands, British', 'USD', 'Dollar', 'Dollars', '$', 1, 2, '.', ',', '+1-284', 0, 0),
('VI', 'VIR', 0, 'Virgin Islands, US', 'USD', 'Dollar', 'Dollars', '$', 1, 2, '.', ',', '+1-340', 0, 0),
('VN', 'VNM', 0, 'Viet Nam', 'VND', 'Dong', 'Dongs', '₫', 1, 2, '.', ',', '+84', 0, 0),
('VU', 'VUT', 0, 'Vanuatu', 'VUV', 'Vatu', 'Vatus', '', 1, 0, '.', ',', '+678', 0, 0),
('WF', 'WLF', 0, 'Wallis and Futuna', 'XPF', 'Franc', 'Francs', '₣', 1, 0, '.', ',', '+681', 0, 0),
('WS', 'WSM', 0, 'Samoa', 'WST', 'Tala', 'Talas', '', 1, 2, '.', ',', '+685', 0, 0),
('YE', 'YEM', 0, 'Yemen', 'YER', 'Rial', 'Rials', '﷼', 1, 2, '.', ',', '+967', 0, 0),
('ZA', 'ZAF', 0, 'South Africa', 'ZAR', 'Rand', 'Rands', 'R', 1, 2, '.', ',', '+27', 0, 0),
('ZM', 'ZMB', 0, 'Zambia', 'ZMK', 'Kwacha', 'Kwachas', '', 1, 2, '.', ',', '+260', 0, 0),
('ZW', 'ZWE', 0, 'Zimbabwe', 'ZWD', 'Dollar', 'Dollars', 'Z$', 1, 2, '.', ',', '+263', 0, 0);

-- --------------------------------------------------------

--
-- Table structure for table `wp_esp_currency`
--

CREATE TABLE IF NOT EXISTS `wp_esp_currency` (
  `CUR_code` varchar(6) CHARACTER SET utf8 COLLATE utf8_bin NOT NULL,
  `CUR_single` varchar(45) CHARACTER SET utf8 COLLATE utf8_bin DEFAULT 'dollar',
  `CUR_plural` varchar(45) CHARACTER SET utf8 COLLATE utf8_bin DEFAULT 'dollars',
  `CUR_sign` varchar(45) CHARACTER SET utf8 COLLATE utf8_bin DEFAULT '$',
  `CUR_dec_plc` varchar(1) CHARACTER SET utf8 COLLATE utf8_bin NOT NULL DEFAULT '2',
  `CUR_active` tinyint(1) DEFAULT '0',
  PRIMARY KEY (`CUR_code`)
) ENGINE=InnoDB DEFAULT CHARSET=utf8;

--
-- Dumping data for table `wp_esp_currency`
--

INSERT INTO `wp_esp_currency` (`CUR_code`, `CUR_single`, `CUR_plural`, `CUR_sign`, `CUR_dec_plc`, `CUR_active`) VALUES
('AED', 'Dirham', 'Dirhams', 'د.إ', '2', 1),
('AFN', 'Afghani', 'Afghanis', '؋', '2', 1),
('ALL', 'Lek', 'Leks', 'Lek', '2', 1),
('AMD', 'Dram', 'Dram', 'Դրամ', '2', 1),
('ANG', 'Guilder', 'Guilders', 'ƒ', '2', 1),
('AOA', 'Kwanza', 'Kwanzas', '', '2', 1),
('ARS', 'Peso', 'Pesos', '$', '2', 1),
('AUD', 'Dollar', 'Dollars', '$', '2', 1),
('AWG', 'Guilder', 'Guilders', 'ƒ', '2', 1),
('BAM', 'Marka', 'Markas', 'KM', '2', 1),
('BBD', 'Dollar', 'Dollars', '$', '2', 1),
('BDT', 'Taka', 'Takas', '৳', '2', 1),
('BGN', 'Lev', 'Levs', 'лв', '2', 1),
('BHD', 'Dinar', 'Dinars', '', '3', 1),
('BIF', 'Franc', 'Francs', '₣', '0', 1),
('BMD', 'Dollar', 'Dollars', '$', '2', 1),
('BND', 'Dollar', 'Dollars', '$', '2', 1),
('BOB', 'Boliviano', 'Bolivianos', '$b', '2', 1),
('BRL', 'Real', 'Reals', 'R$', '2', 1),
('BSD', 'Dollar', 'Dollars', '$', '2', 1),
('BTN', 'Ngultrum', 'Ngultrums', '', '2', 1),
('BWP', 'Pula', 'Pulas', 'P', '2', 1),
('BYR', 'Ruble', 'Rubles', 'p.', '0', 1),
('BZD', 'Dollar', 'Dollars', 'BZ$', '2', 1),
('CAD', 'Dollar', 'Dollars', '$', '2', 1),
('CDF', 'Franc', 'Francs', '₣', '2', 1),
('CHF', 'Franc', 'Francs', '₣', '2', 1),
('CLP', 'Peso', 'Pesos', '$', '0', 1),
('CNY', 'Yuan Renminbi', 'Yuan Renminbis', '¥', '2', 1),
('COP', 'Peso', 'Pesos', '$', '2', 1),
('CRC', 'Colon', 'Colons', '₡', '2', 1),
('CUP', 'Peso', 'Pesos', '₱', '2', 1),
('CVE', 'Escudo', 'Escudos', '', '2', 1),
('CZK', 'Koruna', 'Korunas', 'Kč', '2', 1),
('DJF', 'Franc', 'Francs', '₣', '0', 1),
('DKK', 'Krone', 'Kroner', 'kr', '2', 1),
('DOP', 'Peso', 'Pesos', 'RD$', '2', 1),
('DZD', 'Dinar', 'Dinars', '', '3', 1),
('EGP', 'Pound', 'Pounds', '£', '2', 1),
('ERN', 'Nakfa', 'Nakfas', '', '2', 1),
('ETB', 'Birr', 'Birrs', '', '2', 1),
('EUR', 'Euro', 'Euros', '€', '2', 1),
('FJD', 'Dollar', 'Dollars', '$', '2', 1),
('FKP', 'Pound', 'Pounds', '£', '2', 1),
('GBP', 'Pound', 'Pounds', '£', '2', 1),
('GHS', 'Cedi', 'Cedis', '', '2', 1),
('GIP', 'Pound', 'Pounds', '£', '2', 1),
('GMD', 'Dalasi', 'Dalasis', '', '2', 1),
('GNF', 'Franc', 'Francs', '₣', '0', 1),
('GTQ', 'Quetzal', 'Quetzals', 'Q', '2', 1),
('GYD', 'Dollar', 'Dollars', '$', '2', 1),
('HKD', 'Dollar', 'Dollars', '$', '2', 1),
('HNL', 'Lempira', 'Lempiras', 'L', '2', 1),
('HRK', 'Kuna', 'Kunas', 'kn', '2', 1),
('HTG', 'Gourde', 'Gourdes', '', '2', 1),
('HUF', 'Forint', 'Forints', 'Ft', '2', 1),
('IDR', 'Rupiah', 'Rupiahs', 'Rp', '2', 1),
('ILS', 'Shekel', 'Shekels', '₪', '2', 1),
('INR', 'Rupee', 'Rupees', '$', '2', 1),
('IQD', 'Dinar', 'Dinars', 'د.ع', '3', 1),
('IRR', 'Rial', 'Rials', '﷼', '2', 1),
('ISK', 'Króna', 'krónur', 'kr', '0', 1),
('JMD', 'Dollar', 'Dollars', 'J$', '2', 1),
('JOD', 'Dinar', 'Dinars', '', '3', 1),
('JPY', 'Yen', 'Yens', '¥', '0', 1),
('KES', 'Shilling', 'Shillings', 'S', '2', 1),
('KGS', 'Som', 'Soms', 'лв', '2', 1),
('KHR', 'Riels', 'Rielss', '៛', '2', 1),
('KMF', 'Franc', 'Francs', '₣', '0', 1),
('KPW', 'Won', 'Wons', '₩', '2', 1),
('KRW', 'Won', 'Wons', '₩', '0', 1),
('KWD', 'Dinar', 'Dinars', '', '3', 1),
('KYD', 'Dollar', 'Dollars', '$', '2', 1),
('KZT', 'Tenge', 'Tenges', 'лв', '2', 1),
('LAK', 'Kip', 'Kips', '₭', '2', 1),
('LBP', 'Pound', 'Pounds', '£', '2', 1),
('LKR', 'Rupee', 'Rupees', '₨', '2', 1),
('LRD', 'Dollar', 'Dollars', '$', '2', 1),
('LSL', 'Loti', 'Lotis', '', '2', 1),
('LTL', 'Litas', 'Litass', 'Lt', '2', 1),
('LYD', 'Dinar', 'Dinars', '', '3', 1),
('MAD', 'Dirham', 'Dirhams', '', '2', 1),
('MDL', 'Leu', 'Leus', '', '2', 1),
('MGA', 'Ariary', 'Ariarys', '', '2', 1),
('MKD', 'Denar', 'Denars', 'ден', '2', 1),
('MMK', 'Kyat', 'Kyats', '', '2', 1),
('MNT', 'Tugrik', 'Tugriks', '₮', '2', 1),
('MOP', 'Pataca', 'Patacas', '', '2', 1),
('MRO', 'Ouguiya', 'Ouguiyas', '', '2', 1),
('MUR', 'Rupee', 'Rupees', '₨', '2', 1),
('MVR', 'Rufiyaa', 'Rufiyaas', '', '2', 1),
('MWK', 'Kwacha', 'Kwachas', '', '2', 1),
('MXN', 'Peso', 'Pesos', '$', '2', 1),
('MYR', 'Ringgit', 'Ringgits', 'RM', '2', 1),
('MZM', 'Meticail', 'Meticails', '', '2', 1),
('NAD', 'Dollar', 'Dollars', '$', '2', 1),
('NGN', 'Naira', 'Nairas', '₦', '2', 1),
('NIO', 'Cordoba', 'Cordobas', 'C$', '2', 1),
('NOK', 'Krone', 'Krones', 'kr', '2', 1),
('NPR', 'Rupee', 'Rupees', '₨', '2', 1),
('NZD', 'Dollar', 'Dollars', '$', '2', 1),
('OMR', 'Rial', 'Rials', '﷼', '3', 1),
('PAB', 'Balboa', 'Balboas', 'B/.', '2', 1),
('PEN', 'Sol', 'Sols', 'S/.', '2', 1),
('PGK', 'Kina', 'Kinas', '', '2', 1),
('PHP', 'Peso', 'Pesos', '₱', '2', 1),
('PKR', 'Rupee', 'Rupees', '₨', '2', 1),
('PLN', 'Zloty', 'Zlotys', 'zł', '2', 1),
('PYG', 'Guarani', 'Guaranis', 'Gs', '0', 1),
('QAR', 'Rial', 'Rials', '﷼', '2', 1),
('RON', 'Leu', 'Leus', 'lei', '2', 1),
('RUB', 'Ruble', 'Rubles', 'руб', '2', 1),
('RWF', 'Franc', 'Francs', '₣', '0', 1),
('SAR', 'Rial', 'Rials', '﷼', '2', 1),
('SBD', 'Dollar', 'Dollars', '$', '2', 1),
('SCR', 'Rupee', 'Rupees', '₨', '2', 1),
('SDG', 'Pound', 'Pounds', '', '2', 1),
('SEK', 'Krona', 'Kronor', 'kr', '2', 1),
('SGD', 'Dollar', 'Dollars', '$', '2', 1),
('SHP', 'Pound', 'Pounds', '£', '2', 1),
('SLL', 'Leone', 'Leones', '', '2', 1),
('SOS', 'Shilling', 'Shillings', 'S', '2', 1),
('SRD', 'Dollar', 'Dollars', '$', '2', 1),
('STD', 'Dobra', 'Dobras', '', '2', 1),
('SYP', 'Pound', 'Pounds', '£', '2', 1),
('SZL', 'Lilangeni', 'Lilangenis', '', '2', 1),
('THB', 'Baht', 'Bahts', '฿', '2', 1),
('TJS', 'Somoni', 'Somonis', '', '2', 1),
('TMM', 'Manat', 'Manats', '', '2', 1),
('TND', 'Dinar', 'Dinars', '', '3', 1),
('TOP', 'Pa''anga', 'Pa''angas', '', '2', 1),
('TRY', 'Lira', 'Liras', '$', '2', 1),
('TTD', 'Dollar', 'Dollars', 'TT$', '2', 1),
('TWD', 'Dollar', 'Dollars', 'NT$', '2', 1),
('TZS', 'Shilling', 'Shillings', 'S', '2', 1),
('UAH', 'Hryvnia', 'Hryvnias', '₴', '2', 1),
('UGX', 'Shilling', 'Shillings', 'S', '2', 1),
('USD', 'Dollar', 'Dollars', '$', '2', 1),
('UYU', 'Peso', 'Pesos', '$U', '2', 1),
('UZS', 'Som', 'Soms', 'лв', '2', 1),
('VEB', 'Bolivar', 'Bolivars', '', '2', 1),
('VND', 'Dong', 'Dongs', '₫', '2', 1),
('VUV', 'Vatu', 'Vatus', '', '0', 1),
('WST', 'Tala', 'Talas ', '', '2', 1),
('XAF', 'Franc', 'Francs', '₣', '0', 1),
('XCD', 'Dollar', 'Dollars', '$', '2', 1),
('XOF', 'Franc', 'Francs', '₣', '0', 1),
('XPF', 'Franc', 'Francs', '₣', '0', 1),
('YER', 'Rial', 'Rials', '﷼', '2', 1),
('ZAR', 'Rand', 'Rands', 'R', '2', 1),
('ZMK', 'Kwacha', 'Kwachas', '', '2', 1),
('ZWD', 'Dollar', 'Dollars', 'Z$', '2', 1);

-- --------------------------------------------------------

--
-- Table structure for table `wp_esp_currency_payment_method`
--

CREATE TABLE IF NOT EXISTS `wp_esp_currency_payment_method` (
  `CPM_ID` int(11) NOT NULL AUTO_INCREMENT,
  `CUR_code` varchar(6) CHARACTER SET utf8 COLLATE utf8_bin NOT NULL,
  `PMD_ID` int(11) NOT NULL,
  PRIMARY KEY (`CPM_ID`)
) ENGINE=InnoDB  DEFAULT CHARSET=utf8 AUTO_INCREMENT=178 ;

--
-- Dumping data for table `wp_esp_currency_payment_method`
--

INSERT INTO `wp_esp_currency_payment_method` (`CPM_ID`, `CUR_code`, `PMD_ID`) VALUES
(1, 'AED', 6),
(2, 'AFN', 6),
(3, 'ALL', 6),
(4, 'AMD', 6),
(5, 'ANG', 6),
(6, 'AOA', 6),
(7, 'ARS', 6),
(8, 'AUD', 6),
(9, 'AWG', 6),
(10, 'BAM', 6),
(11, 'BBD', 6),
(12, 'BDT', 6),
(13, 'BGN', 6),
(14, 'BHD', 6),
(15, 'BIF', 6),
(16, 'BMD', 6),
(17, 'BND', 6),
(18, 'BOB', 6),
(19, 'BRL', 6),
(20, 'BSD', 6),
(21, 'BTN', 6),
(22, 'BWP', 6),
(23, 'BYR', 6),
(24, 'BZD', 6),
(25, 'CAD', 6),
(26, 'CDF', 6),
(27, 'CHF', 6),
(28, 'CLP', 6),
(29, 'CNY', 6),
(30, 'COP', 6),
(31, 'CRC', 6),
(32, 'CUP', 6),
(33, 'CVE', 6),
(34, 'CZK', 6),
(35, 'DJF', 6),
(36, 'DKK', 6),
(37, 'DOP', 6),
(38, 'DZD', 6),
(39, 'EGP', 6),
(40, 'ERN', 6),
(41, 'ETB', 6),
(42, 'EUR', 6),
(43, 'FJD', 6),
(44, 'FKP', 6),
(45, 'GBP', 6),
(46, 'GHS', 6),
(47, 'GIP', 6),
(48, 'GMD', 6),
(49, 'GNF', 6),
(50, 'GTQ', 6),
(51, 'GYD', 6),
(52, 'HKD', 6),
(53, 'HNL', 6),
(54, 'HRK', 6),
(55, 'HTG', 6),
(56, 'HUF', 6),
(57, 'IDR', 6),
(58, 'ILS', 6),
(59, 'INR', 6),
(60, 'IQD', 6),
(61, 'IRR', 6),
(62, 'ISK', 6),
(63, 'JMD', 6),
(64, 'JOD', 6),
(65, 'JPY', 6),
(66, 'KES', 6),
(67, 'KGS', 6),
(68, 'KHR', 6),
(69, 'KMF', 6),
(70, 'KPW', 6),
(71, 'KRW', 6),
(72, 'KWD', 6),
(73, 'KYD', 6),
(74, 'KZT', 6),
(75, 'LAK', 6),
(76, 'LBP', 6),
(77, 'LKR', 6),
(78, 'LRD', 6),
(79, 'LSL', 6),
(80, 'LTL', 6),
(81, 'LYD', 6),
(82, 'MAD', 6),
(83, 'MDL', 6),
(84, 'MGA', 6),
(85, 'MKD', 6),
(86, 'MMK', 6),
(87, 'MNT', 6),
(88, 'MOP', 6),
(89, 'MRO', 6),
(90, 'MUR', 6),
(91, 'MVR', 6),
(92, 'MWK', 6),
(93, 'MXN', 6),
(94, 'MYR', 6),
(95, 'MZM', 6),
(96, 'NAD', 6),
(97, 'NGN', 6),
(98, 'NIO', 6),
(99, 'NOK', 6),
(100, 'NPR', 6),
(101, 'NZD', 6),
(102, 'OMR', 6),
(103, 'PAB', 6),
(104, 'PEN', 6),
(105, 'PGK', 6),
(106, 'PHP', 6),
(107, 'PKR', 6),
(108, 'PLN', 6),
(109, 'PYG', 6),
(110, 'QAR', 6),
(111, 'RON', 6),
(112, 'RUB', 6),
(113, 'RWF', 6),
(114, 'SAR', 6),
(115, 'SBD', 6),
(116, 'SCR', 6),
(117, 'SDG', 6),
(118, 'SEK', 6),
(119, 'SGD', 6),
(120, 'SHP', 6),
(121, 'SLL', 6),
(122, 'SOS', 6),
(123, 'SRD', 6),
(124, 'STD', 6),
(125, 'SYP', 6),
(126, 'SZL', 6),
(127, 'THB', 6),
(128, 'TJS', 6),
(129, 'TMM', 6),
(130, 'TND', 6),
(131, 'TOP', 6),
(132, 'TRY', 6),
(133, 'TTD', 6),
(134, 'TWD', 6),
(135, 'TZS', 6),
(136, 'UAH', 6),
(137, 'UGX', 6),
(138, 'USD', 6),
(139, 'UYU', 6),
(140, 'UZS', 6),
(141, 'VEB', 6),
(142, 'VND', 6),
(143, 'VUV', 6),
(144, 'WST', 6),
(145, 'XAF', 6),
(146, 'XCD', 6),
(147, 'XOF', 6),
(148, 'XPF', 6),
(149, 'YER', 6),
(150, 'ZAR', 6),
(151, 'ZMK', 6),
(152, 'ZWD', 6),
(153, 'AUD', 9),
(154, 'BRL', 9),
(155, 'CAD', 9),
(156, 'CHF', 9),
(157, 'CZK', 9),
(158, 'DKK', 9),
(159, 'EUR', 9),
(160, 'GBP', 9),
(161, 'HKD', 9),
(162, 'HUF', 9),
(163, 'ILS', 9),
(164, 'JPY', 9),
(165, 'MXN', 9),
(166, 'MYR', 9),
(167, 'NOK', 9),
(168, 'NZD', 9),
(169, 'PHP', 9),
(170, 'PLN', 9),
(171, 'RUB', 9),
(172, 'SEK', 9),
(173, 'SGD', 9),
(174, 'THB', 9),
(175, 'TRY', 9),
(176, 'TWD', 9),
(177, 'USD', 9);

-- --------------------------------------------------------

--
-- Table structure for table `wp_esp_datetime`
--

CREATE TABLE IF NOT EXISTS `wp_esp_datetime` (
  `DTT_ID` int(10) unsigned NOT NULL AUTO_INCREMENT,
  `EVT_ID` bigint(20) unsigned NOT NULL,
  `DTT_name` varchar(255) NOT NULL DEFAULT '',
  `DTT_description` text NOT NULL,
  `DTT_EVT_start` datetime NOT NULL DEFAULT '0000-00-00 00:00:00',
  `DTT_EVT_end` datetime NOT NULL DEFAULT '0000-00-00 00:00:00',
  `DTT_reg_limit` mediumint(8) DEFAULT '-1',
  `DTT_sold` mediumint(8) unsigned DEFAULT '0',
  `DTT_is_primary` tinyint(1) unsigned NOT NULL DEFAULT '0',
  `DTT_order` mediumint(3) unsigned DEFAULT '0',
  `DTT_parent` int(10) unsigned DEFAULT '0',
  `DTT_deleted` tinyint(1) unsigned NOT NULL DEFAULT '0',
  PRIMARY KEY (`DTT_ID`),
  KEY `EVT_ID` (`EVT_ID`),
  KEY `DTT_is_primary` (`DTT_is_primary`)
) ENGINE=InnoDB  DEFAULT CHARSET=utf8 AUTO_INCREMENT=4 ;

--
-- Dumping data for table `wp_esp_datetime`
--

INSERT INTO `wp_esp_datetime` (`DTT_ID`, `EVT_ID`, `DTT_name`, `DTT_description`, `DTT_EVT_start`, `DTT_EVT_end`, `DTT_reg_limit`, `DTT_sold`, `DTT_is_primary`, `DTT_order`, `DTT_parent`, `DTT_deleted`) VALUES
(1, 3388, '', '', '2017-01-18 08:00:00', '2017-01-18 10:00:00', -1, 1, 0, 1, 0, 0),
(2, 3406, '', '', '2017-01-09 02:00:00', '2017-01-20 10:00:00', 5, 0, 0, 1, 0, 0),
(3, 3411, '', '', '2016-11-25 11:00:00', '2016-11-25 13:00:00', -1, 0, 0, 1, 0, 0);

-- --------------------------------------------------------

--
-- Table structure for table `wp_esp_datetime_ticket`
--

CREATE TABLE IF NOT EXISTS `wp_esp_datetime_ticket` (
  `DTK_ID` int(10) unsigned NOT NULL AUTO_INCREMENT,
  `DTT_ID` int(10) unsigned NOT NULL,
  `TKT_ID` int(10) unsigned NOT NULL,
  PRIMARY KEY (`DTK_ID`)
) ENGINE=InnoDB  DEFAULT CHARSET=utf8 AUTO_INCREMENT=4 ;

--
-- Dumping data for table `wp_esp_datetime_ticket`
--

INSERT INTO `wp_esp_datetime_ticket` (`DTK_ID`, `DTT_ID`, `TKT_ID`) VALUES
(1, 1, 2),
(2, 2, 3),
(3, 3, 4);

-- --------------------------------------------------------

--
-- Table structure for table `wp_esp_event_message_template`
--

CREATE TABLE IF NOT EXISTS `wp_esp_event_message_template` (
  `EMT_ID` bigint(20) unsigned NOT NULL AUTO_INCREMENT,
  `EVT_ID` bigint(20) unsigned NOT NULL DEFAULT '0',
  `GRP_ID` int(10) unsigned NOT NULL DEFAULT '0',
  PRIMARY KEY (`EMT_ID`),
  KEY `EVT_ID` (`EVT_ID`),
  KEY `GRP_ID` (`GRP_ID`)
) ENGINE=InnoDB DEFAULT CHARSET=utf8 AUTO_INCREMENT=1 ;

-- --------------------------------------------------------

--
-- Table structure for table `wp_esp_event_meta`
--

CREATE TABLE IF NOT EXISTS `wp_esp_event_meta` (
  `EVTM_ID` int(11) NOT NULL AUTO_INCREMENT,
  `EVT_ID` bigint(20) unsigned NOT NULL,
  `EVT_display_desc` tinyint(1) unsigned NOT NULL DEFAULT '1',
  `EVT_display_ticket_selector` tinyint(1) unsigned NOT NULL DEFAULT '1',
  `EVT_visible_on` datetime NOT NULL DEFAULT '0000-00-00 00:00:00',
  `EVT_default_registration_status` varchar(3) DEFAULT NULL,
  `EVT_phone` varchar(45) DEFAULT NULL,
  `EVT_additional_limit` tinyint(3) unsigned DEFAULT NULL,
  `EVT_member_only` tinyint(1) unsigned NOT NULL DEFAULT '0',
  `EVT_allow_overflow` tinyint(1) unsigned NOT NULL DEFAULT '0',
  `EVT_timezone_string` varchar(45) DEFAULT NULL,
  `EVT_external_URL` varchar(200) DEFAULT NULL,
  `EVT_donations` tinyint(1) DEFAULT NULL,
  PRIMARY KEY (`EVTM_ID`)
) ENGINE=InnoDB  DEFAULT CHARSET=utf8 AUTO_INCREMENT=4 ;

--
-- Dumping data for table `wp_esp_event_meta`
--

INSERT INTO `wp_esp_event_meta` (`EVTM_ID`, `EVT_ID`, `EVT_display_desc`, `EVT_display_ticket_selector`, `EVT_visible_on`, `EVT_default_registration_status`, `EVT_phone`, `EVT_additional_limit`, `EVT_member_only`, `EVT_allow_overflow`, `EVT_timezone_string`, `EVT_external_URL`, `EVT_donations`) VALUES
(1, 3388, 0, 1, '0000-00-00 00:00:00', 'RPP', '021293773', 10, 0, 0, '', '', 0),
(2, 3406, 0, 1, '0000-00-00 00:00:00', 'RPP', '021293773', 10, 0, 0, '', '', 0),
(3, 3411, 0, 1, '0000-00-00 00:00:00', 'RPP', '', 10, 0, 0, '', '', 0);

-- --------------------------------------------------------

--
-- Table structure for table `wp_esp_event_question_group`
--

CREATE TABLE IF NOT EXISTS `wp_esp_event_question_group` (
  `EQG_ID` int(10) unsigned NOT NULL AUTO_INCREMENT,
  `EVT_ID` bigint(20) unsigned NOT NULL,
  `QSG_ID` int(10) unsigned NOT NULL,
  `EQG_primary` tinyint(1) unsigned NOT NULL DEFAULT '0',
  PRIMARY KEY (`EQG_ID`)
) ENGINE=InnoDB  DEFAULT CHARSET=utf8 AUTO_INCREMENT=7 ;

--
-- Dumping data for table `wp_esp_event_question_group`
--

INSERT INTO `wp_esp_event_question_group` (`EQG_ID`, `EVT_ID`, `QSG_ID`, `EQG_primary`) VALUES
(1, 3388, 1, 1),
(2, 3388, 2, 1),
(3, 3406, 1, 1),
(4, 3406, 2, 1),
(5, 3411, 1, 1),
(6, 3411, 2, 1);

-- --------------------------------------------------------

--
-- Table structure for table `wp_esp_event_venue`
--

CREATE TABLE IF NOT EXISTS `wp_esp_event_venue` (
  `EVV_ID` int(11) NOT NULL AUTO_INCREMENT,
  `EVT_ID` bigint(20) unsigned NOT NULL,
  `VNU_ID` bigint(20) unsigned NOT NULL,
  `EVV_primary` tinyint(1) unsigned NOT NULL DEFAULT '0',
  PRIMARY KEY (`EVV_ID`)
) ENGINE=InnoDB DEFAULT CHARSET=utf8 AUTO_INCREMENT=1 ;

-- --------------------------------------------------------

--
-- Table structure for table `wp_esp_extra_meta`
--

CREATE TABLE IF NOT EXISTS `wp_esp_extra_meta` (
  `EXM_ID` int(11) NOT NULL AUTO_INCREMENT,
  `OBJ_ID` int(11) DEFAULT NULL,
  `EXM_type` varchar(45) DEFAULT NULL,
  `EXM_key` varchar(45) DEFAULT NULL,
  `EXM_value` text,
  PRIMARY KEY (`EXM_ID`)
) ENGINE=InnoDB  DEFAULT CHARSET=utf8 AUTO_INCREMENT=12 ;

--
-- Dumping data for table `wp_esp_extra_meta`
--

INSERT INTO `wp_esp_extra_meta` (`EXM_ID`, `OBJ_ID`, `EXM_type`, `EXM_key`, `EXM_value`) VALUES
(1, 6, 'Payment_Method', 'pdf_payee_name', NULL),
(2, 6, 'Payment_Method', 'pdf_payee_email', NULL),
(3, 6, 'Payment_Method', 'pdf_payee_tax_number', NULL),
(4, 6, 'Payment_Method', 'pdf_payee_address', NULL),
(5, 6, 'Payment_Method', 'pdf_instructions', 'Please send this invoice with payment attached to the address above, or use the payment link below. Payment must be received within 48 hours of event date.'),
(6, 6, 'Payment_Method', 'pdf_logo_image', NULL),
(7, 6, 'Payment_Method', 'page_confirmation_text', 'Payment must be received within 48 hours of event date.  Details about where to send payment is included on the invoice.'),
(8, 6, 'Payment_Method', 'page_extra_info', NULL),
(9, 9, 'Payment_Method', 'paypal_id', 'info@asiacentre.co.th'),
(10, 9, 'Payment_Method', 'image_url', 'http://asiacentre.co.th/wp-content/uploads/2016/12/Asia-Centre-Logo-Flat-Color.jpg'),
(11, 9, 'Payment_Method', 'shipping_details', '1');

-- --------------------------------------------------------

--
-- Table structure for table `wp_esp_line_item`
--

CREATE TABLE IF NOT EXISTS `wp_esp_line_item` (
  `LIN_ID` int(11) NOT NULL AUTO_INCREMENT,
  `LIN_code` varchar(245) NOT NULL DEFAULT '',
  `TXN_ID` int(11) DEFAULT NULL,
  `LIN_name` varchar(245) NOT NULL DEFAULT '',
  `LIN_desc` text,
  `LIN_unit_price` decimal(10,3) DEFAULT NULL,
  `LIN_percent` decimal(10,3) DEFAULT NULL,
  `LIN_is_taxable` tinyint(1) DEFAULT '0',
  `LIN_order` int(11) DEFAULT '0',
  `LIN_parent` int(11) DEFAULT '0',
  `LIN_type` varchar(25) NOT NULL,
  `LIN_total` decimal(10,3) DEFAULT NULL,
  `LIN_quantity` int(10) DEFAULT NULL,
  `OBJ_ID` int(11) DEFAULT NULL,
  `OBJ_type` varchar(45) DEFAULT NULL,
  PRIMARY KEY (`LIN_ID`)
) ENGINE=InnoDB  DEFAULT CHARSET=utf8 AUTO_INCREMENT=60 ;

--
-- Dumping data for table `wp_esp_line_item`
--

INSERT INTO `wp_esp_line_item` (`LIN_ID`, `LIN_code`, `TXN_ID`, `LIN_name`, `LIN_desc`, `LIN_unit_price`, `LIN_percent`, `LIN_is_taxable`, `LIN_order`, `LIN_parent`, `LIN_type`, `LIN_total`, `LIN_quantity`, `OBJ_ID`, `OBJ_type`) VALUES
(1, 'total', 1, 'Grand Total', '', 0.000, 0.000, 0, 1, 0, 'total', 0.000, 0, 0, 'Transaction'),
(2, 'tickets', 1, 'Tickets', NULL, 0.000, 0.000, 0, 1, 1, 'sub-total', 0.000, NULL, NULL, NULL),
(3, 'taxes', 1, 'Taxes', NULL, 0.000, 0.000, 0, 1, 1, 'tax-sub-total', 0.000, NULL, NULL, NULL),
(4, 'total', 2, 'Grand Total', '', 0.000, 0.000, 0, 1, 0, 'total', 0.000, 0, 0, 'Transaction'),
(5, 'tickets', 2, 'Tickets', '', 0.000, 0.000, 0, 1, 4, 'sub-total', 0.000, 0, 0, NULL),
(6, 'taxes', 2, 'Taxes', NULL, 0.000, 0.000, 0, 1, 4, 'tax-sub-total', 0.000, NULL, NULL, NULL),
(7, 'total', 3, 'Grand Total', '', 0.000, 0.000, 0, 1, 0, 'total', 0.000, 0, 0, 'Transaction'),
(8, 'tickets', 3, 'Tickets', '', 0.000, 0.000, 0, 1, 7, 'sub-total', 0.000, 0, 0, NULL),
(9, 'taxes', 3, 'Taxes', NULL, 0.000, 0.000, 0, 1, 7, 'tax-sub-total', 0.000, NULL, NULL, NULL),
(10, 'total', 4, 'Grand Total', '', 0.000, 0.000, 0, 1, 0, 'total', 0.000, 0, 0, 'Transaction'),
(11, 'tickets', 4, 'Tickets', NULL, 0.000, 0.000, 0, 1, 10, 'sub-total', 0.000, NULL, NULL, NULL),
(12, 'taxes', 4, 'Taxes', NULL, 0.000, 0.000, 0, 1, 10, 'tax-sub-total', 0.000, NULL, NULL, NULL),
(13, 'total', 5, 'Grand Total', '', 0.000, 0.000, 0, 1, 0, 'total', 0.000, 0, 0, 'Transaction'),
(14, 'tickets', 5, 'Tickets', NULL, 0.000, 0.000, 0, 1, 13, 'sub-total', 0.000, NULL, NULL, NULL),
(15, 'taxes', 5, 'Taxes', NULL, 0.000, 0.000, 0, 1, 13, 'tax-sub-total', 0.000, NULL, NULL, NULL),
(16, 'total', 6, 'Grand Total', '', 0.000, 0.000, 0, 1, 0, 'total', 0.000, 0, 0, 'Transaction'),
(17, 'tickets', 6, 'Tickets', '', 0.000, 0.000, 0, 1, 16, 'sub-total', 0.000, 0, 0, NULL),
(18, '82d3dc06b5786189f140704f26899bbb', 6, 'Free Ticket', ' (For Benedict Anderson  1st Anniversary Memorial Roundtable (test))', 0.000, 0.000, 0, 0, 17, 'line-item', 0.000, 1, 2, 'Ticket'),
(19, 'd5dfb1e85ffa0b9e8dd5d85da6c7e01c', 6, '', '', 0.000, 0.000, 0, 1, 18, 'sub-item', 0.000, 1, 2, 'Price'),
(20, 'taxes', 6, 'Taxes', '', 0.000, 0.000, 0, 1, 16, 'tax-sub-total', 0.000, 0, 0, NULL),
(21, 'total', 7, 'Grand Total', '', 0.000, 0.000, 0, 1, 0, 'total', 0.000, 0, 0, 'Transaction'),
(22, 'tickets', 7, 'Tickets', '', 0.000, 0.000, 0, 1, 21, 'sub-total', 0.000, 0, 0, NULL),
(23, 'taxes', 7, 'Taxes', NULL, 0.000, 0.000, 0, 1, 21, 'tax-sub-total', 0.000, NULL, NULL, NULL),
(24, 'total', 8, 'Grand Total', '', 0.000, 0.000, 0, 1, 0, 'total', 0.000, 0, 0, 'Transaction'),
(25, 'tickets', 8, 'Tickets', NULL, 0.000, 0.000, 0, 1, 24, 'sub-total', 0.000, NULL, NULL, NULL),
(26, 'taxes', 8, 'Taxes', NULL, 0.000, 0.000, 0, 1, 24, 'tax-sub-total', 0.000, NULL, NULL, NULL),
(27, 'total', 9, 'Grand Total', '', 0.000, 0.000, 0, 1, 0, 'total', 0.000, 0, 0, 'Transaction'),
(28, 'tickets', 9, 'Tickets', NULL, 0.000, 0.000, 0, 1, 27, 'sub-total', 0.000, NULL, NULL, NULL),
(29, 'taxes', 9, 'Taxes', NULL, 0.000, 0.000, 0, 1, 27, 'tax-sub-total', 0.000, NULL, NULL, NULL),
(30, 'total', 10, 'Grand Total', '', 0.000, 0.000, 0, 1, 0, 'total', 0.000, 0, 0, 'Transaction'),
(31, 'tickets', 10, 'Tickets', NULL, 0.000, 0.000, 0, 1, 30, 'sub-total', 0.000, NULL, NULL, NULL),
(32, 'taxes', 10, 'Taxes', NULL, 0.000, 0.000, 0, 1, 30, 'tax-sub-total', 0.000, NULL, NULL, NULL),
(33, 'total', 11, 'Grand Total', '', 0.000, 0.000, 0, 1, 0, 'total', 0.000, 0, 0, 'Transaction'),
(34, 'tickets', 11, 'Tickets', '', 0.000, 0.000, 0, 1, 33, 'sub-total', 0.000, 0, 0, NULL),
(35, 'taxes', 11, 'Taxes', NULL, 0.000, 0.000, 0, 1, 33, 'tax-sub-total', 0.000, NULL, NULL, NULL),
(36, 'total', 12, 'Grand Total', '', 0.000, 0.000, 0, 1, 0, 'total', 0.000, 0, 0, 'Transaction'),
(37, 'tickets', 12, 'Tickets', '', 0.000, 0.000, 0, 1, 36, 'sub-total', 0.000, 0, 0, NULL),
(38, 'taxes', 12, 'Taxes', NULL, 0.000, 0.000, 0, 1, 36, 'tax-sub-total', 0.000, NULL, NULL, NULL),
(39, 'total', 13, 'Grand Total', '', 0.000, 0.000, 0, 1, 0, 'total', 0.000, 0, 0, 'Transaction'),
(40, 'tickets', 13, 'Tickets', '', 0.000, 0.000, 0, 1, 39, 'sub-total', 0.000, 0, 0, NULL),
(41, 'taxes', 13, 'Taxes', NULL, 0.000, 0.000, 0, 1, 39, 'tax-sub-total', 0.000, NULL, NULL, NULL),
(42, 'total', 14, 'Grand Total', '', 0.000, 0.000, 0, 1, 0, 'total', 0.000, 0, 0, 'Transaction'),
(43, 'tickets', 14, 'Tickets', NULL, 0.000, 0.000, 0, 1, 42, 'sub-total', 0.000, NULL, NULL, NULL),
(44, 'taxes', 14, 'Taxes', NULL, 0.000, 0.000, 0, 1, 42, 'tax-sub-total', 0.000, NULL, NULL, NULL),
(45, 'total', 15, 'Grand Total', '', 0.000, 0.000, 0, 1, 0, 'total', 0.000, 0, 0, 'Transaction'),
(46, 'tickets', 15, 'Tickets', '', 0.000, 0.000, 0, 1, 45, 'sub-total', 0.000, 0, 0, NULL),
(47, 'taxes', 15, 'Taxes', NULL, 0.000, 0.000, 0, 1, 45, 'tax-sub-total', 0.000, NULL, NULL, NULL),
(48, 'total', 16, 'Grand Total', '', 0.000, 0.000, 0, 1, 0, 'total', 0.000, 0, 0, 'Transaction'),
(49, 'tickets', 16, 'Tickets', '', 0.000, 0.000, 0, 1, 48, 'sub-total', 0.000, 0, 0, NULL),
(50, 'taxes', 16, 'Taxes', NULL, 0.000, 0.000, 0, 1, 48, 'tax-sub-total', 0.000, NULL, NULL, NULL),
(51, 'total', 17, 'Grand Total', '', 0.000, 0.000, 0, 1, 0, 'total', 0.000, 0, 0, 'Transaction'),
(52, 'tickets', 17, 'Tickets', NULL, 0.000, 0.000, 0, 1, 51, 'sub-total', 0.000, NULL, NULL, NULL),
(53, 'taxes', 17, 'Taxes', NULL, 0.000, 0.000, 0, 1, 51, 'tax-sub-total', 0.000, NULL, NULL, NULL),
(54, 'total', 18, 'Grand Total', '', 0.000, 0.000, 0, 1, 0, 'total', 0.000, 0, 0, 'Transaction'),
(55, 'tickets', 18, 'Tickets', NULL, 0.000, 0.000, 0, 1, 54, 'sub-total', 0.000, NULL, NULL, NULL),
(56, 'taxes', 18, 'Taxes', NULL, 0.000, 0.000, 0, 1, 54, 'tax-sub-total', 0.000, NULL, NULL, NULL),
(57, 'total', 19, 'Grand Total', '', 0.000, 0.000, 0, 1, 0, 'total', 0.000, 0, 0, 'Transaction'),
(58, 'tickets', 19, 'Tickets', NULL, 0.000, 0.000, 0, 1, 57, 'sub-total', 0.000, NULL, NULL, NULL),
(59, 'taxes', 19, 'Taxes', NULL, 0.000, 0.000, 0, 1, 57, 'tax-sub-total', 0.000, NULL, NULL, NULL);

-- --------------------------------------------------------

--
-- Table structure for table `wp_esp_log`
--

CREATE TABLE IF NOT EXISTS `wp_esp_log` (
  `LOG_ID` int(11) NOT NULL AUTO_INCREMENT,
  `LOG_time` datetime DEFAULT NULL,
  `OBJ_ID` varchar(45) DEFAULT NULL,
  `OBJ_type` varchar(45) DEFAULT NULL,
  `LOG_type` varchar(45) DEFAULT NULL,
  `LOG_message` text,
  `LOG_wp_user` int(11) DEFAULT NULL,
  PRIMARY KEY (`LOG_ID`)
) ENGINE=InnoDB DEFAULT CHARSET=utf8 AUTO_INCREMENT=1 ;

-- --------------------------------------------------------

--
-- Table structure for table `wp_esp_message_template`
--

CREATE TABLE IF NOT EXISTS `wp_esp_message_template` (
  `MTP_ID` int(10) unsigned NOT NULL AUTO_INCREMENT,
  `GRP_ID` int(10) unsigned NOT NULL,
  `MTP_context` varchar(50) NOT NULL,
  `MTP_template_field` varchar(30) NOT NULL,
  `MTP_content` text NOT NULL,
  PRIMARY KEY (`MTP_ID`),
  KEY `GRP_ID` (`GRP_ID`)
) ENGINE=InnoDB  DEFAULT CHARSET=utf8 AUTO_INCREMENT=49 ;

--
-- Dumping data for table `wp_esp_message_template`
--

INSERT INTO `wp_esp_message_template` (`MTP_ID`, `GRP_ID`, `MTP_context`, `MTP_template_field`, `MTP_content`) VALUES
(1, 1, 'purchaser', 'subject', '[COMPANY] Receipt for Transaction: [TXN_ID]'),
(2, 1, 'purchaser', 'content', 'a:11:{s:4:"main";s:3937:"<div class="print_button_div noPrint">\n	[INVOICE_RECEIPT_SWITCHER_BUTTON] [DISPLAY_PDF_BUTTON]\n	<div class="clear"></div>\n</div>\n<div id="invoice">\n	<table id="invoice-header" class="not-really-a-table">\n		<tr>\n			<td id="logo-dv">\n				[INVOICE_LOGO]\n				<div class="vcard" id="company-address">\n					<div class="fn org"><strong>[INVOICE_PAYEE_NAME]</strong></div>\n					<div class="adr">\n						[INVOICE_PAYEE_ADDRESS]\n					</div>\n					<div class="email">[INVOICE_PAYEE_EMAIL]</div>\n					<div class="vat">[INVOICE_PAYEE_TAX_NUMBER_*]</div>\n				</div>\n			</td>\n			<td>\n				<div id="invoice-info">\n					<h2 id="invoice-hdr">Order Confirmation</h2>\n\n					<h3 id="invoice-date">Date:						<span class="plain-text">[PRIMARY_REGISTRANT_REGISTRATION_DATE]</span></h3>\n\n					<h3 id="invoice-txn-id">Transaction ID:						<span class="plain-text">[TXN_ID]</span></h3>\n\n					<h3 id="invoice-txn-status">Status:						<span class="[TXN_STATUS_ID] plain-text">[TXN_STATUS]</span></h3>\n				</div>\n			</td>\n		</tr>\n	</table>\n	<div class="events">\n		[EVENT_LIST]\n	</div>\n	<div class="taxes">\n		<h3 class="section-title">Additional Charges/Discounts</h3>\n		<table class="invoice-amount">\n			<thead>\n				<tr class="header_row">\n					<th class="left ticket_th">Name</th>\n					<th class="left">Description</th>\n					<th class="event_th item_c">Quantity</th>\n					<th class="event_th item_c">Unit Price</th>\n					<th class="subtotal_th">Total</th>\n				</tr>\n			</thead>\n			<tbody>\n				<tr>\n					<td colspan="5">[ADDITIONAL_LINE_ITEM_LIST]</td>\n				</tr>\n			</tbody>\n		</table>\n	</div>\n	<div class="taxes">\n		<h3 class="section-title">Taxes</h3>\n		<p><strong>*</strong> Taxable items. The total amount collected for taxes is reflected in the total(s) below.</p>\n		<table class="invoice-amount">\n			<thead>\n				<tr class="header_row">\n					<th class="left ticket_th">Tax Name</th>\n					<th class="left">Description</th>\n					<th class="event_th item_c">Rate</th>\n					<th class="subtotal_th">Tax Amount</th>\n				</tr>\n			</thead>\n			<tbody>\n				<tr>\n					<td colspan="4">[TAX_LINE_ITEM_LIST]</td>\n				</tr>\n			</tbody>\n		</table>\n	</div>\n	<div class="grand-total-dv">\n		<h2 class="grand-total">Grand Total: [TOTAL_COST]</h2>\n	</div>\n	<div class="payment-dv">\n		<h3 class="section-title">Payments</h3>\n		<table class="invoice-amount">\n			<thead>\n				<tr class="header_row">\n					<th><span class="">Payment Method</span></th>\n					<th class=''left datetime_th''>Date</th>\n					<th><span class="">Transaction Id / Cheque #</span></th>\n					<th><span class="">P.O. / S.O.#</span></th>\n					<th><span class="">Status</span></th>\n					<th>Amount</th>\n				</tr>\n			</thead>\n			<tbody>\n				<tr>\n					<td colspan="6">[PAYMENT_LIST_*]</td>\n				</tr>\n				<tr class="item">\n					<td class=''aln-cntr'' colspan="6">[OWING_STATUS_MESSAGE_*]</td>\n				</tr>\n			</tbody>\n			<tfoot>\n				<tr class=''total_tr''>\n					<td colspan="4"> </td>\n					<td class="item_r">Total Paid</td>\n					<td class="item_r">[TOTAL_AMOUNT_PAID]</td>\n				</tr>\n				<tr class="total_tr odd">\n					<td colspan="4"> </td>\n					<td class="total" id="total_currency">Amount Owed:</td>\n					<td class="total">[TOTAL_OWING]</td>\n				</tr>\n			</tfoot>\n		</table>\n	</div>\n	<div class="additional-info-dv">\n		<h3 class="section-title">Additional Information:</h3>\n		<div class="additional-info">\n			<h2>Venue Details:</h2>\n			<table class="venue-list">\n				<tr class="venue-details">\n					<td class="venue-details-part venue-address-dv">\n						<h3><a href="[VENUE_URL]">[VENUE_TITLE]</a></h3>\n\n						<p>[VENUE_DESCRIPTION]</p>\n						[VENUE_FORMATTED_ADDRESS]\n					</td>\n					<td class="venue-details-part venue-image-dv">[GOOGLE_MAP_IMAGE]</td>\n				</tr>\n			</table>\n			<div class=''aln-cntr''>Powered by <a href=''http://eventespresso.com''>Event Espresso </a></div>\n		</div>\n	</div>\n</div>\n<div class="print_button_div noPrint">\n	[INVOICE_RECEIPT_SWITCHER_BUTTON] [DISPLAY_PDF_BUTTON]\n	<div class="clear"></div>\n</div>\n";s:10:"event_list";s:426:"<h3 class="section-title event-name">\n	<img class="icon" src="http://asiacentre.co.th/wp-content/plugins/event-espresso-decaf/core/templates/global_assets/images/calendar_year-24x24.png">Event Name:	<span class="plain-text">[EVENT_NAME]</span>\n	<span class="small-text link">( <a href="[EVENT_URL]">view</a> )</span>\n</h3>\n<p class="event-description">\n	[EVENT_EXCERPT]\n</p>\n<ul class="tickets-per-event">\n	[TICKET_LIST]\n</ul>";s:11:"ticket_list";s:1751:"<li class="event-ticket">\n	<div class="ticket-details">\n		<table class="invoice-amount">\n			<thead>\n				<tr class="header_row">\n					<th class="name-column">Ticket</th>\n					<th colspan="2" class="desc-column">Description</th>\n					<th class="number-column item_c">Quantity</th>\n					<th class="number-column item_c">Price</th>\n					<th class="number-column item_r">Total</th>\n				</tr>\n			</thead>\n			<tbody>[TICKET_LINE_ITEM_LIST]</tbody>\n		</table>\n	</div>\n	<div class="reg-details-for-ticket">\n		<div class="ticket-time-and-place-details">\n			<div class="ticket-time-details">\n				<h4 class="sub-section-title no-bottom-margin">\n					<img class="icon" src="http://asiacentre.co.th/wp-content/plugins/event-espresso-decaf/core/templates/global_assets/images/clock-16x16.png">Date/Time:				</h4>\n				<ul class="event-dates">[DATETIME_LIST]</ul>\n			</div>\n			<div class="ticket-place-details">\n				<h4 class="sub-section-title no-bottom-margin">\n					<img class="icon" src="http://asiacentre.co.th/wp-content/plugins/event-espresso-decaf/core/templates/global_assets/images/location-pin-16x16.png">Venue				</h4>\n				<ul class="event-venues">\n					<li>[VENUE_TITLE]\n						<span class="small-text">( <a href="[VENUE_URL]">view</a> )</span>\n					</li>\n				</ul>\n			</div>\n		</div>\n		<div class="ticket-registrations-area">\n			<h4 class="sub-section-title">\n				<img class="icon" src="http://asiacentre.co.th/wp-content/plugins/event-espresso-decaf/core/templates/global_assets/images/users-16x16.png">Registration Details				<span class="small-text link">( <a class="print_button noPrint" href="[PRIMARY_REGISTRANT_FRONTEND_EDIT_REG_LINK]">edit</a> )</span>\n			</h4>\n			<ul class="ticket-registrations-list">[ATTENDEE_LIST]</ul>\n		</div>\n	</div>\n</li>\n";s:23:"ticket_line_item_no_pms";s:363:"<tr class="item">\n	<td>[LINE_ITEM_NAME][LINE_ITEM_TAXABLE_*]</td>\n	<td colspan="2">[LINE_ITEM_DESCRIPTION]\n		<p class="ticket-note">This ticket can be used once at [TKT_USES_* schema=any] of the dates/times below.</p>\n	</td>\n	<td class="item_c">[LINE_ITEM_QUANTITY]</td>\n	<td class="item_c">[LINE_ITEM_AMOUNT]</td>\n	<td class="item_r">[LINE_ITEM_TOTAL]</td>\n</tr>";s:20:"ticket_line_item_pms";s:548:"<tr class="item">\n	<td>[LINE_ITEM_NAME][LINE_ITEM_TAXABLE_*]</td>\n	<td colspan="2">[LINE_ITEM_DESCRIPTION]\n		<p class="ticket-note">This ticket can be used once at [TKT_USES_* schema=any] of the dates/times below.</p>\n	</td>\n	<td class="item_c">[LINE_ITEM_QUANTITY]</td>\n	<td class="item_c">[LINE_ITEM_AMOUNT]</td>\n	<td class="item_r">[LINE_ITEM_TOTAL]</td>\n</tr>\n[PRICE_MODIFIER_LINE_ITEM_LIST]\n<tr class="total_tr odd">\n	<td colspan="4"></td>\n	<td class="total" nowrap="nowrap">Ticket Total:</td>\n	<td class="item_r">[LINE_ITEM_TOTAL]</td>\n</tr>\n";s:29:"price_modifier_line_item_list";s:232:"<tr class="subitem-row">\n	<td class="subitem">[LINE_ITEM_NAME]</td>\n	<td colspan="2">[LINE_ITEM_DESCRIPTION]</td>\n	<td class="item_c"></td>\n	<td class="item_c">[LINE_ITEM_AMOUNT]</td>\n	<td class="item_r">[LINE_ITEM_TOTAL]</td>\n</tr>";s:13:"datetime_list";s:139:"<li>\n	[DTT_NAME] <br />\n	[DATETIME_START] - [DATETIME_END] ([DATETIME_TIMEZONE]) <br />\n	<p class="ticket-note">[DTT_DESCRIPTION]</p>\n</li>";s:13:"attendee_list";s:335:"<li class="ticket-registration">\n	<table class="registration-details">\n		<tr class="odd">\n			<th>Attendee</th>\n			<td>[FNAME] [LNAME] ([ATTENDEE_EMAIL])</td>\n		</tr>\n		<tr>\n			<th>Registration Code:</th>\n			<td>[REGISTRATION_CODE] - <span class="[REGISTRATION_STATUS_ID]">[REGISTRATION_STATUS_LABEL]</span></td>\n		</tr>\n	</table>\n</li>";s:18:"tax_line_item_list";s:194:"	</td>\n</tr>\n<tr>\n	<td>[LINE_ITEM_NAME]</td>\n	<td>[LINE_ITEM_DESCRIPTION]</td>\n	<td class="item_c">[LINE_ITEM_AMOUNT]</td>\n	<td class="item_r">[LINE_ITEM_TOTAL]</td>\n</tr>\n<tr>\n	<td colspan="4">";s:25:"additional_line_item_list";s:274:"	</td>\n</tr>\n<tr class="item">\n	<td>[LINE_ITEM_NAME][LINE_ITEM_TAXABLE_*]</td>\n	<td>[LINE_ITEM_DESCRIPTION]</td>\n	<td class="item_c">[LINE_ITEM_QUANTITY]</td>\n	<td class="item_c">[LINE_ITEM_AMOUNT]</td>\n	<td class="item_r">[LINE_ITEM_TOTAL]</td>\n</tr>\n<tr>\n	<td colspan="5">";s:12:"payment_list";s:250:"	</td></tr>\n<tr class=''item''>\n	<td>[PAYMENT_GATEWAY]</td>\n	<td>[PAYMENT_TIMESTAMP]</td>\n	<td>[PAYMENT_GATEWAY_TXN_ID]</td>\n	<td>[PAYMENT_PO_NUMBER]</td>\n	<td>[PAYMENT_STATUS]</td>\n	<td class=''item_r''>[PAYMENT_AMOUNT]</td>\n</tr>\n<tr>\n	<td colspan="6">";}'),
(3, 2, 'purchaser', 'subject', '[COMPANY] Invoice for Transaction: [TXN_ID]'),
(4, 2, 'purchaser', 'content', 'a:11:{s:4:"main";s:3251:"<div class="print_button_div noPrint">\n	[INVOICE_RECEIPT_SWITCHER_BUTTON] [DISPLAY_PDF_BUTTON]\n	<div class="clear"></div>\n</div>\n<div id="invoice">\n	<table id="invoice-header" class="not-really-a-table">\n		<tr>\n			<td id="logo-dv">\n				[INVOICE_LOGO]\n				<div class="vcard" id="company-address">\n					<div class="fn org"><strong>[INVOICE_PAYEE_NAME]</strong></div>\n					<div class="adr">\n						[INVOICE_PAYEE_ADDRESS]\n					</div>\n					<div class="email">[INVOICE_PAYEE_EMAIL]</div>\n					<div class="vat">[INVOICE_PAYEE_TAX_NUMBER_*]</div>\n				</div>\n			</td>\n			<td>\n				<div id="invoice-info">\n					<h2 id="invoice-hdr">Invoice</h2>\n					<h3>\n						Date: <span>[PRIMARY_REGISTRANT_REGISTRATION_DATE]</span>\n					</h3>\n					<h3>Registration Code:						<span>[PRIMARY_REGISTRANT_REGISTRATION_CODE]</span></h3>\n\n					<h3>Transaction ID: <span>[TXN_ID]</span></h3>\n				</div>\n			</td>\n		</tr>\n		<tr>\n			<td id="instructions" colspan="2">\n				<p>[INVOICE_PAYMENT_INSTRUCTIONS]</p>\n			</td>\n		</tr>\n	</table>\n\n	<h2>Bill To:</h2>\n	<div class="vcard" id="client-details">\n		<div class="fn">[PRIMARY_REGISTRANT_FNAME] [PRIMARY_REGISTRANT_LNAME]</div>\n		<div class="adr">\n			<div class="street-address">\n				[PRIMARY_REGISTRANT_ADDRESS] <br>\n				[PRIMARY_REGISTRANT_ADDRESS2]\n			</div>\n			<div class="locality">[PRIMARY_REGISTRANT_CITY], [PRIMARY_REGISTRANT_ADDRESS_STATE]</div>\n			<div id="client-postcode">[PRIMARY_REGISTRANT_COUNTRY]</div>\n		</div>\n	</div>\n\n	<h2>Purchases</h2>\n	<table class="invoice-amount">\n		<thead>\n			<tr class="header_row">\n				<th class="left ticket_th">Item</th>\n				<th class="left event_th">Description</th>\n				<th class="quantity_th">Qty</th>\n				<th class="left event_th">Price</th>\n				<th class="subtotal_th item_r">Total</th>\n			</tr>\n		</thead>\n		<tbody>\n			<tr>\n				<td colspan="5">[TICKET_LIST]</td>\n			</tr>\n			<tr class="total_tr odd">\n				<td colspan="2"> </td>\n				<td colspan="2" class="total" id="total_currency">Sub-Total</td>\n				<td class="total">[TXN_SUBTOTAL]</td>\n			</tr>\n			<tr>\n				<td colspan="5">[ADDITIONAL_LINE_ITEM_LIST][TAX_LINE_ITEM_LIST]</td>\n			</tr>\n\n			<tr class="total_tr odd">\n				<td colspan="2"> </td>\n				<td colspan="2" class="total" id="total_currency">Total</td>\n				<td class="total">[TOTAL_COST]</td>\n			</tr>\n		</tbody>\n	</table>\n\n	<p>* taxable items</p>\n\n	<h2>Payments</h2>\n	<table class="invoice-amount">\n		<thead>\n			<tr class="header_row">\n				<th><span class="">Payment Method</span></th>\n				<th class=''left datetime_th''>Date</th>\n				<th><span class="">Transaction Id / Cheque #</span></th>\n				<th><span class="">P.O. / S.O.#</span></th>\n				<th><span class="">Status</span></th>\n				<th>Amount</th>\n			</tr>\n		</thead>\n		<tbody>\n			<tr>\n				<td colspan="6">[PAYMENT_LIST_*]</td>\n			</tr>\n		</tbody>\n		<tfoot>\n			<tr class=''total_tr''>\n				<td colspan="4"></td>\n				<td class="item_r">Total Paid</td>\n				<td class="item_r">[TOTAL_AMOUNT_PAID]</td>\n			</tr>\n			<tr class="total_tr">\n				<td colspan="4"></td>\n				<td class="total" id="total_currency">Amount Owed</td>\n				<td class="total">[TOTAL_OWING]</td>\n			</tr>\n		</tfoot>\n	</table>\n</div>\n<div class="print_button_div noPrint">\n	[INVOICE_RECEIPT_SWITCHER_BUTTON] [DISPLAY_PDF_BUTTON]\n	<div class="clear"></div>\n</div>\n";s:10:"event_list";s:0:"";s:11:"ticket_list";s:59:"	</td>\n</tr>\n[TICKET_LINE_ITEM_LIST]\n<tr>\n	<td colspan="5">";s:23:"ticket_line_item_no_pms";s:271:"<tr class="item">\n	<td class="item_I">[LINE_ITEM_NAME][LINE_ITEM_TAXABLE_*]</td>\n	<td class="item_I">[LINE_ITEM_DESCRIPTION]\n	</td>\n	<td class="item_I">[LINE_ITEM_QUANTITY]</td>\n	<td class="item_c">[LINE_ITEM_AMOUNT]</td>\n	<td class="item_r">[LINE_ITEM_TOTAL]</td>\n</tr>\n";s:20:"ticket_line_item_pms";s:306:"<tr class="item">\n	<td class="item_I">[LINE_ITEM_NAME][LINE_ITEM_TAXABLE_*]</td>\n	<td class="item_I">\n		[LINE_ITEM_DESCRIPTION]\n	</td>\n	<td class="item_I">[LINE_ITEM_QUANTITY]</td>\n	<td class="item_c">[LINE_ITEM_AMOUNT]</td>\n	<td class="item_r">[LINE_ITEM_TOTAL]</td>\n</tr>\n[PRICE_MODIFIER_LINE_ITEM_LIST]\n";s:29:"price_modifier_line_item_list";s:263:"<tr class="subitem-row">\n	<td class="item_I subitem">[LINE_ITEM_NAME]</td>\n	<td class="item_I">[LINE_ITEM_DESCRIPTION]</td>\n	<td class="item_r">[LINE_ITEM_QUANTITY]</td>\n	<td class="item_r">[LINE_ITEM_AMOUNT]</td>\n	<td class="item_r">[LINE_ITEM_TOTAL]</td>\n</tr>\n";s:13:"datetime_list";s:0:"";s:13:"attendee_list";s:0:"";s:18:"tax_line_item_list";s:282:"	</td></tr>\n<tr class="item sub-item tax-total">\n	<td class="item_I">[LINE_ITEM_NAME]</td>\n	<td class="item_I">[LINE_ITEM_DESCRIPTION]</td>\n	<td class="item_I"></td>\n	<td class="item_r">[LINE_ITEM_AMOUNT]</td>\n	<td class="item_r">[LINE_ITEM_TOTAL]</td>\n</tr>\n<tr>\n	<td colspan="5">\n";s:25:"additional_line_item_list";s:305:"	</td>\n</tr>\n<tr class="item">\n	<td class="item_I">[LINE_ITEM_NAME][LINE_ITEM_TAXABLE_*]</td>\n	<td class="item_I">[LINE_ITEM_DESCRIPTION]</td>\n	<td class="item_I">[LINE_ITEM_QUANTITY]</td>\n	<td class="item_c">[LINE_ITEM_AMOUNT]</td>\n	<td class="item_r">[LINE_ITEM_TOTAL]</td>\n</tr>\n<tr>\n	<td colspan="5">\n";s:12:"payment_list";s:251:"	</td></tr>\n<tr class=''item''>\n	<td>[PAYMENT_GATEWAY]</td>\n	<td>[PAYMENT_TIMESTAMP]</td>\n	<td>[PAYMENT_GATEWAY_TXN_ID]</td>\n	<td>[PAYMENT_PO_NUMBER]</td>\n	<td>[PAYMENT_STATUS]</td>\n	<td class=''item_r''>[PAYMENT_AMOUNT]</td>\n</tr>\n<tr>\n	<td colspan="6">\n";}'),
(5, 3, 'admin', 'to', ''),
(6, 3, 'admin', 'from', '[CO_FORMATTED_EMAIL]\n'),
(7, 3, 'admin', 'subject', 'Event Payment Details'),
(8, 3, 'admin', 'content', 'a:5:{s:4:"main";s:1705:"<table class="head-wrap" bgcolor="#999999">\n	<tbody>\n		<tr>\n			<td></td>\n			<td class="header container">\n				<div class="content">\n					<table bgcolor="#999999">\n						<tbody>\n							<tr>\n								<td>[CO_LOGO]</td>\n								<td align="right">\n									<h6 class="collapse">[COMPANY]</h6>\n								</td>\n							</tr>\n						</tbody>\n					</table>\n				</div>\n			</td>\n			<td></td>\n		</tr>\n	</tbody>\n</table>\n\n<table class="body-wrap">\n	<tbody>\n		<tr>\n			<td></td>\n			<td class="container" bgcolor="#FFFFFF">\n				<div class="content">\n					<table>\n						<tbody>\n							<tr>\n								<td>\n									<h1>Payment Notification</h1>\n									The following message was sent to the Primary Registrant of this transaction:									<h3>Payment Details:</h3>\n									<ul>\n										<li>\n											<strong>Payment Status:</strong> [PAYMENT_STATUS]\n										</li>\n										<li><strong>Transaction ID:</strong>\n											<a href="[TRANSACTION_ADMIN_URL]">[TXN_ID]</a></li>\n										<li>\n											<strong>Payment Gateway:</strong> [PAYMENT_GATEWAY]\n										</li>\n										<li>\n											<strong>Total Cost:</strong> [TOTAL_COST]\n										</li>\n										<li>\n											<strong>Payment Amount:</strong> [AMOUNT_PAID]\n										</li>\n										<li>\n											<strong>Amount Due:</strong> [TOTAL_OWING]\n										</li>\n									</ul>\n								</td>\n							</tr>\n						</tbody>\n					</table>\n				</div>\n				<div class="content">\n					<h2>Registrant Details:</h2>\n					<p class="callout">\n						<strong>[PRIMARY_REGISTRANT_FNAME] [PRIMARY_REGISTRANT_LNAME]:</strong>\n						<a href="mailto:[PRIMARY_REGISTRANT_EMAIL]">[PRIMARY_REGISTRANT_EMAIL]</a>\n					</p>\n				</div>\n			</td>\n			<td></td>\n		</tr>\n	</tbody>\n</table>";s:10:"event_list";s:0:"";s:13:"attendee_list";s:0:"";s:11:"ticket_list";s:0:"";s:13:"datetime_list";s:0:"";}'),
(9, 3, 'primary_attendee', 'to', '[PRIMARY_REGISTRANT_EMAIL]\n'),
(10, 3, 'primary_attendee', 'from', '[CO_FORMATTED_EMAIL]\n'),
(11, 3, 'primary_attendee', 'subject', 'Event Payment Details'),
(12, 3, 'primary_attendee', 'content', 'a:5:{s:4:"main";s:2440:"<table class="head-wrap" bgcolor="#999999">\n	<tbody>\n		<tr>\n			<td></td>\n			<td class="header container">\n				<div class="content">\n					<table bgcolor="#999999">\n						<tbody>\n							<tr>\n								<td>[CO_LOGO]</td>\n								<td align="right">\n									<h6 class="collapse">[COMPANY]</h6>\n								</td>\n							</tr>\n						</tbody>\n					</table>\n				</div>\n			</td>\n			<td></td>\n		</tr>\n	</tbody>\n</table>\n\n<table class="body-wrap">\n	<tbody>\n		<tr>\n			<td></td>\n			<td class="container" bgcolor="#FFFFFF">\n				<div class="content">\n					<table>\n						<tbody>\n							<tr>\n								<td>\n									<h2>Hello, [PRIMARY_REGISTRANT_FNAME] [PRIMARY_REGISTRANT_LNAME]:</h2>\n									<p class="lead">We''re just notifying you of a successful payment made for the following transaction and tickets:</p>\n									<h3>Payment Details:</h3>\n									<ul>\n										<li>\n											<strong>Payment Status:</strong> [PAYMENT_STATUS]\n										</li>\n										<li>\n											<strong>Transaction ID:</strong> [TXN_ID]\n										</li>\n										<li>\n											<strong>Total Cost:</strong> [TOTAL_COST]\n										</li>\n										<li>\n											<strong>Payment Amount:</strong> [AMOUNT_PAID]\n										</li>\n										<li>\n											<strong>Amount Due:</strong> [TOTAL_OWING]\n										</li>\n									</ul>\n									[EVENT_LIST]\n								</td>\n							</tr>\n						</tbody>\n					</table>\n				</div>\n			</td>\n			<td></td>\n		</tr>\n	</tbody>\n</table>\n\n<table class="footer-wrap">\n	<tbody>\n		<tr>\n			<td class="container">\n				<table class="social" width="100%">\n					<tbody>\n						<tr>\n							<td>\n								<table class="column" align="left">\n									<tbody>\n										<tr>\n											<td>\n												<h3>Connect with Us:</h3>\n												<a class="soc-btn fb" href="[CO_FACEBOOK_URL]">Facebook</a>\n												<a class="soc-btn tw" href="[CO_TWITTER_URL]">Twitter</a>\n												<a class="soc-btn gp" href="[CO_GOOGLE_URL]">Google+</a>\n											</td>\n										</tr>\n									</tbody>\n								</table>\n\n								<table class="column" align="left">\n									<tbody>\n										<tr>\n											<td>\n												<h3>Contact Info:</h3>\n												Phone: <strong>[CO_PHONE]</strong>\n												Email:												<strong><a href="mailto:[CO_EMAIL]" target="_blank">[CO_EMAIL]</a></strong>\n											</td>\n										</tr>\n									</tbody>\n								</table>\n								 \n							</td>\n						</tr>\n					</tbody>\n				</table>\n			</td>\n			<td></td>\n		</tr>\n	</tbody>\n</table>";s:10:"event_list";s:107:"<p class="callout">\n	<strong>Event: [EVENT_LINK]</strong>\n</p>\n<div class="content">\n	[TICKET_LIST]\n</div>\n";s:13:"attendee_list";s:0:"";s:11:"ticket_list";s:244:"<ul>\n	<li class="ticket-name">\n		<strong>Ticket Name:</strong> [TICKET_NAME]<br><em>[TICKET_DESCRIPTION]</em>\n	</li>\n	<li><strong>Price:</strong> [TICKET_PRICE]</li>\n	<li><strong>Quantity Purchased:</strong> [TKT_QTY_PURCHASED]</li>\n</ul>\n<hr/>";s:13:"datetime_list";s:0:"";}'),
(13, 4, 'admin', 'to', ''),
(14, 4, 'admin', 'from', '[CO_FORMATTED_EMAIL]\n'),
(15, 4, 'admin', 'subject', 'Event Refund Details'),
(16, 4, 'admin', 'content', 'a:5:{s:4:"main";s:1604:"<table class="head-wrap" bgcolor="#999999">\n	<tbody>\n		<tr>\n			<td></td>\n			<td class="header container">\n				<div class="content">\n					<table bgcolor="#999999">\n						<tbody>\n							<tr>\n								<td>[CO_LOGO]</td>\n								<td align="right">\n									<h6 class="collapse">[COMPANY]</h6>\n								</td>\n							</tr>\n						</tbody>\n					</table>\n				</div>\n			</td>\n			<td></td>\n		</tr>\n	</tbody>\n</table>\n\n<table class="body-wrap">\n	<tbody>\n		<tr>\n			<td></td>\n			<td class="container" bgcolor="#FFFFFF">\n				<div class="content">\n					<table>\n						<tbody>\n							<tr>\n								<td>\n									<h1>Refund Notification</h1>\n									The following message was sent to the Primary Registrant of this transaction:									<h3>Refund Details:</h3>\n									<ul>\n										<li>\n											<strong>Payment Status:</strong> [PAYMENT_STATUS]\n										</li>\n										<li><strong>Transaction ID:</strong>\n											<a href="[TRANSACTION_ADMIN_URL]">[TXN_ID]</a></li>\n										<li>\n											<strong>Payment Gateway:</strong> [PAYMENT_GATEWAY]\n										</li>\n										<li>\n											<strong>Total Cost:</strong> [TOTAL_COST]\n										</li>\n										<li>\n											<strong>Refund Amount:</strong> [AMOUNT_PAID]\n										</li>\n									</ul>\n								</td>\n							</tr>\n						</tbody>\n					</table>\n				</div>\n				<div class="content">\n					<h2>Registrant Details:</h2>\n					<p class="callout"><strong>[PRIMARY_REGISTRANT_FNAME] [PRIMARY_REGISTRANT_LNAME]:</strong>\n						<a href="mailto:[PRIMARY_REGISTRANT_EMAIL]">[PRIMARY_REGISTRANT_EMAIL]</a></p>\n				</div>\n			</td>\n			<td></td>\n		</tr>\n	</tbody>\n</table>";s:10:"event_list";s:0:"";s:13:"attendee_list";s:0:"";s:11:"ticket_list";s:0:"";s:13:"datetime_list";s:0:"";}'),
(17, 4, 'primary_attendee', 'to', '[PRIMARY_REGISTRANT_EMAIL]\n'),
(18, 4, 'primary_attendee', 'from', '[CO_FORMATTED_EMAIL]\n'),
(19, 4, 'primary_attendee', 'subject', 'Event Refund Details'),
(20, 4, 'primary_attendee', 'content', 'a:5:{s:4:"main";s:2343:"<table class="head-wrap" bgcolor="#999999">\n	<tbody>\n		<tr>\n			<td></td>\n			<td class="header container">\n				<div class="content">\n					<table bgcolor="#999999">\n						<tbody>\n							<tr>\n								<td>[CO_LOGO]</td>\n								<td align="right">\n									<h6 class="collapse">[COMPANY]</h6>\n								</td>\n							</tr>\n						</tbody>\n					</table>\n				</div>\n			</td>\n			<td></td>\n		</tr>\n	</tbody>\n</table>\n\n<table class="body-wrap">\n	<tbody>\n		<tr>\n			<td></td>\n			<td class="container" bgcolor="#FFFFFF">\n				<div class="content">\n					<table>\n						<tbody>\n							<tr>\n								<td>\n									<h2>Hello, [PRIMARY_REGISTRANT_FNAME] [PRIMARY_REGISTRANT_LNAME]:</h2>\n									<p class="lead">We''re just notifying you of a refund issued for the following transaction and tickets:</p>\n									<h3>Refund Details:</h3>\n									<ul>\n										<li>\n											<strong>Payment Status:</strong> [PAYMENT_STATUS]\n										</li>\n										<li>\n											<strong>Transaction ID:</strong> [TXN_ID]\n										</li>\n										<li>\n											<strong>Total Cost:</strong> [TOTAL_COST]\n										</li>\n										<li>\n											<strong>Refund Amount:</strong> [AMOUNT_PAID]\n										</li>\n									</ul>\n									[EVENT_LIST]\n								</td>\n							</tr>\n						</tbody>\n					</table>\n				</div>\n			</td>\n			<td></td>\n		</tr>\n	</tbody>\n</table>\n\n<table class="footer-wrap">\n	<tbody>\n		<tr>\n			<td class="container">\n				<table class="social" width="100%">\n					<tbody>\n						<tr>\n							<td>\n								<table class="column" align="left">\n									<tbody>\n										<tr>\n											<td>\n												<h3>Connect with Us:</h3>\n												<a class="soc-btn fb" href="[CO_FACEBOOK_URL]">Facebook</a>\n												<a class="soc-btn tw" href="[CO_TWITTER_URL]">Twitter</a>\n												<a class="soc-btn gp" href="[CO_GOOGLE_URL]">Google+</a>\n											</td>\n										</tr>\n									</tbody>\n								</table>\n\n								<table class="column" align="left">\n									<tbody>\n										<tr>\n											<td>\n												<h3>Contact Info:</h3>\n												Phone: <strong>[CO_PHONE]</strong>\n												Email:												<strong><a href="mailto:[CO_EMAIL]" target="_blank">[CO_EMAIL]</a></strong>\n											</td>\n										</tr>\n									</tbody>\n								</table>\n								 \n							</td>\n						</tr>\n					</tbody>\n				</table>\n			</td>\n			<td></td>\n		</tr>\n	</tbody>\n</table>";s:10:"event_list";s:107:"<p class="callout">\n	<strong>Event: [EVENT_LINK]</strong>\n</p>\n<div class="content">\n	[TICKET_LIST]\n</div>\n";s:13:"attendee_list";s:0:"";s:11:"ticket_list";s:244:"<ul>\n	<li class="ticket-name">\n		<strong>Ticket Name:</strong> [TICKET_NAME]<br><em>[TICKET_DESCRIPTION]</em>\n	</li>\n	<li><strong>Price:</strong> [TICKET_PRICE]</li>\n	<li><strong>Quantity Purchased:</strong> [TKT_QTY_PURCHASED]</li>\n</ul>\n<hr/>";s:13:"datetime_list";s:0:"";}'),
(21, 5, 'admin', 'to', '[EVENT_AUTHOR_FORMATTED_EMAIL]'),
(22, 5, 'admin', 'from', '[CO_FORMATTED_EMAIL]'),
(23, 5, 'admin', 'subject', 'Event Registration Details'),
(24, 5, 'admin', 'content', 'a:5:{s:4:"main";s:811:"<table class="head-wrap" bgcolor="#999999">\n	<tbody>\n		<tr>\n			<td></td>\n			<td class="header container">\n				<div class="content">\n					<table bgcolor="#999999">\n						<tbody>\n							<tr>\n								<td>[CO_LOGO]</td>\n								<td align="right">\n									<h6 class="collapse">[COMPANY]</h6>\n								</td>\n							</tr>\n						</tbody>\n					</table>\n				</div>\n			</td>\n			<td></td>\n		</tr>\n	</tbody>\n</table>\n\n<table class="body-wrap">\n	<tbody>\n		<tr>\n			<td></td>\n			<td class="container" bgcolor="#FFFFFF">\n				<div class="content">\n					<h1>Registration Notification</h1>\n					The following attendee(s) have registered for the following event:					<table>\n						<tbody>\n							<tr>\n								<td>[EVENT_LIST]</td>\n							</tr>\n						</tbody>\n					</table>\n				</div>\n			</td>\n			<td></td>\n		</tr>\n	</tbody>\n</table>";s:10:"event_list";s:208:"<p class="callout">\n	<strong>\n		Event: [EVENT_LINK]\n		Venue:		<a href="[VENUE_URL]" target="_blank">[VENUE_TITLE]</a> ([VENUE_CITY], [VENUE_STATE])\n	</strong>\n</p>\n<h2>Registrant Details:</h2>\n[ATTENDEE_LIST]";s:13:"attendee_list";s:250:"<h4><a href="[EDIT_ATTENDEE_LINK]">[FNAME] [LNAME]</a></h4>\n<ul>\n	<li>\n		<strong>Registration Code:</strong>\n		<a href="[EDIT_ATTENDEE_LINK]">[REGISTRATION_CODE]</a>\n	</li>\n	<li>\n		<strong>Tickets:</strong>\n		<ul>[TICKET_LIST]</ul>\n	</li>\n</ul>\n<hr/>";s:11:"ticket_list";s:98:"<li>\n	<strong>[TICKET_NAME]</strong>\n</li>\n<li>\n	Dates/Times:</br>\n	<ul>[DATETIME_LIST]</ul>\n</li>";s:13:"datetime_list";s:42:"<li>[DATETIME_START] - [DATETIME_END]</li>";}'),
(25, 5, 'primary_attendee', 'to', ''),
(26, 5, 'primary_attendee', 'from', '[CO_FORMATTED_EMAIL]'),
(27, 5, 'primary_attendee', 'subject', 'Group Event Registration Details'),
(28, 5, 'primary_attendee', 'content', 'a:5:{s:4:"main";s:1893:"<table class="head-wrap" bgcolor="#999999">\n	<tbody>\n		<tr>\n			<td></td>\n			<td class="header container">\n				<div class="content">\n					<table bgcolor="#999999">\n						<tbody>\n							<tr>\n								<td>[CO_LOGO]</td>\n								<td align="right">\n									<h6 class="collapse">[COMPANY]</h6>\n								</td>\n							</tr>\n						</tbody>\n					</table>\n				</div>\n			</td>\n			<td></td>\n		</tr>\n	</tbody>\n</table>\n\n<table class="body-wrap">\n	<tbody>\n		<tr>\n			<td></td>\n			<td class="container" bgcolor="#FFFFFF">\n				<div class="content">\n					<table>\n						<tbody>\n							<tr>\n								<td>\n									<h2>Hello, [PRIMARY_REGISTRANT_FNAME]:</h2>\n									<p class="lead">This is a copy of your registration details!</p>\n								</td>\n							</tr>\n						</tbody>\n					</table>\n				</div>\n				<div>\n					[EVENT_LIST]\n				</div>\n			</td>\n			<td></td>\n		</tr>\n	</tbody>\n</table>\n\n<table class="footer-wrap">\n	<tbody>\n		<tr>\n			<td></td>\n			<td class="container">\n				<table class="social" width="100%">\n					<tbody>\n						<tr>\n							<td>\n								<table class="column" align="left">\n									<tbody>\n										<tr>\n											<td>\n												<h5>Connect with Us:</h5>\n												<a class="soc-btn fb" href="[CO_FACEBOOK_URL]">Facebook</a>\n												<a class="soc-btn tw" href="[CO_TWITTER_URL]">Twitter</a>\n												<a class="soc-btn gp" href="[CO_GOOGLE_URL]">Google+</a>\n											</td>\n										</tr>\n									</tbody>\n								</table>\n\n								<table class="column" align="left">\n									<tbody>\n										<tr>\n											<td>\n												<h5>Contact Info:</h5>\n												Phone: <strong>[CO_PHONE]</strong>\n												Email:												<strong><a href="mailto:[CO_EMAIL]" target="_blank">[CO_EMAIL]</a></strong>\n											</td>\n										</tr>\n									</tbody>\n								</table>\n								 \n							</td>\n						</tr>\n					</tbody>\n				</table>\n			</td>\n			<td></td>\n		</tr>\n	</tbody>\n</table>";s:10:"event_list";s:1665:"<div class="content">\n	<table>\n		<tbody>\n			<tr>\n				<td>\n					<p class="callout"><strong>Event: [EVENT_LINK]\n							Venue:							<a href="[VENUE_URL]" target="_blank">[VENUE_TITLE]</a> ([VENUE_CITY], [VENUE_STATE])</strong>\n					</p>\n				</td>\n			</tr>\n		</tbody>\n	</table>\n</div>\n\n<div class="column-wrap">\n	<div class="column">\n		<table align="left">\n			<tbody>\n				<tr>\n					<td>\n						<h3>Registrant(s):</h3>\n						[ATTENDEE_LIST]\n					</td>\n				</tr>\n			</tbody>\n		</table>\n	</div>\n	<div class="column">\n		<table align="left">\n			<tbody>\n				<tr>\n					<td>\n						<ul class="sidebar">\n							<li><h5>Venue »</h5></li>\n							<li>[VENUE_IMAGE]</li>\n							<li>[VENUE_TITLE]</li>\n							<li>[VENUE_ADDRESS]</li>\n							<li>[VENUE_CITY]</li>\n							<li>[VENUE_STATE], [VENUE_ZIP]</li>\n							<li>[GOOGLE_MAP_IMAGE]</li>\n						</ul>\n						<table class="social" width="100%" bgcolor="">\n							<tbody>\n								<tr>\n									<td>\n										<table width="100%" align="left">\n											<tbody>\n												<tr>\n													<td>\n														<h6>Connect with this Event:</h6>\n														<a class="soc-btn fb" href="[EVENT_FACEBOOK_URL]">Facebook</a>\n														<a class="soc-btn tw" href="[EVENT_TWITTER_URL]">Twitter</a>\n														<h6>Contact Info:</h6>\n														Phone:														<strong>[EVENT_PHONE]</strong>\n														Email:														<strong><a href="mailto:[EVENT_AUTHOR_EMAIL]">[EVENT_AUTHOR_EMAIL]</a></strong>\n													</td>\n												</tr>\n											</tbody>\n										</table>\n									</td>\n								</tr>\n							</tbody>\n						</table>\n					</td>\n				</tr>\n			</tbody>\n		</table>\n	</div>\n	<div class="clear"></div>\n</div>";s:13:"attendee_list";s:171:"<h4>[FNAME] [LNAME]</h4>\n<ul>\n	<li><strong>Registration Code:</strong> [REGISTRATION_CODE]</li>\n	<li><strong>Tickets:</strong></li>\n</ul>\n<ul>\n	[TICKET_LIST]\n</ul>\n<hr />\n";s:11:"ticket_list";s:98:"<li>\n	<strong>[TICKET_NAME]</strong>\n</li>\n<li>\n	Dates/Times:</br>\n	<ul>[DATETIME_LIST]</ul>\n</li>";s:13:"datetime_list";s:42:"<li>[DATETIME_START] - [DATETIME_END]</li>";}'),
(29, 5, 'attendee', 'to', '[RECIPIENT_EMAIL]'),
(30, 5, 'attendee', 'from', '[CO_FORMATTED_EMAIL]'),
(31, 5, 'attendee', 'subject', 'Your Event Registration Details'),
(32, 5, 'attendee', 'content', 'a:5:{s:4:"main";s:1884:"<table class="head-wrap" bgcolor="#999999">\n	<tbody>\n		<tr>\n			<td></td>\n			<td class="header container">\n				<div class="content">\n					<table bgcolor="#999999">\n						<tbody>\n							<tr>\n								<td>[CO_LOGO]</td>\n								<td align="right">\n									<h6 class="collapse">[COMPANY]</h6>\n								</td>\n							</tr>\n						</tbody>\n					</table>\n				</div>\n			</td>\n			<td></td>\n		</tr>\n	</tbody>\n</table>\n\n<table class="body-wrap">\n	<tbody>\n		<tr>\n			<td></td>\n			<td class="container" bgcolor="#FFFFFF">\n				<div class="content">\n					<table>\n						<tbody>\n							<tr>\n								<td>\n									<h2>Hello, [RECIPIENT_FNAME]:</h2>\n									<p class="lead">Here''s a copy of your registration details!</p>\n								</td>\n							</tr>\n						</tbody>\n					</table>\n				</div>\n				<div>\n					[EVENT_LIST]\n				</div>\n			</td>\n			<td></td>\n		</tr>\n	</tbody>\n</table>\n\n<table class="footer-wrap">\n	<tbody>\n		<tr>\n			<td></td>\n			<td class="container">\n				<table class="social" width="100%">\n					<tbody>\n						<tr>\n							<td>\n								<table class="column" align="left">\n									<tbody>\n										<tr>\n											<td>\n												<h5>Connect with Us:</h5>\n												<a class="soc-btn fb" href="[CO_FACEBOOK_URL]">Facebook</a>\n												<a class="soc-btn tw" href="[CO_TWITTER_URL]">Twitter</a>\n												<a class="soc-btn gp" href="[CO_GOOGLE_URL]">Google+</a>\n											</td>\n										</tr>\n									</tbody>\n								</table>\n\n								<table class="column" align="left">\n									<tbody>\n										<tr>\n											<td>\n												<h5>Contact Info:</h5>\n												Phone: <strong>[CO_PHONE]</strong>\n												Email:												<strong><a href="mailto:[CO_EMAIL]" target="_blank">[CO_EMAIL]</a></strong>\n											</td>\n										</tr>\n									</tbody>\n								</table>\n								 \n							</td>\n						</tr>\n					</tbody>\n				</table>\n			</td>\n			<td></td>\n		</tr>\n	</tbody>\n</table>\n";s:10:"event_list";s:1935:"<div class="content">\n	<table>\n		<tbody>\n			<tr>\n				<td>\n					<p class="callout"><strong>Event: [EVENT_LINK]\n							Venue:							<a href="[VENUE_URL]" target="_blank">[VENUE_TITLE]</a> ([VENUE_CITY], [VENUE_STATE])</strong>\n					</p>\n				</td>\n			</tr>\n		</tbody>\n	</table>\n</div>\n\n<div class="column-wrap">\n	<div class="column">\n		<table align="left">\n			<tbody>\n				<tr>\n					<td>\n						<h3>Registration:</h3>\n						<h4>[RECIPIENT_FNAME] [RECIPIENT_LNAME]</h4>\n						<ul>\n							<li>\n								<strong>Registration Code:</strong> [RECIPIENT_REGISTRATION_CODE]\n							</li>\n							<li><strong>Tickets:</strong></li>\n							<li>\n								<ul>[RECIPIENT_TICKET_LIST]</ul>\n							</li>\n						</ul>\n						<hr/>\n					</td>\n				</tr>\n			</tbody>\n		</table>\n	</div>\n	<div class="column">\n		<table align="left">\n			<tbody>\n				<tr>\n					<td>\n						<ul class="sidebar">\n							<li><h5>Venue »</h5></li>\n							<li>[VENUE_IMAGE]</li>\n							<li>[VENUE_TITLE]</li>\n							<li>[VENUE_ADDRESS]</li>\n							<li>[VENUE_CITY]</li>\n							<li>[VENUE_STATE], [VENUE_ZIP]</li>\n							<li>[GOOGLE_MAP_IMAGE]</li>\n						</ul>\n						<table class="social" width="100%" bgcolor="">\n							<tbody>\n								<tr>\n									<td>\n										<table width="100%" align="left">\n											<tbody>\n												<tr>\n													<td>\n														<h6>Connect with this Event:</h6>\n														<a class="soc-btn fb" href="[EVENT_FACEBOOK_URL]">Facebook</a>\n														<a class="soc-btn tw" href="[EVENT_TWITTER_URL]">Twitter</a>\n														<h6>Contact Info:</h6>\n														Phone:														<strong>[EVENT_PHONE]</strong>\n														Email:														<strong><a href="mailto:[EVENT_AUTHOR_EMAIL]">[EVENT_AUTHOR_EMAIL]</a></strong>\n													</td>\n												</tr>\n											</tbody>\n										</table>\n									</td>\n								</tr>\n							</tbody>\n						</table>\n					</td>\n				</tr>\n			</tbody>\n		</table>\n	</div>\n	<div class="clear"></div>\n</div>";s:13:"attendee_list";s:0:"";s:11:"ticket_list";s:98:"<li>\n	<strong>[TICKET_NAME]</strong>\n</li>\n<li>\n	Dates/Times:</br>\n	<ul>[DATETIME_LIST]</ul>\n</li>";s:13:"datetime_list";s:42:"<li>[DATETIME_START] - [DATETIME_END]</li>";}'),
(33, 6, 'admin', 'to', ''),
(34, 6, 'admin', 'from', '[CO_FORMATTED_EMAIL]'),
(35, 6, 'admin', 'subject', 'Registration Not Approved'),
(36, 6, 'admin', 'content', 'a:5:{s:4:"main";s:804:"<table class="head-wrap" bgcolor="#999999">\n	<tbody>\n		<tr>\n			<td></td>\n			<td class="header container">\n				<div class="content">\n					<table bgcolor="#999999">\n						<tbody>\n							<tr>\n								<td>[CO_LOGO]</td>\n								<td align="right">\n									<h6 class="collapse">[COMPANY]</h6>\n								</td>\n							</tr>\n						</tbody>\n					</table>\n				</div>\n			</td>\n			<td></td>\n		</tr>\n	</tbody>\n</table>\n\n<table class="body-wrap">\n	<tbody>\n		<tr>\n			<td></td>\n			<td class="container" bgcolor="#FFFFFF">\n				<div class="content">\n					<h1>Registration(s) Require Approval</h1>\n					The following registration(s) require your approval:					<table>\n						<tbody>\n							<tr>\n								<td>[EVENT_LIST]</td>\n							</tr>\n						</tbody>\n					</table>\n				</div>\n			</td>\n			<td></td>\n		</tr>\n	</tbody>\n</table>";s:10:"event_list";s:378:"<div class="content">\n	<table>\n		<tbody>\n			<tr>\n				<td>\n					<h2>Event: [EVENT]</h2>\n				</td>\n			</tr>\n		</tbody>\n	</table>\n</div>\n<div class="column-wrap">\n	<div class="column-large">\n		<table align="left">\n			<tbody>\n				<tr>\n					<td>\n						<h2>Registrant(s):</h2>\n						[ATTENDEE_LIST]\n					</td>\n				</tr>\n			</tbody>\n		</table>\n	</div>\n	<div class="clear"></div>\n</div>";s:13:"attendee_list";s:250:"<h5><a href="[EDIT_ATTENDEE_LINK]">[FNAME] [LNAME]</a></h5>\n<ul>\n	<li>\n		<strong>Registration Code:</strong>\n		<a href="[EDIT_ATTENDEE_LINK]">[REGISTRATION_CODE]</a>\n	</li>\n	<li>\n		<strong>Tickets:</strong>\n		<ul>[TICKET_LIST]</ul>\n	</li>\n</ul>\n<hr/>";s:11:"ticket_list";s:81:"<li>\n	<p>\n		<strong>[TICKET_NAME]</strong>\n		<ul>[DATETIME_LIST]</ul>\n	</p>\n</li>";s:13:"datetime_list";s:42:"<li>[DATETIME_START] - [DATETIME_END]</li>";}'),
(37, 6, 'primary_attendee', 'to', '[PRIMARY_REGISTRANT_EMAIL]\n'),
(38, 6, 'primary_attendee', 'from', '[CO_FORMATTED_EMAIL]'),
(39, 6, 'primary_attendee', 'subject', 'Registration Not Approved'),
(40, 6, 'primary_attendee', 'content', 'a:5:{s:4:"main";s:1948:"<table class="head-wrap" bgcolor="#999999">\n	<tbody>\n		<tr>\n			<td></td>\n			<td class="header container">\n				<div class="content">\n					<table bgcolor="#999999">\n						<tbody>\n							<tr>\n								<td>[CO_LOGO]</td>\n								<td align="right">\n									<h6 class="collapse">[COMPANY]</h6>\n								</td>\n							</tr>\n						</tbody>\n					</table>\n				</div>\n			</td>\n			<td></td>\n		</tr>\n	</tbody>\n</table>\n\n<table class="body-wrap">\n	<tbody>\n		<tr>\n			<td></td>\n			<td class="container" bgcolor="#FFFFFF">\n				<div class="content">\n					<table>\n						<tbody>\n							<tr>\n								<td>\n									<h2>Hello, [PRIMARY_REGISTRANT_FNAME]:</h2>\n\n									<p class="lead">Your registration(s) are awaiting approval by the event manager. You will be notified when the status of your registration changes.</p>\n								</td>\n							</tr>\n						</tbody>\n					</table>\n				</div>\n				[EVENT_LIST]\n			</td>\n			<td></td>\n		</tr>\n	</tbody>\n</table>\n\n<table class="footer-wrap">\n	<tbody>\n		<tr>\n			<td></td>\n			<td class="container">\n				<table class="social" width="100%">\n					<tbody>\n						<tr>\n							<td>\n								<table class="column" align="left">\n									<tbody>\n										<tr>\n											<td>\n												<h5>Connect with Us:</h5>\n												<a class="soc-btn fb" href="[CO_FACEBOOK_URL]">Facebook</a>\n												<a class="soc-btn tw" href="[CO_TWITTER_URL]">Twitter</a>\n												<a class="soc-btn gp" href="[CO_GOOGLE_URL]">Google+</a>\n											</td>\n										</tr>\n									</tbody>\n								</table>\n\n								<table class="column" align="left">\n									<tbody>\n										<tr>\n											<td>\n												<h5>Contact Info:</h5>\n												Phone: <strong>[CO_PHONE]</strong>\n												Email:												<strong><a href="mailto:[CO_EMAIL]" target="_blank">[CO_EMAIL]</a></strong>\n											</td>\n										</tr>\n									</tbody>\n								</table>\n							</td>\n						</tr>\n					</tbody>\n				</table>\n			</td>\n			<td></td>\n		</tr>\n	</tbody>\n</table>";s:10:"event_list";s:460:"<div class="content">\n	<table>\n		<tbody>\n			<tr>\n				<td>\n					<p class="callout">\n						<strong>Event Name:</strong>\n						<a href="[EVENT_URL]">[EVENT]</a>\n					</p>\n				</td>\n			</tr>\n		</tbody>\n	</table>\n</div>\n\n<div class="column-wrap">\n	<div class="column-large">\n		<table align="left">\n			<tbody>\n				<tr>\n					<td>\n						<h2>Registrant(s):</h2>\n						[ATTENDEE_LIST]\n					</td>\n				</tr>\n			</tbody>\n		</table>\n	</div>\n	<div class="clear"></div>\n</div>";s:13:"attendee_list";s:178:"<h5>[FNAME] [LNAME]</h5>\n<ul>\n	<li><strong>Registration Code:</strong> [REGISTRATION_CODE]</li>\n	<li><strong>Tickets:</strong></li>\n</ul>\n<ul>\n	<li>[TICKET_LIST]</li>\n</ul>\n<hr/>";s:11:"ticket_list";s:81:"<li>\n	<p>\n		<strong>[TICKET_NAME]</strong>\n		<ul>[DATETIME_LIST]</ul>\n	</p>\n</li>";s:13:"datetime_list";s:42:"<li>[DATETIME_START] - [DATETIME_END]</li>";}'),
(41, 7, 'admin', 'to', '[EVENT_AUTHOR_FORMATTED_EMAIL]'),
(42, 7, 'admin', 'from', '[CO_FORMATTED_EMAIL]'),
(43, 7, 'admin', 'subject', 'Registration Pending Payment'),
(44, 7, 'admin', 'content', 'a:5:{s:4:"main";s:1006:"<table class="head-wrap" bgcolor="#999999">\n    <tr>\n        <td></td>\n        <td class="header container">\n            <div class="content">\n            <table bgcolor="#999999" class="">\n                <tr>\n                    <td>[CO_LOGO]</td>\n                    <td align="right"><h6 class="collapse">[COMPANY]</h6></td>\n                </tr>\n            </table>\n            </div>\n        </td>\n        <td></td>\n    </tr>\n</table>\n\n<table class="body-wrap">\n    <tr>\n        <td></td>\n        <td class="container" bgcolor="#FFFFFF">\n            <div class="content">\n                <h1>Registration(s) Pending Payment</h1>\n                <p>The following registration(s) are awaiting payment for the following event(s).</p>\n                <table>\n                    <tr>\n                        <td>\n                           [EVENT_LIST]\n                        </td>\n                    </tr>\n                </table>\n            </div>\n        </td>\n        <td></td>\n    </tr>\n</table>";s:10:"event_list";s:415:"<div class="content">\n	<table>\n		<tbody>\n			<tr>\n				<td>\n					<p class="callout"><strong>Event: [EVENT_LINK]</strong></p>\n				</td>\n			</tr>\n		</tbody>\n	</table>\n</div>\n\n<div class="column-wrap">\n	<div class="column-large">\n		<table align="left">\n			<tbody>\n				<tr>\n					<td>\n						<h3>Registrant(s):</h3>\n						[ATTENDEE_LIST]\n					</td>\n				</tr>\n			</tbody>\n		</table>\n	</div>\n	<div class="clear"></div>\n</div>";s:13:"attendee_list";s:250:"<h4><a href="[EDIT_ATTENDEE_LINK]">[FNAME] [LNAME]</a></h4>\n<ul>\n	<li>\n		<strong>Registration Code:</strong>\n		<a href="[EDIT_ATTENDEE_LINK]">[REGISTRATION_CODE]</a>\n	</li>\n	<li>\n		<strong>Tickets:</strong>\n		<ul>[TICKET_LIST]</ul>\n	</li>\n</ul>\n<hr/>";s:11:"ticket_list";s:98:"<li>\n	<strong>[TICKET_NAME]</strong>\n</li>\n<li>\n	Dates/Times:</br>\n	<ul>[DATETIME_LIST]</ul>\n</li>";s:13:"datetime_list";s:42:"<li>[DATETIME_START] - [DATETIME_END]</li>";}'),
(45, 7, 'primary_attendee', 'to', '[PRIMARY_REGISTRANT_EMAIL]'),
(46, 7, 'primary_attendee', 'from', '[CO_FORMATTED_EMAIL]'),
(47, 7, 'primary_attendee', 'subject', 'Registration Pending Payment'),
(48, 7, 'primary_attendee', 'content', 'a:5:{s:4:"main";s:1993:"<table class="head-wrap" bgcolor="#999999">\n	<tbody>\n		<tr>\n			<td></td>\n			<td class="header container">\n				<div class="content">\n					<table bgcolor="#999999">\n						<tbody>\n							<tr>\n								<td>[CO_LOGO]</td>\n								<td align="right">\n									<h6 class="collapse">[COMPANY]</h6>\n								</td>\n							</tr>\n						</tbody>\n					</table>\n				</div>\n			</td>\n			<td></td>\n		</tr>\n	</tbody>\n</table>\n\n<table class="body-wrap">\n	<tbody>\n		<tr>\n			<td></td>\n			<td class="container" bgcolor="#FFFFFF">\n				<div class="content">\n					<table>\n						<tbody>\n							<tr>\n								<td>\n									<h1>Hello, [PRIMARY_REGISTRANT_FNAME]:</h1>\n									Your registration(s) is/are pending payment for the following events:									<div>\n										[EVENT_LIST]\n									</div>\n									<p class="callout">You can <a href="[PAYMENT_URL]">make a payment here »</a>.</p>\n								</td>\n							</tr>\n						</tbody>\n					</table>\n				</div>\n			</td>\n			<td></td>\n		</tr>\n	</tbody>\n</table>\n\n<table class="footer-wrap">\n	<tbody>\n		<tr>\n			<td></td>\n			<td class="container">\n				<table class="social" width="100%">\n					<tbody>\n						<tr>\n							<td>\n								<table class="column" align="left">\n									<tbody>\n										<tr>\n											<td>\n												<h5>Connect with Us:</h5>\n												<a class="soc-btn fb" href="[CO_FACEBOOK_URL]">Facebook</a>\n												<a class="soc-btn tw" href="[CO_TWITTER_URL]">Twitter</a>\n												<a class="soc-btn gp" href="[CO_GOOGLE_URL]">Google+</a>\n											</td>\n										</tr>\n									</tbody>\n								</table>\n\n								<table class="column" align="left">\n									<tbody>\n										<tr>\n											<td>\n												<h5>Contact Info:</h5>\n												Phone: <strong>[CO_PHONE]</strong>\n												Email:												<strong><a href="mailto:[CO_EMAIL]" target="_blank">[CO_EMAIL]</a></strong>\n											</td>\n										</tr>\n									</tbody>\n								</table>\n							</td>\n						</tr>\n					</tbody>\n				</table>\n			</td>\n			<td></td>\n		</tr>\n	</tbody>\n</table>";s:10:"event_list";s:415:"<div class="content">\n	<table>\n		<tbody>\n			<tr>\n				<td>\n					<p class="callout"><strong>Event: [EVENT_LINK]</strong></p>\n				</td>\n			</tr>\n		</tbody>\n	</table>\n</div>\n\n<div class="column-wrap">\n	<div class="column-large">\n		<table align="left">\n			<tbody>\n				<tr>\n					<td>\n						<h3>Registrant(s):</h3>\n						[ATTENDEE_LIST]\n					</td>\n				</tr>\n			</tbody>\n		</table>\n	</div>\n	<div class="clear"></div>\n</div>";s:13:"attendee_list";s:171:"<h4>[FNAME] [LNAME]</h4>\n<ul>\n	<li><strong>Registration Code:</strong> [REGISTRATION_CODE]</li>\n	<li><strong>Tickets:</strong></li>\n</ul>\n<ul>\n	[TICKET_LIST]\n</ul>\n<hr />\n";s:11:"ticket_list";s:98:"<li>\n	<strong>[TICKET_NAME]</strong>\n</li>\n<li>\n	Dates/Times:</br>\n	<ul>[DATETIME_LIST]</ul>\n</li>";s:13:"datetime_list";s:42:"<li>[DATETIME_START] - [DATETIME_END]</li>";}');

-- --------------------------------------------------------

--
-- Table structure for table `wp_esp_message_template_group`
--

CREATE TABLE IF NOT EXISTS `wp_esp_message_template_group` (
  `GRP_ID` int(10) unsigned NOT NULL AUTO_INCREMENT,
  `MTP_user_id` int(10) NOT NULL DEFAULT '1',
  `MTP_name` varchar(245) NOT NULL DEFAULT '',
  `MTP_description` varchar(245) NOT NULL DEFAULT '',
  `MTP_messenger` varchar(30) NOT NULL,
  `MTP_message_type` varchar(50) NOT NULL,
  `MTP_is_global` tinyint(1) NOT NULL DEFAULT '0',
  `MTP_is_override` tinyint(1) NOT NULL DEFAULT '0',
  `MTP_deleted` tinyint(1) NOT NULL DEFAULT '0',
  `MTP_is_active` tinyint(1) NOT NULL DEFAULT '1',
  PRIMARY KEY (`GRP_ID`),
  KEY `MTP_user_id` (`MTP_user_id`)
) ENGINE=InnoDB  DEFAULT CHARSET=utf8 AUTO_INCREMENT=8 ;

--
-- Dumping data for table `wp_esp_message_template_group`
--

INSERT INTO `wp_esp_message_template_group` (`GRP_ID`, `MTP_user_id`, `MTP_name`, `MTP_description`, `MTP_messenger`, `MTP_message_type`, `MTP_is_global`, `MTP_is_override`, `MTP_deleted`, `MTP_is_active`) VALUES
(1, 1, '', '', 'html', 'receipt', 1, 0, 0, 1),
(2, 1, '', '', 'html', 'invoice', 1, 0, 0, 1),
(3, 1, '', '', 'email', 'payment', 1, 0, 0, 1),
(4, 1, '', '', 'email', 'payment_refund', 1, 0, 0, 1),
(5, 1, '', '', 'email', 'registration', 1, 0, 0, 1),
(6, 1, '', '', 'email', 'not_approved_registration', 1, 0, 0, 1),
(7, 1, '', '', 'email', 'pending_approval', 1, 0, 0, 1);

-- --------------------------------------------------------

--
-- Table structure for table `wp_esp_payment`
--

CREATE TABLE IF NOT EXISTS `wp_esp_payment` (
  `PAY_ID` int(10) unsigned NOT NULL AUTO_INCREMENT,
  `TXN_ID` int(10) unsigned DEFAULT NULL,
  `STS_ID` varchar(3) CHARACTER SET utf8 COLLATE utf8_bin DEFAULT NULL,
  `PAY_timestamp` datetime NOT NULL DEFAULT '0000-00-00 00:00:00',
  `PAY_source` varchar(45) CHARACTER SET utf8 COLLATE utf8_bin DEFAULT NULL,
  `PAY_amount` decimal(10,3) DEFAULT NULL,
  `PMD_ID` int(11) DEFAULT NULL,
  `PAY_gateway_response` text CHARACTER SET utf8 COLLATE utf8_bin,
  `PAY_txn_id_chq_nmbr` varchar(32) CHARACTER SET utf8 COLLATE utf8_bin DEFAULT NULL,
  `PAY_po_number` varchar(32) CHARACTER SET utf8 COLLATE utf8_bin DEFAULT NULL,
  `PAY_extra_accntng` varchar(45) CHARACTER SET utf8 COLLATE utf8_bin DEFAULT NULL,
  `PAY_details` text CHARACTER SET utf8 COLLATE utf8_bin,
  `PAY_redirect_url` varchar(300) DEFAULT NULL,
  `PAY_redirect_args` text,
  PRIMARY KEY (`PAY_ID`),
  KEY `TXN_ID` (`TXN_ID`),
  KEY `PAY_timestamp` (`PAY_timestamp`)
) ENGINE=InnoDB DEFAULT CHARSET=utf8 AUTO_INCREMENT=1 ;

-- --------------------------------------------------------

--
-- Table structure for table `wp_esp_payment_method`
--

CREATE TABLE IF NOT EXISTS `wp_esp_payment_method` (
  `PMD_ID` int(11) NOT NULL AUTO_INCREMENT,
  `PMD_type` varchar(124) DEFAULT NULL,
  `PMD_name` varchar(255) DEFAULT NULL,
  `PMD_desc` text,
  `PMD_admin_name` varchar(255) DEFAULT NULL,
  `PMD_admin_desc` text,
  `PMD_slug` varchar(124) DEFAULT NULL,
  `PMD_order` int(11) DEFAULT NULL,
  `PMD_debug_mode` tinyint(1) NOT NULL DEFAULT '0',
  `PMD_wp_user` int(11) NOT NULL DEFAULT '0',
  `PMD_open_by_default` tinyint(1) NOT NULL DEFAULT '0',
  `PMD_button_url` varchar(1012) DEFAULT NULL,
  `PMD_scope` varchar(255) DEFAULT 'frontend',
  PRIMARY KEY (`PMD_ID`),
  UNIQUE KEY `PMD_slug_UNIQUE` (`PMD_slug`)
) ENGINE=InnoDB  DEFAULT CHARSET=utf8 AUTO_INCREMENT=10 ;

--
-- Dumping data for table `wp_esp_payment_method`
--

INSERT INTO `wp_esp_payment_method` (`PMD_ID`, `PMD_type`, `PMD_name`, `PMD_desc`, `PMD_admin_name`, `PMD_admin_desc`, `PMD_slug`, `PMD_order`, `PMD_debug_mode`, `PMD_wp_user`, `PMD_open_by_default`, `PMD_button_url`, `PMD_scope`) VALUES
(1, 'Admin_Only', 'Bank', NULL, 'Bank', 'Bank Draft', 'bank', NULL, 0, 1, 0, NULL, 'a:1:{i:0;s:5:"ADMIN";}'),
(2, 'Admin_Only', 'Cash', NULL, 'Cash', 'Cash Delivered Physically', 'cash', NULL, 0, 1, 0, NULL, 'a:1:{i:0;s:5:"ADMIN";}'),
(3, 'Admin_Only', 'Check', NULL, 'Check', 'Paper Check', 'check', NULL, 0, 1, 0, NULL, 'a:1:{i:0;s:5:"ADMIN";}'),
(4, 'Admin_Only', 'Credit Card', NULL, 'Credit Card', 'Offline Credit Card Payment', 'creditcard', NULL, 0, 1, 0, NULL, 'a:1:{i:0;s:5:"ADMIN";}'),
(5, 'Admin_Only', 'Debit Card', NULL, 'Debit Card', 'Offline Debit Payment', 'debitcard', NULL, 0, 1, 0, NULL, 'a:1:{i:0;s:5:"ADMIN";}'),
(6, 'Invoice', 'Invoice', 'After clicking "Finalize Registration", you will be given instructions on how to access your invoice and complete your payment.', 'Invoice', 'Invoice received with monies included', 'invoice', 0, 0, 1, 0, 'http://asiacentre.co.th/wp-content/plugins/event-espresso-decaf/payment_methods/Invoice/lib/invoice-logo.png', 'a:2:{i:0;s:4:"CART";i:1;s:5:"ADMIN";}'),
(7, 'Admin_Only', 'Money Order', NULL, 'Money Order', '', 'moneyorder', NULL, 0, 1, 0, NULL, 'a:1:{i:0;s:5:"ADMIN";}'),
(8, 'Admin_Only', 'Paypal', NULL, 'Paypal', 'Paypal eCheck, Invoice, etc', 'paypal', NULL, 0, 1, 0, NULL, 'a:1:{i:0;s:5:"ADMIN";}'),
(9, 'Paypal_Standard', 'Paypal Standard', 'Upon submitting this form, you will be forwarded to PayPal to make your payment. <strong>Make sure you return to this site in order to properly finalize your registration.</strong>', 'Paypal Standard', '', 'paypal_standard', 10, 0, 6, 0, 'http://asiacentre.co.th/wp-content/plugins/event-espresso-decaf/payment_methods/Paypal_Standard/lib/paypal-logo.png', 'a:1:{i:0;s:4:"CART";}');

-- --------------------------------------------------------

--
-- Table structure for table `wp_esp_price`
--

CREATE TABLE IF NOT EXISTS `wp_esp_price` (
  `PRC_ID` int(10) unsigned NOT NULL AUTO_INCREMENT,
  `PRT_ID` tinyint(3) unsigned NOT NULL,
  `PRC_amount` decimal(10,3) NOT NULL DEFAULT '0.000',
  `PRC_name` varchar(245) NOT NULL,
  `PRC_desc` text,
  `PRC_is_default` tinyint(1) unsigned NOT NULL DEFAULT '1',
  `PRC_overrides` int(10) unsigned DEFAULT NULL,
  `PRC_deleted` tinyint(1) unsigned NOT NULL DEFAULT '0',
  `PRC_order` tinyint(3) unsigned NOT NULL DEFAULT '0',
  `PRC_wp_user` bigint(20) unsigned DEFAULT NULL,
  `PRC_parent` int(10) unsigned DEFAULT '0',
  PRIMARY KEY (`PRC_ID`)
) ENGINE=InnoDB  DEFAULT CHARSET=utf8 AUTO_INCREMENT=5 ;

--
-- Dumping data for table `wp_esp_price`
--

INSERT INTO `wp_esp_price` (`PRC_ID`, `PRT_ID`, `PRC_amount`, `PRC_name`, `PRC_desc`, `PRC_is_default`, `PRC_overrides`, `PRC_deleted`, `PRC_order`, `PRC_wp_user`, `PRC_parent`) VALUES
(1, 1, 0.000, 'Free Admission', '', 1, NULL, 0, 0, 1, 0),
(2, 1, 0.000, '', '', 0, 0, 0, 1, 6, 0),
(3, 1, 450.000, '', '', 0, 0, 0, 1, 6, 0),
(4, 1, 0.000, '', '', 0, 0, 0, 1, 6, 0);

-- --------------------------------------------------------

--
-- Table structure for table `wp_esp_price_type`
--

CREATE TABLE IF NOT EXISTS `wp_esp_price_type` (
  `PRT_ID` tinyint(3) unsigned NOT NULL AUTO_INCREMENT,
  `PRT_name` varchar(45) NOT NULL,
  `PBT_ID` tinyint(3) unsigned NOT NULL DEFAULT '1',
  `PRT_is_percent` tinyint(1) NOT NULL DEFAULT '0',
  `PRT_order` tinyint(3) unsigned DEFAULT NULL,
  `PRT_wp_user` bigint(20) unsigned DEFAULT NULL,
  `PRT_deleted` tinyint(1) NOT NULL DEFAULT '0',
  PRIMARY KEY (`PRT_ID`),
  UNIQUE KEY `PRT_name_UNIQUE` (`PRT_name`)
) ENGINE=InnoDB  DEFAULT CHARSET=utf8 AUTO_INCREMENT=6 ;

--
-- Dumping data for table `wp_esp_price_type`
--

INSERT INTO `wp_esp_price_type` (`PRT_ID`, `PRT_name`, `PBT_ID`, `PRT_is_percent`, `PRT_order`, `PRT_wp_user`, `PRT_deleted`) VALUES
(1, 'Base Price', 1, 0, 0, 1, 0),
(2, 'Percent Discount', 2, 1, 20, 1, 0),
(3, 'Dollar Discount', 2, 0, 30, 1, 0),
(4, 'Percent Surcharge', 3, 1, 40, 1, 0),
(5, 'Dollar Surcharge', 3, 0, 50, 1, 0);

-- --------------------------------------------------------

--
-- Table structure for table `wp_esp_question`
--

CREATE TABLE IF NOT EXISTS `wp_esp_question` (
  `QST_ID` int(10) unsigned NOT NULL AUTO_INCREMENT,
  `QST_display_text` text NOT NULL,
  `QST_admin_label` varchar(255) NOT NULL,
  `QST_system` varchar(25) DEFAULT NULL,
  `QST_type` varchar(25) NOT NULL DEFAULT 'TEXT',
  `QST_required` tinyint(1) unsigned NOT NULL DEFAULT '0',
  `QST_required_text` varchar(100) DEFAULT NULL,
  `QST_order` tinyint(3) unsigned NOT NULL DEFAULT '0',
  `QST_admin_only` tinyint(1) NOT NULL DEFAULT '0',
  `QST_wp_user` bigint(20) unsigned DEFAULT NULL,
  `QST_deleted` tinyint(3) unsigned NOT NULL DEFAULT '0',
  PRIMARY KEY (`QST_ID`)
) ENGINE=InnoDB  DEFAULT CHARSET=utf8 AUTO_INCREMENT=11 ;

--
-- Dumping data for table `wp_esp_question`
--

INSERT INTO `wp_esp_question` (`QST_ID`, `QST_display_text`, `QST_admin_label`, `QST_system`, `QST_type`, `QST_required`, `QST_required_text`, `QST_order`, `QST_admin_only`, `QST_wp_user`, `QST_deleted`) VALUES
(1, 'First Name', 'First Name - System Question', 'fname', 'TEXT', 1, 'This field is required', 1, 0, 1, 0),
(2, 'Last Name', 'Last Name - System Question', 'lname', 'TEXT', 1, 'This field is required', 2, 0, 1, 0),
(3, 'Email Address', 'Email Address - System Question', 'email', 'TEXT', 1, 'This field is required', 3, 0, 1, 0),
(4, 'Address', 'Address - System Question', 'address', 'TEXT', 0, 'This field is required', 4, 0, 1, 0),
(5, 'Address2', 'Address2 - System Question', 'address2', 'TEXT', 0, 'This field is required', 5, 0, 1, 0),
(6, 'City', 'City - System Question', 'city', 'TEXT', 0, 'This field is required', 6, 0, 1, 0),
(7, 'State/Province', 'State/Province - System Question', 'state', 'STATE', 0, 'This field is required', 7, 0, 1, 0),
(8, 'Country', 'Country - System Question', 'country', 'COUNTRY', 0, 'This field is required', 8, 0, 1, 0),
(9, 'Zip/Postal Code', 'Zip/Postal Code - System Question', 'zip', 'TEXT', 0, 'This field is required', 9, 0, 1, 0),
(10, 'Phone Number', 'Phone Number - System Question', 'phone', 'TEXT', 0, 'This field is required', 10, 0, 1, 0);

-- --------------------------------------------------------

--
-- Table structure for table `wp_esp_question_group`
--

CREATE TABLE IF NOT EXISTS `wp_esp_question_group` (
  `QSG_ID` int(10) unsigned NOT NULL AUTO_INCREMENT,
  `QSG_name` varchar(255) NOT NULL,
  `QSG_identifier` varchar(100) NOT NULL,
  `QSG_desc` text,
  `QSG_order` tinyint(3) unsigned NOT NULL DEFAULT '0',
  `QSG_show_group_name` tinyint(1) NOT NULL,
  `QSG_show_group_desc` tinyint(1) NOT NULL,
  `QSG_system` tinyint(4) DEFAULT NULL,
  `QSG_deleted` tinyint(1) unsigned NOT NULL DEFAULT '0',
  `QSG_wp_user` bigint(20) unsigned DEFAULT NULL,
  PRIMARY KEY (`QSG_ID`),
  UNIQUE KEY `QSG_identifier_UNIQUE` (`QSG_identifier`)
) ENGINE=InnoDB  DEFAULT CHARSET=utf8 AUTO_INCREMENT=3 ;

--
-- Dumping data for table `wp_esp_question_group`
--

INSERT INTO `wp_esp_question_group` (`QSG_ID`, `QSG_name`, `QSG_identifier`, `QSG_desc`, `QSG_order`, `QSG_show_group_name`, `QSG_show_group_desc`, `QSG_system`, `QSG_deleted`, `QSG_wp_user`) VALUES
(1, 'Personal Information', 'personal-information-1482897841', '', 1, 1, 1, 1, 0, NULL),
(2, 'Address Information', 'address-information-1482897841', '', 2, 1, 1, 2, 0, NULL);

-- --------------------------------------------------------

--
-- Table structure for table `wp_esp_question_group_question`
--

CREATE TABLE IF NOT EXISTS `wp_esp_question_group_question` (
  `QGQ_ID` int(10) unsigned NOT NULL AUTO_INCREMENT,
  `QSG_ID` int(10) unsigned NOT NULL,
  `QST_ID` int(10) unsigned NOT NULL,
  `QGQ_order` int(10) unsigned NOT NULL DEFAULT '0',
  PRIMARY KEY (`QGQ_ID`)
) ENGINE=InnoDB  DEFAULT CHARSET=utf8 AUTO_INCREMENT=11 ;

--
-- Dumping data for table `wp_esp_question_group_question`
--

INSERT INTO `wp_esp_question_group_question` (`QGQ_ID`, `QSG_ID`, `QST_ID`, `QGQ_order`) VALUES
(1, 1, 1, 1),
(2, 1, 2, 2),
(3, 1, 3, 3),
(4, 2, 4, 1),
(5, 2, 5, 2),
(6, 2, 6, 3),
(7, 2, 7, 4),
(8, 2, 8, 5),
(9, 2, 9, 6),
(10, 2, 10, 7);

-- --------------------------------------------------------

--
-- Table structure for table `wp_esp_question_option`
--

CREATE TABLE IF NOT EXISTS `wp_esp_question_option` (
  `QSO_ID` int(10) unsigned NOT NULL AUTO_INCREMENT,
  `QSO_value` varchar(255) NOT NULL,
  `QSO_desc` text NOT NULL,
  `QST_ID` int(10) unsigned NOT NULL,
  `QSO_order` int(10) unsigned NOT NULL DEFAULT '0',
  `QSO_deleted` tinyint(1) unsigned NOT NULL DEFAULT '0',
  PRIMARY KEY (`QSO_ID`)
) ENGINE=InnoDB DEFAULT CHARSET=utf8 AUTO_INCREMENT=1 ;

-- --------------------------------------------------------

--
-- Table structure for table `wp_esp_registration`
--

CREATE TABLE IF NOT EXISTS `wp_esp_registration` (
  `REG_ID` int(10) unsigned NOT NULL AUTO_INCREMENT,
  `EVT_ID` bigint(20) unsigned NOT NULL,
  `ATT_ID` bigint(20) unsigned NOT NULL,
  `TXN_ID` int(10) unsigned NOT NULL,
  `TKT_ID` int(10) unsigned NOT NULL,
  `STS_ID` varchar(3) CHARACTER SET utf8 COLLATE utf8_bin NOT NULL DEFAULT 'RPP',
  `REG_date` datetime NOT NULL DEFAULT '0000-00-00 00:00:00',
  `REG_final_price` decimal(10,3) NOT NULL DEFAULT '0.000',
  `REG_paid` decimal(10,3) NOT NULL DEFAULT '0.000',
  `REG_session` varchar(45) CHARACTER SET utf8 COLLATE utf8_bin NOT NULL,
  `REG_code` varchar(45) CHARACTER SET utf8 COLLATE utf8_bin DEFAULT NULL,
  `REG_url_link` varchar(64) CHARACTER SET utf8 COLLATE utf8_bin DEFAULT NULL,
  `REG_count` tinyint(3) unsigned DEFAULT '1',
  `REG_group_size` tinyint(3) unsigned DEFAULT '1',
  `REG_att_is_going` tinyint(1) DEFAULT '0',
  `REG_deleted` tinyint(1) DEFAULT '0',
  PRIMARY KEY (`REG_ID`),
  KEY `EVT_ID` (`EVT_ID`),
  KEY `ATT_ID` (`ATT_ID`),
  KEY `TXN_ID` (`TXN_ID`),
  KEY `TKT_ID` (`TKT_ID`),
  KEY `STS_ID` (`STS_ID`),
  KEY `REG_url_link` (`REG_url_link`),
  KEY `REG_code` (`REG_code`)
) ENGINE=InnoDB  DEFAULT CHARSET=utf8 AUTO_INCREMENT=2 ;

--
-- Dumping data for table `wp_esp_registration`
--

INSERT INTO `wp_esp_registration` (`REG_ID`, `EVT_ID`, `ATT_ID`, `TXN_ID`, `TKT_ID`, `STS_ID`, `REG_date`, `REG_final_price`, `REG_paid`, `REG_session`, `REG_code`, `REG_url_link`, `REG_count`, `REG_group_size`, `REG_att_is_going`, `REG_deleted`) VALUES
(1, 3388, 3393, 6, 2, 'RAP', '2016-12-28 05:12:00', 0.000, 0.000, 'e3e1684ec35712cc1863883cbcbc380b', '6-2-1-6e73', '1-6e73c5bfcea5ade645252634dcc81816', 1, 1, 0, 0);

-- --------------------------------------------------------

--
-- Table structure for table `wp_esp_registration_payment`
--

CREATE TABLE IF NOT EXISTS `wp_esp_registration_payment` (
  `RPY_ID` int(10) unsigned NOT NULL AUTO_INCREMENT,
  `REG_ID` int(10) unsigned NOT NULL,
  `PAY_ID` int(10) unsigned DEFAULT NULL,
  `RPY_amount` decimal(10,3) NOT NULL DEFAULT '0.000',
  PRIMARY KEY (`RPY_ID`),
  KEY `REG_ID` (`REG_ID`),
  KEY `PAY_ID` (`PAY_ID`)
) ENGINE=InnoDB DEFAULT CHARSET=utf8 AUTO_INCREMENT=1 ;

-- --------------------------------------------------------

--
-- Table structure for table `wp_esp_state`
--

CREATE TABLE IF NOT EXISTS `wp_esp_state` (
  `STA_ID` smallint(5) unsigned NOT NULL AUTO_INCREMENT,
  `CNT_ISO` varchar(2) CHARACTER SET utf8 COLLATE utf8_bin NOT NULL,
  `STA_abbrev` varchar(24) CHARACTER SET utf8 COLLATE utf8_bin NOT NULL,
  `STA_name` varchar(100) CHARACTER SET utf8 COLLATE utf8_bin NOT NULL,
  `STA_active` tinyint(1) DEFAULT '1',
  PRIMARY KEY (`STA_ID`)
) ENGINE=InnoDB  DEFAULT CHARSET=utf8 AUTO_INCREMENT=70 ;

--
-- Dumping data for table `wp_esp_state`
--

INSERT INTO `wp_esp_state` (`STA_ID`, `CNT_ISO`, `STA_abbrev`, `STA_name`, `STA_active`) VALUES
(1, 'US', 'AK', 'Alaska', 0),
(2, 'US', 'AL', 'Alabama', 0),
(3, 'US', 'AS', 'American Samoa', 0),
(4, 'US', 'AZ', 'Arizona', 0),
(5, 'US', 'AR', 'Arkansas', 0),
(6, 'US', 'CA', 'California', 0),
(7, 'US', 'CO', 'Colorado', 0),
(8, 'US', 'CT', 'Connecticut', 0),
(9, 'US', 'DE', 'Delaware', 0),
(10, 'US', 'DC', 'District of Columbia', 0),
(11, 'US', 'FM', 'Federated States of Micronesia', 0),
(12, 'US', 'FL', 'Florida', 0),
(13, 'US', 'GA', 'Georgia', 0),
(14, 'US', 'GU', 'Guam', 0),
(15, 'US', 'HI', 'Hawaii', 0),
(16, 'US', 'ID', 'Idaho', 0),
(17, 'US', 'IL', 'Illinois', 0),
(18, 'US', 'IN', 'Indiana', 0),
(19, 'US', 'IA', 'Iowa', 0),
(20, 'US', 'KS', 'Kansas', 0),
(21, 'US', 'KY', 'Kentucky', 0),
(22, 'US', 'LA', 'Louisiana', 0),
(23, 'US', 'ME', 'Maine', 0),
(24, 'US', 'MH', 'Marshall Islands', 0),
(25, 'US', 'MD', 'Maryland', 0),
(26, 'US', 'MA', 'Massachusetts', 0),
(27, 'US', 'MI', 'Michigan', 0),
(28, 'US', 'MN', 'Minnesota', 0),
(29, 'US', 'MS', 'Mississippi', 0),
(30, 'US', 'MO', 'Missouri', 0),
(31, 'US', 'MT', 'Montana', 0),
(32, 'US', 'NE', 'Nebraska', 0),
(33, 'US', 'NV', 'Nevada', 0),
(34, 'US', 'NH', 'New Hampshire', 0),
(35, 'US', 'NJ', 'New Jersey', 0),
(36, 'US', 'NM', 'New Mexico', 0),
(37, 'US', 'NY', 'New York', 0),
(38, 'US', 'NC', 'North Carolina', 0),
(39, 'US', 'ND', 'North Dakota', 0),
(40, 'US', 'MP', 'Northern Mariana Islands', 0),
(41, 'US', 'OH', 'Ohio', 0),
(42, 'US', 'OK', 'Oklahoma', 0),
(43, 'US', 'OR', 'Oregon', 0),
(44, 'US', 'PW', 'Palau', 0),
(45, 'US', 'PA', 'Pennsylvania', 0),
(46, 'US', 'PR', 'Puerto Rico', 0),
(47, 'US', 'RI', 'Rhode Island', 0),
(48, 'US', 'SC', 'South Carolina', 0),
(49, 'US', 'SD', 'South Dakota', 0),
(50, 'US', 'TN', 'Tennessee', 0),
(51, 'US', 'TX', 'Texas', 0),
(52, 'US', 'UT', 'Utah', 0),
(53, 'US', 'VT', 'Vermont', 0),
(54, 'US', 'VI', 'Virgin Islands', 0),
(55, 'US', 'VA', 'Virginia', 0),
(56, 'US', 'WA', 'Washington', 0),
(57, 'US', 'WV', 'West Virginia', 0),
(58, 'US', 'WI', 'Wisconsin', 0),
(59, 'US', 'WY', 'Wyoming', 0),
(60, 'CA', 'AB', 'Alberta', 1),
(61, 'CA', 'BC', 'British Columbia', 1),
(62, 'CA', 'MB', 'Manitoba', 1),
(63, 'CA', 'NB', 'New Brunswick', 1),
(64, 'CA', 'NL', 'Newfoundland and Labrador', 1),
(65, 'CA', 'NS', 'Nova Scotia', 1),
(66, 'CA', 'ON', 'Ontario', 1),
(67, 'CA', 'PE', 'Prince Edward Island', 1),
(68, 'CA', 'QC', 'Quebec', 1),
(69, 'CA', 'SK', 'Saskatchewan', 1);

-- --------------------------------------------------------

--
-- Table structure for table `wp_esp_status`
--

CREATE TABLE IF NOT EXISTS `wp_esp_status` (
  `STS_ID` varchar(3) CHARACTER SET utf8 COLLATE utf8_bin NOT NULL,
  `STS_code` varchar(45) CHARACTER SET utf8 COLLATE utf8_bin NOT NULL,
  `STS_type` set('event','registration','transaction','payment','email') CHARACTER SET utf8 COLLATE utf8_bin NOT NULL,
  `STS_can_edit` tinyint(1) NOT NULL DEFAULT '0',
  `STS_desc` tinytext CHARACTER SET utf8 COLLATE utf8_bin,
  `STS_open` tinyint(1) NOT NULL DEFAULT '1',
  UNIQUE KEY `STS_ID_UNIQUE` (`STS_ID`),
  KEY `STS_type` (`STS_type`)
) ENGINE=InnoDB DEFAULT CHARSET=utf8;

--
-- Dumping data for table `wp_esp_status`
--

INSERT INTO `wp_esp_status` (`STS_ID`, `STS_code`, `STS_type`, `STS_can_edit`, `STS_desc`, `STS_open`) VALUES
('ACT', 'ACTIVE', 'event', 0, NULL, 1),
('CLS', 'REGISTRATION_CLOSED', 'event', 0, NULL, 0),
('DEL', 'DELETED', 'event', 0, NULL, 0),
('DEN', 'DENIED', 'event', 0, NULL, 0),
('DRF', 'DRAFT', 'event', 0, NULL, 0),
('EDR', 'DRAFT', 'email', 0, NULL, 0),
('ESN', 'SENT', 'email', 0, NULL, 1),
('EXP', 'EXPIRED', 'event', 0, NULL, 0),
('NAC', 'NOT_ACTIVE', 'event', 0, NULL, 0),
('NOP', 'REGISTRATION_NOT_OPEN', 'event', 0, NULL, 1),
('ONG', 'ONGOING', 'event', 0, NULL, 1),
('OPN', 'REGISTRATION_OPEN', 'event', 0, NULL, 1),
('PAP', 'APPROVED', 'payment', 0, NULL, 1),
('PCN', 'CANCELLED', 'payment', 0, NULL, 0),
('PDC', 'DECLINED', 'payment', 0, NULL, 0),
('PFL', 'FAILED', 'payment', 0, NULL, 0),
('PND', 'PENDING', 'event', 0, NULL, 1),
('PPN', 'PENDING', 'payment', 0, NULL, 1),
('RAP', 'APPROVED', 'registration', 0, NULL, 1),
('RCN', 'CANCELLED', 'registration', 0, NULL, 0),
('RDC', 'DECLINED', 'registration', 0, NULL, 0),
('RIC', 'INCOMPLETE', 'registration', 0, NULL, 1),
('RNA', 'NOT_APPROVED', 'registration', 0, NULL, 1),
('RPP', 'PENDING_PAYMENT', 'registration', 0, NULL, 1),
('SEC', 'SECONDARY', 'event', 0, NULL, 1),
('TAB', 'ABANDONED', 'transaction', 0, NULL, 0),
('TCM', 'COMPLETE', 'transaction', 0, NULL, 1),
('TFL', 'FAILED', 'transaction', 0, NULL, 0),
('TIN', 'INCOMPLETE', 'transaction', 0, NULL, 1),
('TOP', 'OVERPAID', 'transaction', 0, NULL, 1);

-- --------------------------------------------------------

--
-- Table structure for table `wp_esp_ticket`
--

CREATE TABLE IF NOT EXISTS `wp_esp_ticket` (
  `TKT_ID` int(10) unsigned NOT NULL AUTO_INCREMENT,
  `TTM_ID` int(10) unsigned NOT NULL,
  `TKT_name` varchar(245) NOT NULL DEFAULT '',
  `TKT_description` text NOT NULL,
  `TKT_qty` mediumint(8) DEFAULT NULL,
  `TKT_sold` mediumint(8) NOT NULL DEFAULT '0',
  `TKT_uses` tinyint(4) NOT NULL DEFAULT '-1',
  `TKT_required` tinyint(3) unsigned NOT NULL DEFAULT '0',
  `TKT_min` tinyint(3) unsigned NOT NULL DEFAULT '0',
  `TKT_max` tinyint(4) NOT NULL DEFAULT '-1',
  `TKT_price` decimal(10,3) NOT NULL DEFAULT '0.000',
  `TKT_start_date` datetime NOT NULL DEFAULT '0000-00-00 00:00:00',
  `TKT_end_date` datetime NOT NULL DEFAULT '0000-00-00 00:00:00',
  `TKT_taxable` tinyint(1) unsigned NOT NULL DEFAULT '0',
  `TKT_order` tinyint(3) unsigned NOT NULL DEFAULT '0',
  `TKT_row` tinyint(3) unsigned NOT NULL DEFAULT '0',
  `TKT_is_default` tinyint(1) unsigned NOT NULL DEFAULT '0',
  `TKT_wp_user` bigint(20) unsigned DEFAULT NULL,
  `TKT_parent` int(10) unsigned DEFAULT '0',
  `TKT_deleted` tinyint(1) NOT NULL DEFAULT '0',
  PRIMARY KEY (`TKT_ID`)
) ENGINE=InnoDB  DEFAULT CHARSET=utf8 AUTO_INCREMENT=5 ;

--
-- Dumping data for table `wp_esp_ticket`
--

INSERT INTO `wp_esp_ticket` (`TKT_ID`, `TTM_ID`, `TKT_name`, `TKT_description`, `TKT_qty`, `TKT_sold`, `TKT_uses`, `TKT_required`, `TKT_min`, `TKT_max`, `TKT_price`, `TKT_start_date`, `TKT_end_date`, `TKT_taxable`, `TKT_order`, `TKT_row`, `TKT_is_default`, `TKT_wp_user`, `TKT_parent`, `TKT_deleted`) VALUES
(1, 0, 'Free Ticket', '', 100, 0, -1, 0, 0, -1, 0.000, '0000-00-00 00:00:00', '0000-00-00 00:00:00', 0, 0, 1, 1, 1, 0, 0),
(2, 0, 'Free Ticket', '', 100, 1, -1, 0, 0, -1, 0.000, '2016-12-01 08:00:00', '2017-01-18 00:00:00', 0, 0, 0, 0, 1, 0, 0),
(3, 0, 'Workshop Fees', '', 10, 0, -1, 0, 0, -1, 450.000, '2016-12-01 01:00:00', '2017-01-08 10:00:00', 0, 0, 0, 0, 1, 0, 0),
(4, 0, 'Free Ticket', '', 70, 0, -1, 0, 0, -1, 0.000, '2016-10-31 17:45:00', '2016-11-24 17:00:00', 0, 0, 0, 0, 1, 0, 0);

-- --------------------------------------------------------

--
-- Table structure for table `wp_esp_ticket_price`
--

CREATE TABLE IF NOT EXISTS `wp_esp_ticket_price` (
  `TKP_ID` int(10) unsigned NOT NULL AUTO_INCREMENT,
  `TKT_ID` int(10) unsigned NOT NULL,
  `PRC_ID` int(10) unsigned NOT NULL,
  PRIMARY KEY (`TKP_ID`)
) ENGINE=InnoDB  DEFAULT CHARSET=utf8 AUTO_INCREMENT=5 ;

--
-- Dumping data for table `wp_esp_ticket_price`
--

INSERT INTO `wp_esp_ticket_price` (`TKP_ID`, `TKT_ID`, `PRC_ID`) VALUES
(1, 1, 1),
(2, 2, 2),
(3, 3, 3),
(4, 4, 4);

-- --------------------------------------------------------

--
-- Table structure for table `wp_esp_ticket_template`
--

CREATE TABLE IF NOT EXISTS `wp_esp_ticket_template` (
  `TTM_ID` int(10) unsigned NOT NULL AUTO_INCREMENT,
  `TTM_name` varchar(45) NOT NULL,
  `TTM_description` text,
  `TTM_file` varchar(45) DEFAULT NULL,
  PRIMARY KEY (`TTM_ID`)
) ENGINE=InnoDB DEFAULT CHARSET=utf8 AUTO_INCREMENT=1 ;

-- --------------------------------------------------------

--
-- Table structure for table `wp_esp_transaction`
--

CREATE TABLE IF NOT EXISTS `wp_esp_transaction` (
  `TXN_ID` int(10) unsigned NOT NULL AUTO_INCREMENT,
  `TXN_timestamp` datetime NOT NULL DEFAULT '0000-00-00 00:00:00',
  `TXN_total` decimal(10,3) DEFAULT '0.000',
  `TXN_paid` decimal(10,3) NOT NULL DEFAULT '0.000',
  `STS_ID` varchar(3) NOT NULL DEFAULT 'TOP',
  `TXN_session_data` text CHARACTER SET utf8 COLLATE utf8_bin,
  `TXN_hash_salt` varchar(250) CHARACTER SET utf8 COLLATE utf8_bin DEFAULT NULL,
  `PMD_ID` int(11) DEFAULT NULL,
  `TXN_reg_steps` text,
  PRIMARY KEY (`TXN_ID`),
  KEY `TXN_timestamp` (`TXN_timestamp`),
  KEY `STS_ID` (`STS_ID`)
) ENGINE=InnoDB  DEFAULT CHARSET=utf8 AUTO_INCREMENT=20 ;

--
-- Dumping data for table `wp_esp_transaction`
--

INSERT INTO `wp_esp_transaction` (`TXN_ID`, `TXN_timestamp`, `TXN_total`, `TXN_paid`, `STS_ID`, `TXN_session_data`, `TXN_hash_salt`, `PMD_ID`, `TXN_reg_steps`) VALUES
(1, '2016-12-28 04:12:00', 0.000, 0.000, 'TFL', '', '', 0, 'a:3:{s:20:"attendee_information";i:1482898349;s:15:"payment_options";b:0;s:21:"finalize_registration";b:0;}'),
(2, '2016-12-28 04:31:00', 0.000, 0.000, 'TFL', '', '', 0, 'a:3:{s:20:"attendee_information";i:1482899507;s:15:"payment_options";b:0;s:21:"finalize_registration";b:0;}'),
(3, '2016-12-28 04:45:00', 0.000, 0.000, 'TFL', '', '', 0, 'a:3:{s:20:"attendee_information";i:1482900324;s:15:"payment_options";b:0;s:21:"finalize_registration";b:0;}'),
(4, '2016-12-28 04:56:00', 0.000, 0.000, 'TFL', '', '', 0, 'a:3:{s:20:"attendee_information";i:1482901019;s:15:"payment_options";b:0;s:21:"finalize_registration";b:0;}'),
(5, '2016-12-28 05:07:00', 0.000, 0.000, 'TFL', '', '', 0, 'a:3:{s:20:"attendee_information";i:1482901675;s:15:"payment_options";b:0;s:21:"finalize_registration";b:0;}'),
(6, '2016-12-28 05:12:00', 0.000, 0.000, 'TCM', 0x613a31313a7b733a323a226964223b733a33323a226533653136383465633335373132636331383633383833636263626333383062223b733a373a22757365725f6964223b693a363b733a31303a2269705f61646472657373223b733a31343a223132342e3132322e38352e323232223b733a31303a22757365725f6167656e74223b733a3131333a224d6f7a696c6c612f352e30202857696e646f7773204e5420362e313b2057696e36343b2078363429204170706c655765624b69742f3533372e333620284b48544d4c2c206c696b65204765636b6f29204368726f6d652f35352e302e323838332e3837205361666172692f3533372e3336223b733a31313a22696e69745f616363657373223b693a313438323930313933303b733a31313a226c6173745f616363657373223b693a313438323930313937343b733a31303a2265787069726174696f6e223b693a313438323930353533313b733a31333a2270616765735f76697369746564223b613a303a7b7d733a383a22636865636b6f7574223b4e3b733a343a2263617274223b4e3b733a31313a227472616e73616374696f6e223b4e3b7d, '', 0, 'a:3:{s:20:"attendee_information";b:1;s:15:"payment_options";b:0;s:21:"finalize_registration";b:1;}'),
(7, '2016-12-28 05:31:00', 0.000, 0.000, 'TFL', '', '', 0, 'a:3:{s:20:"attendee_information";i:1482903110;s:15:"payment_options";b:0;s:21:"finalize_registration";b:0;}'),
(8, '2016-12-28 05:45:00', 0.000, 0.000, 'TFL', '', '', 0, 'a:3:{s:20:"attendee_information";i:1482903947;s:15:"payment_options";b:0;s:21:"finalize_registration";b:0;}'),
(9, '2016-12-28 05:55:00', 0.000, 0.000, 'TFL', '', '', 0, 'a:3:{s:20:"attendee_information";i:1482904528;s:15:"payment_options";b:0;s:21:"finalize_registration";b:0;}'),
(10, '2016-12-28 05:55:00', 0.000, 0.000, 'TFL', '', '', 0, 'a:3:{s:20:"attendee_information";i:1482904529;s:15:"payment_options";b:0;s:21:"finalize_registration";b:0;}'),
(11, '2016-12-28 06:10:00', 0.000, 0.000, 'TFL', '', '', 0, 'a:3:{s:20:"attendee_information";i:1482905409;s:15:"payment_options";b:0;s:21:"finalize_registration";b:0;}'),
(12, '2016-12-28 06:18:00', 0.000, 0.000, 'TFL', '', '', 0, 'a:3:{s:20:"attendee_information";i:1482931085;s:15:"payment_options";b:0;s:21:"finalize_registration";b:0;}'),
(13, '2016-12-28 06:32:00', 0.000, 0.000, 'TFL', '', '', 0, 'a:3:{s:20:"attendee_information";i:1482931963;s:15:"payment_options";b:0;s:21:"finalize_registration";b:0;}'),
(14, '2016-12-28 06:53:00', 0.000, 0.000, 'TFL', '', '', 0, 'a:3:{s:20:"attendee_information";i:1482933194;s:15:"payment_options";b:0;s:21:"finalize_registration";b:0;}'),
(15, '2016-12-28 07:33:00', 0.000, 0.000, 'TFL', '', '', 0, 'a:3:{s:20:"attendee_information";i:1482935602;s:15:"payment_options";b:0;s:21:"finalize_registration";b:0;}'),
(16, '2016-12-28 08:09:00', 0.000, 0.000, 'TFL', '', '', 0, 'a:3:{s:20:"attendee_information";i:1482937796;s:15:"payment_options";b:0;s:21:"finalize_registration";b:0;}'),
(17, '2016-12-28 08:37:00', 0.000, 0.000, 'TFL', '', '', 0, 'a:3:{s:20:"attendee_information";i:1482939464;s:15:"payment_options";b:0;s:21:"finalize_registration";b:0;}'),
(18, '2016-12-28 08:37:00', 0.000, 0.000, 'TFL', '', '', 0, 'a:3:{s:20:"attendee_information";i:1482939468;s:15:"payment_options";b:0;s:21:"finalize_registration";b:0;}'),
(19, '2016-12-28 08:40:00', 0.000, 0.000, 'TFL', '', '', 0, 'a:3:{s:20:"attendee_information";i:1482939652;s:15:"payment_options";b:0;s:21:"finalize_registration";b:0;}');

-- --------------------------------------------------------

--
-- Table structure for table `wp_esp_venue_meta`
--

CREATE TABLE IF NOT EXISTS `wp_esp_venue_meta` (
  `VNUM_ID` int(11) NOT NULL AUTO_INCREMENT,
  `VNU_ID` bigint(20) unsigned NOT NULL DEFAULT '0',
  `VNU_address` varchar(255) DEFAULT NULL,
  `VNU_address2` varchar(255) DEFAULT NULL,
  `VNU_city` varchar(100) DEFAULT NULL,
  `STA_ID` int(11) DEFAULT NULL,
  `CNT_ISO` varchar(2) DEFAULT NULL,
  `VNU_zip` varchar(45) DEFAULT NULL,
  `VNU_phone` varchar(45) DEFAULT NULL,
  `VNU_capacity` int(11) DEFAULT NULL,
  `VNU_url` varchar(255) DEFAULT NULL,
  `VNU_virtual_phone` varchar(45) DEFAULT NULL,
  `VNU_virtual_url` varchar(255) DEFAULT NULL,
  `VNU_enable_for_gmap` tinyint(1) DEFAULT '0',
  `VNU_google_map_link` varchar(255) DEFAULT NULL,
  PRIMARY KEY (`VNUM_ID`),
  KEY `STA_ID` (`STA_ID`),
  KEY `CNT_ISO` (`CNT_ISO`)
) ENGINE=InnoDB DEFAULT CHARSET=utf8 AUTO_INCREMENT=1 ;

-- --------------------------------------------------------

--
-- Table structure for table `wp_frm_fields`
--

CREATE TABLE IF NOT EXISTS `wp_frm_fields` (
  `id` int(11) NOT NULL AUTO_INCREMENT,
  `field_key` varchar(100) DEFAULT NULL,
  `name` text,
  `description` longtext,
  `type` text,
  `default_value` longtext,
  `options` longtext,
  `field_order` int(11) DEFAULT '0',
  `required` int(1) DEFAULT NULL,
  `field_options` longtext,
  `form_id` int(11) DEFAULT NULL,
  `created_at` datetime NOT NULL,
  PRIMARY KEY (`id`),
  UNIQUE KEY `field_key` (`field_key`),
  KEY `form_id` (`form_id`)
) ENGINE=MyISAM  DEFAULT CHARSET=utf8 AUTO_INCREMENT=31 ;

--
-- Dumping data for table `wp_frm_fields`
--

INSERT INTO `wp_frm_fields` (`id`, `field_key`, `name`, `description`, `type`, `default_value`, `options`, `field_order`, `required`, `field_options`, `form_id`, `created_at`) VALUES
(1, 'qh4icy', 'Name', 'First', 'text', NULL, NULL, 1, 1, 'a:3:{s:5:"blank";s:0:"";s:14:"separate_value";i:0;s:7:"classes";s:18:"frm_first frm_half";}', 1, '2015-08-27 07:52:48'),
(2, 'ocfup1', 'Last', 'Last', 'text', NULL, NULL, 2, 1, 'a:3:{s:5:"label";s:6:"hidden";s:5:"blank";s:0:"";s:7:"classes";s:8:"frm_half";}', 1, '2015-08-27 07:52:48'),
(3, '29yf4d', 'Email', '', 'email', NULL, NULL, 3, 1, 'a:3:{s:5:"blank";s:0:"";s:7:"invalid";s:34:"Please enter a valid email address";s:7:"classes";s:8:"frm_full";}', 1, '2015-08-27 07:52:48'),
(4, 'itt5me', 'Website', '', 'url', NULL, NULL, 4, 0, 'a:3:{s:5:"blank";s:0:"";s:7:"invalid";s:28:"Please enter a valid website";s:7:"classes";s:8:"frm_full";}', 1, '2015-08-27 07:52:48'),
(5, 'e6lis6', 'Subject', '', 'text', NULL, NULL, 5, 1, 'a:2:{s:5:"blank";s:0:"";s:7:"classes";s:8:"frm_full";}', 1, '2015-08-27 07:52:48'),
(6, '9jv0r1', 'Message', '', 'textarea', NULL, NULL, 6, 1, 'a:3:{s:3:"max";s:1:"5";s:5:"blank";s:0:"";s:7:"classes";s:8:"frm_full";}', 1, '2015-08-27 07:52:48'),
(7, '62n6q3', 'Captcha', '', 'captcha', NULL, NULL, 7, 0, 'a:4:{s:5:"label";s:4:"none";s:5:"blank";s:0:"";s:14:"clear_on_focus";i:0;s:13:"default_blank";i:0;}', 1, '2015-08-27 07:52:48'),
(8, 'qh4icy2', 'Name', '', 'text', '', '', 0, 1, 'a:10:{s:5:"blank";s:27:"This field cannot be blank.";s:14:"separate_value";i:0;s:7:"classes";s:19:"frm_half  frm_first";s:4:"size";s:0:"";s:3:"max";s:0:"";s:5:"label";s:0:"";s:7:"invalid";s:0:"";s:18:"required_indicator";s:1:"*";s:11:"custom_html";s:413:"<div id="frm_field_[id]_container" class="frm_form_field form-field [required_class][error_class]">\r\n    <label for="field_[key]" class="frm_primary_label">[field_name]\r\n        <span class="frm_required">[required_label]</span>\r\n    </label>\r\n    [input]\r\n    [if description]<div class="frm_description">[description]</div>[/if description]\r\n    [if error]<div class="frm_error">[error]</div>[/if error]\r\n</div>";s:12:"captcha_size";s:0:"";}', 3, '2015-08-27 07:55:21'),
(10, '29yf4d2', 'Email', '', 'email', '', '', 4, 1, 'a:10:{s:5:"blank";s:27:"This field cannot be blank.";s:7:"invalid";s:34:"Please enter a valid email address";s:7:"classes";s:17:"frm_half frm_last";s:4:"size";s:0:"";s:3:"max";s:0:"";s:5:"label";s:0:"";s:18:"required_indicator";s:1:"*";s:14:"separate_value";i:0;s:11:"custom_html";s:413:"<div id="frm_field_[id]_container" class="frm_form_field form-field [required_class][error_class]">\r\n    <label for="field_[key]" class="frm_primary_label">[field_name]\r\n        <span class="frm_required">[required_label]</span>\r\n    </label>\r\n    [input]\r\n    [if description]<div class="frm_description">[description]</div>[/if description]\r\n    [if error]<div class="frm_error">[error]</div>[/if error]\r\n</div>";s:12:"captcha_size";s:0:"";}', 3, '2015-08-27 07:55:21'),
(13, '9jv0r12', 'Special requests', '', 'textarea', '', '', 9, 0, 'a:10:{s:3:"max";s:1:"2";s:5:"blank";s:27:"This field cannot be blank.";s:7:"classes";s:17:"frm_half frm_last";s:4:"size";s:0:"";s:5:"label";s:0:"";s:7:"invalid";s:0:"";s:18:"required_indicator";s:1:"*";s:14:"separate_value";i:0;s:11:"custom_html";s:413:"<div id="frm_field_[id]_container" class="frm_form_field form-field [required_class][error_class]">\r\n    <label for="field_[key]" class="frm_primary_label">[field_name]\r\n        <span class="frm_required">[required_label]</span>\r\n    </label>\r\n    [input]\r\n    [if description]<div class="frm_description">[description]</div>[/if description]\r\n    [if error]<div class="frm_error">[error]</div>[/if error]\r\n</div>";s:12:"captcha_size";s:0:"";}', 3, '2015-08-27 07:55:21'),
(14, '62n6q32', 'Captcha', '', 'captcha', '1', '', 10, 0, 'a:12:{s:5:"label";s:4:"none";s:5:"blank";s:0:"";s:14:"clear_on_focus";i:0;s:13:"default_blank";i:0;s:4:"size";s:0:"";s:3:"max";s:0:"";s:7:"invalid";s:39:"The reCAPTCHA was not entered correctly";s:7:"classes";s:0:"";s:18:"required_indicator";s:1:"*";s:14:"separate_value";i:0;s:11:"custom_html";s:413:"<div id="frm_field_[id]_container" class="frm_form_field form-field [required_class][error_class]">\r\n    <label for="field_[key]" class="frm_primary_label">[field_name]\r\n        <span class="frm_required">[required_label]</span>\r\n    </label>\r\n    [input]\r\n    [if description]<div class="frm_description">[description]</div>[/if description]\r\n    [if error]<div class="frm_error">[error]</div>[/if error]\r\n</div>";s:12:"captcha_size";s:7:"default";}', 3, '2015-08-27 07:55:21'),
(15, 'ynbpp9', 'Request a time', '', 'select', 'Please Choose', 'a:9:{i:0;s:13:"Please Choose";i:1;s:38:"Half day - 08.00-12.00 or  13.00-17.00";i:2;s:22:"Full Day - 08.00-17.00";i:3;s:21:"Evening - 17.00-21.00";i:4;s:30:"Full Day & Evening 08.00-21.00";i:5;s:32:"1 hour - Minimum 3 hours (8-5pm)";i:6;s:21:"Office Suite - Weekly";i:7;s:22:"Office Suite - Monthly";i:8;s:21:"Office Suite - Yearly";}', 7, 1, 'a:12:{s:4:"size";s:0:"";s:3:"max";s:0:"";s:5:"label";s:0:"";s:5:"blank";s:27:"This field cannot be blank.";s:18:"required_indicator";s:1:"*";s:7:"invalid";s:0:"";s:14:"separate_value";i:0;s:14:"clear_on_focus";i:0;s:13:"default_blank";i:0;s:7:"classes";s:17:"frm_half frm_last";s:11:"custom_html";s:413:"<div id="frm_field_[id]_container" class="frm_form_field form-field [required_class][error_class]">\r\n    <label for="field_[key]" class="frm_primary_label">[field_name]\r\n        <span class="frm_required">[required_label]</span>\r\n    </label>\r\n    [input]\r\n    [if description]<div class="frm_description">[description]</div>[/if description]\r\n    [if error]<div class="frm_error">[error]</div>[/if error]\r\n</div>";s:12:"captcha_size";s:0:"";}', 3, '2015-08-27 07:57:30'),
(16, 'xzvb1y', 'Room Type', '', 'select', 'Please Choose', 'a:6:{i:0;s:13:"Please Choose";i:1;s:12:"Seminar Room";i:2;s:12:"Meeting Room";i:3;s:10:"Both Rooms";i:4;s:34:"Office Suite - Full Unit (2 desks)";i:5;s:33:"Office - Suite = Sharing (1 desk)";}', 5, 1, 'a:12:{s:4:"size";s:0:"";s:3:"max";s:0:"";s:5:"label";s:0:"";s:5:"blank";s:27:"This field cannot be blank.";s:18:"required_indicator";s:1:"*";s:7:"invalid";s:0:"";s:14:"separate_value";i:0;s:14:"clear_on_focus";i:0;s:13:"default_blank";i:0;s:7:"classes";s:18:"frm_half frm_first";s:11:"custom_html";s:413:"<div id="frm_field_[id]_container" class="frm_form_field form-field [required_class][error_class]">\r\n    <label for="field_[key]" class="frm_primary_label">[field_name]\r\n        <span class="frm_required">[required_label]</span>\r\n    </label>\r\n    [input]\r\n    [if description]<div class="frm_description">[description]</div>[/if description]\r\n    [if error]<div class="frm_error">[error]</div>[/if error]\r\n</div>";s:12:"captcha_size";s:0:"";}', 3, '2015-08-27 08:00:12'),
(17, 'jql3f6', 'Refreshments &amp; Catering', '', 'checkbox', '', 'a:4:{i:0;s:6:"Coffee";i:1;s:5:"Lunch";i:2;s:10:"Sandwiches";i:6;s:24:"Sparking / Bottled Water";}', 8, 0, 'a:12:{s:4:"size";s:0:"";s:3:"max";s:0:"";s:5:"label";s:0:"";s:5:"blank";s:27:"This field cannot be blank.";s:18:"required_indicator";s:1:"*";s:7:"invalid";s:0:"";s:14:"separate_value";i:0;s:14:"clear_on_focus";i:0;s:13:"default_blank";i:0;s:7:"classes";s:18:"frm_half frm_first";s:11:"custom_html";s:433:"<div id="frm_field_[id]_container" class="frm_form_field form-field [required_class][error_class]">\r\n    <label  class="frm_primary_label">[field_name]\r\n        <span class="frm_required">[required_label]</span>\r\n    </label>\r\n    <div class="frm_opt_container">[input]</div>\r\n    [if description]<div class="frm_description">[description]</div>[/if description]\r\n    [if error]<div class="frm_error">[error]</div>[/if error]\r\n</div>";s:12:"captcha_size";s:0:"";}', 3, '2015-08-27 08:01:24'),
(18, 'qh4icy3', 'Name', '', 'text', '', '', 1, 1, 'a:9:{s:5:"blank";s:27:"This field cannot be blank.";s:14:"separate_value";i:0;s:7:"classes";s:14:"frm_first_half";s:4:"size";s:0:"";s:3:"max";s:0:"";s:5:"label";s:0:"";s:7:"invalid";s:0:"";s:18:"required_indicator";s:1:"*";s:11:"custom_html";s:413:"<div id="frm_field_[id]_container" class="frm_form_field form-field [required_class][error_class]">\r\n    <label for="field_[key]" class="frm_primary_label">[field_name]\r\n        <span class="frm_required">[required_label]</span>\r\n    </label>\r\n    [input]\r\n    [if description]<div class="frm_description">[description]</div>[/if description]\r\n    [if error]<div class="frm_error">[error]</div>[/if error]\r\n</div>";}', 5, '2015-09-14 09:13:13'),
(20, '29yf4d3', 'Email', '', 'email', '', '', 3, 1, 'a:9:{s:5:"blank";s:27:"This field cannot be blank.";s:7:"invalid";s:34:"Please enter a valid email address";s:7:"classes";s:8:"frm_full";s:4:"size";s:0:"";s:3:"max";s:0:"";s:5:"label";s:0:"";s:18:"required_indicator";s:1:"*";s:14:"separate_value";i:0;s:11:"custom_html";s:413:"<div id="frm_field_[id]_container" class="frm_form_field form-field [required_class][error_class]">\r\n    <label for="field_[key]" class="frm_primary_label">[field_name]\r\n        <span class="frm_required">[required_label]</span>\r\n    </label>\r\n    [input]\r\n    [if description]<div class="frm_description">[description]</div>[/if description]\r\n    [if error]<div class="frm_error">[error]</div>[/if error]\r\n</div>";}', 5, '2015-09-14 09:13:13'),
(24, '62n6q33', 'Captcha', '', 'captcha', '1', '', 7, 0, 'a:11:{s:5:"label";s:4:"none";s:5:"blank";s:0:"";s:14:"clear_on_focus";i:0;s:13:"default_blank";i:0;s:4:"size";s:0:"";s:3:"max";s:0:"";s:7:"invalid";s:39:"The reCAPTCHA was not entered correctly";s:7:"classes";s:0:"";s:18:"required_indicator";s:1:"*";s:14:"separate_value";i:0;s:11:"custom_html";s:413:"<div id="frm_field_[id]_container" class="frm_form_field form-field [required_class][error_class]">\r\n    <label for="field_[key]" class="frm_primary_label">[field_name]\r\n        <span class="frm_required">[required_label]</span>\r\n    </label>\r\n    [input]\r\n    [if description]<div class="frm_description">[description]</div>[/if description]\r\n    [if error]<div class="frm_error">[error]</div>[/if error]\r\n</div>";}', 5, '2015-09-14 09:13:13'),
(25, 'd5yseo', 'Date', '', 'select', 'Please Choose', 'a:3:{i:0;s:13:"Please Choose";i:1;s:7:"Weekday";i:2;s:26:"Weekend and Public Holiday";}', 6, 1, 'a:12:{s:4:"size";s:0:"";s:3:"max";s:0:"";s:5:"label";s:0:"";s:5:"blank";s:27:"This field cannot be blank.";s:18:"required_indicator";s:1:"*";s:7:"invalid";s:0:"";s:14:"separate_value";i:0;s:14:"clear_on_focus";i:0;s:13:"default_blank";i:1;s:7:"classes";s:18:"frm_half frm_first";s:11:"custom_html";s:413:"<div id="frm_field_[id]_container" class="frm_form_field form-field [required_class][error_class]">\r\n    <label for="field_[key]" class="frm_primary_label">[field_name]\r\n        <span class="frm_required">[required_label]</span>\r\n    </label>\r\n    [input]\r\n    [if description]<div class="frm_description">[description]</div>[/if description]\r\n    [if error]<div class="frm_error">[error]</div>[/if error]\r\n</div>";s:12:"captcha_size";s:0:"";}', 3, '2016-01-20 10:36:09'),
(28, 'cp5pfc', 'Telephone', '', 'text', '', '', 3, 1, 'a:10:{s:5:"blank";s:27:"This field cannot be blank.";s:14:"separate_value";i:0;s:7:"classes";s:19:"frm_half  frm_first";s:4:"size";s:0:"";s:3:"max";s:0:"";s:5:"label";s:0:"";s:7:"invalid";s:0:"";s:18:"required_indicator";s:1:"*";s:11:"custom_html";s:413:"<div id="frm_field_[id]_container" class="frm_form_field form-field [required_class][error_class]">\r\n    <label for="field_[key]" class="frm_primary_label">[field_name]\r\n        <span class="frm_required">[required_label]</span>\r\n    </label>\r\n    [input]\r\n    [if description]<div class="frm_description">[description]</div>[/if description]\r\n    [if error]<div class="frm_error">[error]</div>[/if error]\r\n</div>";s:12:"captcha_size";s:0:"";}', 3, '2016-01-20 10:45:23'),
(30, 'esi12y', 'Organization/Company', '', 'email', '', '', 1, 0, 'a:10:{s:5:"blank";s:27:"This field cannot be blank.";s:7:"invalid";s:34:"Please enter a valid email address";s:7:"classes";s:17:"frm_half frm_last";s:4:"size";s:0:"";s:3:"max";s:0:"";s:5:"label";s:0:"";s:18:"required_indicator";s:1:"*";s:14:"separate_value";i:0;s:11:"custom_html";s:413:"<div id="frm_field_[id]_container" class="frm_form_field form-field [required_class][error_class]">\r\n    <label for="field_[key]" class="frm_primary_label">[field_name]\r\n        <span class="frm_required">[required_label]</span>\r\n    </label>\r\n    [input]\r\n    [if description]<div class="frm_description">[description]</div>[/if description]\r\n    [if error]<div class="frm_error">[error]</div>[/if error]\r\n</div>";s:12:"captcha_size";s:0:"";}', 3, '2016-01-20 10:48:38');

-- --------------------------------------------------------

--
-- Table structure for table `wp_frm_forms`
--

CREATE TABLE IF NOT EXISTS `wp_frm_forms` (
  `id` int(11) NOT NULL AUTO_INCREMENT,
  `form_key` varchar(100) DEFAULT NULL,
  `name` varchar(255) DEFAULT NULL,
  `description` text,
  `parent_form_id` int(11) DEFAULT '0',
  `logged_in` tinyint(1) DEFAULT NULL,
  `editable` tinyint(1) DEFAULT NULL,
  `is_template` tinyint(1) DEFAULT '0',
  `default_template` tinyint(1) DEFAULT '0',
  `status` varchar(255) DEFAULT NULL,
  `options` longtext,
  `created_at` datetime NOT NULL,
  PRIMARY KEY (`id`),
  UNIQUE KEY `form_key` (`form_key`)
) ENGINE=MyISAM  DEFAULT CHARSET=utf8 AUTO_INCREMENT=6 ;

--
-- Dumping data for table `wp_frm_forms`
--

INSERT INTO `wp_frm_forms` (`id`, `form_key`, `name`, `description`, `parent_form_id`, `logged_in`, `editable`, `is_template`, `default_template`, `status`, `options`, `created_at`) VALUES
(1, 'contact', 'Contact Us', 'We would like to hear from you. Please send us a message by filling out the form below and we will get back with you shortly.', 0, 0, 0, 1, 1, 'published', 'a:12:{s:12:"submit_value";s:6:"Submit";s:14:"success_action";s:7:"message";s:11:"success_msg";s:54:"Your responses were successfully submitted. Thank you!";s:9:"show_form";i:0;s:7:"akismet";s:0:"";s:7:"no_save";i:0;s:9:"ajax_load";i:0;s:10:"form_class";s:0:"";s:12:"custom_style";i:1;s:11:"before_html";s:194:"<legend class="frm_hidden">[form_name]</legend>\n[if form_name]<h3>[form_name]</h3>[/if form_name]\n[if form_description]<div class="frm_description">[form_description]</div>[/if form_description]";s:10:"after_html";s:0:"";s:11:"submit_html";s:440:"<div class="frm_submit">\n[if back_button]<input type="button" value="[back_label]" name="frm_prev_page" formnovalidate="formnovalidate" class="frm_prev_page" [back_hook] />[/if back_button]\n<input type="submit" value="[button_label]" [button_action] />\n<img class="frm_ajax_loading" src="[frmurl]/images/ajax_loader.gif" alt="Sending"/>\n[if save_draft]<a href="#" class="frm_save_draft" [draft_hook]>[draft_label]</a>[/if save_draft]\n</div>";}', '2009-11-24 00:17:31'),
(3, 'contact2', 'Space Booking', 'We would like to hear from you. Please send us a message by filling out the form below and we will get back with you shortly.', 0, 0, 0, 0, 0, 'published', 'a:12:{s:12:"submit_value";s:12:"Send Request";s:14:"success_action";s:7:"message";s:11:"success_msg";s:84:"Your request was successfully submitted. We will get back to you shortly. Thank you!";s:9:"show_form";i:0;s:7:"akismet";s:0:"";s:7:"no_save";i:0;s:9:"ajax_load";i:0;s:10:"form_class";s:0:"";s:12:"custom_style";s:1:"1";s:11:"before_html";s:200:"<legend class=\\"frm_hidden\\">[form_name]</legend>\r\n[if form_name]<h3>[form_name]</h3>[/if form_name]\r\n[if form_description]<div class=\\"frm_description\\">[form_description]</div>[/if form_description]";s:10:"after_html";s:0:"";s:11:"submit_html";s:471:"<div class=\\"frm_submit\\">\r\n[if back_button]<input type=\\"button\\" value=\\"[back_label]\\" name=\\"frm_prev_page\\" formnovalidate=\\"formnovalidate\\" class=\\"frm_prev_page\\" [back_hook] />[/if back_button]\r\n<input type=\\"submit\\" value=\\"[button_label]\\" [button_action] />\r\n<img class=\\"frm_ajax_loading\\" src=\\"[frmurl]/images/ajax_loader.gif\\" alt=\\"Sending\\"/>\r\n[if save_draft]<a href=\\"#\\" class=\\"frm_save_draft\\" [draft_hook]>[draft_label]</a>[/if save_draft]\r\n</div>";}', '2015-08-27 07:55:21'),
(5, 'contact3', 'Internship Application Form', 'We would like to hear from you. Please send us a message by filling out the form below and we will get back with you shortly.', 0, 0, 0, 0, 0, 'published', 'a:12:{s:12:"submit_value";s:6:"Submit";s:14:"success_action";s:7:"message";s:11:"success_msg";s:54:"Your responses were successfully submitted. Thank you!";s:9:"show_form";i:0;s:7:"akismet";s:0:"";s:7:"no_save";i:0;s:9:"ajax_load";i:0;s:10:"form_class";s:0:"";s:12:"custom_style";s:1:"1";s:11:"before_html";s:200:"<legend class=\\"frm_hidden\\">[form_name]</legend>\r\n[if form_name]<h3>[form_name]</h3>[/if form_name]\r\n[if form_description]<div class=\\"frm_description\\">[form_description]</div>[/if form_description]";s:10:"after_html";s:0:"";s:11:"submit_html";s:471:"<div class=\\"frm_submit\\">\r\n[if back_button]<input type=\\"button\\" value=\\"[back_label]\\" name=\\"frm_prev_page\\" formnovalidate=\\"formnovalidate\\" class=\\"frm_prev_page\\" [back_hook] />[/if back_button]\r\n<input type=\\"submit\\" value=\\"[button_label]\\" [button_action] />\r\n<img class=\\"frm_ajax_loading\\" src=\\"[frmurl]/images/ajax_loader.gif\\" alt=\\"Sending\\"/>\r\n[if save_draft]<a href=\\"#\\" class=\\"frm_save_draft\\" [draft_hook]>[draft_label]</a>[/if save_draft]\r\n</div>";}', '2015-09-14 09:13:13');

-- --------------------------------------------------------

--
-- Table structure for table `wp_frm_item_metas`
--

CREATE TABLE IF NOT EXISTS `wp_frm_item_metas` (
  `id` int(11) NOT NULL AUTO_INCREMENT,
  `meta_value` longtext,
  `field_id` int(11) NOT NULL,
  `item_id` int(11) NOT NULL,
  `created_at` datetime NOT NULL,
  PRIMARY KEY (`id`),
  KEY `field_id` (`field_id`),
  KEY `item_id` (`item_id`)
) ENGINE=MyISAM  DEFAULT CHARSET=utf8 AUTO_INCREMENT=25 ;

--
-- Dumping data for table `wp_frm_item_metas`
--

INSERT INTO `wp_frm_item_metas` (`id`, `meta_value`, `field_id`, `item_id`, `created_at`) VALUES
(1, 'Barry Gildea', 8, 1, '2015-08-30 11:43:13'),
(2, 'barry.gildea@gmail.com', 10, 1, '2015-08-30 11:43:13'),
(3, 'Morning (9am-12pm)', 15, 1, '2015-08-30 11:43:13'),
(4, 'U shape (Max 16 People)', 16, 1, '2015-08-30 11:43:13'),
(5, 'Tea & Coffee', 17, 1, '2015-08-30 11:43:13'),
(6, 'None', 13, 1, '2015-08-30 11:43:13'),
(7, 'naphat', 8, 2, '2015-12-26 07:14:45'),
(8, 'naphattarat@gmail.com', 10, 2, '2015-12-26 07:14:45'),
(9, 'Please Choose', 16, 2, '2015-12-26 07:14:45'),
(10, 'Full Day - 08.00-17.00', 15, 2, '2015-12-26 07:14:45'),
(11, 'a:3:{i:0;s:12:"Tea & Coffee";i:1;s:5:"Lunch";i:2;s:10:"Sandwiches";}', 17, 2, '2015-12-26 07:14:45'),
(12, 'I would like to know rental price of meeting room for 10 pp (full day)  \r\nPls, send me photos and price per day  or per week thx.  0916963132 , 0832500204', 13, 2, '2015-12-26 07:14:45'),
(13, 'Tin Aung Saw', 8, 3, '2016-01-14 11:20:14'),
(14, 'chitminem@gmail.com', 10, 3, '2016-01-14 11:20:14'),
(15, 'Seminar Room', 16, 3, '2016-01-14 11:20:14'),
(16, 'Half day - 08.00-12.00 or  13.00-17.00', 15, 3, '2016-01-14 11:20:14'),
(17, 'Tea & Coffee', 17, 3, '2016-01-14 11:20:14'),
(18, 'Request time , January 30 - 1 pm to 5 pm.\r\nI would like to host an meet up event with my friend and talk about works and experiences.\r\nI don\\''t see the place and plan layout clearly.\r\nbut i will check out. \r\nand I would like to know about the seating arrangment , is it just the hall or with desk and chairs ?\r\nMy group would be about 20 to 40 people.\r\ni will add tea and coffee.\r\nso can you quote me the availablity and price ? Thank you. :)', 13, 3, '2016-01-14 11:20:14'),
(19, 'pat', 8, 4, '2016-12-14 08:27:00'),
(20, '0894960249', 28, 4, '2016-12-14 08:27:00'),
(21, 'bic1111@hotmail.com', 10, 4, '2016-12-14 08:27:00'),
(22, 'Seminar Room', 16, 4, '2016-12-14 08:27:00'),
(23, 'Weekday', 25, 4, '2016-12-14 08:27:00'),
(24, 'Half day - 08.00-12.00 or  13.00-17.00', 15, 4, '2016-12-14 08:27:00');

-- --------------------------------------------------------

--
-- Table structure for table `wp_frm_items`
--

CREATE TABLE IF NOT EXISTS `wp_frm_items` (
  `id` int(11) NOT NULL AUTO_INCREMENT,
  `item_key` varchar(100) DEFAULT NULL,
  `name` varchar(255) DEFAULT NULL,
  `description` text,
  `ip` text,
  `form_id` int(11) DEFAULT NULL,
  `post_id` int(11) DEFAULT NULL,
  `user_id` int(11) DEFAULT NULL,
  `parent_item_id` int(11) DEFAULT '0',
  `is_draft` tinyint(1) DEFAULT '0',
  `updated_by` int(11) DEFAULT NULL,
  `created_at` datetime NOT NULL,
  `updated_at` datetime NOT NULL,
  PRIMARY KEY (`id`),
  UNIQUE KEY `item_key` (`item_key`),
  KEY `form_id` (`form_id`),
  KEY `post_id` (`post_id`),
  KEY `user_id` (`user_id`),
  KEY `parent_item_id` (`parent_item_id`)
) ENGINE=MyISAM  DEFAULT CHARSET=utf8 AUTO_INCREMENT=5 ;

--
-- Dumping data for table `wp_frm_items`
--

INSERT INTO `wp_frm_items` (`id`, `item_key`, `name`, `description`, `ip`, `form_id`, `post_id`, `user_id`, `parent_item_id`, `is_draft`, `updated_by`, `created_at`, `updated_at`) VALUES
(1, 'mrv2p1', 'Barry Gildea', 'a:2:{s:7:"browser";s:121:"Mozilla/5.0 (Macintosh; Intel Mac OS X 10_10_5) AppleWebKit/537.36 (KHTML, like Gecko) Chrome/44.0.2403.157 Safari/537.36";s:8:"referrer";s:40:"http://asiacentre.brickisred.com/spaces/";}', '171.96.181.224', 3, 0, 1, 0, 0, 1, '2015-08-30 11:43:13', '2015-08-30 11:43:13'),
(2, 'ju3gcu', 'naphat', 'a:2:{s:7:"browser";s:102:"Mozilla/5.0 (Windows NT 6.1) AppleWebKit/537.36 (KHTML, like Gecko) Chrome/47.0.2526.106 Safari/537.36";s:8:"referrer";s:31:"http://asiacentre.co.th/spaces/";}', '58.10.169.78', 3, 0, 0, 0, 0, 0, '2015-12-26 07:14:45', '2015-12-26 07:14:45'),
(3, 'jtkwon', 'Tin Aung Saw', 'a:2:{s:7:"browser";s:102:"Mozilla/5.0 (Windows NT 6.1) AppleWebKit/537.36 (KHTML, like Gecko) Chrome/47.0.2526.106 Safari/537.36";s:8:"referrer";s:31:"http://asiacentre.co.th/spaces/";}', '115.87.244.68', 3, 0, 0, 0, 0, 0, '2016-01-14 11:20:14', '2016-01-14 11:20:14'),
(4, 'cx9nux', 'pat', 'a:2:{s:7:"browser";s:109:"Mozilla/5.0 (Windows NT 10.0; WOW64) AppleWebKit/537.36 (KHTML, like Gecko) Chrome/54.0.2840.99 Safari/537.36";s:8:"referrer";s:39:"http://asiacentre.co.th/meeting-spaces/";}', '124.121.239.82', 3, 0, 6, 0, 0, 6, '2016-12-14 08:27:00', '2016-12-14 08:27:00');

-- --------------------------------------------------------

--
-- Table structure for table `wp_limit_login`
--

CREATE TABLE IF NOT EXISTS `wp_limit_login` (
  `login_id` int(11) NOT NULL AUTO_INCREMENT,
  `login_ip` varchar(100) NOT NULL,
  `login_attempts` int(11) NOT NULL,
  `attempt_time` datetime DEFAULT NULL,
  `locked_time` varchar(100) NOT NULL,
  PRIMARY KEY (`login_id`)
) ENGINE=MyISAM  DEFAULT CHARSET=latin1 AUTO_INCREMENT=7 ;

--
-- Dumping data for table `wp_limit_login`
--

INSERT INTO `wp_limit_login` (`login_id`, `login_ip`, `login_attempts`, `attempt_time`, `locked_time`) VALUES
(1, '171.96.162.157', 0, '2016-02-03 07:27:48', '0'),
(2, '58.11.124.112', 13, '2016-02-12 05:06:22', '2016-02-12 5:53:30'),
(3, '61.90.12.200', 7, '2016-02-13 04:29:08', '2016-02-13 5:32:22'),
(4, '171.96.182.158', 0, '2016-02-13 05:42:31', '0'),
(5, '125.24.164.144', 4, '2016-02-13 07:28:01', '0'),
(6, '176.127.175.37', 2, '2016-02-13 08:50:15', '0');

-- --------------------------------------------------------

--
-- Table structure for table `wp_links`
--

CREATE TABLE IF NOT EXISTS `wp_links` (
  `link_id` bigint(20) unsigned NOT NULL AUTO_INCREMENT,
  `link_url` varchar(255) NOT NULL DEFAULT '',
  `link_name` varchar(255) NOT NULL DEFAULT '',
  `link_image` varchar(255) NOT NULL DEFAULT '',
  `link_target` varchar(25) NOT NULL DEFAULT '',
  `link_description` varchar(255) NOT NULL DEFAULT '',
  `link_visible` varchar(20) NOT NULL DEFAULT 'Y',
  `link_owner` bigint(20) unsigned NOT NULL DEFAULT '1',
  `link_rating` int(11) NOT NULL DEFAULT '0',
  `link_updated` datetime NOT NULL DEFAULT '0000-00-00 00:00:00',
  `link_rel` varchar(255) NOT NULL DEFAULT '',
  `link_notes` mediumtext NOT NULL,
  `link_rss` varchar(255) NOT NULL DEFAULT '',
  PRIMARY KEY (`link_id`),
  KEY `link_visible` (`link_visible`)
) ENGINE=InnoDB DEFAULT CHARSET=utf8 AUTO_INCREMENT=1 ;

-- --------------------------------------------------------

--
-- Table structure for table `wp_options`
--

CREATE TABLE IF NOT EXISTS `wp_options` (
  `option_id` bigint(20) unsigned NOT NULL AUTO_INCREMENT,
  `option_name` varchar(191) DEFAULT NULL,
  `option_value` longtext NOT NULL,
  `autoload` varchar(20) NOT NULL DEFAULT 'yes',
  PRIMARY KEY (`option_id`),
  UNIQUE KEY `option_name` (`option_name`)
) ENGINE=InnoDB  DEFAULT CHARSET=utf8 AUTO_INCREMENT=23318 ;

--
-- Dumping data for table `wp_options`
--

INSERT INTO `wp_options` (`option_id`, `option_name`, `option_value`, `autoload`) VALUES
(1, 'siteurl', 'http://asiacentre.co.th', 'yes'),
(2, 'home', 'http://asiacentre.co.th', 'yes'),
(3, 'blogname', 'Asia Centre', 'yes'),
(4, 'blogdescription', 'Connecting peoples and regions', 'yes'),
(5, 'users_can_register', '0', 'yes'),
(6, 'admin_email', 'info@asiacentre.co.th', 'yes'),
(7, 'start_of_week', '1', 'yes'),
(8, 'use_balanceTags', '', 'yes'),
(9, 'use_smilies', '1', 'yes'),
(10, 'require_name_email', '1', 'yes'),
(11, 'comments_notify', '1', 'yes'),
(12, 'posts_per_rss', '10', 'yes'),
(13, 'rss_use_excerpt', '0', 'yes'),
(14, 'mailserver_url', 'mail.example.com', 'yes'),
(15, 'mailserver_login', 'login@example.com', 'yes'),
(16, 'mailserver_pass', 'password', 'yes'),
(17, 'mailserver_port', '110', 'yes'),
(18, 'default_category', '1', 'yes'),
(19, 'default_comment_status', 'closed', 'yes'),
(20, 'default_ping_status', 'open', 'yes'),
(21, 'default_pingback_flag', '1', 'yes'),
(22, 'posts_per_page', '10', 'yes'),
(23, 'date_format', 'F j, Y', 'yes'),
(24, 'time_format', 'g:i a', 'yes'),
(25, 'links_updated_date_format', 'F j, Y g:i a', 'yes'),
(26, 'comment_moderation', '', 'yes'),
(27, 'moderation_notify', '1', 'yes'),
(28, 'permalink_structure', '/%category%/%postname%/', 'yes'),
(30, 'hack_file', '0', 'yes'),
(31, 'blog_charset', 'UTF-8', 'yes'),
(32, 'moderation_keys', '', 'no'),
(33, 'active_plugins', 'a:16:{i:0;s:25:"add-to-any/add-to-any.php";i:1;s:61:"comments-disable-accesspress/comments-disable-accesspress.php";i:2;s:33:"duplicate-post/duplicate-post.php";i:3;s:45:"enable-media-replace/enable-media-replace.php";i:4;s:25:"formidable/formidable.php";i:5;s:25:"like-box-pro/like-box.php";i:6;s:47:"regenerate-thumbnails/regenerate-thumbnails.php";i:7;s:45:"reorder-entry-images/reorder-entry-images.php";i:8;s:27:"updraftplus/updraftplus.php";i:9;s:51:"verify-google-webmaster-tools/verify-webmasters.php";i:10;s:53:"widget-importer-exporter/widget-importer-exporter.php";i:11;s:24:"wordpress-seo/wp-seo.php";i:12;s:31:"wp-google-maps/wpGoogleMaps.php";i:13;s:29:"wp-mail-smtp/wp_mail_smtp.php";i:14;s:27:"wp-pagenavi/wp-pagenavi.php";i:15;s:41:"wpfront-scroll-top/wpfront-scroll-top.php";}', 'yes'),
(34, 'category_base', '', 'yes'),
(35, 'ping_sites', 'http://rpc.pingomatic.com\nhttp://rpc.twingly.com\nhttp://api.feedster.com/ping\nhttp://api.moreover.com/RPC2\nhttp://api.moreover.com/ping\nhttp://www.blogdigger.com/RPC2\nhttp://www.blogshares.com/rpc.php\nhttp://www.blogsnow.com/ping\nhttp://www.blogstreet.com/xrbin/xmlrpc.cgi\nhttp://bulkfeeds.net/rpc\nhttp://www.newsisfree.com/xmlrpctest.php\nhttp://ping.blo.gs/\nhttp://ping.feedburner.com\nhttp://ping.syndic8.com/xmlrpc.php\nhttp://ping.weblogalot.com/rpc.php\nhttp://rpc.blogrolling.com/pinger/\nhttp://rpc.technorati.com/rpc/ping\nhttp://rpc.weblogs.com/RPC2\nhttp://www.feedsubmitter.com\nhttp://blo.gs/ping.php\nhttp://www.pingerati.net\nhttp://www.pingmyblog.com\nhttp://geourl.org/ping\nhttp://ipings.com\nhttp://www.weblogalot.com/ping', 'yes'),
(37, 'comment_max_links', '2', 'yes'),
(38, 'gmt_offset', '7', 'yes'),
(39, 'default_email_category', '1', 'yes'),
(40, 'recently_edited', 'a:5:{i:0;s:90:"/var/www/vhosts/asiacentre.co.th/httpdocs/wp-content/themes/Buntington/archive-gallery.php";i:1;s:80:"/var/www/vhosts/asiacentre.co.th/httpdocs/wp-content/themes/Buntington/style.css";i:2;s:86:"/var/www/vhosts/asiacentre.co.th/httpdocs/wp-content/themes/Buntington-child/style.css";i:4;s:82:"/var/www/vhosts/asiacentre.co.th/httpdocs/wp-content/themes/Buntington/archive.php";i:5;s:89:"/var/www/vhosts/asiacentre.co.th/httpdocs/wp-content/themes/Buntington/archive-course.php";}', 'no'),
(41, 'template', 'Buntington', 'yes'),
(42, 'stylesheet', 'Buntington-child', 'yes'),
(43, 'comment_whitelist', '1', 'yes'),
(44, 'blacklist_keys', '', 'no'),
(45, 'comment_registration', '1', 'yes'),
(46, 'html_type', 'text/html', 'yes'),
(47, 'use_trackback', '0', 'yes'),
(48, 'default_role', 'subscriber', 'yes'),
(49, 'db_version', '37965', 'yes'),
(50, 'uploads_use_yearmonth_folders', '1', 'yes'),
(51, 'upload_path', '', 'yes'),
(52, 'blog_public', '1', 'yes'),
(53, 'default_link_category', '0', 'yes'),
(54, 'show_on_front', 'page', 'yes'),
(55, 'tag_base', '', 'yes'),
(56, 'show_avatars', '1', 'yes'),
(57, 'avatar_rating', 'G', 'yes'),
(58, 'upload_url_path', '', 'yes'),
(59, 'thumbnail_size_w', '150', 'yes'),
(60, 'thumbnail_size_h', '150', 'yes'),
(61, 'thumbnail_crop', '1', 'yes'),
(62, 'medium_size_w', '600', 'yes'),
(63, 'medium_size_h', '480', 'yes'),
(64, 'avatar_default', 'mystery', 'yes'),
(65, 'large_size_w', '800', 'yes'),
(66, 'large_size_h', '600', 'yes'),
(67, 'image_default_link_type', '', 'yes'),
(68, 'image_default_size', '', 'yes'),
(69, 'image_default_align', '', 'yes'),
(70, 'close_comments_for_old_posts', '', 'yes'),
(71, 'close_comments_days_old', '14', 'yes'),
(72, 'thread_comments', '1', 'yes'),
(73, 'thread_comments_depth', '5', 'yes'),
(74, 'page_comments', '', 'yes'),
(75, 'comments_per_page', '50', 'yes'),
(76, 'default_comments_page', 'newest', 'yes'),
(77, 'comment_order', 'asc', 'yes'),
(78, 'sticky_posts', 'a:1:{i:0;i:1241;}', 'yes'),
(79, 'widget_categories', 'a:5:{i:2;a:4:{s:5:"title";s:7:"Related";s:5:"count";i:0;s:12:"hierarchical";i:0;s:8:"dropdown";i:0;}s:12:"_multiwidget";i:1;i:4;a:0:{}i:6;a:0:{}i:8;a:0:{}}', 'yes'),
(80, 'widget_text', 'a:16:{i:1;a:0:{}i:2;a:3:{s:5:"title";s:17:"About Asia Centre";s:4:"text";s:658:"The Asia Centre, registered as an educational enterprise in 2015 in Bangkok, Thailand, seeks to connect peoples and regions through collaborative partnerships.\r\n\r\nIt provides consultancy and advisory services for academic and professional development, communications and outreach, research and publications, development and technical assistance to educational institutions, international organizations, non-profit organizations and other institutions in the private and public sector.\r\n\r\nOperating as a social enterprise it aims to enhance its partners’ communications capacity, global networking, knowledge base, research skills and training capacity.\r\n\r\n";s:6:"filter";b:1;}i:4;a:3:{s:5:"title";s:0:"";s:4:"text";s:156:"[super_button icon="fa-empire" label="Donate Money" tagline="Become an official school sponsor" color="#ea5644" link="http://google.com" link_opens="_self"]";s:6:"filter";b:0;}i:5;a:3:{s:5:"title";s:16:"Contact Details:";s:4:"text";s:24:"[content_chunk id="328"]";s:6:"filter";b:1;}i:7;a:3:{s:5:"title";s:16:"Contact Details:";s:4:"text";s:24:"[content_chunk id="328"]";s:6:"filter";b:0;}s:12:"_multiwidget";i:1;i:9;a:3:{s:5:"title";s:15:"ASIA Centre MAP";s:4:"text";s:362:"<iframe style="border: 0;" src="https://www.google.com/maps/embed?pb=!1m18!1m12!1m3!1d31004.515069347988!2d100.5174504!3d13.744803200000003!2m3!1f0!2f0!3f0!3m2!1i1024!2i768!4f13.1!3m3!1m2!1s0x0%3A0xc54d13b8a0284a40!2sASIA+Centre+Co.%2C+Ltd.!5e0!3m2!1sen!2sth!4v1482380504907" width="300" height="250" frameborder="0" allowfullscreen="allowfullscreen"></iframe>\r\n";s:6:"filter";b:0;}i:11;a:3:{s:5:"title";s:27:"ASIA Centre - Meeting Space";s:4:"text";s:122:"<iframe width="315" height="315" src="https://www.youtube.com/embed/4C9FyF-HR40" frameborder="0" allowfullscreen></iframe>";s:6:"filter";b:0;}i:12;a:3:{s:5:"title";s:25:"How to get to Asia Centre";s:4:"text";s:122:"<iframe width="315" height="250" src="https://www.youtube.com/embed/OAC9DUyNVeM" frameborder="0" allowfullscreen></iframe>";s:6:"filter";b:0;}i:14;a:3:{s:5:"title";s:25:"How to get to Asia Centre";s:4:"text";s:122:"<iframe width="315" height="315" src="https://www.youtube.com/embed/OAC9DUyNVeM" frameborder="0" allowfullscreen></iframe>";s:6:"filter";b:0;}i:16;a:3:{s:5:"title";s:0:"";s:4:"text";s:122:"<iframe width="250" height="250" src="https://www.youtube.com/embed/OAC9DUyNVeM" frameborder="0" allowfullscreen></iframe>";s:6:"filter";b:0;}i:18;a:3:{s:5:"title";s:22:"Getting to Asia centre";s:4:"text";s:122:"<iframe width="300" height="200" src="https://www.youtube.com/embed/OAC9DUyNVeM" frameborder="0" allowfullscreen></iframe>";s:6:"filter";b:0;}i:20;a:0:{}i:22;a:3:{s:5:"title";s:10:"Contact us";s:4:"text";s:35:"http://asiacentre.co.th/contact-us/";s:6:"filter";b:0;}i:24;a:3:{s:5:"title";s:17:"About Asia Centre";s:4:"text";s:654:"The Asia Centre, registered as an educational enterprise in 2015 in Bangkok, Thailand, seeks to connect peoples and regions through collaborative partnerships.\r\n\r\nIt provides consultancy and advisory services for academic and professional development, communications and outreach, research and publications, development and technical assistance to educational institutions, international organizations, non-profit organizations and other institutions in the private and public sector.\r\n\r\nOperating as a social enterprise it aims to enhance its partners’ communications capacity, global networking, knowledge base, research skills and training capacity.";s:6:"filter";b:1;}i:26;a:3:{s:5:"title";s:17:"About Asia Centre";s:4:"text";s:654:"The Asia Centre, registered as an educational enterprise in 2015 in Bangkok, Thailand, seeks to connect peoples and regions through collaborative partnerships.\r\n\r\nIt provides consultancy and advisory services for academic and professional development, communications and outreach, research and publications, development and technical assistance to educational institutions, international organizations, non-profit organizations and other institutions in the private and public sector.\r\n\r\nOperating as a social enterprise it aims to enhance its partners’ communications capacity, global networking, knowledge base, research skills and training capacity.";s:6:"filter";b:1;}}', 'yes'),
(81, 'widget_rss', 'a:2:{i:1;a:0:{}s:12:"_multiwidget";i:1;}', 'yes'),
(82, 'uninstall_plugins', 'a:2:{s:27:"wp-pagenavi/wp-pagenavi.php";s:14:"__return_false";s:29:"easy-wp-smtp/easy-wp-smtp.php";s:22:"swpsmtp_send_uninstall";}', 'no'),
(83, 'timezone_string', '', 'yes'),
(84, 'page_for_posts', '703', 'yes'),
(85, 'page_on_front', '316', 'yes'),
(86, 'default_post_format', '0', 'yes'),
(87, 'link_manager_enabled', '0', 'yes'),
(88, 'initial_db_version', '31535', 'yes'),
(89, 'wp_user_roles', 'a:5:{s:13:"administrator";a:2:{s:4:"name";s:13:"Administrator";s:12:"capabilities";a:207:{s:13:"switch_themes";b:1;s:11:"edit_themes";b:1;s:16:"activate_plugins";b:1;s:12:"edit_plugins";b:1;s:10:"edit_users";b:1;s:10:"edit_files";b:1;s:14:"manage_options";b:1;s:17:"moderate_comments";b:1;s:17:"manage_categories";b:1;s:12:"manage_links";b:1;s:12:"upload_files";b:1;s:6:"import";b:1;s:15:"unfiltered_html";b:1;s:10:"edit_posts";b:1;s:17:"edit_others_posts";b:1;s:20:"edit_published_posts";b:1;s:13:"publish_posts";b:1;s:10:"edit_pages";b:1;s:4:"read";b:1;s:8:"level_10";b:1;s:7:"level_9";b:1;s:7:"level_8";b:1;s:7:"level_7";b:1;s:7:"level_6";b:1;s:7:"level_5";b:1;s:7:"level_4";b:1;s:7:"level_3";b:1;s:7:"level_2";b:1;s:7:"level_1";b:1;s:7:"level_0";b:1;s:17:"edit_others_pages";b:1;s:20:"edit_published_pages";b:1;s:13:"publish_pages";b:1;s:12:"delete_pages";b:1;s:19:"delete_others_pages";b:1;s:22:"delete_published_pages";b:1;s:12:"delete_posts";b:1;s:19:"delete_others_posts";b:1;s:22:"delete_published_posts";b:1;s:20:"delete_private_posts";b:1;s:18:"edit_private_posts";b:1;s:18:"read_private_posts";b:1;s:20:"delete_private_pages";b:1;s:18:"edit_private_pages";b:1;s:18:"read_private_pages";b:1;s:12:"delete_users";b:1;s:12:"create_users";b:1;s:17:"unfiltered_upload";b:1;s:14:"edit_dashboard";b:1;s:14:"update_plugins";b:1;s:14:"delete_plugins";b:1;s:15:"install_plugins";b:1;s:13:"update_themes";b:1;s:14:"install_themes";b:1;s:11:"update_core";b:1;s:10:"list_users";b:1;s:12:"remove_users";b:1;s:13:"promote_users";b:1;s:18:"edit_theme_options";b:1;s:13:"delete_themes";b:1;s:6:"export";b:1;s:14:"frm_view_forms";b:1;s:14:"frm_edit_forms";b:1;s:16:"frm_delete_forms";b:1;s:19:"frm_change_settings";b:1;s:16:"frm_view_entries";b:1;s:18:"frm_delete_entries";b:1;s:15:"wpseo_bulk_edit";b:1;s:10:"ee_read_ee";b:1;s:18:"ee_manage_gateways";b:1;s:22:"ee_read_payment_method";b:1;s:23:"ee_read_payment_methods";b:1;s:30:"ee_read_others_payment_methods";b:1;s:22:"ee_edit_payment_method";b:1;s:23:"ee_edit_payment_methods";b:1;s:30:"ee_edit_others_payment_methods";b:1;s:24:"ee_delete_payment_method";b:1;s:25:"ee_delete_payment_methods";b:1;s:17:"ee_publish_events";b:1;s:22:"ee_read_private_events";b:1;s:21:"ee_read_others_events";b:1;s:13:"ee_read_event";b:1;s:14:"ee_read_events";b:1;s:13:"ee_edit_event";b:1;s:14:"ee_edit_events";b:1;s:24:"ee_edit_published_events";b:1;s:21:"ee_edit_others_events";b:1;s:22:"ee_edit_private_events";b:1;s:26:"ee_delete_published_events";b:1;s:24:"ee_delete_private_events";b:1;s:15:"ee_delete_event";b:1;s:16:"ee_delete_events";b:1;s:23:"ee_delete_others_events";b:1;s:26:"ee_manage_event_categories";b:1;s:22:"ee_edit_event_category";b:1;s:24:"ee_delete_event_category";b:1;s:24:"ee_assign_event_category";b:1;s:17:"ee_publish_venues";b:1;s:13:"ee_read_venue";b:1;s:14:"ee_read_venues";b:1;s:21:"ee_read_others_venues";b:1;s:22:"ee_read_private_venues";b:1;s:13:"ee_edit_venue";b:1;s:14:"ee_edit_venues";b:1;s:21:"ee_edit_others_venues";b:1;s:24:"ee_edit_published_venues";b:1;s:22:"ee_edit_private_venues";b:1;s:15:"ee_delete_venue";b:1;s:16:"ee_delete_venues";b:1;s:23:"ee_delete_others_venues";b:1;s:24:"ee_delete_private_venues";b:1;s:26:"ee_delete_published_venues";b:1;s:26:"ee_manage_venue_categories";b:1;s:22:"ee_edit_venue_category";b:1;s:24:"ee_delete_venue_category";b:1;s:24:"ee_assign_venue_category";b:1;s:15:"ee_read_contact";b:1;s:16:"ee_read_contacts";b:1;s:15:"ee_edit_contact";b:1;s:16:"ee_edit_contacts";b:1;s:17:"ee_delete_contact";b:1;s:18:"ee_delete_contacts";b:1;s:20:"ee_read_registration";b:1;s:21:"ee_read_registrations";b:1;s:28:"ee_read_others_registrations";b:1;s:20:"ee_edit_registration";b:1;s:21:"ee_edit_registrations";b:1;s:28:"ee_edit_others_registrations";b:1;s:22:"ee_delete_registration";b:1;s:23:"ee_delete_registrations";b:1;s:15:"ee_read_checkin";b:1;s:23:"ee_read_others_checkins";b:1;s:16:"ee_read_checkins";b:1;s:15:"ee_edit_checkin";b:1;s:16:"ee_edit_checkins";b:1;s:23:"ee_edit_others_checkins";b:1;s:17:"ee_delete_checkin";b:1;s:18:"ee_delete_checkins";b:1;s:25:"ee_delete_others_checkins";b:1;s:19:"ee_read_transaction";b:1;s:20:"ee_read_transactions";b:1;s:16:"ee_edit_payments";b:1;s:18:"ee_delete_payments";b:1;s:15:"ee_read_message";b:1;s:16:"ee_read_messages";b:1;s:23:"ee_read_others_messages";b:1;s:23:"ee_read_global_messages";b:1;s:23:"ee_edit_global_messages";b:1;s:15:"ee_edit_message";b:1;s:16:"ee_edit_messages";b:1;s:23:"ee_edit_others_messages";b:1;s:17:"ee_delete_message";b:1;s:18:"ee_delete_messages";b:1;s:25:"ee_delete_others_messages";b:1;s:25:"ee_delete_global_messages";b:1;s:15:"ee_send_message";b:1;s:22:"ee_read_default_ticket";b:1;s:23:"ee_read_default_tickets";b:1;s:30:"ee_read_others_default_tickets";b:1;s:22:"ee_edit_default_ticket";b:1;s:23:"ee_edit_default_tickets";b:1;s:30:"ee_edit_others_default_tickets";b:1;s:24:"ee_delete_default_ticket";b:1;s:25:"ee_delete_default_tickets";b:1;s:32:"ee_delete_others_default_tickets";b:1;s:21:"ee_edit_default_price";b:1;s:22:"ee_edit_default_prices";b:1;s:23:"ee_delete_default_price";b:1;s:24:"ee_delete_default_prices";b:1;s:26:"ee_edit_default_price_type";b:1;s:27:"ee_edit_default_price_types";b:1;s:28:"ee_delete_default_price_type";b:1;s:29:"ee_delete_default_price_types";b:1;s:22:"ee_read_default_prices";b:1;s:27:"ee_read_default_price_types";b:1;s:16:"ee_edit_question";b:1;s:17:"ee_edit_questions";b:1;s:24:"ee_edit_system_questions";b:1;s:17:"ee_read_questions";b:1;s:18:"ee_delete_question";b:1;s:19:"ee_delete_questions";b:1;s:22:"ee_edit_question_group";b:1;s:23:"ee_edit_question_groups";b:1;s:23:"ee_read_question_groups";b:1;s:30:"ee_edit_system_question_groups";b:1;s:24:"ee_delete_question_group";b:1;s:25:"ee_delete_question_groups";b:1;s:20:"ee_assign_event_type";b:1;s:21:"ee_manage_event_types";b:1;s:18:"ee_edit_event_type";b:1;s:20:"ee_delete_event_type";b:1;s:28:"ee_payment_method_admin_only";b:1;s:22:"ee_payment_method_bank";b:1;s:23:"ee_payment_method_check";b:1;s:25:"ee_payment_method_invoice";b:1;s:33:"ee_payment_method_paypal_standard";b:1;s:31:"read_private_aggregator-records";b:1;s:23:"edit_aggregator-records";b:1;s:30:"edit_others_aggregator-records";b:1;s:31:"edit_private_aggregator-records";b:1;s:33:"edit_published_aggregator-records";b:1;s:25:"delete_aggregator-records";b:1;s:32:"delete_others_aggregator-records";b:1;s:33:"delete_private_aggregator-records";b:1;s:35:"delete_published_aggregator-records";b:1;s:26:"publish_aggregator-records";b:1;s:10:"copy_posts";b:1;}}s:6:"editor";a:2:{s:4:"name";s:6:"Editor";s:12:"capabilities";a:46:{s:17:"moderate_comments";b:1;s:17:"manage_categories";b:1;s:12:"manage_links";b:1;s:12:"upload_files";b:1;s:15:"unfiltered_html";b:1;s:10:"edit_posts";b:1;s:17:"edit_others_posts";b:1;s:20:"edit_published_posts";b:1;s:13:"publish_posts";b:1;s:10:"edit_pages";b:1;s:4:"read";b:1;s:7:"level_7";b:1;s:7:"level_6";b:1;s:7:"level_5";b:1;s:7:"level_4";b:1;s:7:"level_3";b:1;s:7:"level_2";b:1;s:7:"level_1";b:1;s:7:"level_0";b:1;s:17:"edit_others_pages";b:1;s:20:"edit_published_pages";b:1;s:13:"publish_pages";b:1;s:12:"delete_pages";b:1;s:19:"delete_others_pages";b:1;s:22:"delete_published_pages";b:1;s:12:"delete_posts";b:1;s:19:"delete_others_posts";b:1;s:22:"delete_published_posts";b:1;s:20:"delete_private_posts";b:1;s:18:"edit_private_posts";b:1;s:18:"read_private_posts";b:1;s:20:"delete_private_pages";b:1;s:18:"edit_private_pages";b:1;s:18:"read_private_pages";b:1;s:15:"wpseo_bulk_edit";b:1;s:31:"read_private_aggregator-records";b:1;s:23:"edit_aggregator-records";b:1;s:30:"edit_others_aggregator-records";b:1;s:31:"edit_private_aggregator-records";b:1;s:33:"edit_published_aggregator-records";b:1;s:25:"delete_aggregator-records";b:1;s:32:"delete_others_aggregator-records";b:1;s:33:"delete_private_aggregator-records";b:1;s:35:"delete_published_aggregator-records";b:1;s:26:"publish_aggregator-records";b:1;s:10:"copy_posts";b:1;}}s:6:"author";a:2:{s:4:"name";s:6:"Author";s:12:"capabilities";a:15:{s:12:"upload_files";b:1;s:10:"edit_posts";b:1;s:20:"edit_published_posts";b:1;s:13:"publish_posts";b:1;s:4:"read";b:1;s:7:"level_2";b:1;s:7:"level_1";b:1;s:7:"level_0";b:1;s:12:"delete_posts";b:1;s:22:"delete_published_posts";b:1;s:23:"edit_aggregator-records";b:1;s:33:"edit_published_aggregator-records";b:1;s:25:"delete_aggregator-records";b:1;s:35:"delete_published_aggregator-records";b:1;s:26:"publish_aggregator-records";b:1;}}s:11:"contributor";a:2:{s:4:"name";s:11:"Contributor";s:12:"capabilities";a:7:{s:10:"edit_posts";b:1;s:4:"read";b:1;s:7:"level_1";b:1;s:7:"level_0";b:1;s:12:"delete_posts";b:1;s:23:"edit_aggregator-records";b:1;s:25:"delete_aggregator-records";b:1;}}s:10:"subscriber";a:2:{s:4:"name";s:10:"Subscriber";s:12:"capabilities";a:2:{s:4:"read";b:1;s:7:"level_0";b:1;}}}', 'yes'),
(90, 'widget_search', 'a:2:{i:2;a:1:{s:5:"title";s:0:"";}s:12:"_multiwidget";i:1;}', 'yes'),
(91, 'widget_recent-posts', 'a:2:{s:12:"_multiwidget";i:1;i:3;a:0:{}}', 'yes'),
(92, 'widget_recent-comments', 'a:3:{i:1;a:2:{s:5:"title";s:14:"Fresh Comments";s:6:"number";i:3;}i:2;a:2:{s:5:"title";s:18:"Recently Commented";s:6:"number";i:3;}s:12:"_multiwidget";i:1;}', 'yes'),
(93, 'widget_archives', 'a:4:{i:3;a:3:{s:5:"title";s:8:"Archives";s:5:"count";i:1;s:8:"dropdown";i:0;}i:4;a:3:{s:5:"title";s:8:"Archives";s:5:"count";i:1;s:8:"dropdown";i:0;}s:12:"_multiwidget";i:1;i:6;a:0:{}}', 'yes'),
(94, 'widget_meta', 'a:1:{s:12:"_multiwidget";i:1;}', 'yes'),
(95, 'sidebars_widgets', 'a:19:{s:4:"cs-1";a:1:{i:0;s:6:"text-7";}s:19:"wp_inactive_widgets";a:3:{i:0;s:13:"sofa_flickr-1";i:1;s:10:"calendar-4";i:2;s:18:"sofa_recentposts-3";}s:21:"sidebar-widgets-index";a:9:{i:0;s:12:"categories-2";i:1;s:8:"search-2";i:2;s:10:"nav_menu-2";i:3;s:17:"recent-comments-1";i:4;s:22:"sofa_upcoming_events-1";i:5;s:11:"tag_cloud-2";i:6;s:19:"sofa_quickcontact-3";i:7;s:19:"sofa_quickcontact-4";i:8;s:18:"like_box_facbook-2";}s:22:"sidebar-widgets-single";a:4:{i:0;s:6:"text-2";i:1;s:18:"sofa_recentposts-1";i:2;s:11:"tag_cloud-3";i:3;s:14:"sofa_twitter-1";}s:20:"sidebar-widgets-page";a:4:{i:0;s:23:"sofa_featured_gallery-1";i:1;s:23:"sofa_featured_gallery-8";i:2;s:7:"text-12";i:3;s:22:"sofa_upcoming_events-7";}s:24:"sidebar-widgets-category";a:3:{i:0;s:24:"sofa_featured_gallery-10";i:1;s:22:"sofa_upcoming_events-3";i:2;s:18:"like_box_facbook-6";}s:23:"sidebar-widgets-archive";a:2:{i:0;s:20:"sofa_quickcontact-10";i:1;s:11:"tag_cloud-4";}s:19:"sidebar-widgets-tag";a:2:{i:0;s:10:"archives-3";i:1;s:11:"tag_cloud-5";}s:22:"sidebar-widgets-search";a:3:{i:0;s:10:"archives-4";i:1;s:11:"tag_cloud-6";i:2;s:6:"text-4";}s:23:"sidebar-widgets-contact";a:2:{i:0;s:6:"text-5";i:1;s:7:"text-14";}s:22:"sidebar-widgets-events";a:5:{i:0;s:7:"text-26";i:1;s:24:"sofa_featured_gallery-12";i:2;s:23:"sofa_featured_gallery-6";i:3;s:24:"sofa_featured_gallery-14";i:4;s:18:"like_box_facbook-5";}s:28:"sidebar-widgets-event-single";a:5:{i:0;s:7:"text-24";i:1;s:23:"sofa_featured_gallery-3";i:2;s:19:"sofa_quickcontact-1";i:3;s:18:"like_box_facbook-7";i:4;s:18:"sofa_recentposts-8";}s:23:"sidebar-widgets-courses";a:2:{i:0;s:20:"sofa_course_search-2";i:1;s:18:"sofa_recentposts-4";}s:29:"sidebar-widgets-course-single";a:3:{i:0;s:20:"sofa_course_search-3";i:1;s:18:"sofa_recentposts-5";i:2;s:22:"sofa_upcoming_events-4";}s:25:"sidebar-widgets-galleries";a:3:{i:0;s:18:"sofa_recentposts-6";i:1;s:22:"sofa_upcoming_events-5";i:2;s:14:"sofa_twitter-3";}s:19:"sidebar-widgets-fcl";a:1:{i:0;s:10:"nav_menu-4";}s:19:"sidebar-widgets-fcm";a:2:{i:0;s:19:"sofa_quickcontact-2";i:1;s:7:"text-20";}s:19:"sidebar-widgets-fcr";a:1:{i:0;s:6:"text-9";}s:13:"array_version";i:3;}', 'yes'),
(97, 'cron', 'a:8:{i:1485277447;a:1:{s:47:"AHEE__EE_Cron_Tasks__clean_up_junk_transactions";a:1:{s:32:"40cd750bba9870f18aada2478b24840a";a:3:{s:8:"schedule";s:6:"hourly";s:4:"args";a:0:{}s:8:"interval";i:3600;}}}i:1485313822;a:1:{s:19:"wp_scheduled_delete";a:1:{s:32:"40cd750bba9870f18aada2478b24840a";a:3:{s:8:"schedule";s:5:"daily";s:4:"args";a:0:{}s:8:"interval";i:86400;}}}i:1485313825;a:1:{s:30:"wp_scheduled_auto_draft_delete";a:1:{s:32:"40cd750bba9870f18aada2478b24840a";a:3:{s:8:"schedule";s:5:"daily";s:4:"args";a:0:{}s:8:"interval";i:86400;}}}i:1485315481;a:1:{s:24:"tribe_common_log_cleanup";a:1:{s:32:"40cd750bba9870f18aada2478b24840a";a:3:{s:8:"schedule";s:5:"daily";s:4:"args";a:0:{}s:8:"interval";i:86400;}}}i:1485318229;a:3:{s:16:"wp_version_check";a:1:{s:32:"40cd750bba9870f18aada2478b24840a";a:3:{s:8:"schedule";s:10:"twicedaily";s:4:"args";a:0:{}s:8:"interval";i:43200;}}s:17:"wp_update_plugins";a:1:{s:32:"40cd750bba9870f18aada2478b24840a";a:3:{s:8:"schedule";s:10:"twicedaily";s:4:"args";a:0:{}s:8:"interval";i:43200;}}s:16:"wp_update_themes";a:1:{s:32:"40cd750bba9870f18aada2478b24840a";a:3:{s:8:"schedule";s:10:"twicedaily";s:4:"args";a:0:{}s:8:"interval";i:43200;}}}i:1485326773;a:2:{s:14:"updraft_backup";a:1:{s:32:"40cd750bba9870f18aada2478b24840a";a:3:{s:8:"schedule";s:5:"daily";s:4:"args";a:0:{}s:8:"interval";i:86400;}}s:23:"updraft_backup_database";a:1:{s:32:"40cd750bba9870f18aada2478b24840a";a:3:{s:8:"schedule";s:5:"daily";s:4:"args";a:0:{}s:8:"interval";i:86400;}}}i:1485356947;a:1:{s:46:"check_plugin_updates-event-espresso-core-decaf";a:1:{s:32:"40cd750bba9870f18aada2478b24840a";a:3:{s:8:"schedule";s:5:"daily";s:4:"args";a:0:{}s:8:"interval";i:86400;}}}s:7:"version";i:2;}', 'yes'),
(100, 'WPLANG', '', 'yes'),
(107, '_transient_random_seed', 'e5d134a79462bd92d479e840bd929a6c', 'yes'),
(130, '_transient_twentyfifteen_categories', '1', 'yes'),
(134, 'widget_calendar', 'a:4:{i:1;a:0:{}i:2;a:1:{s:5:"title";s:19:"Calendar of posting";}s:12:"_multiwidget";i:1;i:4;a:0:{}}', 'yes'),
(135, 'widget_nav_menu', 'a:5:{i:1;a:0:{}i:2;a:2:{s:5:"title";s:6:"Select";s:8:"nav_menu";i:25;}i:3;a:2:{s:5:"title";s:12:"Useful links";s:8:"nav_menu";i:214;}i:4;a:2:{s:5:"title";s:22:"Getting to Asia Centre";s:8:"nav_menu";i:214;}s:12:"_multiwidget";i:1;}', 'yes'),
(136, 'widget_pages', 'a:4:{i:1;a:0:{}s:12:"_multiwidget";i:1;i:3;a:0:{}i:5;a:0:{}}', 'yes'),
(138, 'widget_tag_cloud', 'a:7:{i:1;a:0:{}i:2;a:2:{s:5:"title";s:0:"";s:8:"taxonomy";s:8:"post_tag";}i:3;a:2:{s:5:"title";s:4:"Tags";s:8:"taxonomy";s:8:"post_tag";}i:4;a:2:{s:5:"title";s:4:"Tags";s:8:"taxonomy";s:8:"post_tag";}i:5;a:2:{s:5:"title";s:4:"Tags";s:8:"taxonomy";s:8:"post_tag";}i:6;a:2:{s:5:"title";s:4:"Tags";s:8:"taxonomy";s:8:"post_tag";}s:12:"_multiwidget";i:1;}', 'yes'),
(143, 'theme_mods_twentyfifteen', 'a:1:{s:16:"sidebars_widgets";a:2:{s:4:"time";i:1432545279;s:4:"data";a:2:{s:19:"wp_inactive_widgets";a:0:{}s:9:"sidebar-1";a:6:{i:0;s:8:"search-2";i:1;s:14:"recent-posts-2";i:2;s:17:"recent-comments-2";i:3;s:10:"archives-2";i:4;s:12:"categories-2";i:5;s:6:"meta-2";}}}}', 'yes'),
(144, 'current_theme', 'Asia Centre Bun', 'yes'),
(145, 'theme_mods_twentytwelve', 'a:3:{i:0;b:0;s:18:"nav_menu_locations";a:1:{s:7:"primary";i:191;}s:16:"sidebars_widgets";a:2:{s:4:"time";i:1433306214;s:4:"data";a:4:{s:19:"wp_inactive_widgets";a:0:{}s:9:"sidebar-1";a:6:{i:0;s:8:"search-2";i:1;s:14:"recent-posts-2";i:2;s:17:"recent-comments-2";i:3;s:10:"archives-2";i:4;s:12:"categories-2";i:5;s:6:"meta-2";}s:9:"sidebar-2";N;s:9:"sidebar-3";N;}}}', 'yes'),
(146, 'theme_switched', '', 'yes'),
(151, 'theme_mods_educate', 'a:2:{i:0;b:0;s:16:"sidebars_widgets";a:2:{s:4:"time";i:1433231446;s:4:"data";a:6:{s:19:"wp_inactive_widgets";a:0:{}s:9:"sidebar-1";a:6:{i:0;s:8:"search-2";i:1;s:14:"recent-posts-2";i:2;s:17:"recent-comments-2";i:3;s:10:"archives-2";i:4;s:12:"categories-2";i:5;s:6:"meta-2";}s:8:"footer-1";N;s:8:"footer-2";N;s:8:"footer-3";N;s:8:"footer-4";N;}}}', 'yes'),
(156, 'theme_mods_edu-blue', 'a:2:{i:0;b:0;s:16:"sidebars_widgets";a:2:{s:4:"time";i:1433231268;s:4:"data";a:6:{s:19:"wp_inactive_widgets";a:0:{}s:9:"sidebar-1";a:6:{i:0;s:8:"search-2";i:1;s:14:"recent-posts-2";i:2;s:17:"recent-comments-2";i:3;s:10:"archives-2";i:4;s:12:"categories-2";i:5;s:6:"meta-2";}s:24:"first-footer-widget-area";N;s:25:"second-footer-widget-area";N;s:24:"third-footer-widget-area";N;s:25:"fourth-footer-widget-area";N;}}}', 'yes'),
(160, 'recently_activated', 'a:0:{}', 'yes'),
(240, 'dismissed_update_core', 'a:1:{s:11:"4.2.2|en_GB";b:1;}', 'yes'),
(246, 'cdap_settings', 'a:2:{s:3:"all";s:1:"1";s:10:"post_types";a:0:{}}', 'yes'),
(399, 'theme_mods_wen-business', 'a:2:{i:0;b:0;s:16:"sidebars_widgets";a:2:{s:4:"time";i:1433231865;s:4:"data";a:5:{s:19:"wp_inactive_widgets";a:0:{}s:9:"sidebar-1";a:6:{i:0;s:8:"search-2";i:1;s:14:"recent-posts-2";i:2;s:17:"recent-comments-2";i:3;s:10:"archives-2";i:4;s:12:"categories-2";i:5;s:6:"meta-2";}s:9:"sidebar-2";N;s:30:"sidebar-front-page-widget-area";N;s:15:"sidebar-contact";N;}}}', 'yes'),
(404, 'wpcf7', 'a:1:{s:7:"version";s:5:"4.3.1";}', 'yes'),
(405, 'pagenavi_options', 'a:15:{s:10:"pages_text";s:36:"Page %CURRENT_PAGE% of %TOTAL_PAGES%";s:12:"current_text";s:13:"%PAGE_NUMBER%";s:9:"page_text";s:13:"%PAGE_NUMBER%";s:10:"first_text";s:8:"« First";s:9:"last_text";s:7:"Last »";s:9:"prev_text";s:2:"«";s:9:"next_text";s:2:"»";s:12:"dotleft_text";s:3:"...";s:13:"dotright_text";s:3:"...";s:9:"num_pages";i:5;s:23:"num_larger_page_numbers";i:3;s:28:"larger_page_numbers_multiple";i:10;s:11:"always_show";i:0;s:16:"use_pagenavi_css";i:1;s:5:"style";i:1;}', 'yes'),
(411, 'theme_mods_grandcollege-v1-09', 'a:1:{i:0;b:0;}', 'yes'),
(415, 'nav_menu_options', 'a:2:{i:0;b:0;s:8:"auto_add";a:0:{}}', 'yes'),
(445, 'theme_mods_glades', 'a:3:{i:0;b:0;s:18:"nav_menu_locations";a:3:{s:6:"social";i:192;s:7:"primary";i:191;s:9:"secondary";i:193;}s:16:"sidebars_widgets";a:2:{s:4:"time";i:1433314206;s:4:"data";a:3:{s:19:"wp_inactive_widgets";a:0:{}s:7:"sidebar";a:3:{i:0;s:14:"recent-posts-2";i:1;s:12:"categories-2";i:2;s:8:"search-2";}s:17:"magazine-homepage";a:4:{i:0;s:28:"glades_category_posts_grid-2";i:1;s:31:"glades_category_posts_columns-2";i:2;s:6:"text-2";i:3;s:29:"glades_category_posts_boxed-3";}}}}', 'yes'),
(446, 'widget_bcn_widget', 'a:2:{i:1;a:0:{}s:12:"_multiwidget";i:1;}', 'yes'),
(447, 'widget_glades_category_posts_boxed', 'a:3:{i:1;a:0:{}i:3;a:3:{s:5:"title";s:11:"Posts Boxed";s:8:"category";i:194;s:6:"layout";s:10:"horizontal";}s:12:"_multiwidget";i:1;}', 'yes'),
(448, 'widget_glades_category_posts_columns', 'a:3:{i:1;a:0:{}i:2;a:6:{s:18:"category_one_title";s:4:"News";s:12:"category_one";i:194;s:18:"category_two_title";s:5:"Other";s:12:"category_two";i:194;s:6:"number";i:4;s:14:"highlight_post";b:0;}s:12:"_multiwidget";i:1;}', 'yes'),
(449, 'widget_glades_category_posts_grid', 'a:3:{i:1;a:0:{}i:2;a:4:{s:5:"title";s:4:"News";s:8:"category";i:194;s:6:"layout";s:11:"two-columns";s:6:"number";i:2;}s:12:"_multiwidget";i:1;}', 'yes'),
(450, 'theme_mods_dynamic-news-lite', 'a:2:{i:0;b:0;s:16:"sidebars_widgets";a:2:{s:4:"time";i:1433311383;s:4:"data";a:3:{s:19:"wp_inactive_widgets";a:0:{}s:7:"sidebar";a:3:{i:0;s:8:"search-2";i:1;s:14:"recent-posts-2";i:2;s:12:"categories-2";}s:18:"frontpage-magazine";N;}}}', 'yes'),
(456, 'featured-content', 'a:3:{s:6:"tag-id";i:79;s:8:"tag-name";s:7:"content";s:8:"hide-tag";i:1;}', 'yes'),
(457, 'glades_theme_options', 'a:4:{s:6:"layout";s:5:"boxed";s:7:"sidebar";s:13:"right-sidebar";s:12:"header_icons";i:1;s:11:"footer_text";s:11:"Asia Centre";}', 'yes'),
(490, 'theme_mods_asiacentre', 'a:3:{i:0;b:0;s:18:"nav_menu_locations";a:3:{s:6:"social";i:192;s:7:"primary";i:191;s:9:"secondary";i:193;}s:16:"sidebars_widgets";a:2:{s:4:"time";i:1435735287;s:4:"data";a:3:{s:19:"wp_inactive_widgets";a:17:{i:0;s:10:"calendar-2";i:1;s:10:"archives-2";i:2;s:10:"archives-3";i:3;s:10:"archives-4";i:4;s:6:"text-3";i:5;s:6:"text-4";i:6;s:6:"text-5";i:7;s:6:"text-6";i:8;s:17:"recent-comments-2";i:9;s:11:"tag_cloud-2";i:10;s:11:"tag_cloud-3";i:11;s:11:"tag_cloud-4";i:12;s:11:"tag_cloud-5";i:13;s:11:"tag_cloud-6";i:14;s:10:"nav_menu-2";i:15;s:10:"nav_menu-3";i:16;s:10:"nav_menu-4";}s:7:"sidebar";a:3:{i:0;s:14:"recent-posts-2";i:1;s:12:"categories-2";i:2;s:8:"search-2";}s:17:"magazine-homepage";a:4:{i:0;s:28:"glades_category_posts_grid-2";i:1;s:31:"glades_category_posts_columns-2";i:2;s:6:"text-2";i:3;s:29:"glades_category_posts_boxed-3";}}}}', 'yes'),
(640, 'theme_mods_Buntington-child', 'a:2:{i:0;b:0;s:18:"nav_menu_locations";a:2:{s:7:"primary";i:191;s:10:"functional";i:193;}}', 'yes'),
(641, 'vpt_option', 'a:83:{s:16:"site_logo_upload";s:72:"http://asiacentre.co.th/wp-content/uploads/2015/08/asia-centre-logo1.png";s:17:"site_logo_favicon";s:62:"http://asiacentre.co.th/wp-content/uploads/2015/09/favicon.png";s:19:"font_family_content";s:0:"";s:18:"font_style_content";a:0:{}s:19:"font_weight_content";a:0:{}s:19:"font_subset_content";a:0:{}s:20:"content_font_preview";s:536:"<link href='''' rel=''stylesheet'' type=''text/css''>\n<p style="padding: 0 10px 0 10px;font-family:;font-weight: bold;font-size: 23px;line-height: 26px">\n	That''s my title (ŠšĐđČčĆćŽž)\n</p>\n<p style="padding: 0 10px 0 10px;font-family:;font-weight: normal;font-size: 16px;line-height: 26px">\n	Grumpy wizards make toxic brew for the evil Queen and Jack (ŠšĐđČčĆćŽž).\n	<br />\n	Pellentesque sed odio nisi. Sed ut pellentesque libero, quis bibendum nibh. Phasellus sodales scelerisque nisi, eu rutrum mi lorem ipsum dolor.\n</p>";s:17:"font_family_title";s:0:"";s:16:"font_style_title";a:0:{}s:17:"font_weight_title";a:0:{}s:17:"font_subset_title";a:0:{}s:18:"title_font_preview";s:536:"<link href='''' rel=''stylesheet'' type=''text/css''>\n<p style="padding: 0 10px 0 10px;font-family:;font-weight: bold;font-size: 23px;line-height: 26px">\n	That''s my title (ŠšĐđČčĆćŽž)\n</p>\n<p style="padding: 0 10px 0 10px;font-family:;font-weight: normal;font-size: 16px;line-height: 26px">\n	Grumpy wizards make toxic brew for the evil Queen and Jack (ŠšĐđČčĆćŽž).\n	<br />\n	Pellentesque sed odio nisi. Sed ut pellentesque libero, quis bibendum nibh. Phasellus sodales scelerisque nisi, eu rutrum mi lorem ipsum dolor.\n</p>";s:11:"links_color";s:7:"#c96d14";s:17:"links_hover_color";s:7:"#111111";s:11:"navig_color";s:7:"#c96d14";s:17:"navig_hover_color";s:7:"#363636";s:17:"navig_dropdown_bg";s:7:"#FFFFFF";s:20:"navig_dropdown_color";s:7:"#363636";s:29:"navig_dropdown_bg_hover_color";s:7:"#F9F9F9";s:26:"navig_dropdown_hover_color";s:7:"#c96d14";s:23:"navig_submenu_tit_color";s:7:"#CCCCCC";s:13:"f_navig_color";s:7:"#636363";s:19:"f_navig_hover_color";s:7:"#c96d14";s:20:"use_background_image";s:0:"";s:12:"image_bg_url";s:0:"";s:15:"image_bg_repeat";s:6:"repeat";s:19:"image_bg_attachment";s:6:"scroll";s:17:"image_bg_position";s:8:"top left";s:13:"image_bg_size";s:6:"normal";s:15:"footer_bg_color";s:7:"#FFFFFF";s:17:"footer_text_color";s:7:"#777777";s:17:"footer_link_color";s:7:"#c96d14";s:23:"footer_link_hover_color";s:7:"#111111";s:12:"scheme_light";s:0:"";s:21:"nb_social_media_sites";s:0:"";s:13:"sm_foursquare";s:0:"";s:11:"sm_dribbble";s:0:"";s:11:"sm_facebook";s:41:"https://www.facebook.com/asiacentre.co.th";s:9:"sm_flickr";s:0:"";s:9:"sm_github";s:0:"";s:9:"sm_google";s:0:"";s:12:"sm_instagram";s:40:"https://www.instagram.com/asiacentre_bkk";s:11:"sm_linkedin";s:0:"";s:12:"sm_pinterest";s:0:"";s:9:"sm_tumblr";s:0:"";s:10:"sm_twitter";s:34:"https://twitter.com/AsiaCentre_BKK";s:10:"sm_youtube";s:56:"https://www.youtube.com/channel/UCeF_N9fxoIApkyRdQ5PqkWw";s:15:"show_google_map";s:0:"";s:10:"gmap_title";s:14:"Bangkok Office";s:8:"gmap_lat";s:9:"13.756290";s:8:"gmap_lon";s:10:"100.532647";s:9:"gmap_zoom";s:2:"15";s:11:"gmap_marker";s:0:"";s:12:"contact_name";s:11:"Asia Centre";s:15:"contact_address";s:90:"128/183 Phayathai Plaza Building (17th Floor),  Phayathai Road, Thung-Phayathai, Rachatewi";s:12:"contact_city";s:7:"Bangkok";s:13:"contact_state";s:0:"";s:11:"contact_zip";s:5:"10400";s:15:"contact_country";s:8:"Thailand";s:15:"contact_phone_1";s:16:"(66) 02-129 3773";s:15:"contact_phone_2";s:16:"(66) 02-129 3774";s:13:"contact_email";s:21:"info@asiacentre.co.th";s:17:"posts_page_layout";s:4:"grid";s:23:"posts_page_num_of_posts";s:1:"6";s:17:"use_page_comments";s:1:"1";s:19:"post_summary_primal";s:2:"24";s:22:"post_summary_secondary";s:2:"24";s:17:"post_summary_more";s:9:"Read More";s:16:"sidebar_position";s:5:"right";s:9:"404_image";s:0:"";s:15:"theme_copyright";s:63:"© 2016 AsiaCentre, Bangkok, Thailand. -  info@asiacentre.co.th";s:10:"nb_addthis";s:0:"";s:11:"use_addthis";s:0:"";s:12:"addthis_code";s:0:"";s:6:"use_ga";s:0:"";s:7:"ga_code";s:0:"";s:7:"nb_keys";s:0:"";s:10:"flickr_key";s:0:"";s:20:"twitter_consumer_key";s:0:"";s:23:"twitter_consumer_secret";s:0:"";s:20:"twitter_access_token";s:0:"";s:27:"twitter_access_token_secret";s:0:"";s:0:"";s:0:"";}', 'yes'),
(654, 'courses_children', 'a:0:{}', 'yes'),
(660, 'widget_sofa_upcoming_events', 'a:6:{i:1;a:2:{s:5:"title";s:15:"Upcoming events";s:9:"items_num";i:2;}i:3;a:2:{s:5:"title";s:14:"Upcoming Event";s:9:"items_num";i:3;}i:4;a:2:{s:5:"title";s:14:"Upcoming Event";s:9:"items_num";i:1;}i:5;a:2:{s:5:"title";s:14:"upcoming event";s:9:"items_num";i:2;}s:12:"_multiwidget";i:1;i:7;a:2:{s:5:"title";s:15:"Upcoming Events";s:9:"items_num";i:3;}}', 'yes'),
(661, 'widget_sofa_recentposts', 'a:8:{i:1;a:5:{s:19:"s_recentposts_title";s:15:"Recently posted";s:18:"s_recentposts_sort";s:4:"DESC";s:20:"s_recentposts_number";s:1:"8";s:17:"s_recentposts_cat";s:0:"";s:19:"s_recentposts_style";N;}i:3;a:5:{s:19:"s_recentposts_title";s:11:"Recent News";s:18:"s_recentposts_sort";s:4:"DESC";s:20:"s_recentposts_number";s:1:"3";s:17:"s_recentposts_cat";s:0:"";s:19:"s_recentposts_style";N;}i:4;a:5:{s:19:"s_recentposts_title";s:15:"Recently Posted";s:18:"s_recentposts_sort";s:4:"DESC";s:20:"s_recentposts_number";s:1:"3";s:17:"s_recentposts_cat";s:0:"";s:19:"s_recentposts_style";N;}i:5;a:5:{s:19:"s_recentposts_title";s:11:"Recent News";s:18:"s_recentposts_sort";s:4:"DESC";s:20:"s_recentposts_number";s:1:"2";s:17:"s_recentposts_cat";s:0:"";s:19:"s_recentposts_style";N;}i:6;a:5:{s:19:"s_recentposts_title";s:11:"Recent News";s:18:"s_recentposts_sort";s:4:"DESC";s:20:"s_recentposts_number";s:1:"3";s:17:"s_recentposts_cat";s:0:"";s:19:"s_recentposts_style";N;}s:12:"_multiwidget";i:1;i:8;a:5:{s:19:"s_recentposts_title";s:0:"";s:18:"s_recentposts_sort";s:4:"DESC";s:20:"s_recentposts_number";s:1:"0";s:17:"s_recentposts_cat";s:0:"";s:19:"s_recentposts_style";s:2:"on";}i:10;a:0:{}}', 'yes'),
(662, 'widget_sofa_twitter', 'a:3:{i:1;a:4:{s:15:"s_twitter_title";s:0:"";s:14:"s_twitter_user";s:14:"AsiaCentre_BKK";s:15:"s_twitts_number";s:1:"3";s:24:"s_twitts_exclude_replies";s:2:"no";}i:3;a:4:{s:15:"s_twitter_title";s:0:"";s:14:"s_twitter_user";s:9:"president";s:15:"s_twitts_number";s:1:"3";s:24:"s_twitts_exclude_replies";s:2:"no";}s:12:"_multiwidget";i:1;}', 'yes'),
(663, 'widget_sofa_featured_gallery', 'a:10:{i:1;a:2:{s:5:"title";s:19:"View Spaces Gallery";s:7:"gallery";i:2471;}i:2;a:2:{s:5:"title";s:16:"From the Gallery";s:7:"gallery";i:111;}i:3;a:2:{s:5:"title";s:14:"UPR Conference";s:7:"gallery";i:3428;}i:5;a:0:{}i:6;a:2:{s:5:"title";s:30:"Media & Communication Workshop";s:7:"gallery";i:3253;}s:12:"_multiwidget";i:1;i:8;a:2:{s:5:"title";s:28:"Media&Communication Workshop";s:7:"gallery";i:3253;}i:10;a:2:{s:5:"title";s:26:"ASIA Centre Spaces Gallery";s:7:"gallery";i:2471;}i:12;a:2:{s:5:"title";s:14:"UPR Conference";s:7:"gallery";i:3428;}i:14;a:2:{s:5:"title";s:26:"ASIA Centre Spaces Gallery";s:7:"gallery";i:2471;}}', 'yes'),
(664, 'widget_sofa_course_search', 'a:4:{i:1;a:2:{s:5:"title";s:13:"Course Search";s:4:"text";s:36:"* search by id, instructor, title...";}i:2;a:2:{s:5:"title";s:13:"Course Finder";s:4:"text";s:53:"* Search by course ID, title, instructor, level, etc.";}i:3;a:2:{s:5:"title";s:13:"Course Finder";s:4:"text";s:53:"* Search by course ID, title, instructor, level, etc.";}s:12:"_multiwidget";i:1;}', 'yes'),
(665, 'widget_sofa_quickcontact', 'a:7:{i:1;a:1:{s:20:"s_quickcontact_title";s:0:"";}i:2;a:1:{s:20:"s_quickcontact_title";s:19:"Asia Centre Address";}i:3;a:1:{s:20:"s_quickcontact_title";s:0:"";}i:4;a:1:{s:20:"s_quickcontact_title";s:0:"";}i:8;a:0:{}s:12:"_multiwidget";i:1;i:10;a:0:{}}', 'yes'),
(666, 'widget_sofa_flickr', 'a:2:{i:1;a:4:{s:14:"s_flickr_title";s:12:"Flickr Album";s:15:"s_flickr_choice";s:12:"30330906@N04";s:12:"s_flickr_noi";s:2:"12";s:12:"s_flickr_tou";s:4:"user";}s:12:"_multiwidget";i:1;}', 'yes'),
(823, 'theme_mods_Buntington', 'a:3:{i:0;b:0;s:18:"nav_menu_locations";a:1:{s:7:"primary";i:191;}s:16:"sidebars_widgets";a:2:{s:4:"time";i:1435735222;s:4:"data";a:17:{s:19:"wp_inactive_widgets";a:0:{}s:21:"sidebar-widgets-index";a:7:{i:0;s:14:"recent-posts-2";i:1;s:12:"categories-2";i:2;s:8:"search-2";i:3;s:10:"nav_menu-2";i:4;s:17:"recent-comments-1";i:5;s:22:"sofa_upcoming_events-1";i:6;s:11:"tag_cloud-2";}s:22:"sidebar-widgets-single";a:4:{i:0;s:6:"text-2";i:1;s:18:"sofa_recentposts-1";i:2;s:11:"tag_cloud-3";i:3;s:14:"sofa_twitter-1";}s:20:"sidebar-widgets-page";a:3:{i:0;s:22:"sofa_upcoming_events-2";i:1;s:23:"sofa_featured_gallery-1";i:2;s:6:"text-3";}s:24:"sidebar-widgets-category";a:5:{i:0;s:10:"archives-1";i:1;s:22:"sofa_upcoming_events-3";i:2;s:17:"recent-comments-2";i:3;s:23:"sofa_featured_gallery-2";i:4;s:20:"sofa_course_search-1";}s:23:"sidebar-widgets-archive";a:3:{i:0;s:10:"archives-2";i:1;s:10:"calendar-2";i:2;s:11:"tag_cloud-4";}s:19:"sidebar-widgets-tag";a:2:{i:0;s:10:"archives-3";i:1;s:11:"tag_cloud-5";}s:22:"sidebar-widgets-search";a:3:{i:0;s:10:"archives-4";i:1;s:11:"tag_cloud-6";i:2;s:6:"text-4";}s:23:"sidebar-widgets-contact";a:2:{i:0;s:6:"text-5";i:1;s:14:"sofa_twitter-2";}s:22:"sidebar-widgets-events";a:3:{i:0;s:10:"nav_menu-3";i:1;s:18:"sofa_recentposts-2";i:2;s:6:"text-6";}s:28:"sidebar-widgets-event-single";a:3:{i:0;s:18:"sofa_recentposts-3";i:1;s:23:"sofa_featured_gallery-3";i:2;s:19:"sofa_quickcontact-1";}s:23:"sidebar-widgets-courses";a:2:{i:0;s:20:"sofa_course_search-2";i:1;s:18:"sofa_recentposts-4";}s:29:"sidebar-widgets-course-single";a:3:{i:0;s:20:"sofa_course_search-3";i:1;s:18:"sofa_recentposts-5";i:2;s:22:"sofa_upcoming_events-4";}s:25:"sidebar-widgets-galleries";a:3:{i:0;s:18:"sofa_recentposts-6";i:1;s:22:"sofa_upcoming_events-5";i:2;s:14:"sofa_twitter-3";}s:19:"sidebar-widgets-fcl";a:1:{i:0;s:10:"nav_menu-4";}s:19:"sidebar-widgets-fcm";a:1:{i:0;s:19:"sofa_quickcontact-2";}s:19:"sidebar-widgets-fcr";a:1:{i:0;s:13:"sofa_flickr-1";}}}}', 'yes'),
(887, 'bcn_options', 'a:88:{s:17:"bmainsite_display";b:0;s:18:"Hmainsite_template";s:133:"<span typeof="v:Breadcrumb"><a rel="v:url" property="v:title" title="Go to %title%." href="%link%" class="%type%">%htitle%</a></span>";s:28:"Hmainsite_template_no_anchor";s:75:"<span typeof="v:Breadcrumb"><span property="v:title">%htitle%</span></span>";s:13:"bhome_display";b:1;s:14:"Hhome_template";s:133:"<span typeof="v:Breadcrumb"><a rel="v:url" property="v:title" title="Go to %title%." href="%link%" class="%type%">%htitle%</a></span>";s:24:"Hhome_template_no_anchor";s:75:"<span typeof="v:Breadcrumb"><span property="v:title">%htitle%</span></span>";s:13:"bblog_display";b:1;s:14:"Hblog_template";s:133:"<span typeof="v:Breadcrumb"><a rel="v:url" property="v:title" title="Go to %title%." href="%link%" class="%type%">%htitle%</a></span>";s:24:"Hblog_template_no_anchor";s:75:"<span typeof="v:Breadcrumb"><span property="v:title">%htitle%</span></span>";s:10:"hseparator";s:6:" &gt; ";s:12:"blimit_title";b:0;s:17:"amax_title_length";i:20;s:20:"bcurrent_item_linked";b:0;s:19:"Hpost_page_template";s:133:"<span typeof="v:Breadcrumb"><a rel="v:url" property="v:title" title="Go to %title%." href="%link%" class="%type%">%htitle%</a></span>";s:29:"Hpost_page_template_no_anchor";s:75:"<span typeof="v:Breadcrumb"><span property="v:title">%htitle%</span></span>";s:15:"apost_page_root";s:3:"316";s:15:"Hpaged_template";s:13:"Page %htitle%";s:14:"bpaged_display";b:0;s:19:"Hpost_post_template";s:133:"<span typeof="v:Breadcrumb"><a rel="v:url" property="v:title" title="Go to %title%." href="%link%" class="%type%">%htitle%</a></span>";s:29:"Hpost_post_template_no_anchor";s:75:"<span typeof="v:Breadcrumb"><span property="v:title">%htitle%</span></span>";s:15:"apost_post_root";s:3:"703";s:27:"bpost_post_taxonomy_display";b:1;s:24:"Spost_post_taxonomy_type";s:8:"category";s:25:"Hpost_attachment_template";s:133:"<span typeof="v:Breadcrumb"><a rel="v:url" property="v:title" title="Go to %title%." href="%link%" class="%type%">%htitle%</a></span>";s:35:"Hpost_attachment_template_no_anchor";s:75:"<span typeof="v:Breadcrumb"><span property="v:title">%htitle%</span></span>";s:13:"H404_template";s:75:"<span typeof="v:Breadcrumb"><span property="v:title">%htitle%</span></span>";s:10:"S404_title";s:3:"404";s:16:"Hsearch_template";s:135:"Search results for &#039;<a title="Go to the first page of search results for %title%." href="%link%" class="%type%">%htitle%</a>&#039;";s:26:"Hsearch_template_no_anchor";s:39:"Search results for &#039;%htitle%&#039;";s:22:"Htax_post_tag_template";s:150:"<span typeof="v:Breadcrumb"><a rel="v:url" property="v:title" title="Go to the %title% tag archives." href="%link%" class="%type%">%htitle%</a></span>";s:32:"Htax_post_tag_template_no_anchor";s:75:"<span typeof="v:Breadcrumb"><span property="v:title">%htitle%</span></span>";s:25:"Htax_post_format_template";s:150:"<span typeof="v:Breadcrumb"><a rel="v:url" property="v:title" title="Go to the %title% tag archives." href="%link%" class="%type%">%htitle%</a></span>";s:35:"Htax_post_format_template_no_anchor";s:75:"<span typeof="v:Breadcrumb"><span property="v:title">%htitle%</span></span>";s:16:"Hauthor_template";s:107:"Articles by: <a title="Go to the first page of posts by %title%." href="%link%" class="%type%">%htitle%</a>";s:26:"Hauthor_template_no_anchor";s:21:"Articles by: %htitle%";s:12:"Sauthor_name";s:12:"display_name";s:22:"Htax_category_template";s:155:"<span typeof="v:Breadcrumb"><a rel="v:url" property="v:title" title="Go to the %title% category archives." href="%link%" class="%type%">%htitle%</a></span>";s:32:"Htax_category_template_no_anchor";s:75:"<span typeof="v:Breadcrumb"><span property="v:title">%htitle%</span></span>";s:14:"Hdate_template";s:146:"<span typeof="v:Breadcrumb"><a rel="v:url" property="v:title" title="Go to the %title% archives." href="%link%" class="%type%">%htitle%</a></span>";s:24:"Hdate_template_no_anchor";s:75:"<span typeof="v:Breadcrumb"><span property="v:title">%htitle%</span></span>";s:33:"Hpost_wpcf7_contact_form_template";s:118:"<span typeof="v:Breadcrumb"><a rel="v:url" property="v:title" title="Go to %title%." href="%link%">%htitle%</a></span>";s:43:"Hpost_wpcf7_contact_form_template_no_anchor";s:75:"<span typeof="v:Breadcrumb"><span property="v:title">%htitle%</span></span>";s:40:"bpost_wpcf7_contact_form_archive_display";b:0;s:29:"apost_wpcf7_contact_form_root";s:3:"703";s:41:"bpost_wpcf7_contact_form_taxonomy_display";b:0;s:38:"Spost_wpcf7_contact_form_taxonomy_type";s:4:"date";s:23:"Hpost_hom_page_template";s:118:"<span typeof="v:Breadcrumb"><a rel="v:url" property="v:title" title="Go to %title%." href="%link%">%htitle%</a></span>";s:33:"Hpost_hom_page_template_no_anchor";s:75:"<span typeof="v:Breadcrumb"><span property="v:title">%htitle%</span></span>";s:30:"bpost_hom_page_archive_display";b:1;s:19:"apost_hom_page_root";i:703;s:31:"bpost_hom_page_taxonomy_display";b:0;s:28:"Spost_hom_page_taxonomy_type";s:4:"date";s:20:"Hpost_event_template";s:118:"<span typeof="v:Breadcrumb"><a rel="v:url" property="v:title" title="Go to %title%." href="%link%">%htitle%</a></span>";s:30:"Hpost_event_template_no_anchor";s:75:"<span typeof="v:Breadcrumb"><span property="v:title">%htitle%</span></span>";s:27:"bpost_event_archive_display";b:1;s:16:"apost_event_root";i:703;s:28:"bpost_event_taxonomy_display";b:1;s:25:"Spost_event_taxonomy_type";s:6:"events";s:21:"Hpost_course_template";s:118:"<span typeof="v:Breadcrumb"><a rel="v:url" property="v:title" title="Go to %title%." href="%link%">%htitle%</a></span>";s:31:"Hpost_course_template_no_anchor";s:75:"<span typeof="v:Breadcrumb"><span property="v:title">%htitle%</span></span>";s:28:"bpost_course_archive_display";b:1;s:17:"apost_course_root";i:703;s:29:"bpost_course_taxonomy_display";b:1;s:26:"Spost_course_taxonomy_type";s:7:"courses";s:22:"Hpost_gallery_template";s:118:"<span typeof="v:Breadcrumb"><a rel="v:url" property="v:title" title="Go to %title%." href="%link%">%htitle%</a></span>";s:32:"Hpost_gallery_template_no_anchor";s:75:"<span typeof="v:Breadcrumb"><span property="v:title">%htitle%</span></span>";s:29:"bpost_gallery_archive_display";b:1;s:18:"apost_gallery_root";i:703;s:30:"bpost_gallery_taxonomy_display";b:1;s:27:"Spost_gallery_taxonomy_type";s:9:"galleries";s:21:"Hpost_slider_template";s:118:"<span typeof="v:Breadcrumb"><a rel="v:url" property="v:title" title="Go to %title%." href="%link%">%htitle%</a></span>";s:31:"Hpost_slider_template_no_anchor";s:75:"<span typeof="v:Breadcrumb"><span property="v:title">%htitle%</span></span>";s:28:"bpost_slider_archive_display";b:1;s:17:"apost_slider_root";i:703;s:29:"bpost_slider_taxonomy_display";b:0;s:26:"Spost_slider_taxonomy_type";s:4:"date";s:20:"Hpost_chunk_template";s:118:"<span typeof="v:Breadcrumb"><a rel="v:url" property="v:title" title="Go to %title%." href="%link%">%htitle%</a></span>";s:30:"Hpost_chunk_template_no_anchor";s:75:"<span typeof="v:Breadcrumb"><span property="v:title">%htitle%</span></span>";s:27:"bpost_chunk_archive_display";b:1;s:16:"apost_chunk_root";i:703;s:28:"bpost_chunk_taxonomy_display";b:0;s:25:"Spost_chunk_taxonomy_type";s:4:"date";s:20:"Htax_events_template";s:146:"<span typeof="v:Breadcrumb"><a rel="v:url" property="v:title" title="Go to the %title% Event Category archives." href="%link%">%htitle%</a></span>";s:30:"Htax_events_template_no_anchor";s:75:"<span typeof="v:Breadcrumb"><span property="v:title">%htitle%</span></span>";s:21:"Htax_courses_template";s:147:"<span typeof="v:Breadcrumb"><a rel="v:url" property="v:title" title="Go to the %title% Course Category archives." href="%link%">%htitle%</a></span>";s:31:"Htax_courses_template_no_anchor";s:75:"<span typeof="v:Breadcrumb"><span property="v:title">%htitle%</span></span>";s:23:"Htax_galleries_template";s:148:"<span typeof="v:Breadcrumb"><a rel="v:url" property="v:title" title="Go to the %title% Gallery Category archives." href="%link%">%htitle%</a></span>";s:33:"Htax_galleries_template_no_anchor";s:75:"<span typeof="v:Breadcrumb"><span property="v:title">%htitle%</span></span>";}', 'yes');
INSERT INTO `wp_options` (`option_id`, `option_name`, `option_value`, `autoload`) VALUES
(888, 'bcn_options_bk', 'a:88:{s:17:"bmainsite_display";b:1;s:18:"Hmainsite_template";s:133:"<span typeof="v:Breadcrumb"><a rel="v:url" property="v:title" title="Go to %title%." href="%link%" class="%type%">%htitle%</a></span>";s:28:"Hmainsite_template_no_anchor";s:75:"<span typeof="v:Breadcrumb"><span property="v:title">%htitle%</span></span>";s:13:"bhome_display";b:1;s:14:"Hhome_template";s:133:"<span typeof="v:Breadcrumb"><a rel="v:url" property="v:title" title="Go to %title%." href="%link%" class="%type%">%htitle%</a></span>";s:24:"Hhome_template_no_anchor";s:75:"<span typeof="v:Breadcrumb"><span property="v:title">%htitle%</span></span>";s:13:"bblog_display";b:1;s:14:"Hblog_template";s:133:"<span typeof="v:Breadcrumb"><a rel="v:url" property="v:title" title="Go to %title%." href="%link%" class="%type%">%htitle%</a></span>";s:24:"Hblog_template_no_anchor";s:75:"<span typeof="v:Breadcrumb"><span property="v:title">%htitle%</span></span>";s:10:"hseparator";s:6:" &gt; ";s:12:"blimit_title";b:0;s:17:"amax_title_length";i:20;s:20:"bcurrent_item_linked";b:0;s:19:"Hpost_page_template";s:133:"<span typeof="v:Breadcrumb"><a rel="v:url" property="v:title" title="Go to %title%." href="%link%" class="%type%">%htitle%</a></span>";s:29:"Hpost_page_template_no_anchor";s:75:"<span typeof="v:Breadcrumb"><span property="v:title">%htitle%</span></span>";s:15:"apost_page_root";s:3:"316";s:15:"Hpaged_template";s:13:"Page %htitle%";s:14:"bpaged_display";b:0;s:19:"Hpost_post_template";s:133:"<span typeof="v:Breadcrumb"><a rel="v:url" property="v:title" title="Go to %title%." href="%link%" class="%type%">%htitle%</a></span>";s:29:"Hpost_post_template_no_anchor";s:75:"<span typeof="v:Breadcrumb"><span property="v:title">%htitle%</span></span>";s:15:"apost_post_root";s:3:"703";s:27:"bpost_post_taxonomy_display";b:1;s:24:"Spost_post_taxonomy_type";s:8:"category";s:25:"Hpost_attachment_template";s:133:"<span typeof="v:Breadcrumb"><a rel="v:url" property="v:title" title="Go to %title%." href="%link%" class="%type%">%htitle%</a></span>";s:35:"Hpost_attachment_template_no_anchor";s:75:"<span typeof="v:Breadcrumb"><span property="v:title">%htitle%</span></span>";s:13:"H404_template";s:75:"<span typeof="v:Breadcrumb"><span property="v:title">%htitle%</span></span>";s:10:"S404_title";s:3:"404";s:16:"Hsearch_template";s:133:"Search results for &#39;<a title="Go to the first page of search results for %title%." href="%link%" class="%type%">%htitle%</a>&#39;";s:26:"Hsearch_template_no_anchor";s:37:"Search results for &#39;%htitle%&#39;";s:22:"Htax_post_tag_template";s:150:"<span typeof="v:Breadcrumb"><a rel="v:url" property="v:title" title="Go to the %title% tag archives." href="%link%" class="%type%">%htitle%</a></span>";s:32:"Htax_post_tag_template_no_anchor";s:75:"<span typeof="v:Breadcrumb"><span property="v:title">%htitle%</span></span>";s:25:"Htax_post_format_template";s:150:"<span typeof="v:Breadcrumb"><a rel="v:url" property="v:title" title="Go to the %title% tag archives." href="%link%" class="%type%">%htitle%</a></span>";s:35:"Htax_post_format_template_no_anchor";s:75:"<span typeof="v:Breadcrumb"><span property="v:title">%htitle%</span></span>";s:16:"Hauthor_template";s:107:"Articles by: <a title="Go to the first page of posts by %title%." href="%link%" class="%type%">%htitle%</a>";s:26:"Hauthor_template_no_anchor";s:21:"Articles by: %htitle%";s:12:"Sauthor_name";s:12:"display_name";s:22:"Htax_category_template";s:155:"<span typeof="v:Breadcrumb"><a rel="v:url" property="v:title" title="Go to the %title% category archives." href="%link%" class="%type%">%htitle%</a></span>";s:32:"Htax_category_template_no_anchor";s:75:"<span typeof="v:Breadcrumb"><span property="v:title">%htitle%</span></span>";s:14:"Hdate_template";s:146:"<span typeof="v:Breadcrumb"><a rel="v:url" property="v:title" title="Go to the %title% archives." href="%link%" class="%type%">%htitle%</a></span>";s:24:"Hdate_template_no_anchor";s:75:"<span typeof="v:Breadcrumb"><span property="v:title">%htitle%</span></span>";s:33:"Hpost_wpcf7_contact_form_template";s:118:"<span typeof="v:Breadcrumb"><a rel="v:url" property="v:title" title="Go to %title%." href="%link%">%htitle%</a></span>";s:43:"Hpost_wpcf7_contact_form_template_no_anchor";s:75:"<span typeof="v:Breadcrumb"><span property="v:title">%htitle%</span></span>";s:40:"bpost_wpcf7_contact_form_archive_display";b:0;s:29:"apost_wpcf7_contact_form_root";s:3:"703";s:41:"bpost_wpcf7_contact_form_taxonomy_display";b:0;s:38:"Spost_wpcf7_contact_form_taxonomy_type";s:4:"date";s:23:"Hpost_hom_page_template";s:118:"<span typeof="v:Breadcrumb"><a rel="v:url" property="v:title" title="Go to %title%." href="%link%">%htitle%</a></span>";s:33:"Hpost_hom_page_template_no_anchor";s:75:"<span typeof="v:Breadcrumb"><span property="v:title">%htitle%</span></span>";s:30:"bpost_hom_page_archive_display";b:1;s:19:"apost_hom_page_root";s:3:"703";s:31:"bpost_hom_page_taxonomy_display";b:0;s:28:"Spost_hom_page_taxonomy_type";s:4:"date";s:20:"Hpost_event_template";s:118:"<span typeof="v:Breadcrumb"><a rel="v:url" property="v:title" title="Go to %title%." href="%link%">%htitle%</a></span>";s:30:"Hpost_event_template_no_anchor";s:75:"<span typeof="v:Breadcrumb"><span property="v:title">%htitle%</span></span>";s:27:"bpost_event_archive_display";b:1;s:16:"apost_event_root";s:3:"703";s:28:"bpost_event_taxonomy_display";b:1;s:25:"Spost_event_taxonomy_type";s:6:"events";s:21:"Hpost_course_template";s:118:"<span typeof="v:Breadcrumb"><a rel="v:url" property="v:title" title="Go to %title%." href="%link%">%htitle%</a></span>";s:31:"Hpost_course_template_no_anchor";s:75:"<span typeof="v:Breadcrumb"><span property="v:title">%htitle%</span></span>";s:28:"bpost_course_archive_display";b:1;s:17:"apost_course_root";s:3:"703";s:29:"bpost_course_taxonomy_display";b:1;s:26:"Spost_course_taxonomy_type";s:7:"courses";s:22:"Hpost_gallery_template";s:118:"<span typeof="v:Breadcrumb"><a rel="v:url" property="v:title" title="Go to %title%." href="%link%">%htitle%</a></span>";s:32:"Hpost_gallery_template_no_anchor";s:75:"<span typeof="v:Breadcrumb"><span property="v:title">%htitle%</span></span>";s:29:"bpost_gallery_archive_display";b:1;s:18:"apost_gallery_root";s:3:"703";s:30:"bpost_gallery_taxonomy_display";b:1;s:27:"Spost_gallery_taxonomy_type";s:9:"galleries";s:21:"Hpost_slider_template";s:118:"<span typeof="v:Breadcrumb"><a rel="v:url" property="v:title" title="Go to %title%." href="%link%">%htitle%</a></span>";s:31:"Hpost_slider_template_no_anchor";s:75:"<span typeof="v:Breadcrumb"><span property="v:title">%htitle%</span></span>";s:28:"bpost_slider_archive_display";b:1;s:17:"apost_slider_root";s:3:"703";s:29:"bpost_slider_taxonomy_display";b:0;s:26:"Spost_slider_taxonomy_type";s:4:"date";s:20:"Hpost_chunk_template";s:118:"<span typeof="v:Breadcrumb"><a rel="v:url" property="v:title" title="Go to %title%." href="%link%">%htitle%</a></span>";s:30:"Hpost_chunk_template_no_anchor";s:75:"<span typeof="v:Breadcrumb"><span property="v:title">%htitle%</span></span>";s:27:"bpost_chunk_archive_display";b:1;s:16:"apost_chunk_root";s:3:"703";s:28:"bpost_chunk_taxonomy_display";b:0;s:25:"Spost_chunk_taxonomy_type";s:4:"date";s:20:"Htax_events_template";s:146:"<span typeof="v:Breadcrumb"><a rel="v:url" property="v:title" title="Go to the %title% Event Category archives." href="%link%">%htitle%</a></span>";s:30:"Htax_events_template_no_anchor";s:75:"<span typeof="v:Breadcrumb"><span property="v:title">%htitle%</span></span>";s:21:"Htax_courses_template";s:147:"<span typeof="v:Breadcrumb"><a rel="v:url" property="v:title" title="Go to the %title% Course Category archives." href="%link%">%htitle%</a></span>";s:31:"Htax_courses_template_no_anchor";s:75:"<span typeof="v:Breadcrumb"><span property="v:title">%htitle%</span></span>";s:23:"Htax_galleries_template";s:148:"<span typeof="v:Breadcrumb"><a rel="v:url" property="v:title" title="Go to the %title% Gallery Category archives." href="%link%">%htitle%</a></span>";s:33:"Htax_galleries_template_no_anchor";s:75:"<span typeof="v:Breadcrumb"><span property="v:title">%htitle%</span></span>";}', 'no'),
(889, 'bcn_version', '5.2.2', 'no'),
(956, 'db_upgraded', '', 'yes'),
(1025, 'finished_splitting_shared_terms', '1', 'yes');
INSERT INTO `wp_options` (`option_id`, `option_name`, `option_value`, `autoload`) VALUES
(1084, 'frmpro_css', '/* WARNING: Any changes made to this file will be lost when your Formidable settings are updated */\n.frm_hidden,.with_frm_style .frm_button.frm_hidden{display:none;}legend.frm_hidden{display:none !important;}.frm_transparent{color:transparent;}.input[type=file].frm_transparent:focus, .with_frm_style input[type=file]{background-color:transparent;border:none;outline:none;box-shadow:none;}.with_frm_style input[type=file]{display:initial;}.frm_preview_page:before{content:normal !important;}.frm_preview_page{padding:25px;}.with_frm_style .form-field.frm_col_field{clear:none;float:left;margin-right:20px;}.with_frm_style label.frm_primary_label{max-width:100%;}.with_frm_style .frm_top_container label.frm_primary_label,.with_frm_style .frm_hidden_container label.frm_primary_label,.with_frm_style .frm_pos_top{display:block;float:none;width:auto;}.with_frm_style .frm_inline_container label.frm_primary_label{margin-right:10px;}.with_frm_style .frm_right_container label.frm_primary_label,.with_frm_style .frm_pos_right{display:inline;float:right;margin-left:10px;}.with_frm_style .frm_none_container label.frm_primary_label,.with_frm_style .frm_pos_none,.frm_none_container label.frm_primary_label{display:none;}.with_frm_style .frm_section_heading.frm_hide_section{margin-top:0px !important;}.with_frm_style .frm_hidden_container label.frm_primary_label,.with_frm_style .frm_pos_hidden,.frm_hidden_container label.frm_primary_label{visibility:hidden;}.with_frm_style .frm_scale{margin-right:10px;text-align:center;float:left;}.with_frm_style .frm_scale input{display:block;}.with_frm_style select[multiple="multiple"]{height:auto;line-height:normal;}.with_frm_style select{white-space:nowrap;}.with_frm_style .frm_catlevel_2,.with_frm_style .frm_catlevel_3,.with_frm_style .frm_catlevel_4,.with_frm_style .frm_catlevel_5{margin-left:18px;}.with_frm_style .wp-editor-container{border:1px solid #e5e5e5;}.with_frm_style .quicktags-toolbar input{font-size:12px !important;}.with_frm_style .wp-editor-container textarea{border:none;}.with_frm_style .auto_width #loginform input,.with_frm_style .auto_width input,.with_frm_style input.auto_width,.with_frm_style select.auto_width,.with_frm_style textarea.auto_width{width:auto;}.with_frm_style .frm_repeat_buttons{white-space:nowrap;}.with_frm_style .frm_button{text-decoration:none;border:1px solid #eee;padding:5px;display:inline;}.with_frm_style .frm_submit{clear:both;}.frm_inline_form .frm_form_field.form-field{margin-right:2.5%;display:inline-block;}.frm_inline_form .frm_submit{display:inline-block;}.with_frm_style.frm_center_submit .frm_submit{text-align:center;}.with_frm_style.frm_center_submit .frm_submit input[type=submit], .with_frm_style.frm_center_submit .frm_submit input[type=button]{margin-bottom:8px !important;}.with_frm_style.frm_center_submit .frm_submit .frm_ajax_loading{display: block;margin: 0 auto;}.frm_forms.frm_style_formidable-style.with_frm_style{max-width:100%;direction:ltr;}.frm_style_formidable-style.with_frm_style,.frm_style_formidable-style.with_frm_style form{text-align:left;}.frm_style_formidable-style.with_frm_style fieldset{border:0px solid #000000;margin:0;padding:0 0 15px 0;background-color:transparent;}.frm_style_formidable-style.with_frm_style .frm-show-form  > h3{font-size:20px;color:#444444;}.frm_style_formidable-style.with_frm_style .frm-show-form  .frm_section_heading h3{padding:15px 0 3px 0;margin:0;font-size:18px;font-weight:bold;color:#444444;border:none;border-top:2px solid #e8e8e8;background-color:transparent}.frm_style_formidable-style.with_frm_style h3 .frm_after_collapse{display:inline;}.frm_style_formidable-style.with_frm_style h3 .frm_before_collapse{display:none;}.menu-edit #post-body-content .frm_style_formidable-style.with_frm_style .frm_section_heading h3{margin:0;}.frm_style_formidable-style.with_frm_style .frm_section_heading{margin-top:15px;}.frm_style_formidable-style.with_frm_style  .frm-show-form .frm_section_heading .frm_section_spacing,.menu-edit #post-body-content .frm_style_formidable-style.with_frm_style  .frm-show-form .frm_section_heading .frm_section_spacing{margin-bottom:12px;}.frm_style_formidable-style.with_frm_style .frm_repeat_sec{margin-bottom:20px;margin-top:20px;}.frm_style_formidable-style.with_frm_style label.frm_primary_label,.frm_style_formidable-style.with_frm_style.frm_login_form label{font-family:"Lucida Grande","Lucida Sans Unicode",Tahoma,sans-serif;font-size:14px;color:#444444;font-weight:bold;text-align:left;margin:0;padding:0 0 3px 0;width:auto;display:block;}.frm_style_formidable-style.with_frm_style .frm_icon_font{color:#444444;}.frm_style_formidable-style.with_frm_style .frm_icon_font.frm_minus_icon:before{content:"\\e600";}.frm_style_formidable-style.with_frm_style .frm_icon_font.frm_plus_icon:before{content:"\\e602";}.frm_style_formidable-style.with_frm_style .frm_icon_font.frm_minus_icon:before,.frm_style_formidable-style.with_frm_style .frm_icon_font.frm_plus_icon:before{color:#444444;}.frm_style_formidable-style.with_frm_style .frm_trigger.active .frm_icon_font.frm_arrow_icon:before{content:"\\e62d";}.frm_style_formidable-style.with_frm_style .frm_trigger .frm_icon_font.frm_arrow_icon:before{content:"\\e62a";}.frm_style_formidable-style.with_frm_style .form-field{margin-bottom:20px;}.frm_style_formidable-style.with_frm_style .frm_grid,.frm_style_formidable-style.with_frm_style .frm_grid_first,.frm_style_formidable-style.with_frm_style .frm_grid_odd {margin-bottom:0;}.frm_style_formidable-style.with_frm_style .form-field.frm_section_heading{margin-bottom:0;}.frm_style_formidable-style.with_frm_style p.description,.frm_style_formidable-style.with_frm_style div.description,.frm_style_formidable-style.with_frm_style div.frm_description,.frm_style_formidable-style.with_frm_style .frm-show-form > div.frm_description,.frm_style_formidable-style.with_frm_style .frm_error{margin:0;padding:0;font-family:"Lucida Grande","Lucida Sans Unicode",Tahoma,sans-serif;font-size:12px;color:#666666;font-weight:normal;text-align:left;font-style:normal;max-width:100%;}.frm_style_formidable-style.with_frm_style .frm-show-form div.frm_description p{font-size:14px;color:#666666;}.frm_style_formidable-style.with_frm_style .frm_left_container label.frm_primary_label{float:left;display:inline;width:150px;max-width:33%;margin-right:10px;}.frm_style_formidable-style.with_frm_style .frm_right_container label.frm_primary_label{display:inline;width:150px;max-width:33%;margin-left:10px;}.frm_style_formidable-style.with_frm_style .frm_form_field.frm_left_container input:not([type=radio]):not([type=checkbox]),.frm_style_formidable-style.with_frm_style .frm_form_field.frm_left_container select,.frm_style_formidable-style.with_frm_style .frm_form_field.frm_left_container textarea,.frm_style_formidable-style.with_frm_style .frm_form_field.frm_left_container:not(.frm_dynamic_select_container) .frm_opt_container,.frm_style_formidable-style.with_frm_style .frm_form_field.frm_left_container .g-recaptcha,.frm_style_formidable-style.with_frm_style .frm_form_field.frm_right_container input:not([type=radio]):not([type=checkbox]),.frm_style_formidable-style.with_frm_style .frm_form_field.frm_right_container select,.frm_style_formidable-style.with_frm_style .frm_form_field.frm_right_container textarea,.frm_style_formidable-style.with_frm_style .frm_form_field.frm_right_container:not(.frm_dynamic_select_container) .frm_opt_container,.frm_style_formidable-style.with_frm_style .frm_form_field.frm_right_container .g-recaptcha{max-width:62%;}.frm_style_formidable-style.with_frm_style .frm_form_field.frm_left_container:not(.frm_dynamic_select_container) .frm_opt_container,.frm_style_formidable-style.with_frm_style .frm_form_field.frm_right_container:not(.frm_dynamic_select_container) .frm_opt_container,.frm_style_formidable-style.with_frm_style .frm_form_field.frm_left_container .g-recaptcha,.frm_style_formidable-style.with_frm_style .frm_form_field.frm_right_container .g-recaptcha{display:inline-block;}.frm_style_formidable-style.with_frm_style .frm_left_container p.description,.frm_style_formidable-style.with_frm_style .frm_left_container div.description,.frm_style_formidable-style.with_frm_style .frm_left_container div.frm_description,.frm_style_formidable-style.with_frm_style .frm_left_container .frm_error{margin-left:160px;max-width:62%;}.frm_style_formidable-style.with_frm_style .frm_right_container p.description,.frm_style_formidable-style.with_frm_style .frm_right_container div.description,.frm_style_formidable-style.with_frm_style .frm_right_container div.frm_description,.frm_style_formidable-style.with_frm_style .frm_right_container .frm_error{margin-right:160px;max-width:62%;}.frm_style_formidable-style.with_frm_style .frm_left_container .attachment-thumbnail{clear:both;margin-left:160px;}.frm_style_formidable-style.with_frm_style .frm_left_container.frm_inline label.frm_primary_label{max-width:90%;}.frm_style_formidable-style.with_frm_style .form-field.frm_col_field div.frm_description{width:100%;max-width:100%;}.frm_style_formidable-style.with_frm_style .frm_inline_container label.frm_primary_label,.frm_style_formidable-style.with_frm_style .frm_inline_container:not(.frm_dynamic_select_container) .frm_opt_container{display:inline;}.frm_style_formidable-style.with_frm_style .frm_inline_container label.frm_primary_label{margin-right:10px;}.frm_style_formidable-style.with_frm_style .frm_pos_right{display:inline;width:150px;}.frm_style_formidable-style.with_frm_style .frm_none_container label.frm_primary_label,.frm_style_formidable-style.with_frm_style .frm_pos_none{display:none;}.frm_style_formidable-style.with_frm_style .frm_scale label{font-weight:normal;font-family:"Lucida Grande","Lucida Sans Unicode",Tahoma,sans-serif;font-size:13px;color:#444444;}.frm_style_formidable-style.with_frm_style .frm_required{color:#B94A48;font-weight:bold;}.frm_style_formidable-style.with_frm_style input[type=text],.frm_style_formidable-style.with_frm_style input[type=password],.frm_style_formidable-style.with_frm_style input[type=email],.frm_style_formidable-style.with_frm_style input[type=number],.frm_style_formidable-style.with_frm_style input[type=url],.frm_style_formidable-style.with_frm_style input[type=tel],.frm_style_formidable-style.with_frm_style input[type=search],.frm_style_formidable-style.with_frm_style select,.frm_style_formidable-style.with_frm_style textarea,.frm_style_formidable-style.with_frm_style .chosen-container{font-family:"Lucida Grande","Lucida Sans Unicode",Tahoma,sans-serif;font-size:14px;margin-bottom:0;}.frm_style_formidable-style.with_frm_style input[type=text],.frm_style_formidable-style.with_frm_style input[type=password],.frm_style_formidable-style.with_frm_style input[type=email],.frm_style_formidable-style.with_frm_style input[type=number],.frm_style_formidable-style.with_frm_style input[type=url],.frm_style_formidable-style.with_frm_style input[type=tel],.frm_style_formidable-style.with_frm_style input[type=phone],.frm_style_formidable-style.with_frm_style input[type=search],.frm_style_formidable-style.with_frm_style select,.frm_style_formidable-style.with_frm_style textarea,.frm_form_fields_style,.frm_style_formidable-style.with_frm_style .frm_scroll_box .frm_opt_container,.frm_form_fields_active_style,.frm_form_fields_error_style,.frm_style_formidable-style.with_frm_style .chosen-container-multi .chosen-choices,.frm_style_formidable-style.with_frm_style .chosen-container-single .chosen-single{color:#555555;background-color:#ffffff;border-color:#cccccc;border-width:1px;border-style:solid;-moz-border-radius:4px;-webkit-border-radius:4px;border-radius:4px;width:100%;max-width:100%;font-size:14px;padding:6px 10px;-webkit-box-sizing:border-box;-moz-box-sizing:border-box;box-sizing:border-box;outline:none;font-weight:normal;box-shadow:0 1px 1px rgba(0, 0, 0, 0.075) inset;}.frm_style_formidable-style.with_frm_style input[type=file]::-webkit-file-upload-button{color:#555555;background-color:#ffffff;padding:6px 10px;border-radius:4px;border-color:#cccccc;border-width:1px;border-style:solid;}.frm_style_formidable-style.with_frm_style input[type=text],.frm_style_formidable-style.with_frm_style input[type=password],.frm_style_formidable-style.with_frm_style input[type=email],.frm_style_formidable-style.with_frm_style input[type=number],.frm_style_formidable-style.with_frm_style input[type=url],.frm_style_formidable-style.with_frm_style input[type=tel],.frm_style_formidable-style.with_frm_style input[type=file],.frm_style_formidable-style.with_frm_style input[type=search],.frm_style_formidable-style.with_frm_style select{height:32px;line-height:1.3;}.frm_style_formidable-style.with_frm_style select[multiple="multiple"]{height:auto ;}.frm_style_formidable-style.with_frm_style input[type=file]{color:#555555;padding:0px;font-family:"Lucida Grande","Lucida Sans Unicode",Tahoma,sans-serif;font-size:14px;}.frm_style_formidable-style.with_frm_style input[type=file].frm_transparent{color:transparent;}.frm_style_formidable-style.with_frm_style .frm_file_names, .frm_style_formidable-style.with_frm_style .frm_uploaded_files .frm_remove_link{font-family:"Lucida Grande","Lucida Sans Unicode",Tahoma,sans-serif;font-size:14px;}.frm_style_formidable-style.with_frm_style .frm_default,.frm_style_formidable-style.with_frm_style .placeholder,.frm_style_formidable-style.with_frm_style .chosen-container-multi .chosen-choices li.search-field .default,.frm_style_formidable-style.with_frm_style .chosen-container-single .chosen-default{color:#555555;font-style:italic;}.frm_style_formidable-style.with_frm_style select{width:100%;max-width:100%;}.frm_style_formidable-style.with_frm_style input.frm_other_input:not(.frm_other_full){width:auto ;margin-left:5px ;}.frm_style_formidable-style.with_frm_style .frm_full input.frm_other_input:not(.frm_other_full){margin-left:0 ;margin-top:8px;}.frm_style_formidable-style.with_frm_style .frm_other_container select:not([multiple="multiple"]){width:auto;}.frm_style_formidable-style.with_frm_style .wp-editor-wrap{width:100%;max-width:100%;}.frm_style_formidable-style.with_frm_style .wp-editor-container textarea{border:none;}.frm_style_formidable-style.with_frm_style .mceIframeContainer{background-color:#ffffff;}.frm_style_formidable-style.with_frm_style .auto_width input,.frm_style_formidable-style.with_frm_style input.auto_width,.frm_style_formidable-style.with_frm_style select.auto_width,.frm_style_formidable-style.with_frm_style textarea.auto_width{width:auto;}.frm_style_formidable-style.with_frm_style input[disabled],.frm_style_formidable-style.with_frm_style select[disabled],.frm_style_formidable-style.with_frm_style textarea[disabled],.frm_style_formidable-style.with_frm_style input[readonly],.frm_style_formidable-style.with_frm_style select[readonly],.frm_style_formidable-style.with_frm_style textarea[readonly]{background-color:#ffffff;color:#A1A1A1;border-color:#E5E5E5;}.frm_style_formidable-style.with_frm_style .form-field input:not([type=file]):focus,.frm_style_formidable-style.with_frm_style select:focus,.frm_style_formidable-style.with_frm_style textarea:focus,.frm_style_formidable-style.with_frm_style .frm_focus_field input[type=text],.frm_style_formidable-style.with_frm_style .frm_focus_field input[type=password],.frm_style_formidable-style.with_frm_style .frm_focus_field input[type=email],.frm_style_formidable-style.with_frm_style .frm_focus_field input[type=number],.frm_style_formidable-style.with_frm_style .frm_focus_field input[type=url],.frm_style_formidable-style.with_frm_style .frm_focus_field input[type=tel],.frm_style_formidable-style.with_frm_style .frm_focus_field input[type=search],.frm_form_fields_active_style,.frm_style_formidable-style.with_frm_style .chosen-container-active .chosen-choices{background-color:#ffffff;border-color:#66afe9;box-shadow:0 1px 1px rgba(0, 0, 0, 0.075) inset, 0 0 8px rgba(102,175,233, 0.6);}.frm_style_formidable-style.with_frm_style input[type=submit],.frm_style_formidable-style.with_frm_style .frm_submit input[type=button],.frm_form_submit_style,.frm_style_formidable-style.with_frm_style.frm_login_form input[type=submit]{width:auto;font-family:"Lucida Grande","Lucida Sans Unicode",Tahoma,sans-serif;font-size:14px;height:auto;line-height:normal;text-align:center;background:#ffffff;border-width:1px;border-color:#cccccc;border-style:solid;color:#444444;cursor:pointer;font-weight:normal;-moz-border-radius:4px;-webkit-border-radius:4px;border-radius:4px;text-shadow:none;padding:6px 11px;-moz-box-sizing:border-box;box-sizing:border-box;-ms-box-sizing:border-box;-moz-box-shadow:0 1px 1px #eeeeee;-webkit-box-shadow:0px 1px 1px #eeeeee;box-shadow:0 1px 1px #eeeeee;-ms-filter:"progid:DXImageTransform.Microsoft.Shadow(Strength=3, Direction=135, Color=''#eeeeee'')";filter:progid:DXImageTransform.Microsoft.Shadow(Strength=3, Direction=135, Color=''#eeeeee'');margin:10px;margin-left:0;margin-right:0;vertical-align:middle;}.frm_style_formidable-style.with_frm_style input[type=submit]:hover,.frm_style_formidable-style.with_frm_style .frm_submit input[type=button]:hover,.frm_style_formidable-style.with_frm_style.frm_login_form input[type=submit]:hover{background:#efefef;border-color:#cccccc;color:#444444;}.frm_style_formidable-style.with_frm_style.frm_center_submit .frm_submit .frm_ajax_loading{margin-bottom:10px;}.frm_style_formidable-style.with_frm_style input[type=submit]:focus,.frm_style_formidable-style.with_frm_style .frm_submit input[type=button]:focus,.frm_style_formidable-style.with_frm_style.frm_login_form input[type=submit]:focus,.frm_style_formidable-style.with_frm_style input[type=submit]:active,.frm_style_formidable-style.with_frm_style .frm_submit input[type=button]:active,.frm_style_formidable-style.with_frm_style.frm_login_form input[type=submit]:active{background:#efefef;border-color:#cccccc;color:#444444;}.frm_style_formidable-style.with_frm_style a.frm_save_draft{font-family:"Lucida Grande","Lucida Sans Unicode",Tahoma,sans-serif;font-size:14px;font-weight:normal;}.frm_style_formidable-style.with_frm_style #frm_field_cptch_number_container{font-family:"Lucida Grande","Lucida Sans Unicode",Tahoma,sans-serif;font-size:14px;color:#444444;font-weight:bold;clear:both;}.frm_style_formidable-style.with_frm_style .frm_radio{display:block;}.frm_style_formidable-style.with_frm_style .horizontal_radio .frm_radio{margin:0 5px 0 0;}.frm_style_formidable-style.with_frm_style .frm_checkbox{display:block;}.frm_style_formidable-style.with_frm_style .vertical_radio .frm_checkbox,.frm_style_formidable-style.with_frm_style .vertical_radio .frm_radio,.vertical_radio .frm_catlevel_1{display:block;}.frm_style_formidable-style.with_frm_style .horizontal_radio .frm_checkbox,.frm_style_formidable-style.with_frm_style .horizontal_radio .frm_radio,.horizontal_radio .frm_catlevel_1{display:inline-block;}.frm_style_formidable-style.with_frm_style .frm_radio label,.frm_style_formidable-style.with_frm_style .frm_checkbox label{font-family:"Lucida Grande","Lucida Sans Unicode",Tahoma,sans-serif;font-size:13px;color:#444444;font-weight:normal;display:inline;white-space:prewrap;}.frm_style_formidable-style.with_frm_style .frm_blank_field input[type=text],.frm_style_formidable-style.with_frm_style .frm_blank_field input[type=password],.frm_style_formidable-style.with_frm_style .frm_blank_field input[type=url],.frm_style_formidable-style.with_frm_style .frm_blank_field input[type=tel],.frm_style_formidable-style.with_frm_style .frm_blank_field input[type=number],.frm_style_formidable-style.with_frm_style .frm_blank_field input[type=email],.frm_style_formidable-style.with_frm_style .frm_blank_field textarea,.frm_style_formidable-style.with_frm_style .frm_blank_field select,.frm_form_fields_error_style,.frm_style_formidable-style.with_frm_style .frm_blank_field .g-recaptcha iframe,.frm_style_formidable-style.with_frm_style .frm_blank_field .chosen-container-multi .chosen-choices{color:#444444;background-color:#ffffff;border-color:#B94A48;border-width:1px;border-style:solid;}.frm_style_formidable-style.with_frm_style .frm_error{font-weight:bold;}.frm_style_formidable-style.with_frm_style .frm_blank_field label,.frm_style_formidable-style.with_frm_style .frm_error{color:#B94A48;}.frm_style_formidable-style.with_frm_style .frm_error_style{background-color:#F2DEDE;border:1px solid #EBCCD1;color:#B94A48;font-size:14px;margin:0;margin-bottom:20px;}.frm_style_formidable-style.with_frm_style .frm_message,.frm_success_style{border:1px solid #D6E9C6;background-color:#DFF0D8;color:#468847;}.frm_style_formidable-style.with_frm_style .frm_message{margin:5px 0 15px;font-size:14px;}.frm_style_formidable-style.with_frm_style .frm-grid td,.frm-grid th{border-color:#cccccc;}.form_results.frm_style_formidable-style.with_frm_style{border:1px solid #cccccc;}.form_results.frm_style_formidable-style.with_frm_style tr td{color:#555555;border-top:1px solid #cccccc;}.form_results.frm_style_formidable-style.with_frm_style tr.frm_even,.frm-grid .frm_even{background-color:#ffffff;}.frm_style_formidable-style.with_frm_style #frm_loading .progress-striped .progress-bar{background-image:linear-gradient(45deg, #cccccc 25%, rgba(0, 0, 0, 0) 25%, rgba(0, 0, 0, 0) 50%, #cccccc 50%, #cccccc 75%, rgba(0, 0, 0, 0) 75%, rgba(0, 0, 0, 0));}.frm_style_formidable-style.with_frm_style #frm_loading .progress-bar{background-color:#ffffff;}.frm_style_formidable-style.with_frm_style .frm_grid,.frm_style_formidable-style.with_frm_style .frm_grid_first,.frm_style_formidable-style.with_frm_style .frm_grid_odd{border-color:#cccccc;}.frm_style_formidable-style.with_frm_style .frm_grid.frm_blank_field,.frm_style_formidable-style.with_frm_style .frm_grid_first.frm_blank_field,.frm_style_formidable-style.with_frm_style .frm_grid_odd.frm_blank_field{background-color:#F2DEDE;border-color:#EBCCD1;}.frm_style_formidable-style.with_frm_style .frm_grid_first,.frm_style_formidable-style.with_frm_style .frm_grid_odd{background-color:#ffffff;}.frm_style_formidable-style.with_frm_style .frm_grid{background-color:#ffffff;}.frm_style_formidable-style.with_frm_style .frm_form_field.frm_html_scroll_box{background-color:#ffffff;border-color:#cccccc;border-width:1px;border-style:solid;-moz-border-radius:4px;-webkit-border-radius:4px;border-radius:4px;width:100%;font-size:14px;padding:6px 10px;outline:none;}.frm_style_formidable-style.with_frm_style .frm_form_field.frm_total input,.frm_style_formidable-style.with_frm_style .frm_form_field.frm_total textarea{color:#555555;background-color:transparent;border:none;display:inline;width:auto;padding:0;}.frm_style_formidable-style.with_frm_style .frm_text_block input,.frm_style_formidable-style.with_frm_style .frm_text_block label.frm_primary_label{margin-left:-20px;}.frm_style_formidable-style.with_frm_style .frm_button{padding:6px 11px;-moz-border-radius:4px;-webkit-border-radius:4px;border-radius:4px;font-size:14px;font-family:"Lucida Grande","Lucida Sans Unicode",Tahoma,sans-serif;font-weight:normal;color:#444444;background:#ffffff;border-width:1px;border-color:#cccccc;height:#auto;}.frm_style_formidable-style.with_frm_style .frm_button .frm_icon_font:before{font-size:14px;}.frm_style_formidable-style.with_frm_style .chosen-container{font-size:14px;}.frm_style_formidable-style.with_frm_style .chosen-container-single .chosen-single{height:32px;line-height:1.3;}.frm_style_formidable-style.with_frm_style .chosen-container-single .chosen-single div{top:3px;}.frm_style_formidable-style.with_frm_style .chosen-container-single .chosen-search input[type="text"]{height:32px;}.frm_style_formidable-style.with_frm_style .chosen-container-multi .chosen-choices li.search-field input[type="text"]{height:15px;}@media only screen and (max-width: 600px){.frm_style_formidable-style.with_frm_style .frm_form_field.frm_half.frm_left_container input:not([type=radio]):not([type=checkbox]),.frm_style_formidable-style.with_frm_style .frm_form_field.frm_half.frm_left_container select,.frm_style_formidable-style.with_frm_style .frm_form_field.frm_half.frm_left_container textarea,.frm_style_formidable-style.with_frm_style .frm_form_field.frm_half.frm_left_container .frm_opt_container,.frm_style_formidable-style.with_frm_style .frm_form_field.frm_half.frm_left_container.g-recaptcha,.frm_style_formidable-style.with_frm_style .frm_form_field.frm_half.frm_right_container input:not([type=radio]):not([type=checkbox]),.frm_style_formidable-style.with_frm_style .frm_form_field.frm_half.frm_right_container select,.frm_style_formidable-style.with_frm_style .frm_form_field.frm_half.frm_right_container textarea,.frm_style_formidable-style.with_frm_style .frm_form_field.frm_half.frm_right_container .frm_opt_container,.frm_style_formidable-style.with_frm_style .frm_form_field.frm_half.frm_right_container.g-recaptcha{max-width:100%;}.frm_style_formidable-style.with_frm_style .frm_form_field.frm_left_half.frm_left_container .frm_primary_label,.frm_style_formidable-style.with_frm_style .frm_form_field.frm_right_half.frm_left_container .frm_primary_label,.frm_style_formidable-style.with_frm_style .frm_form_field.frm_first_half.frm_left_container .frm_primary_label,.frm_style_formidable-style.with_frm_style .frm_form_field.frm_last_half.frm_left_container .frm_primary_label,.frm_style_formidable-style.with_frm_style .frm_form_field.frm_half.frm_left_container .frm_primary_label,.frm_style_formidable-style.with_frm_style .frm_form_field.frm_left_half.frm_right_container .frm_primary_label,.frm_style_formidable-style.with_frm_style .frm_form_field.frm_right_half.frm_right_container .frm_primary_label,.frm_style_formidable-style.with_frm_style .frm_form_field.frm_first_half.frm_right_container .frm_primary_label,.frm_style_formidable-style.with_frm_style .frm_form_field.frm_last_half.frm_right_container .frm_primary_label,.frm_style_formidable-style.with_frm_style .frm_form_field.frm_half.frm_right_container .frm_primary_label{max-width:100%;margin-right:0;margin-left:0;padding-right:0;padding-left:0;width:100%;}.frm_style_formidable-style.with_frm_style .frm_repeat_inline,.frm_style_formidable-style.with_frm_style .frm_repeat_grid{margin: 20px 0;}.frm_style_formidable-style.with_frm_style .frm_form_field.frm_first_half.frm_right_container div.frm_description,.frm_style_formidable-style.with_frm_style .frm_form_field.frm_first_half.frm_right_container .frm_error,.frm_style_formidable-style.with_frm_style .frm_form_field.frm_first_half .frm_right_container div.frm_description,.frm_style_formidable-style.with_frm_style .frm_form_field.frm_first_half .frm_right_container .frm_error,.frm_style_formidable-style.with_frm_style .frm_form_field.frm_last_half.frm_right_container div.frm_description,.frm_style_formidable-style.with_frm_style .frm_form_field.frm_last_half.frm_right_container .frm_error,.frm_style_formidable-style.with_frm_style .frm_form_field.frm_half.frm_right_container div.frm_description,.frm_style_formidable-style.with_frm_style .frm_form_field.frm_half.frm_right_container .frm_error,.frm_style_formidable-style.with_frm_style .frm_form_field.frm_first_half.frm_left_container div.frm_description,.frm_style_formidable-style.with_frm_style .frm_form_field.frm_first_half.frm_left_container .frm_error,.frm_style_formidable-style.with_frm_style .frm_form_field.frm_first_half .frm_left_container div.frm_description,.frm_style_formidable-style.with_frm_style .frm_form_field.frm_first_half .frm_left_container .frm_error,.frm_style_formidable-style.with_frm_style .frm_form_field.frm_last_half.frm_left_container div.frm_description,.frm_style_formidable-style.with_frm_style .frm_form_field.frm_last_half.frm_left_container .frm_error,.frm_style_formidable-style.with_frm_style .frm_form_field.frm_half.frm_left_container div.frm_description,.frm_style_formidable-style.with_frm_style .frm_form_field.frm_half.frm_left_container .frm_error{margin-right:0;margin-left:0;padding-right:0;padding-left:0;}}@media only screen and (max-width: 500px) {.frm_style_formidable-style.with_frm_style .frm_form_field.frm_left_container input:not([type=radio]):not([type=checkbox]),.frm_style_formidable-style.with_frm_style .frm_form_field.frm_left_container select,.frm_style_formidable-style.with_frm_style .frm_form_field.frm_left_container textarea,.frm_style_formidable-style.with_frm_style .frm_form_field.frm_left_container:not(.frm_dynamic_select_container) .frm_opt_container,.frm_style_formidable-style.with_frm_style .frm_form_field.frm_left_container .g-recaptcha,.frm_style_formidable-style.with_frm_style .frm_form_field.frm_right_container input:not([type=radio]):not([type=checkbox]),.frm_style_formidable-style.with_frm_style .frm_form_field.frm_right_container select,.frm_style_formidable-style.with_frm_style .frm_form_field.frm_right_container textarea,.frm_style_formidable-style.with_frm_style .frm_form_field.frm_right_container:not(.frm_dynamic_select_container) .frm_opt_container,.frm_style_formidable-style.with_frm_style .frm_form_field.frm_right_container .g-recaptcha,.frm_style_formidable-style.with_frm_style .frm_left_container p.description,.frm_style_formidable-style.with_frm_style .frm_left_container div.description,.frm_style_formidable-style.with_frm_style .frm_left_container div.frm_description,.frm_style_formidable-style.with_frm_style .frm_left_container .frm_error,.frm_style_formidable-style.with_frm_style .frm_left_container .attachment-thumbnail,.frm_style_formidable-style.with_frm_style .frm_right_container p.description,.frm_style_formidable-style.with_frm_style .frm_right_container div.description,.frm_style_formidable-style.with_frm_style .frm_right_container div.frm_description,.frm_style_formidable-style.with_frm_style .frm_right_container .frm_error{max-width:100%;}.frm_style_formidable-style.with_frm_style .frm_left_container p.description,.frm_style_formidable-style.with_frm_style .frm_left_container div.description,.frm_style_formidable-style.with_frm_style .frm_left_container div.frm_description,.frm_style_formidable-style.with_frm_style .frm_left_container .frm_error,.frm_style_formidable-style.with_frm_style .frm_left_container .attachment-thumbnail,.frm_style_formidable-style.with_frm_style .frm_right_container p.description,.frm_style_formidable-style.with_frm_style .frm_right_container div.description,.frm_style_formidable-style.with_frm_style .frm_right_container div.frm_description,.frm_style_formidable-style.with_frm_style .frm_right_container .frm_error,.frm_style_formidable-style.with_frm_style .frm_left_container label.frm_primary_label,.frm_style_formidable-style.with_frm_style .frm_right_container label.frm_primary_label{width:100%;max-width:100%;margin-right:0px;margin-left:0px;padding-right:0px;padding-left:0px;}}.frm_ajax_loading{visibility:hidden;width:auto;}.frm_ajax_loading.frm_loading_now{visibility:visible !important;}.frm_form_submit_style{height:auto;}a.frm_save_draft{cursor:pointer;}.horizontal_radio .frm_radio{margin:0 5px 0 0;}.horizontal_radio .frm_checkbox{margin:0;margin-right:5px;}.vertical_radio .frm_checkbox,.vertical_radio .frm_radio,.vertical_radio .frm_catlevel_1{display:block;}.horizontal_radio .frm_checkbox,.horizontal_radio .frm_radio,.horizontal_radio .frm_catlevel_1{display:inline-block;}.with_frm_style .frm_radio label .frm_file_container,.with_frm_style .frm_checkbox label .frm_file_container{display:inline-block;margin:5px;vertical-align:middle;}.with_frm_style .frm_radio input[type=radio]{border-radius:10px;-webkit-appearance:radio;}.with_frm_style .frm_checkbox input[type=checkbox]{border-radius:0;-webkit-appearance:checkbox;}.with_frm_style .frm_radio input[type=radio],.with_frm_style .frm_checkbox input[type=checkbox]{margin-right:5px;width:auto;border:none;}.with_frm_style :invalid,.with_frm_style :-moz-submit-invalid,.with_frm_style :-moz-ui-invalid{box-shadow:none;}.with_frm_style .frm_error_style img{padding-right:10px;vertical-align:middle;border:none;}.with_frm_style .frm_trigger{cursor:pointer;}.with_frm_style .frm_error_style,.with_frm_style .frm_message,.frm_success_style{-moz-border-radius:4px;-webkit-border-radius:4px;border-radius:4px;padding:15px;}.with_frm_style .frm_message p{margin-bottom:5px;}.frm_form_fields_style,.frm_form_fields_active_style,.frm_form_fields_error_style,.frm_form_submit_style{width:auto;}.with_frm_style .frm_trigger span{float:left;}.with_frm_style table.frm-grid,#content .with_frm_style table.frm-grid{border-collapse:collapse;border:none;}.frm-grid td,.frm-grid th{padding:5px;border-width:1px;border-style:solid;border-color:#cccccc;border-top:none;border-left:none;border-right:none;}table.form_results.with_frm_style{border:1px solid #ccc;}table.form_results.with_frm_style tr td{text-align:left;color:#555555;padding:7px 9px;border-top:1px solid #cccccc;}table.form_results.with_frm_style tr.frm_even,.frm-grid .frm_even{background-color:#fff;}table.form_results.with_frm_style tr.frm_odd,.frm-grid .frm_odd{background-color:#ffffff;}.with_frm_style .frm_uploaded_files{padding:5px 0;}.with_frm_style .frm_file_names{display:block;}.frm_collapse .ui-icon{display:inline-block;}.frm_toggle_container{border:1px solid transparent;}.frm_toggle_container ul{margin:5px 0;padding-left:0;list-style-type:none;}.frm_toggle_container .frm_month_heading{text-indent:15px;}.frm_toggle_container .frm_month_listing{margin-left:40px;}#frm_loading{display:none;position:fixed;top:0;left:0;width:100%;height:100%;z-index:99999;}#frm_loading h3{font-weight:500;padding-bottom:15px;color:#fff;font-size:24px;}#frm_loading_content{position:fixed;top:20%;left:33%;width:33%;text-align:center;padding-top:30px;font-weight:bold;z-index:9999999;}#frm_loading img{max-width:100%;}#frm_loading .progress{border-radius:4px;box-shadow:0 1px 2px rgba(0, 0, 0, 0.1) inset;height:20px;margin-bottom:20px;overflow:hidden;}#frm_loading .progress.active .progress-bar{animation:2s linear 0s normal none infinite progress-bar-stripes;}#frm_loading .progress-striped .progress-bar{background-image:linear-gradient(45deg, #cccccc 25%, rgba(0, 0, 0, 0) 25%, rgba(0, 0, 0, 0) 50%, #cccccc 50%, #cccccc 75%, rgba(0, 0, 0, 0) 75%, rgba(0, 0, 0, 0));background-size:40px 40px;}#frm_loading .progress-bar{background-color:#ffffff;box-shadow:0 -1px 0 rgba(0, 0, 0, 0.15) inset;float:left;height:100%;line-height:20px;text-align:center;transition:width 0.6s ease 0s;width:100%;}.frm_pagination_cont ul.frm_pagination{display:inline-block;list-style:none;margin-left:0 !important;}.frm_pagination_cont ul.frm_pagination > li{display:inline;list-style:none;margin:2px;background-image:none;}ul.frm_pagination > li.active a{text-decoration:none;}.frm_pagination_cont ul.frm_pagination > li:first-child{margin-left:0;}.archive-pagination.frm_pagination_cont ul.frm_pagination > li{margin:0;}.frmcal{padding-top:30px;}.frmcal-title{font-size:116%;}.frmcal table.frmcal-calendar{border-collapse:collapse;margin-top:20px;color:#555555;}.frmcal table.frmcal-calendar,.frmcal table.frmcal-calendar tbody tr td{border:1px solid #cccccc;}.frmcal table.frmcal-calendar,.frmcal,.frmcal-header{width:100%;}.frmcal-header{text-align:center;}.frmcal-prev{margin-right:10px;}.frmcal-prev,.frmcal-dropdown{float:left;}.frmcal-dropdown{margin-left:5px;}.frmcal-next{float:right;}.frmcal table.frmcal-calendar thead tr th{text-align:center;padding:2px 4px;}.frmcal table.frmcal-calendar tbody tr td{height:110px;width:14.28%;vertical-align:top;padding:0 !important;color:#555555;font-size:12px;}table.frmcal-calendar .frmcal_date{background-color:#ffffff;padding:0 5px;text-align:right;-moz-box-shadow:0 2px 5px #cccccc;-webkit-box-shadow:0 2px 5px #cccccc;box-shadow:0 2px 5px #cccccc;-ms-filter:"progid:DXImageTransform.Microsoft.Shadow(Strength=4, Direction=180, Color=''#cccccc'')";filter:progid:DXImageTransform.Microsoft.Shadow(Strength=4, Direction=180, Color=''#cccccc'');}table.frmcal-calendar .frmcal-today .frmcal_date{background-color:#ffffff;padding:0 5px;text-align:right;-moz-box-shadow:0 2px 5px #66afe9;-webkit-box-shadow:0 2px 5px #66afe9;box-shadow:0 2px 5px #66afe9;-ms-filter:"progid:DXImageTransform.Microsoft.Shadow(Strength=4, Direction=180, Color=''#66afe9'')";filter:progid:DXImageTransform.Microsoft.Shadow(Strength=4, Direction=180, Color=''#66afe9'');}.frmcal_num{display:inline;}.frmcal-content{padding:2px 4px;}.frm_image_from_url{height:50px;}.frm-loading-img{background:url(//asiacentre.co.th/wp-content/plugins/formidable/images/ajax_loader.gif) no-repeat center center;padding:6px 12px;}#ui-datepicker-div{display:none;z-index:999999 !important;}.frm_form_fields div.rating-cancel{display:none !important;}.frm_form_fields div.rating-cancel,.frm_form_fields div.star-rating{float:left;width:17px;height:17px;font-size:16px;line-height:normal;cursor:pointer;display:block;background:transparent;overflow:hidden;}.frm_form_fields div.rating-cancel a:before{font:16px/1 ''dashicons'';content:''\\f460'';color:#CDCDCD;}.frm_form_fields div.star-rating:before,.frm_form_fields div.star-rating a:before{font:16px/1 ''dashicons'';content:''\\f154'';color:#F0AD4E;}.frm_form_fields div.rating-cancel a,.frm_form_fields div.star-rating a{display:block;width:16px;height:100%;border:0;}.frm_form_fields div.star-rating-on:before,.frm_form_fields div.star-rating-on a:before{content:''\\f155'';}.frm_form_fields div.star-rating-hover:before,.frm_form_fields div.star-rating-hover a:before{content:''\\f155'';}.frm_form_fields div.frm_half_star:before,.frm_form_fields div.frm_half_star a:before{content:''\\f459'';}.frm_form_fields div.rating-cancel.star-rating-hover a:before{color:#B63E3F;}.frm_form_fields div.star-rating-readonly,.frm_form_fields div.star-rating-readonly a{cursor:default !important;}.frm_form_fields div.star-rating{overflow:hidden!important;}.with_frm_style .frm_form_field{clear:both;}.frm_form_field.frm_right_half,.frm_form_field.frm_right_third,.frm_form_field.frm_right_two_thirds,.frm_form_field.frm_right_fourth,.frm_form_field.frm_right_fifth,.frm_form_field.frm_right_inline,.frm_form_field.frm_last_half,.frm_form_field.frm_last_third,.frm_form_field.frm_last_two_thirds,.frm_form_field.frm_last_fourth,.frm_form_field.frm_last_fifth,.frm_form_field.frm_last_sixth,.frm_form_field.frm_last_seventh,.frm_form_field.frm_last_eighth,.frm_form_field.frm_last_inline,.frm_form_field.frm_last,.frm_form_field.frm_half,.frm_submit.frm_half,.frm_form_field.frm_third,.frm_submit.frm_third,.frm_form_field.frm_two_thirds,.frm_form_field.frm_fourth,.frm_submit.frm_fourth,.frm_form_field.frm_three_fourths,.frm_form_field.frm_fifth,.frm_submit.frm_fifth,.frm_form_field.frm_two_fifths,.frm_form_field.frm_three_fifths,.frm_form_field.frm_four_fifths,.frm_form_field.frm_sixth,.frm_submit.frm_sixth,.frm_form_field.frm_seventh,.frm_submit.frm_seventh,.frm_form_field.frm_eighth,.frm_submit.frm_eighth,.frm_form_field.frm_inline,.frm_submit.frm_inline{clear:none;float:left;margin-left:2.5%;}.frm_form_field.frm_left_half,.frm_form_field.frm_left_third,.frm_form_field.frm_left_two_thirds,.frm_form_field.frm_left_fourth,.frm_form_field.frm_left_fifth,.frm_form_field.frm_left_inline,.frm_form_field.frm_first_half,.frm_form_field.frm_first_third,.frm_form_field.frm_first_two_thirds,.frm_form_field.frm_first_fourth,.frm_form_field.frm_first_fifth,.frm_form_field.frm_first_sixth,.frm_form_field.frm_first_seventh,.frm_form_field.frm_first_eighth,.frm_form_field.frm_first_inline,.frm_form_field.frm_first{clear:left;float:left;margin-left:0;}.frm_form_field.frm_alignright{float:right !important;}.frm_form_field.frm_left_half,.frm_form_field.frm_right_half,.frm_form_field.frm_first_half,.frm_form_field.frm_last_half,.frm_form_field.frm_half,.frm_submit.frm_half{width:48.75%;}.frm_form_field.frm_left_third,.frm_form_field.frm_third,.frm_submit.frm_third,.frm_form_field.frm_right_third,.frm_form_field.frm_first_third,.frm_form_field.frm_last_third{width:31.66%;}.frm_form_field.frm_left_two_thirds,.frm_form_field.frm_right_two_thirds,.frm_form_field.frm_first_two_thirds,.frm_form_field.frm_last_two_thirds,.frm_form_field.frm_two_thirds{width:65.82%;}.frm_form_field.frm_left_fourth,.frm_form_field.frm_fourth,.frm_submit.frm_fourth,.frm_form_field.frm_right_fourth,.frm_form_field.frm_first_fourth,.frm_form_field.frm_last_fourth{width:23.12%;}.frm_form_field.frm_three_fourths{width:74.36%;}.frm_form_field.frm_left_fifth,.frm_form_field.frm_fifth,.frm_submit.frm_fifth,.frm_form_field.frm_right_fifth,.frm_form_field.frm_first_fifth,.frm_form_field.frm_last_fifth{width:18%;}.frm_form_field.frm_two_fifths {width:38.5%;}.frm_form_field.frm_three_fifths {width:59%;}.frm_form_field.frm_four_fifths {width:79.5%;}.frm_form_field.frm_sixth,.frm_submit.frm_sixth,.frm_form_field.frm_first_sixth,.frm_form_field.frm_last_sixth{width:14.58%;}.frm_form_field.frm_seventh,.frm_submit.frm_seventh,.frm_form_field.frm_first_seventh,.frm_form_field.frm_last_seventh{width:12.14%;}.frm_form_field.frm_eighth,.frm_submit.frm_eighth,.frm_form_field.frm_first_eighth,.frm_form_field.frm_last_eighth{width:10.31%;}.frm_form_field.frm_left_inline,.frm_form_field.frm_first_inline,.frm_form_field.frm_inline,.frm_submit.frm_inline,.frm_form_field.frm_right_inline,.frm_form_field.frm_last_inline{width:auto;}.with_frm_style .frm_form_field.frm_first_half.frm_right_container div.frm_description,.with_frm_style .frm_form_field.frm_first_half.frm_right_container .frm_error,.with_frm_style .frm_form_field.frm_first_half .frm_right_container div.frm_description,.with_frm_style .frm_form_field.frm_first_half .frm_right_container .frm_error,.with_frm_style .frm_form_field.frm_last_half.frm_right_container div.frm_description,.with_frm_style .frm_form_field.frm_last_half.frm_right_container .frm_error,.with_frm_style .frm_form_field.frm_half.frm_right_container div.frm_description,.with_frm_style .frm_form_field.frm_half.frm_right_container .frm_error{margin-right:33%;padding-right:12px;}.with_frm_style .frm_form_field.frm_first_half.frm_left_container div.frm_description,.with_frm_style .frm_form_field.frm_first_half.frm_left_container .frm_error,.with_frm_style .frm_form_field.frm_first_half .frm_left_container div.frm_description,.with_frm_style .frm_form_field.frm_first_half .frm_left_container .frm_error,.with_frm_style .frm_form_field.frm_last_half.frm_left_container div.frm_description,.with_frm_style .frm_form_field.frm_last_half.frm_left_container .frm_error,.with_frm_style .frm_form_field.frm_half.frm_left_container div.frm_description,.with_frm_style .frm_form_field.frm_half.frm_left_container .frm_error{margin-left:33%;padding-left:12px;}.frm_full,.frm_full .wp-editor-wrap,.frm_full input:not([type=''checkbox'']):not([type=''radio'']):not([type=''button'']),.frm_full select,.frm_full textarea{width:100% !important;}.frm_full .wp-editor-wrap input{width:auto !important;}.frm_form_field.frm_left_container label.frm_primary_label{float:left;display:inline;max-width:33%;margin-right:10px;}.frm_form_field.frm_left_container input:not([type=radio]):not([type=checkbox]),.frm_form_field.frm_left_container select,.frm_form_field.frm_left_container textarea,.frm_form_field.frm_left_container:not(.frm_dynamic_select_container) .frm_opt_container,.frm_form_field.frm_left_container .g-recaptcha,.frm_form_field.frm_right_container input:not([type=radio]):not([type=checkbox]),.frm_form_field.frm_right_container select,.frm_form_field.frm_right_container textarea,.frm_form_field.frm_right_container:not(.frm_dynamic_select_container) .frm_opt_container,.frm_form_field.frm_right_container .g-recaptcha{max-width:62%;}.frm_form_field.frm_left_container:not(.frm_dynamic_select_container) .frm_opt_container,.frm_form_field.frm_right_container:not(.frm_dynamic_select_container) .frm_opt_container,.frm_form_field.frm_left_container .g-recaptcha,.frm_form_field.frm_right_container .g-recaptcha{display:inline-block;}.frm_left_container p.description,.frm_left_container div.description,.frm_left_container div.frm_description,.frm_left_container .frm_error{margin-left:33%;max-width:62%;}.frm_form_field.frm_left_half.frm_left_container .frm_primary_label,.frm_form_field.frm_right_half.frm_left_container .frm_primary_label,.frm_form_field.frm_left_half.frm_right_container .frm_primary_label,.frm_form_field.frm_right_half.frm_right_container .frm_primary_label,.frm_form_field.frm_first_half.frm_left_container .frm_primary_label,.frm_form_field.frm_last_half.frm_left_container .frm_primary_label,.frm_form_field.frm_first_half.frm_right_container .frm_primary_label,.frm_form_field.frm_last_half.frm_right_container .frm_primary_label,.frm_form_field.frm_half.frm_right_container .frm_primary_label,.frm_form_field.frm_half.frm_left_container .frm_primary_label{-webkit-box-sizing:border-box;-moz-box-sizing:border-box;box-sizing:border-box;max-width:33%;}.wp-editor-wrap *,.wp-editor-wrap *:after,.wp-editor-wrap *:before{-webkit-box-sizing:content-box;-moz-box-sizing:content-box;box-sizing:content-box;}.with_frm_style .frm_grid,.with_frm_style .frm_grid_first,.with_frm_style .frm_grid_odd{clear:both;margin-bottom:0 !important;padding:5px;border-width:1px;border-style:solid;border-color:#cccccc;border-left:none;border-right:none;}.with_frm_style .frm_grid,.with_frm_style .frm_grid_odd{border-top:none;}.frm_grid .frm_error,.frm_grid_first .frm_error,.frm_grid_odd .frm_error{display:none;}.frm_grid:after,.frm_grid_first:after,.frm_grid_odd:after{visibility:hidden;display:block;font-size:0;content:" ";clear:both;height:0;}.frm_grid_first{margin-top:20px;}.frm_grid_first,.frm_grid_odd{background-color:#ffffff;}.frm_grid{background-color:#ffffff;}.frm_grid .frm_primary_label,.frm_grid_first .frm_primary_label,.frm_grid_odd .frm_primary_label,.frm_grid .frm_radio,.frm_grid_first .frm_radio,.frm_grid_odd .frm_radio,.frm_grid .frm_checkbox,.frm_grid_first .frm_checkbox,.frm_grid_odd .frm_checkbox{float:left !important;display:block;margin-top:0;margin-left:0 !important;}.frm_grid_first .frm_radio label,.frm_grid .frm_radio label,.frm_grid_odd .frm_radio label,.frm_grid_first .frm_checkbox label,.frm_grid .frm_checkbox label,.frm_grid_odd .frm_checkbox label{visibility:hidden;white-space:nowrap;text-align:left;}.frm_grid_first .frm_radio label input,.frm_grid .frm_radio label input,.frm_grid_odd .frm_radio label input,.frm_grid_first .frm_checkbox label input,.frm_grid .frm_checkbox label input,.frm_grid_odd .frm_checkbox label input{visibility:visible;margin:2px 0 0;float:right;}.frm_grid .frm_radio,.frm_grid_first .frm_radio,.frm_grid_odd .frm_radio,.frm_grid .frm_checkbox,.frm_grid_first .frm_checkbox,.frm_grid_odd .frm_checkbox{display:inline;}.frm_grid_2 .frm_radio,.frm_grid_2 .frm_checkbox,.frm_grid_2 label.frm_primary_label{width:48% !important;}.frm_grid_2 .frm_radio,.frm_grid_2 .frm_checkbox{margin-right:4%;}.frm_grid_3 .frm_radio,.frm_grid_3 .frm_checkbox,.frm_grid_3 label.frm_primary_label{width:30% !important;}.frm_grid_3 .frm_radio,.frm_grid_3 .frm_checkbox{margin-right:3%;}.frm_grid_4 .frm_radio,.frm_grid_4 .frm_checkbox{width:20% !important;}.frm_grid_4 label.frm_primary_label{width:28% !important;}.frm_grid_4 .frm_radio,.frm_grid_4 .frm_checkbox{margin-right:4%;}.frm_grid_5 label.frm_primary_label,.frm_grid_7 label.frm_primary_label{width:24% !important;}.frm_grid_5 .frm_radio,.frm_grid_5 .frm_checkbox{width:17% !important;margin-right:2%;}.frm_grid_6 label.frm_primary_label{width:25% !important;}.frm_grid_6 .frm_radio,.frm_grid_6 .frm_checkbox{width:14% !important;margin-right:1%;}.frm_grid_7 label.frm_primary_label{width:22% !important;}.frm_grid_7 .frm_radio,.frm_grid_7 .frm_checkbox{width:12% !important;margin-right:1%;}.frm_grid_8 label.frm_primary_label{width:23% !important;}.frm_grid_8 .frm_radio,.frm_grid_8 .frm_checkbox{width:10% !important;margin-right:1%;}.frm_grid_9 label.frm_primary_label{width:20% !important;}.frm_grid_9 .frm_radio,.frm_grid_9 .frm_checkbox{width:9% !important;margin-right:1%;}.frm_grid_10 label.frm_primary_label{width:19% !important;}.frm_grid_10 .frm_radio,.frm_grid_10 .frm_checkbox{width:8% !important;margin-right:1%;}.with_frm_style .frm_inline_container.frm_grid_first label.frm_primary_label,.with_frm_style .frm_inline_container.frm_grid label.frm_primary_label,.with_frm_style .frm_inline_container.frm_grid_odd label.frm_primary_label,.with_frm_style .frm_inline_container.frm_grid_first .frm_opt_container,.with_frm_style .frm_inline_container.frm_grid .frm_opt_container,.with_frm_style .frm_inline_container.frm_grid_odd .frm_opt_container{margin-right:0;}.with_frm_style .frm_inline_container.frm_scale_container label.frm_primary_label{float:left;}.with_frm_style .frm_other_input.frm_other_full{margin-top:10px;}.with_frm_style .frm_repeat_sec{margin-bottom:20px;margin-top:20px;}.with_frm_style .frm_repeat_inline{clear:both;}.frm_form_field .frm_repeat_sec .frm_add_form_row{opacity:0;display:none;*display:inline;display:inline\\0/; -moz-transition: opacity .15s ease-in-out;-webkit-transition: opacity .15s ease-in-out;transition: opacity .15s ease-in-out;pointer-events:none;}.frm_section_heading div.frm_repeat_sec:last-child .frm_add_form_row{opacity:100;display:inline;pointer-events:auto;}.frm_form_field .frm_repeat_grid .frm_form_field label.frm_primary_label{display:none !important;}.frm_form_field .frm_repeat_grid.frm_first_repeat .frm_form_field label.frm_primary_label{display:inherit !important;}.frm_form_field.frm_two_col .frm_radio,.frm_form_field.frm_three_col .frm_radio,.frm_form_field.frm_four_col .frm_radio,.frm_form_field.frm_two_col .frm_checkbox,.frm_form_field.frm_three_col .frm_checkbox,.frm_form_field.frm_four_col .frm_checkbox{float:left;}.frm_form_field.frm_two_col .frm_radio,.frm_form_field.frm_two_col .frm_checkbox{width:48%;margin-right:4%;}.frm_form_field.frm_three_col .frm_radio,.frm_form_field.frm_three_col .frm_checkbox{width:30%;margin-right:5%;}.frm_form_field.frm_four_col .frm_radio,.frm_form_field.frm_four_col .frm_checkbox{width:22%;margin-right:4%;}.frm_form_field.frm_two_col .frm_radio:nth-child(2n+2),.frm_form_field.frm_two_col .frm_checkbox:nth-child(2n+2),.frm_form_field.frm_three_col .frm_radio:nth-child(3n+3),.frm_form_field.frm_three_col .frm_checkbox:nth-child(3n+3),.frm_form_field.frm_four_col .frm_radio:nth-child(4n+4),.frm_form_field.frm_four_col .frm_checkbox:nth-child(4n+4){margin-right:0;}.frm_form_field.frm_scroll_box .frm_opt_container{height:100px;overflow:auto;}.frm_form_field.frm_html_scroll_box{height:100px;overflow:auto;background-color:#ffffff;border-color:#cccccc;border-width:1px;border-style:solid;-moz-border-radius:4px;-webkit-border-radius:4px;border-radius:4px;width:100%;max-width:100%;font-size:14px;padding:6px 10px;-webkit-box-sizing:border-box;-moz-box-sizing:border-box;box-sizing:border-box;outline:none;font-weight:normal;box-shadow:0 1px 1px rgba(0, 0, 0, 0.075) inset;}.frm_form_field.frm_two_col .frm_opt_container:after,.frm_form_field.frm_three_col .frm_opt_container:after,.frm_form_field.frm_four_col .frm_opt_container:after{content:".";display:block;clear:both;visibility:hidden;line-height:0;height:0;}.frm_form_field.frm_total input,.frm_form_field.frm_total textarea{opacity:1;background-color:transparent !important;border:none !important;font-weight:bold;-moz-box-shadow:none;-webkit-box-shadow:none;box-shadow:none !important;display:inline;width:auto !important;-moz-appearance:textfield;padding:0;}.frm_form_field.frm_total input::-webkit-outer-spin-button,.frm_form_field.frm_total input::-webkit-inner-spin-button {-webkit-appearance: none;}.frm_form_field.frm_total input:focus,.frm_form_field.frm_total textarea:focus{background-color:transparent;border:none;-moz-box-shadow:none;-webkit-box-shadow:none;box-shadow:none;}.frm_text_block{margin-left:20px;}.frm_text_block input,.frm_text_block label.frm_primary_label{margin-left:-20px;}.frm_text_block .frm_checkbox input[type=checkbox],.frm_text_block .frm_radio input[type=radio]{margin-right:4px;}.frm_form_field.frm_capitalize input,.frm_form_field.frm_capitalize select,.frm_form_field.frm_capitalize .frm_opt_container label{text-transform:capitalize;}.frm_clearfix:after{content:".";display:block;clear:both;visibility:hidden;line-height:0;height:0;}.frm_clearfix{display:inline-block;}html[xmlns] .frm_clearfix{display:block;}* html .frm_clearfix{height:1%;}.with_frm_style.frm_login_form,.with_frm_style.frm_login_form form{clear:both;}.with_frm_style.frm_login_form.frm_inline_login .login-remember input{vertical-align:baseline;}.with_frm_style.frm_login_form.frm_inline_login .login-submit{float:left;}.with_frm_style.frm_login_form.frm_inline_login label{display:inline;}.with_frm_style.frm_login_form.frm_inline_login .login-username,.with_frm_style.frm_login_form.frm_inline_login .login-password,.with_frm_style.frm_login_form.frm_inline_login .login-remember{float:left;margin-right:5px;}.with_frm_style.frm_login_form.frm_inline_login form{position:relative;clear:none;}.with_frm_style.frm_login_form.frm_inline_login .login-remember{position:absolute;top:35px;}.with_frm_style.frm_login_form.frm_inline_login input[type=submit]{margin:0 !important;}.with_frm_style.frm_login_form.frm_no_labels .login-username label,.with_frm_style.frm_login_form.frm_no_labels .login-password label{display:none;}.with_frm_style .frm-open-login{float:left;margin-right:15px;}.with_frm_style .frm-open-login a{text-decoration:none;border:none;outline:none;}.with_frm_style.frm_slide.frm_login_form form{display:none;}.with_frm_style .chosen-container{font-size:14px;position:relative;display:inline-block;zoom:1;vertical-align:middle;-webkit-user-select:none;-moz-user-select:none;user-select:none;*display:inline;}.with_frm_style .chosen-container .chosen-drop{background:#fff;border:1px solid #aaa;border-top:0;position:absolute;top:100%;left:-9999px;box-shadow:0 4px 5px rgba(0,0,0,.15);z-index:1010;-webkit-box-sizing:border-box;-moz-box-sizing:border-box;box-sizing:border-box;width:100%;}.with_frm_style .chosen-container.chosen-with-drop .chosen-drop{left:0;}.with_frm_style .chosen-container a{cursor:pointer;}.with_frm_style .chosen-container-single .chosen-single{position:relative;display:block;overflow:hidden;padding:0 0 0 8px;height:25px;background:-webkit-gradient(linear, 50% 0%, 50% 100%, color-stop(20%, #ffffff), color-stop(50%, #f6f6f6), color-stop(52%, #eeeeee), color-stop(100%, #f4f4f4));background:-webkit-linear-gradient(top, #ffffff 20%, #f6f6f6 50%, #eeeeee 52%, #f4f4f4 100%);background:-moz-linear-gradient(top, #ffffff 20%, #f6f6f6 50%, #eeeeee 52%, #f4f4f4 100%);background:-o-linear-gradient(top, #ffffff 20%, #f6f6f6 50%, #eeeeee 52%, #f4f4f4 100%);background:linear-gradient(top, #ffffff 20%, #f6f6f6 50%, #eeeeee 52%, #f4f4f4 100%);background-clip:padding-box;box-shadow:0 0 3px white inset, 0 1px 1px rgba(0, 0, 0, 0.1);text-decoration:none;white-space:nowrap;line-height:24px;}.with_frm_style .chosen-container-single .chosen-single span{margin-right:26px;display:block;overflow:hidden;white-space:nowrap;text-overflow:ellipsis;}.with_frm_style .chosen-container-single .chosen-single-with-deselect span{margin-right:38px;}.with_frm_style .chosen-container-single .chosen-single abbr{display:block;position:absolute;right:26px;top:6px;width:12px;height:12px;font-size:1px;background:url(''//asiacentre.co.th/wp-content/plugins/formidable/pro/images/chosen-sprite.png'') -42px 1px no-repeat;}.with_frm_style .chosen-container-single .chosen-single abbr:hover{background-position:-42px -10px;}.with_frm_style .chosen-container-single.chosen-disabled .chosen-single abbr:hover{background-position:-42px -10px;}.with_frm_style .chosen-container-single .chosen-single div{position:absolute;right:0;top:0;display:block;height:100%;width:18px;}.with_frm_style .chosen-container-single .chosen-single div b{background:url(''//asiacentre.co.th/wp-content/plugins/formidable/pro/images/chosen-sprite.png'') no-repeat 0px 2px;display:block;width:100%;height:100%;}.with_frm_style .chosen-container-single .chosen-search{padding:3px 4px;position:relative;margin:0;white-space:nowrap;z-index:1010;}.with_frm_style .chosen-container-single .chosen-search input[type="text"]{-webkit-box-sizing:border-box;-moz-box-sizing:border-box;box-sizing:border-box;width:100%;height:auto;background:white url(''//asiacentre.co.th/wp-content/plugins/formidable/pro/images/chosen-sprite.png'') no-repeat 100% -20px;background:url(''//asiacentre.co.th/wp-content/plugins/formidable/pro/images/chosen-sprite.png'') no-repeat 100% -20px;font-size:1em;font-family:sans-serif;line-height:normal;border-radius:0;}.with_frm_style .chosen-container-single .chosen-drop{margin-top:-1px;border-radius:0 0 4px 4px;background-clip:padding-box;}.with_frm_style .chosen-container-single.chosen-container-single-nosearch .chosen-search{position:absolute;left:-9999px;}.with_frm_style .chosen-container .chosen-results{cursor:text;overflow-x:hidden;overflow-y:auto;position:relative;margin:0 4px 4px 0;padding:0 0 0 4px;max-height:240px;word-wrap:break-word;-webkit-overflow-scrolling:touch;}.with_frm_style .chosen-container .chosen-results li:before{background:none;}.with_frm_style .chosen-container .chosen-results li{display:none;margin:0;padding:5px 6px;list-style:none;line-height:15px;-webkit-touch-callout:none;}.with_frm_style .chosen-container .chosen-results li.active-result{display:list-item;cursor:pointer;}.with_frm_style .chosen-container .chosen-results li.disabled-result{display:list-item;color:#ccc;cursor:default;}.with_frm_style .chosen-container .chosen-results li.highlighted{background-color:#3875d7;color:#fff;}.with_frm_style .chosen-container .chosen-results li.no-results{display:list-item;background:#f4f4f4;}.with_frm_style .chosen-container .chosen-results li.group-result{display:list-item;font-weight:bold;cursor:default;}.with_frm_style .chosen-container .chosen-results li.group-option{padding-left:15px;}.with_frm_style .chosen-container .chosen-results li em{font-style:normal;text-decoration:underline;}.with_frm_style .chosen-container-multi .chosen-choices{position:relative;overflow:hidden;-webkit-box-sizing:border-box;-moz-box-sizing:border-box;box-sizing:border-box;margin:0;padding:0 5px;width:100%;height:auto !important;height:1%;cursor:text;}.with_frm_style .chosen-container-multi .chosen-choices li{float:left;list-style:none;}.with_frm_style .chosen-container-multi .chosen-choices li.search-field{margin:0;padding:0;white-space:nowrap;}.with_frm_style .chosen-container-multi .chosen-choices li.search-field input[type="text"]{margin:1px 0;padding:0;height:25px;outline:0;border:0 !important;background:transparent !important;box-shadow:none;color:#666;font-size:100%;font-family:sans-serif;line-height:normal;border-radius:0;}.with_frm_style .chosen-container-multi .chosen-choices li.search-choice{position:relative;margin:3px 5px 3px 0;padding:3px 20px 3px 5px;border:1px solid #aaa;max-width:100%;border-radius:3px;background-color:#eee;background-size:100% 19px;background-repeat:repeat-x;background-clip:padding-box;box-shadow:0 0 2px white inset, 0 1px 0 rgba(0, 0, 0, 0.05);color:#333;line-height:13px;cursor:default;}.with_frm_style .chosen-container-multi .chosen-choices li.search-choice .search-choice-close{position:absolute;top:4px;right:3px;display:block;width:12px;height:12px;background:url(''//asiacentre.co.th/wp-content/plugins/formidable/pro/images/chosen-sprite.png'') -42px 1px no-repeat;font-size:1px;}.with_frm_style .chosen-container-multi .chosen-choices li.search-choice .search-choice-close:hover{background-position:-42px -10px;}.with_frm_style .chosen-container-multi .chosen-choices li.search-choice-disabled{padding-right:5px;border:1px solid #ccc;background-color:#e4e4e4;color:#666;}.with_frm_style .chosen-container-multi .chosen-choices li.search-choice-focus{background:#d4d4d4;}.with_frm_style .chosen-container-multi .chosen-choices li.search-choice-focus .search-choice-close{background-position:-42px -10px;}.with_frm_style .chosen-container-multi .chosen-results{margin:0;padding:0;}.with_frm_style .chosen-container-multi .chosen-drop .result-selected{display:list-item;color:#ccc;cursor:default;}.with_frm_style .chosen-container-active .chosen-single{border:1px solid #5897fb;box-shadow:0 0 5px rgba(0, 0, 0, 0.3);}.with_frm_style .chosen-container-active.chosen-with-drop .chosen-single{border:1px solid #aaa;-moz-border-radius-bottomright:0;border-bottom-right-radius:0;-moz-border-radius-bottomleft:0;border-bottom-left-radius:0;box-shadow:0 1px 0 #fff inset;}.with_frm_style .chosen-container-active.chosen-with-drop .chosen-single div{border-left:none;background:transparent;}.with_frm_style .chosen-container-active.chosen-with-drop .chosen-single div b{background-position:-18px 2px;}.with_frm_style .chosen-container-active .chosen-choices li.search-field input[type="text"]{color:#111 !important;}.with_frm_style .chosen-disabled{opacity:0.5 !important;cursor:default;}.with_frm_style .chosen-disabled .chosen-single{cursor:default;}.with_frm_style .chosen-disabled .chosen-choices .search-choice .search-choice-close{cursor:default;}.with_frm_style .chosen-rtl{text-align:right;}.with_frm_style .chosen-rtl .chosen-single{overflow:visible;padding:0 8px 0 0;}.with_frm_style .chosen-rtl .chosen-single span{margin-right:0;margin-left:26px;direction:rtl;}.with_frm_style .chosen-rtl .chosen-single-with-deselect span{margin-left:38px;}.with_frm_style .chosen-rtl .chosen-single div{right:auto;left:3px;}.with_frm_style .chosen-rtl .chosen-single abbr{right:auto;left:26px;}.with_frm_style .chosen-rtl .chosen-choices li{float:right;}.with_frm_style .chosen-rtl .chosen-choices li.search-field input[type="text"]{direction:rtl;}.with_frm_style .chosen-rtl .chosen-choices li.search-choice{margin:3px 5px 3px 0;padding:3px 5px 3px 19px;}.with_frm_style .chosen-rtl .chosen-choices li.search-choice .search-choice-close{right:auto;left:4px;}.with_frm_style .chosen-rtl.chosen-container-single-nosearch .chosen-search, .with_frm_style .chosen-rtl .chosen-drop{left:9999px;}.with_frm_style .chosen-rtl.chosen-container-single .chosen-results{margin:0 0 4px 4px;padding:0 4px 0 0;}.with_frm_style .chosen-rtl .chosen-results li.group-option{padding-right:15px;padding-left:0;}.with_frm_style .chosen-rtl.chosen-container-active.chosen-with-drop .chosen-single div{border-right:none;}.with_frm_style .chosen-rtl .chosen-search input[type="text"]{padding:4px 5px 4px 20px;background:white url(''//asiacentre.co.th/wp-content/plugins/formidable/pro/images/chosen-sprite.png'') no-repeat -30px -20px;background:url(''//asiacentre.co.th/wp-content/plugins/formidable/pro/images/chosen-sprite.png'') no-repeat -30px -20px;direction:rtl;}.with_frm_style .chosen-rtl.chosen-container-single .chosen-single div b{background-position:6px 2px;}.with_frm_style .chosen-rtl.chosen-container-single.chosen-with-drop .chosen-single div b{background-position:-12px 2px;}@font-face {font-family:''s11-fp'';src:url(''//asiacentre.co.th/wp-content/plugins/formidable/fonts/s11-fp.eot'');src:local(''☺''), url(''//asiacentre.co.th/wp-content/plugins/formidable/fonts/s11-fp.woff'') format(''woff''), url(''//asiacentre.co.th/wp-content/plugins/formidable/fonts/s11-fp.ttf'') format(''truetype''), url(''//asiacentre.co.th/wp-content/plugins/formidable/fonts/s11-fp.svg'') format(''svg'');font-weight:normal;font-style:normal;}.frm_icon_font,.frm_dashicon_font{text-decoration:none;text-shadow: none;font-weight:normal;}i.frm_icon_font{font-style:normal;}.frm_icon_font:before,select.frm_icon_font{font-family: ''s11-fp'' !important;font-size:16px;speak: none;-webkit-font-smoothing: antialiased;-moz-osx-font-smoothing: grayscale;-moz-transition: all .1s ease-in-out;-webkit-transition: all .1s ease-in-out;transition: all .1s ease-in-out;}.frm_icon_font,a.frm_icon_font.frm_icon_font:hover,a.frm_icon_font:hover{text-decoration:none !important;}.frm_icon_font:focus,.frm_dashicon_font:focus{box-shadow:none;-webkit-box-shadow:none;}.frm_duplicate_icon:active,.frm_move_icon:active,.frm_delete_icon:active{outline:none;}.ab-icon.frm_dashicon_font:before{content: "\\f324";}.frm_logo_icon:before {content: "\\e601";}.frm_required_icon:before {content: "\\e612";}.frm_delete_icon:before {content: "\\e610" !important;}.frm_move_icon:before {content: "\\e61a";}.frm_clear_icon:before {content: "\\e60a";}.frm_noclear_icon:before {content: "\\e60b";}.frm_duplicate_icon:before {content: "\\e61b";}.frm_new_icon:before {content: "\\e614";}.frm_tooltip_icon:before {content: "\\e611";}.frm_forbid_icon:before {content: "\\e636";}.frm_check_icon:before {content: "\\e605";}.frm_check1_icon:before {content: "\\e606";}.frm_plus_icon:before {content: "\\e62f";}.frm_plus1_icon:before {content: "\\e602";}.frm_plus2_icon:before {content: "\\e603";}.frm_plus3_icon:before {content: "\\e632";}.frm_plus4_icon:before {content: "\\e60f";}.frm_minus_icon:before {content: "\\e62e";}.frm_minus1_icon:before {content: "\\e600";}.frm_minus2_icon:before {content: "\\e604";}.frm_minus3_icon:before {content: "\\e633";}.frm_minus4_icon:before {content: "\\e613";}.frm_cancel_icon:before {content: "\\e607";}.frm_cancel1_icon:before {content: "\\e608";}.frm_arrowup_icon:before {content: "\\e60d";}.frm_arrowup1_icon:before {content: "\\e60e";}.frm_arrowup2_icon:before {content: "\\e630";}.frm_arrowup3_icon:before {content: "\\e62b";}.frm_arrowup4_icon:before {content: "\\e62c";}.frm_arrowup5_icon:before {content: "\\e635";}.frm_arrowup6_icon:before {content: "\\e62d";}.frm_arrowdown_icon:before {content: "\\e609";}.frm_arrowdown1_icon:before {content: "\\e60c";}.frm_arrowdown2_icon:before {content: "\\e631";}.frm_arrowdown3_icon:before {content: "\\e628";}.frm_arrowdown4_icon:before {content: "\\e629";}.frm_arrowdown5_icon:before {content: "\\e634";}.frm_arrowdown6_icon:before {content: "\\e62a";}.frm_download_icon:before {content: "\\e615";}.frm_upload_icon:before {content: "\\e616";}.frm_menu_icon:before {content: "\\e618";}.frm_twitter_icon:before {content: "\\e619";}.frm_sms_icon:before {content: "\\e61c";}.frm_pencil_icon:before {content: "\\e61d";}.frm_pencil1_icon:before {content: "\\e61e";}.frm_paypal_icon:before {content: "\\e61f";}.frm_twilio_icon:before {content: "\\e620";}.frm_googleplus_icon:before {content: "\\e621";}.frm_mailchimp_icon:before {content: "\\e622";}.frm_pdf_icon:before {content: "\\e623";}.frm_highrise_icon:before {content: "\\e617";}.frm_feed_icon:before {content: "\\e624";}.frm_facebook_icon:before {content: "\\e625";}.frm_email_icon:before {content: "\\e626";}.frm_aweber_icon:before {content: "\\e627";}.frm_register_icon:before {content: "\\e637";}@media only screen and (-webkit-min-device-pixel-ratio: 2), only screen and (min-resolution: 144dpi){.with_frm_style .chosen-rtl .chosen-search input[type="text"],.with_frm_style .chosen-container-single .chosen-single abbr,.with_frm_style .chosen-container-single .chosen-single div b,.with_frm_style .chosen-container-single .chosen-search input[type="text"],.with_frm_style .chosen-container-multi .chosen-choices .search-choice .search-choice-close,.with_frm_style .chosen-container .chosen-results-scroll-down span,.with_frm_style .chosen-container .chosen-results-scroll-up span{background-image:url(''//asiacentre.co.th/wp-content/plugins/formidable/pro/images/chosen-sprite2x.png'') !important;background-size:52px 37px !important;background-repeat:no-repeat !important;}}@media only screen and (max-width: 900px) {.frm_form_field .frm_repeat_grid .frm_form_field.frm_sixth label.frm_primary_label,.frm_form_field .frm_repeat_grid .frm_form_field.frm_seventh label.frm_primary_label,.frm_form_field .frm_repeat_grid .frm_form_field.frm_eighth label.frm_primary_label{display: block !important;}.frm_form_field .frm_repeat_grid .frm_form_field.frm_repeat_buttons.frm_seventh label.frm_primary_label{display:none !important;}}@media only screen and (max-width: 600px) {.frm_form_field.frm_half,.frm_submit.frm_half,.frm_form_field.frm_left_half,.frm_form_field.frm_right_half,.frm_form_field.frm_first_half,.frm_form_field.frm_last_half,.frm_form_field.frm_first_third,.frm_form_field.frm_third,.frm_submit.frm_third,.frm_form_field.frm_last_third,.frm_form_field.frm_first_two_thirds,.frm_form_field.frm_last_two_thirds,.frm_form_field.frm_two_thirds,.frm_form_field.frm_left_fourth,.frm_form_field.frm_fourth,.frm_submit.frm_fourth,.frm_form_field.frm_right_fourth,.frm_form_field.frm_first_fourth,.frm_form_field.frm_last_fourth,.frm_form_field.frm_three_fourths,.frm_form_field.frm_fifth,.frm_submit.frm_fifth,.frm_form_field.frm_two_fifths,.frm_form_field.frm_three_fifths,.frm_form_field.frm_four_fifths,.frm_form_field.frm_sixth,.frm_submit.frm_sixth,.frm_form_field.frm_seventh,.frm_submit.frm_seventh,.frm_form_field.frm_eighth,.frm_submit.frm_eighth,.frm_form_field.frm_first_inline,.frm_form_field.frm_inline,.frm_submit.frm_inline,.frm_form_field.frm_last_inline{width:100%;margin-left:0;margin-right:0;clear:both;float:none;}.frm_form_field.frm_four_col .frm_radio,.frm_form_field.frm_four_col .frm_checkbox{width:48%;margin-right:4%;}.frm_form_field.frm_four_col .frm_radio:nth-child(2n+2),.frm_form_field.frm_four_col .frm_checkbox:nth-child(2n+2){margin-right:0;}.frm_form_field .frm_repeat_grid.frm_first_repeat .frm_form_field.frm_repeat_buttons:not(.frm_fourth):not(.frm_sixth):not(.frm_eighth) label.frm_primary_label{display:none !important;}.frm_form_field .frm_repeat_grid .frm_form_field.frm_fifth label.frm_primary_label{display:block !important;}.frm_form_field .frm_repeat_grid .frm_form_field.frm_repeat_buttons.frm_fifth label.frm_primary_label{display:none !important;}}@media only screen and (max-width: 500px) {.frm_form_field.frm_two_col .frm_radio,.frm_form_field.frm_two_col .frm_checkbox,.frm_form_field.frm_three_col .frm_radio,.frm_form_field.frm_three_col .frm_checkbox{width: auto;margin-right: 0;float: none;display:block;}.frm_form_field input[type=file] {max-width:220px;}.with_frm_style.frm_login_form.frm_inline_login p{clear:both;float:none;}.with_frm_style.frm_login_form.frm_inline_login form{position:static;}.with_frm_style.frm_login_form.frm_inline_login .login-remember{position:static;}.with_frm_style .g-recaptcha > div > div{width:inherit !important;display:block;overflow:hidden;max-width:302px;border-right:1px solid #d3d3d3;border-radius:4px;box-shadow:2px 0px 4px -1px rgba(0,0,0,.08);-moz-box-shadow:2px 0px 4px -1px rgba(0,0,0,.08);}.with_frm_style .g-recaptcha iframe{width:100%;}}', 'yes');
INSERT INTO `wp_options` (`option_id`, `option_name`, `option_value`, `autoload`) VALUES
(1086, 'frm_db_version', '27', 'yes'),
(1087, 'frm_options', 'O:11:"FrmSettings":22:{s:11:"option_name";s:11:"frm_options";s:4:"menu";N;s:7:"mu_menu";N;s:15:"preview_page_id";N;s:8:"use_html";N;s:10:"jquery_css";N;s:12:"accordion_js";N;s:11:"success_msg";N;s:9:"blank_msg";N;s:10:"unique_msg";N;s:11:"invalid_msg";N;s:10:"failed_msg";N;s:12:"submit_value";N;s:9:"login_msg";N;s:16:"admin_permission";N;s:8:"email_to";N;s:10:"load_style";N;s:12:"custom_style";N;s:6:"pubkey";N;s:7:"privkey";N;s:7:"re_lang";N;s:6:"re_msg";N;}', 'yes'),
(1088, '_transient_frm_options', 'O:11:"FrmSettings":22:{s:11:"option_name";s:11:"frm_options";s:4:"menu";N;s:7:"mu_menu";N;s:15:"preview_page_id";N;s:8:"use_html";N;s:10:"jquery_css";N;s:12:"accordion_js";N;s:11:"success_msg";N;s:9:"blank_msg";N;s:10:"unique_msg";N;s:11:"invalid_msg";N;s:10:"failed_msg";N;s:12:"submit_value";N;s:9:"login_msg";N;s:16:"admin_permission";N;s:8:"email_to";N;s:10:"load_style";N;s:12:"custom_style";N;s:6:"pubkey";N;s:7:"privkey";N;s:7:"re_lang";N;s:6:"re_msg";N;}', 'yes'),
(1198, 'widget_frm_show_form', 'a:2:{i:1;a:0:{}s:12:"_multiwidget";i:1;}', 'yes'),
(1205, 'wpseo', 'a:21:{s:14:"blocking_files";a:0:{}s:26:"ignore_blog_public_warning";b:1;s:31:"ignore_meta_description_warning";b:0;s:20:"ignore_page_comments";b:0;s:16:"ignore_permalink";b:0;s:15:"ms_defaults_set";b:0;s:23:"theme_description_found";s:0:"";s:21:"theme_has_description";b:0;s:7:"version";s:5:"3.0.7";s:11:"alexaverify";s:0:"";s:12:"company_logo";s:84:"http://asiacentre.co.th/wp-content/uploads/2016/03/Asia-Centre-Logo-Square-Color.jpg";s:12:"company_name";s:11:"Asia Centre";s:17:"company_or_person";s:7:"company";s:20:"disableadvanced_meta";b:1;s:19:"onpage_indexability";b:1;s:12:"googleverify";s:0:"";s:8:"msverify";s:0:"";s:11:"person_name";s:0:"";s:12:"website_name";s:0:"";s:22:"alternate_website_name";s:46:"เอเชีย เซ็นเตอร์";s:12:"yandexverify";s:0:"";}', 'yes'),
(1206, 'wpseo_permalinks', 'a:13:{s:15:"cleanpermalinks";b:0;s:24:"cleanpermalink-extravars";s:0:"";s:29:"cleanpermalink-googlecampaign";b:0;s:31:"cleanpermalink-googlesitesearch";b:0;s:15:"cleanreplytocom";b:0;s:10:"cleanslugs";b:1;s:14:"hide-feedlinks";b:0;s:12:"hide-rsdlink";b:0;s:14:"hide-shortlink";b:0;s:16:"hide-wlwmanifest";b:0;s:18:"redirectattachment";b:0;s:17:"stripcategorybase";b:0;s:13:"trailingslash";b:0;}', 'yes'),
(1207, 'wpseo_titles', 'a:135:{s:10:"title_test";i:0;s:17:"forcerewritetitle";b:0;s:9:"separator";s:7:"sc-pipe";s:5:"noodp";b:0;s:6:"noydir";b:0;s:15:"usemetakeywords";b:0;s:16:"title-home-wpseo";s:42:"%%sitename%% %%page%% %%sep%% %%sitedesc%%";s:18:"title-author-wpseo";s:41:"%%name%%, Author at %%sitename%% %%page%%";s:19:"title-archive-wpseo";s:38:"%%date%% %%page%% %%sep%% %%sitename%%";s:18:"title-search-wpseo";s:63:"You searched for %%searchphrase%% %%page%% %%sep%% %%sitename%%";s:15:"title-404-wpseo";s:35:"Page not found %%sep%% %%sitename%%";s:19:"metadesc-home-wpseo";s:0:"";s:21:"metadesc-author-wpseo";s:0:"";s:22:"metadesc-archive-wpseo";s:0:"";s:18:"metakey-home-wpseo";s:0:"";s:20:"metakey-author-wpseo";s:0:"";s:22:"noindex-subpages-wpseo";b:0;s:20:"noindex-author-wpseo";b:0;s:21:"noindex-archive-wpseo";b:1;s:14:"disable-author";b:0;s:12:"disable-date";b:0;s:10:"title-post";s:39:"%%title%% %%page%% %%sep%% %%sitename%%";s:13:"metadesc-post";s:0:"";s:12:"metakey-post";s:0:"";s:12:"noindex-post";b:0;s:13:"showdate-post";b:0;s:16:"hideeditbox-post";b:0;s:10:"title-page";s:39:"%%title%% %%page%% %%sep%% %%sitename%%";s:13:"metadesc-page";s:0:"";s:12:"metakey-page";s:0:"";s:12:"noindex-page";b:0;s:13:"showdate-page";b:0;s:16:"hideeditbox-page";b:0;s:16:"title-attachment";s:39:"%%title%% %%page%% %%sep%% %%sitename%%";s:19:"metadesc-attachment";s:0:"";s:18:"metakey-attachment";s:0:"";s:18:"noindex-attachment";b:0;s:19:"showdate-attachment";b:0;s:22:"hideeditbox-attachment";b:0;s:18:"title-tax-category";s:53:"%%term_title%% Archives %%page%% %%sep%% %%sitename%%";s:21:"metadesc-tax-category";s:0:"";s:20:"metakey-tax-category";s:0:"";s:24:"hideeditbox-tax-category";b:0;s:20:"noindex-tax-category";b:0;s:18:"title-tax-post_tag";s:53:"%%term_title%% Archives %%page%% %%sep%% %%sitename%%";s:21:"metadesc-tax-post_tag";s:0:"";s:20:"metakey-tax-post_tag";s:0:"";s:24:"hideeditbox-tax-post_tag";b:0;s:20:"noindex-tax-post_tag";b:0;s:21:"title-tax-post_format";s:53:"%%term_title%% Archives %%page%% %%sep%% %%sitename%%";s:24:"metadesc-tax-post_format";s:0:"";s:23:"metakey-tax-post_format";s:0:"";s:27:"hideeditbox-tax-post_format";b:0;s:23:"noindex-tax-post_format";b:1;s:14:"title-hom_page";s:39:"%%title%% %%page%% %%sep%% %%sitename%%";s:17:"metadesc-hom_page";s:0:"";s:16:"metakey-hom_page";s:0:"";s:16:"noindex-hom_page";b:0;s:17:"showdate-hom_page";b:0;s:20:"hideeditbox-hom_page";b:0;s:11:"title-event";s:39:"%%title%% %%page%% %%sep%% %%sitename%%";s:14:"metadesc-event";s:0:"";s:13:"metakey-event";s:0:"";s:13:"noindex-event";b:0;s:14:"showdate-event";b:0;s:17:"hideeditbox-event";b:0;s:12:"title-course";s:39:"%%title%% %%page%% %%sep%% %%sitename%%";s:15:"metadesc-course";s:0:"";s:14:"metakey-course";s:0:"";s:14:"noindex-course";b:0;s:15:"showdate-course";b:0;s:18:"hideeditbox-course";b:0;s:13:"title-gallery";s:39:"%%title%% %%page%% %%sep%% %%sitename%%";s:16:"metadesc-gallery";s:0:"";s:15:"metakey-gallery";s:0:"";s:15:"noindex-gallery";b:0;s:16:"showdate-gallery";b:0;s:19:"hideeditbox-gallery";b:0;s:12:"title-slider";s:39:"%%title%% %%page%% %%sep%% %%sitename%%";s:15:"metadesc-slider";s:0:"";s:14:"metakey-slider";s:0:"";s:14:"noindex-slider";b:0;s:15:"showdate-slider";b:0;s:18:"hideeditbox-slider";b:0;s:11:"title-chunk";s:39:"%%title%% %%page%% %%sep%% %%sitename%%";s:14:"metadesc-chunk";s:0:"";s:13:"metakey-chunk";s:0:"";s:13:"noindex-chunk";b:0;s:14:"showdate-chunk";b:0;s:17:"hideeditbox-chunk";b:0;s:24:"title-ptarchive-hom_page";s:51:"%%pt_plural%% Archive %%page%% %%sep%% %%sitename%%";s:27:"metadesc-ptarchive-hom_page";s:0:"";s:26:"metakey-ptarchive-hom_page";s:0:"";s:26:"bctitle-ptarchive-hom_page";s:0:"";s:26:"noindex-ptarchive-hom_page";b:0;s:21:"title-ptarchive-event";s:51:"%%pt_plural%% Archive %%page%% %%sep%% %%sitename%%";s:24:"metadesc-ptarchive-event";s:0:"";s:23:"metakey-ptarchive-event";s:0:"";s:23:"bctitle-ptarchive-event";s:0:"";s:23:"noindex-ptarchive-event";b:0;s:22:"title-ptarchive-course";s:51:"%%pt_plural%% Archive %%page%% %%sep%% %%sitename%%";s:25:"metadesc-ptarchive-course";s:0:"";s:24:"metakey-ptarchive-course";s:0:"";s:24:"bctitle-ptarchive-course";s:0:"";s:24:"noindex-ptarchive-course";b:0;s:23:"title-ptarchive-gallery";s:51:"%%pt_plural%% Archive %%page%% %%sep%% %%sitename%%";s:26:"metadesc-ptarchive-gallery";s:0:"";s:25:"metakey-ptarchive-gallery";s:0:"";s:25:"bctitle-ptarchive-gallery";s:0:"";s:25:"noindex-ptarchive-gallery";b:0;s:22:"title-ptarchive-slider";s:51:"%%pt_plural%% Archive %%page%% %%sep%% %%sitename%%";s:25:"metadesc-ptarchive-slider";s:0:"";s:24:"metakey-ptarchive-slider";s:0:"";s:24:"bctitle-ptarchive-slider";s:0:"";s:24:"noindex-ptarchive-slider";b:0;s:21:"title-ptarchive-chunk";s:51:"%%pt_plural%% Archive %%page%% %%sep%% %%sitename%%";s:24:"metadesc-ptarchive-chunk";s:0:"";s:23:"metakey-ptarchive-chunk";s:0:"";s:23:"bctitle-ptarchive-chunk";s:0:"";s:23:"noindex-ptarchive-chunk";b:0;s:16:"title-tax-events";s:53:"%%term_title%% Archives %%page%% %%sep%% %%sitename%%";s:19:"metadesc-tax-events";s:0:"";s:18:"metakey-tax-events";s:0:"";s:22:"hideeditbox-tax-events";b:0;s:18:"noindex-tax-events";b:0;s:17:"title-tax-courses";s:53:"%%term_title%% Archives %%page%% %%sep%% %%sitename%%";s:20:"metadesc-tax-courses";s:0:"";s:19:"metakey-tax-courses";s:0:"";s:23:"hideeditbox-tax-courses";b:0;s:19:"noindex-tax-courses";b:0;s:19:"title-tax-galleries";s:53:"%%term_title%% Archives %%page%% %%sep%% %%sitename%%";s:22:"metadesc-tax-galleries";s:0:"";s:21:"metakey-tax-galleries";s:0:"";s:25:"hideeditbox-tax-galleries";b:0;s:21:"noindex-tax-galleries";b:0;}', 'yes'),
(1208, 'wpseo_social', 'a:21:{s:9:"fb_admins";a:0:{}s:12:"fbconnectkey";s:32:"1ee49c4ddf6cf73c767388cd4dad63dd";s:13:"facebook_site";s:42:"https://www.facebook.com/asiacentre.co.th/";s:13:"instagram_url";s:41:"https://www.instagram.com/asiacentre_bkk/";s:12:"linkedin_url";s:0:"";s:11:"myspace_url";s:0:"";s:16:"og_default_image";s:0:"";s:18:"og_frontpage_title";s:0:"";s:17:"og_frontpage_desc";s:0:"";s:18:"og_frontpage_image";s:0:"";s:9:"opengraph";b:1;s:10:"googleplus";b:0;s:13:"pinterest_url";s:0:"";s:15:"pinterestverify";s:0:"";s:14:"plus-publisher";s:0:"";s:7:"twitter";b:1;s:12:"twitter_site";s:14:"AsiaCentre_BKK";s:17:"twitter_card_type";s:7:"summary";s:11:"youtube_url";s:56:"https://www.youtube.com/channel/UCeF_N9fxoIApkyRdQ5PqkWw";s:15:"google_plus_url";s:0:"";s:10:"fbadminapp";s:0:"";}', 'yes'),
(1209, 'wpseo_rss', 'a:2:{s:9:"rssbefore";s:0:"";s:8:"rssafter";s:53:"The post %%POSTLINK%% appeared first on %%BLOGLINK%%.";}', 'yes'),
(1210, 'wpseo_internallinks', 'a:16:{s:20:"breadcrumbs-404crumb";s:25:"Error 404: Page not found";s:23:"breadcrumbs-blog-remove";b:0;s:20:"breadcrumbs-boldlast";b:0;s:25:"breadcrumbs-archiveprefix";s:12:"Archives for";s:18:"breadcrumbs-enable";b:0;s:16:"breadcrumbs-home";s:4:"Home";s:18:"breadcrumbs-prefix";s:0:"";s:24:"breadcrumbs-searchprefix";s:16:"You searched for";s:15:"breadcrumbs-sep";s:7:"&raquo;";s:23:"post_types-post-maintax";i:0;s:24:"post_types-event-maintax";i:0;s:25:"post_types-course-maintax";i:0;s:26:"post_types-gallery-maintax";i:0;s:24:"taxonomy-events-ptparent";i:0;s:25:"taxonomy-courses-ptparent";i:0;s:27:"taxonomy-galleries-ptparent";i:0;}', 'yes'),
(1211, 'wpseo_xml', 'a:25:{s:22:"disable_author_sitemap";b:1;s:22:"disable_author_noposts";b:1;s:16:"enablexmlsitemap";b:1;s:16:"entries-per-page";i:1000;s:14:"excluded-posts";s:0:"";s:38:"user_role-administrator-not_in_sitemap";b:0;s:31:"user_role-editor-not_in_sitemap";b:0;s:31:"user_role-author-not_in_sitemap";b:0;s:36:"user_role-contributor-not_in_sitemap";b:0;s:35:"user_role-subscriber-not_in_sitemap";b:0;s:30:"post_types-post-not_in_sitemap";b:0;s:30:"post_types-page-not_in_sitemap";b:0;s:36:"post_types-attachment-not_in_sitemap";b:1;s:34:"post_types-hom_page-not_in_sitemap";b:0;s:31:"post_types-event-not_in_sitemap";b:0;s:32:"post_types-course-not_in_sitemap";b:0;s:33:"post_types-gallery-not_in_sitemap";b:0;s:32:"post_types-slider-not_in_sitemap";b:0;s:31:"post_types-chunk-not_in_sitemap";b:0;s:34:"taxonomies-category-not_in_sitemap";b:0;s:34:"taxonomies-post_tag-not_in_sitemap";b:0;s:37:"taxonomies-post_format-not_in_sitemap";b:0;s:32:"taxonomies-events-not_in_sitemap";b:0;s:33:"taxonomies-courses-not_in_sitemap";b:0;s:35:"taxonomies-galleries-not_in_sitemap";b:0;}', 'yes'),
(1216, 'gwebmasters_code', '<meta name="google-site-verification" content="rna-z8OyPcAOmjbRfJb1WC6ahVZO5yChmP3XyxGoOm4" />', 'yes'),
(1292, 'updraftplus_unlocked_fd', '1', 'yes'),
(1293, 'updraftplus_last_lock_time_fd', '2017-01-24 07:58:23', 'yes'),
(1294, 'updraftplus_semaphore_fd', '0', 'yes'),
(1297, 'updraft_autobackup_default', '0', 'yes'),
(1298, 'updraft_dropbox', 'a:5:{s:6:"appkey";N;s:6:"secret";N;s:6:"folder";N;s:16:"tk_request_token";N;s:15:"tk_access_token";N;}', 'yes'),
(1299, 'updraft_googledrive', 'a:3:{s:8:"clientid";s:0:"";s:6:"secret";s:0:"";s:6:"folder";s:11:"UpdraftPlus";}', 'yes'),
(1300, 'updraftplus_tmp_googledrive_access_token', '', 'yes'),
(1301, 'updraftplus_dismissedautobackup', '1487751619', 'yes'),
(1302, 'updraftplus_dismissedexpiry', '', 'yes'),
(1303, 'updraftplus_dismisseddashnotice', '1475315410', 'yes'),
(1304, 'updraft_interval', 'daily', 'yes'),
(1305, 'updraft_interval_increments', '', 'yes'),
(1306, 'updraft_interval_database', 'daily', 'yes'),
(1307, 'updraft_retain', '1', 'yes'),
(1308, 'updraft_retain_db', '1', 'yes'),
(1309, 'updraft_encryptionphrase', '', 'yes'),
(1310, 'updraft_service', 'none', 'yes'),
(1311, 'updraft_dropbox_appkey', '', 'yes'),
(1312, 'updraft_dropbox_secret', '', 'yes'),
(1313, 'updraft_googledrive_clientid', '', 'yes'),
(1314, 'updraft_googledrive_secret', '', 'yes'),
(1315, 'updraft_googledrive_remotepath', '', 'yes'),
(1316, 'updraft_ftp_login', '', 'yes'),
(1317, 'updraft_ftp_pass', '', 'yes'),
(1318, 'updraft_ftp_remote_path', '', 'yes'),
(1319, 'updraft_server_address', '', 'yes'),
(1320, 'updraft_dir', 'updraft', 'yes'),
(1321, 'updraft_email', '', 'yes'),
(1322, 'updraft_delete_local', '0', 'yes'),
(1323, 'updraft_debug_mode', '0', 'yes'),
(1324, 'updraft_include_plugins', '0', 'yes'),
(1325, 'updraft_include_themes', '0', 'yes'),
(1326, 'updraft_include_uploads', '0', 'yes'),
(1327, 'updraft_include_others', '0', 'yes'),
(1328, 'updraft_include_wpcore', '0', 'yes'),
(1329, 'updraft_include_wpcore_exclude', '', 'yes'),
(1330, 'updraft_include_more', '0', 'yes'),
(1331, 'updraft_include_blogs', '', 'yes'),
(1332, 'updraft_include_mu-plugins', '', 'yes'),
(1333, 'updraft_include_others_exclude', '', 'yes'),
(1334, 'updraft_include_uploads_exclude', '', 'yes'),
(1335, 'updraft_lastmessage', 'The backup apparently succeeded and is now complete (Jan 24 14:58:32)', 'yes'),
(1336, 'updraft_googledrive_token', '', 'yes'),
(1337, 'updraft_dropboxtk_request_token', '', 'yes'),
(1338, 'updraft_dropboxtk_access_token', '', 'yes'),
(1339, 'updraft_dropbox_folder', '', 'yes'),
(1340, 'updraft_adminlocking', '', 'yes'),
(1341, 'updraft_updraftvault', '', 'yes'),
(1342, 'updraft_last_backup', 'a:5:{s:11:"backup_time";i:1485244703;s:12:"backup_array";a:3:{s:2:"db";s:53:"backup_2017-01-24-1458_Asia_Centre_6051e694ba7b-db.gz";s:7:"db-size";i:544980;s:9:"checksums";a:1:{s:4:"sha1";a:1:{s:3:"db0";s:40:"db832974055dbbaa9ee2316903361cb03d12ac30";}}}s:7:"success";i:1;s:6:"errors";a:0:{}s:12:"backup_nonce";s:12:"6051e694ba7b";}', 'yes'),
(1343, 'updraft_starttime_files', '06:49', 'yes'),
(1344, 'updraft_starttime_db', '06:49', 'yes'),
(1345, 'updraft_startday_db', '0', 'yes'),
(1346, 'updraft_startday_files', '0', 'yes'),
(1347, 'updraft_sftp_settings', '', 'yes'),
(1348, 'updraft_s3', 'a:3:{s:9:"accesskey";s:0:"";s:9:"secretkey";s:0:"";s:4:"path";s:0:"";}', 'yes'),
(1349, 'updraft_s3generic', 'a:4:{s:8:"endpoint";s:0:"";s:9:"accesskey";s:0:"";s:9:"secretkey";s:0:"";s:4:"path";s:0:"";}', 'yes'),
(1350, 'updraft_dreamhost', '', 'yes'),
(1351, 'updraft_s3generic_login', '', 'yes'),
(1352, 'updraft_s3generic_pass', '', 'yes'),
(1353, 'updraft_s3generic_remote_path', '', 'yes'),
(1354, 'updraft_s3generic_endpoint', '', 'yes'),
(1355, 'updraft_webdav_settings', '', 'yes'),
(1356, 'updraft_openstack', 'a:6:{s:7:"authurl";s:0:"";s:6:"tenant";s:0:"";s:6:"region";s:0:"";s:4:"user";s:0:"";s:8:"password";s:0:"";s:4:"path";s:0:"";}', 'yes'),
(1357, 'updraft_bitcasa', 'a:0:{}', 'yes'),
(1358, 'updraft_copycom', 'a:0:{}', 'yes'),
(1359, 'updraft_onedrive', 'a:0:{}', 'yes'),
(1360, 'updraft_cloudfiles', 'a:5:{s:7:"authurl";s:35:"https://auth.api.rackspacecloud.com";s:6:"region";s:3:"DFW";s:4:"user";s:0:"";s:6:"apikey";s:0:"";s:4:"path";s:0:"";}', 'yes'),
(1361, 'updraft_cloudfiles_user', '', 'yes'),
(1362, 'updraft_cloudfiles_apikey', '', 'yes'),
(1363, 'updraft_cloudfiles_path', '', 'yes'),
(1364, 'updraft_cloudfiles_authurl', '', 'yes'),
(1365, 'updraft_ssl_useservercerts', '0', 'yes'),
(1366, 'updraft_ssl_disableverify', '0', 'yes'),
(1367, 'updraft_s3_login', '', 'yes'),
(1368, 'updraft_s3_pass', '', 'yes'),
(1369, 'updraft_s3_remote_path', '', 'yes'),
(1370, 'updraft_dreamobjects_login', '', 'yes'),
(1371, 'updraft_dreamobjects_pass', '', 'yes'),
(1372, 'updraft_dreamobjects_remote_path', '', 'yes'),
(1373, 'updraft_report_warningsonly', 'a:0:{}', 'yes'),
(1374, 'updraft_report_wholebackup', 'a:0:{}', 'yes'),
(1375, 'updraft_log_syslog', '0', 'yes'),
(1376, 'updraft_extradatabases', '', 'yes'),
(1377, 'updraft_backup_history', 'a:1:{i:1485244703;a:7:{s:2:"db";s:53:"backup_2017-01-24-1458_Asia_Centre_6051e694ba7b-db.gz";s:7:"db-size";i:544980;s:9:"checksums";a:1:{s:4:"sha1";a:1:{s:3:"db0";s:40:"db832974055dbbaa9ee2316903361cb03d12ac30";}}s:5:"nonce";s:12:"6051e694ba7b";s:7:"service";a:1:{i:0;s:4:"none";}s:18:"created_by_version";s:9:"2.11.21.1";s:12:"is_multisite";b:0;}}', 'yes'),
(1380, 'updraftplus_unlocked_', '1', 'yes'),
(1381, 'updraftplus_last_lock_time_', '2015-08-31 03:55:06', 'yes'),
(1382, 'updraftplus_semaphore_', '0', 'yes'),
(1466, 'updraft_ftp', 'a:5:{s:4:"host";s:0:"";s:4:"user";s:0:"";s:4:"pass";s:0:"";s:4:"path";s:0:"";s:7:"passive";s:1:"1";}', 'yes'),
(1467, 'updraft_dreamobjects', 'a:3:{s:9:"accesskey";s:0:"";s:9:"secretkey";s:0:"";s:4:"path";s:0:"";}', 'yes'),
(1468, 'updraft_ssl_nossl', '0', 'yes'),
(1469, 'updraft_split_every', '500', 'yes'),
(1470, 'updraft_extradbs', '', 'yes'),
(1471, 'updraft_backupdb_nonwp', '0', 'yes'),
(1472, 'updraft_include_more_path', '', 'yes'),
(1504, 'rei-options', 'a:9:{s:4:"post";s:4:"post";s:4:"page";s:4:"page";s:8:"hom_page";s:8:"hom_page";s:5:"event";s:5:"event";s:6:"course";s:6:"course";s:7:"gallery";s:7:"gallery";s:6:"slider";s:6:"slider";s:5:"chunk";s:5:"chunk";s:13:"feature-image";s:4:"true";}', 'yes'),
(1507, 'lps_login_background_color', '#ffffff', 'yes'),
(1508, 'lps_login_label_color', '', 'yes'),
(1509, 'lps_login_nav_color', '', 'yes'),
(1510, 'lps_login_nav_hover_color', '', 'yes'),
(1511, 'lps_login_form_border_radius', '5', 'yes'),
(1512, 'lps_login_label_size', '22', 'yes'),
(1513, 'lps_login_nav_link_hide', '', 'yes'),
(1514, 'lps_login_logo_hide', '', 'yes'),
(1515, 'lps_login_form_position', '1', 'yes'),
(1516, 'lps_login_form_color', '', 'yes'),
(1517, 'lps_login_logo_msg_hide', '', 'yes'),
(1518, 'lps_login_on_off', '1', 'yes'),
(1519, 'lps_login_blog_link_hide', '', 'yes'),
(1520, 'lps_login_form_input_feild_border_radius', '5', 'yes'),
(1521, 'lps_login_background_image', '', 'yes'),
(1522, 'lps_login_form_color_opacity', '', 'yes'),
(1523, 'lps_login_custom_css', '', 'yes'),
(1524, 'lps_login_button_border_radius', '5', 'yes'),
(1525, 'lps_login_form_border_color', '', 'yes'),
(1526, 'lps_login_form_input_feild_border_color', '', 'yes'),
(1527, 'lps_login_remember_label_size', '', 'yes'),
(1528, 'lps_login_logo_link', 'http://asiacentre.co.th', 'yes'),
(1529, 'lps_login_logo_tittle', 'Asia Centre', 'yes'),
(1530, 'lps_body_bg_img', '', 'yes'),
(1531, 'lps_login_logo', 'http://asiacentre.co.th/wp-content/uploads/2015/09/site-logo.png', 'yes'),
(1532, 'lps_login_logo_width', '', 'yes'),
(1533, 'lps_login_logo_height', '', 'yes'),
(1534, 'lps_login_button_color', '', 'yes'),
(1535, 'lps_login_button_border_color', '', 'yes'),
(1536, 'lps_login_button_color_hover', '', 'yes'),
(1537, 'lps_login_button_text_color', '', 'yes'),
(1538, 'lps_login_button_text_color_hover', '', 'yes'),
(1539, 'lps_login_button_border_color_hover', '', 'yes'),
(1540, 'lps_login_bg_repeat', 'no-repeat', 'yes'),
(1541, 'lps_login_form_input_color_opacity', '', 'yes'),
(1542, 'lps_login_form_border_style', 'none', 'yes'),
(1543, 'lps_login_form_input_border_style', 'none', 'yes'),
(1544, 'lps_login_form_input_border_size', '5', 'yes'),
(1545, 'lps_login_form_border_size', '5', 'yes'),
(1546, 'lps_login_form_bg', '', 'yes'),
(1547, 'lps_login_form_label_font', 'Arial', 'yes'),
(1548, 'lps_login_nav_size', '17', 'yes'),
(1727, 'wpgmza_xml_location', '{uploads_dir}/wp-google-maps/', 'yes'),
(1728, 'wpgmza_xml_url', '{uploads_url}/wp-google-maps/', 'yes'),
(1729, 'wpgmza_db_version', '6.3.05', 'yes'),
(1730, 'wpgmaps_current_version', '6.3.05', 'yes'),
(1731, 'WPGMZA_OTHER_SETTINGS', 'a:1:{s:27:"wpgmza_settings_marker_pull";s:1:"0";}', 'yes'),
(1732, 'WPGMZA_FIRST_TIME', '6.3.05', 'yes'),
(1733, 'WPGMZA_SETTINGS', 'a:10:{s:24:"map_default_starting_lat";s:9:"13.756312";s:24:"map_default_starting_lng";s:10:"100.532647";s:18:"map_default_height";s:3:"400";s:17:"map_default_width";s:3:"100";s:16:"map_default_zoom";i:16;s:20:"map_default_max_zoom";i:1;s:16:"map_default_type";i:1;s:21:"map_default_alignment";i:1;s:22:"map_default_width_type";s:2:"\\%";s:23:"map_default_height_type";s:2:"px";}', 'yes'),
(1837, 'cs_modifiable', 'a:10:{s:10:"modifiable";a:16:{i:0;s:23:"sidebar-widgets-archive";i:1;s:24:"sidebar-widgets-category";i:2;s:23:"sidebar-widgets-contact";i:3;s:29:"sidebar-widgets-course-single";i:4;s:23:"sidebar-widgets-courses";i:5;s:28:"sidebar-widgets-event-single";i:6;s:22:"sidebar-widgets-events";i:7;s:19:"sidebar-widgets-fcl";i:8;s:19:"sidebar-widgets-fcm";i:9;s:19:"sidebar-widgets-fcr";i:10;s:25:"sidebar-widgets-galleries";i:11;s:21:"sidebar-widgets-index";i:12;s:20:"sidebar-widgets-page";i:13;s:22:"sidebar-widgets-search";i:14;s:22:"sidebar-widgets-single";i:15;s:19:"sidebar-widgets-tag";}s:16:"post_type_single";a:0:{}s:17:"post_type_archive";a:0:{}s:15:"category_single";a:0:{}s:16:"category_archive";a:0:{}s:4:"blog";a:0:{}s:4:"tags";a:0:{}s:7:"authors";a:0:{}s:6:"search";a:0:{}s:4:"date";a:0:{}}', 'yes'),
(1838, 'cs_sidebars', 'a:1:{i:0;a:7:{s:2:"id";s:4:"cs-1";s:4:"name";s:9:"Locations";s:11:"description";s:9:"locations";s:13:"before_widget";s:0:"";s:12:"after_widget";s:0:"";s:12:"before_title";s:0:"";s:11:"after_title";s:0:"";}}', 'yes'),
(2029, 'espresso_db_update', 'a:1:{s:12:"4.7.12.decaf";a:4:{i:0;s:19:"2015-09-26 15:09:05";i:1;s:19:"2016-12-27 08:11:43";i:2;s:19:"2016-12-27 09:16:39";i:3;s:19:"2016-12-28 04:03:53";}}', 'no'),
(2030, 'ee_lang_check_en_GB_4.7.12.decaf', '1', 'yes'),
(2043, 'ee_caps_initialized', 'a:1:{s:13:"administrator";a:251:{i:0;s:10:"ee_read_ee";i:1;s:18:"ee_manage_gateways";i:2;s:22:"ee_read_payment_method";i:3;s:23:"ee_read_payment_methods";i:4;s:30:"ee_read_others_payment_methods";i:5;s:22:"ee_edit_payment_method";i:6;s:23:"ee_edit_payment_methods";i:7;s:30:"ee_edit_others_payment_methods";i:8;s:24:"ee_delete_payment_method";i:9;s:25:"ee_delete_payment_methods";i:10;s:17:"ee_publish_events";i:11;s:22:"ee_read_private_events";i:12;s:21:"ee_read_others_events";i:13;s:13:"ee_read_event";i:14;s:14:"ee_read_events";i:15;s:13:"ee_edit_event";i:16;s:14:"ee_edit_events";i:17;s:24:"ee_edit_published_events";i:18;s:21:"ee_edit_others_events";i:19;s:22:"ee_edit_private_events";i:20;s:26:"ee_delete_published_events";i:21;s:24:"ee_delete_private_events";i:22;s:15:"ee_delete_event";i:23;s:16:"ee_delete_events";i:24;s:23:"ee_delete_others_events";i:25;s:26:"ee_manage_event_categories";i:26;s:22:"ee_edit_event_category";i:27;s:24:"ee_delete_event_category";i:28;s:24:"ee_assign_event_category";i:29;s:17:"ee_publish_venues";i:30;s:13:"ee_read_venue";i:31;s:14:"ee_read_venues";i:32;s:21:"ee_read_others_venues";i:33;s:22:"ee_read_private_venues";i:34;s:13:"ee_edit_venue";i:35;s:14:"ee_edit_venues";i:36;s:21:"ee_edit_others_venues";i:37;s:24:"ee_edit_published_venues";i:38;s:22:"ee_edit_private_venues";i:39;s:15:"ee_delete_venue";i:40;s:16:"ee_delete_venues";i:41;s:23:"ee_delete_others_venues";i:42;s:24:"ee_delete_private_venues";i:43;s:26:"ee_delete_published_venues";i:44;s:26:"ee_manage_venue_categories";i:45;s:22:"ee_edit_venue_category";i:46;s:24:"ee_delete_venue_category";i:47;s:24:"ee_assign_venue_category";i:48;s:15:"ee_read_contact";i:49;s:16:"ee_read_contacts";i:50;s:15:"ee_edit_contact";i:51;s:16:"ee_edit_contacts";i:52;s:17:"ee_delete_contact";i:53;s:18:"ee_delete_contacts";i:54;s:20:"ee_read_registration";i:55;s:21:"ee_read_registrations";i:56;s:28:"ee_read_others_registrations";i:57;s:20:"ee_edit_registration";i:58;s:21:"ee_edit_registrations";i:59;s:28:"ee_edit_others_registrations";i:60;s:22:"ee_delete_registration";i:61;s:23:"ee_delete_registrations";i:62;s:15:"ee_read_checkin";i:63;s:23:"ee_read_others_checkins";i:64;s:16:"ee_read_checkins";i:65;s:15:"ee_edit_checkin";i:66;s:16:"ee_edit_checkins";i:67;s:23:"ee_edit_others_checkins";i:68;s:17:"ee_delete_checkin";i:69;s:18:"ee_delete_checkins";i:70;s:25:"ee_delete_others_checkins";i:71;s:19:"ee_read_transaction";i:72;s:20:"ee_read_transactions";i:73;s:16:"ee_edit_payments";i:74;s:18:"ee_delete_payments";i:75;s:15:"ee_read_message";i:76;s:16:"ee_read_messages";i:77;s:23:"ee_read_others_messages";i:78;s:23:"ee_read_global_messages";i:79;s:23:"ee_edit_global_messages";i:80;s:15:"ee_edit_message";i:81;s:16:"ee_edit_messages";i:82;s:23:"ee_edit_others_messages";i:83;s:17:"ee_delete_message";i:84;s:18:"ee_delete_messages";i:85;s:25:"ee_delete_others_messages";i:86;s:25:"ee_delete_global_messages";i:87;s:15:"ee_send_message";i:88;s:22:"ee_read_default_ticket";i:89;s:23:"ee_read_default_tickets";i:90;s:30:"ee_read_others_default_tickets";i:91;s:22:"ee_edit_default_ticket";i:92;s:23:"ee_edit_default_tickets";i:93;s:30:"ee_edit_others_default_tickets";i:94;s:24:"ee_delete_default_ticket";i:95;s:25:"ee_delete_default_tickets";i:96;s:32:"ee_delete_others_default_tickets";i:97;s:21:"ee_edit_default_price";i:98;s:22:"ee_edit_default_prices";i:99;s:23:"ee_delete_default_price";i:100;s:24:"ee_delete_default_prices";i:101;s:26:"ee_edit_default_price_type";i:102;s:27:"ee_edit_default_price_types";i:103;s:28:"ee_delete_default_price_type";i:104;s:29:"ee_delete_default_price_types";i:105;s:22:"ee_read_default_prices";i:106;s:27:"ee_read_default_price_types";i:107;s:16:"ee_edit_question";i:108;s:17:"ee_edit_questions";i:109;s:24:"ee_edit_system_questions";i:110;s:17:"ee_read_questions";i:111;s:18:"ee_delete_question";i:112;s:19:"ee_delete_questions";i:113;s:22:"ee_edit_question_group";i:114;s:23:"ee_edit_question_groups";i:115;s:23:"ee_read_question_groups";i:116;s:30:"ee_edit_system_question_groups";i:117;s:24:"ee_delete_question_group";i:118;s:25:"ee_delete_question_groups";i:119;s:20:"ee_assign_event_type";i:120;s:21:"ee_manage_event_types";i:121;s:18:"ee_edit_event_type";i:122;s:20:"ee_delete_event_type";i:123;s:28:"ee_payment_method_admin_only";i:124;s:22:"ee_payment_method_bank";i:125;s:23:"ee_payment_method_check";i:126;s:25:"ee_payment_method_invoice";i:127;s:33:"ee_payment_method_paypal_standard";i:128;s:10:"ee_read_ee";i:129;s:18:"ee_manage_gateways";i:130;s:22:"ee_read_payment_method";i:131;s:23:"ee_read_payment_methods";i:132;s:30:"ee_read_others_payment_methods";i:133;s:22:"ee_edit_payment_method";i:134;s:23:"ee_edit_payment_methods";i:135;s:30:"ee_edit_others_payment_methods";i:136;s:24:"ee_delete_payment_method";i:137;s:25:"ee_delete_payment_methods";i:138;s:17:"ee_publish_events";i:139;s:22:"ee_read_private_events";i:140;s:21:"ee_read_others_events";i:141;s:13:"ee_read_event";i:142;s:14:"ee_read_events";i:143;s:13:"ee_edit_event";i:144;s:14:"ee_edit_events";i:145;s:24:"ee_edit_published_events";i:146;s:21:"ee_edit_others_events";i:147;s:22:"ee_edit_private_events";i:148;s:26:"ee_delete_published_events";i:149;s:24:"ee_delete_private_events";i:150;s:15:"ee_delete_event";i:151;s:16:"ee_delete_events";i:152;s:23:"ee_delete_others_events";i:153;s:26:"ee_manage_event_categories";i:154;s:22:"ee_edit_event_category";i:155;s:24:"ee_delete_event_category";i:156;s:24:"ee_assign_event_category";i:157;s:17:"ee_publish_venues";i:158;s:13:"ee_read_venue";i:159;s:14:"ee_read_venues";i:160;s:21:"ee_read_others_venues";i:161;s:22:"ee_read_private_venues";i:162;s:13:"ee_edit_venue";i:163;s:14:"ee_edit_venues";i:164;s:21:"ee_edit_others_venues";i:165;s:24:"ee_edit_published_venues";i:166;s:22:"ee_edit_private_venues";i:167;s:15:"ee_delete_venue";i:168;s:16:"ee_delete_venues";i:169;s:23:"ee_delete_others_venues";i:170;s:24:"ee_delete_private_venues";i:171;s:26:"ee_delete_published_venues";i:172;s:26:"ee_manage_venue_categories";i:173;s:22:"ee_edit_venue_category";i:174;s:24:"ee_delete_venue_category";i:175;s:24:"ee_assign_venue_category";i:176;s:15:"ee_read_contact";i:177;s:16:"ee_read_contacts";i:178;s:15:"ee_edit_contact";i:179;s:16:"ee_edit_contacts";i:180;s:17:"ee_delete_contact";i:181;s:18:"ee_delete_contacts";i:182;s:20:"ee_read_registration";i:183;s:21:"ee_read_registrations";i:184;s:28:"ee_read_others_registrations";i:185;s:20:"ee_edit_registration";i:186;s:21:"ee_edit_registrations";i:187;s:28:"ee_edit_others_registrations";i:188;s:22:"ee_delete_registration";i:189;s:23:"ee_delete_registrations";i:190;s:15:"ee_read_checkin";i:191;s:23:"ee_read_others_checkins";i:192;s:16:"ee_read_checkins";i:193;s:15:"ee_edit_checkin";i:194;s:16:"ee_edit_checkins";i:195;s:23:"ee_edit_others_checkins";i:196;s:17:"ee_delete_checkin";i:197;s:18:"ee_delete_checkins";i:198;s:25:"ee_delete_others_checkins";i:199;s:19:"ee_read_transaction";i:200;s:20:"ee_read_transactions";i:201;s:16:"ee_edit_payments";i:202;s:18:"ee_delete_payments";i:203;s:15:"ee_read_message";i:204;s:16:"ee_read_messages";i:205;s:23:"ee_read_others_messages";i:206;s:23:"ee_read_global_messages";i:207;s:23:"ee_edit_global_messages";i:208;s:15:"ee_edit_message";i:209;s:16:"ee_edit_messages";i:210;s:23:"ee_edit_others_messages";i:211;s:17:"ee_delete_message";i:212;s:18:"ee_delete_messages";i:213;s:25:"ee_delete_others_messages";i:214;s:25:"ee_delete_global_messages";i:215;s:15:"ee_send_message";i:216;s:22:"ee_read_default_ticket";i:217;s:23:"ee_read_default_tickets";i:218;s:30:"ee_read_others_default_tickets";i:219;s:22:"ee_edit_default_ticket";i:220;s:23:"ee_edit_default_tickets";i:221;s:30:"ee_edit_others_default_tickets";i:222;s:24:"ee_delete_default_ticket";i:223;s:25:"ee_delete_default_tickets";i:224;s:32:"ee_delete_others_default_tickets";i:225;s:21:"ee_edit_default_price";i:226;s:22:"ee_edit_default_prices";i:227;s:23:"ee_delete_default_price";i:228;s:24:"ee_delete_default_prices";i:229;s:26:"ee_edit_default_price_type";i:230;s:27:"ee_edit_default_price_types";i:231;s:28:"ee_delete_default_price_type";i:232;s:29:"ee_delete_default_price_types";i:233;s:22:"ee_read_default_prices";i:234;s:27:"ee_read_default_price_types";i:235;s:16:"ee_edit_question";i:236;s:17:"ee_edit_questions";i:237;s:24:"ee_edit_system_questions";i:238;s:17:"ee_read_questions";i:239;s:18:"ee_delete_question";i:240;s:19:"ee_delete_questions";i:241;s:22:"ee_edit_question_group";i:242;s:23:"ee_edit_question_groups";i:243;s:23:"ee_read_question_groups";i:244;s:30:"ee_edit_system_question_groups";i:245;s:24:"ee_delete_question_group";i:246;s:25:"ee_delete_question_groups";i:247;s:20:"ee_assign_event_type";i:248;s:21:"ee_manage_event_types";i:249;s:18:"ee_edit_event_type";i:250;s:20:"ee_delete_event_type";}}', 'yes'),
(2044, 'ee_config_option_names', 'a:0:{}', 'yes'),
(2049, 'espresso_event_type_children', 'a:0:{}', 'yes'),
(2050, 'ee_session_settings', 'a:1:{s:8:"sid_salt";s:64:"AR@clryHlr3kpWpo1s@&nUxVhozctaEdLOBxw06jWmD)vURGQkZ#xpR@iI)8xLcF";}', 'yes'),
(2054, 'uxip_ee_active_theme', 'Asia Centre 2015', 'yes'),
(2057, 'uxip_ee_all_tkt_count', '1', 'yes'),
(2058, 'uxip_ee_free_tkt_count', '1', 'yes'),
(2069, 'ee_network_config', 'O:17:"EE_Network_Config":1:{s:4:"core";O:22:"EE_Network_Core_Config":1:{s:16:"site_license_key";s:0:"";}}', 'yes'),
(2117, 'ee_locked_transactions', 'a:0:{}', 'yes'),
(2122, 'ee_config-template_settings-EED_Event_Single', 'O:22:"EE_Event_Single_Config":2:{s:28:"display_status_banner_single";i:0;s:13:"display_venue";i:1;}', 'no'),
(2261, 'ee_config-template_settings-EED_Events_Archive', 'O:24:"EE_Events_Archive_Config":6:{s:21:"display_status_banner";i:0;s:19:"display_description";i:1;s:23:"display_ticket_selector";i:0;s:17:"display_datetimes";i:1;s:13:"display_venue";i:0;s:22:"display_expired_events";i:0;}', 'no'),
(4531, 'updraft_retain_extrarules', '', 'yes'),
(4534, 'site_icon', '0', 'yes'),
(4535, 'medium_large_size_w', '768', 'yes'),
(4536, 'medium_large_size_h', '0', 'yes'),
(4539, 'widget_wpgmza_map_widget', 'a:1:{s:12:"_multiwidget";i:1;}', 'yes'),
(4545, 'updraftplus_unlocked_f', '1', 'yes'),
(4546, 'updraftplus_last_lock_time_f', '2016-01-10 06:50:21', 'yes'),
(4547, 'updraftplus_semaphore_f', '0', 'yes'),
(4580, 'updraftplus_unlocked_d', '1', 'yes'),
(4581, 'updraftplus_last_lock_time_d', '2016-02-08 06:44:31', 'yes'),
(4582, 'updraftplus_semaphore_d', '0', 'yes');
INSERT INTO `wp_options` (`option_id`, `option_name`, `option_value`, `autoload`) VALUES
(4695, '_transient_frmpro_css', '/* WARNING: Any changes made to this file will be lost when your Formidable settings are updated */\n.frm_hidden,.with_frm_style .frm_button.frm_hidden{display:none;}legend.frm_hidden{display:none !important;}.frm_transparent{color:transparent;}.input[type=file].frm_transparent:focus, .with_frm_style input[type=file]{background-color:transparent;border:none;outline:none;box-shadow:none;}.with_frm_style input[type=file]{display:initial;}.frm_preview_page:before{content:normal !important;}.frm_preview_page{padding:25px;}.with_frm_style .form-field.frm_col_field{clear:none;float:left;margin-right:20px;}.with_frm_style label.frm_primary_label{max-width:100%;}.with_frm_style .frm_top_container label.frm_primary_label,.with_frm_style .frm_hidden_container label.frm_primary_label,.with_frm_style .frm_pos_top{display:block;float:none;width:auto;}.with_frm_style .frm_inline_container label.frm_primary_label{margin-right:10px;}.with_frm_style .frm_right_container label.frm_primary_label,.with_frm_style .frm_pos_right{display:inline;float:right;margin-left:10px;}.with_frm_style .frm_none_container label.frm_primary_label,.with_frm_style .frm_pos_none,.frm_none_container label.frm_primary_label{display:none;}.with_frm_style .frm_section_heading.frm_hide_section{margin-top:0px !important;}.with_frm_style .frm_hidden_container label.frm_primary_label,.with_frm_style .frm_pos_hidden,.frm_hidden_container label.frm_primary_label{visibility:hidden;}.with_frm_style .frm_scale{margin-right:10px;text-align:center;float:left;}.with_frm_style .frm_scale input{display:block;}.with_frm_style select[multiple="multiple"]{height:auto;line-height:normal;}.with_frm_style select{white-space:nowrap;}.with_frm_style .frm_catlevel_2,.with_frm_style .frm_catlevel_3,.with_frm_style .frm_catlevel_4,.with_frm_style .frm_catlevel_5{margin-left:18px;}.with_frm_style .wp-editor-container{border:1px solid #e5e5e5;}.with_frm_style .quicktags-toolbar input{font-size:12px !important;}.with_frm_style .wp-editor-container textarea{border:none;}.with_frm_style .auto_width #loginform input,.with_frm_style .auto_width input,.with_frm_style input.auto_width,.with_frm_style select.auto_width,.with_frm_style textarea.auto_width{width:auto;}.with_frm_style .frm_repeat_buttons{white-space:nowrap;}.with_frm_style .frm_button{text-decoration:none;border:1px solid #eee;padding:5px;display:inline;}.with_frm_style .frm_submit{clear:both;}.frm_inline_form .frm_form_field.form-field{margin-right:2.5%;display:inline-block;}.frm_inline_form .frm_submit{display:inline-block;}.with_frm_style.frm_center_submit .frm_submit{text-align:center;}.with_frm_style.frm_center_submit .frm_submit input[type=submit], .with_frm_style.frm_center_submit .frm_submit input[type=button]{margin-bottom:8px !important;}.with_frm_style.frm_center_submit .frm_submit .frm_ajax_loading{display: block;margin: 0 auto;}.frm_forms.frm_style_formidable-style.with_frm_style{max-width:100%;direction:ltr;}.frm_style_formidable-style.with_frm_style,.frm_style_formidable-style.with_frm_style form{text-align:left;}.frm_style_formidable-style.with_frm_style fieldset{border:0px solid #000000;margin:0;padding:0 0 15px 0;background-color:transparent;}.frm_style_formidable-style.with_frm_style .frm-show-form  > h3{font-size:20px;color:#444444;}.frm_style_formidable-style.with_frm_style .frm-show-form  .frm_section_heading h3{padding:15px 0 3px 0;margin:0;font-size:18px;font-weight:bold;color:#444444;border:none;border-top:2px solid #e8e8e8;background-color:transparent}.frm_style_formidable-style.with_frm_style h3 .frm_after_collapse{display:inline;}.frm_style_formidable-style.with_frm_style h3 .frm_before_collapse{display:none;}.menu-edit #post-body-content .frm_style_formidable-style.with_frm_style .frm_section_heading h3{margin:0;}.frm_style_formidable-style.with_frm_style .frm_section_heading{margin-top:15px;}.frm_style_formidable-style.with_frm_style  .frm-show-form .frm_section_heading .frm_section_spacing,.menu-edit #post-body-content .frm_style_formidable-style.with_frm_style  .frm-show-form .frm_section_heading .frm_section_spacing{margin-bottom:12px;}.frm_style_formidable-style.with_frm_style .frm_repeat_sec{margin-bottom:20px;margin-top:20px;}.frm_style_formidable-style.with_frm_style label.frm_primary_label,.frm_style_formidable-style.with_frm_style.frm_login_form label{font-family:"Lucida Grande","Lucida Sans Unicode",Tahoma,sans-serif;font-size:14px;color:#444444;font-weight:bold;text-align:left;margin:0;padding:0 0 3px 0;width:auto;display:block;}.frm_style_formidable-style.with_frm_style .frm_icon_font{color:#444444;}.frm_style_formidable-style.with_frm_style .frm_icon_font.frm_minus_icon:before{content:"\\e600";}.frm_style_formidable-style.with_frm_style .frm_icon_font.frm_plus_icon:before{content:"\\e602";}.frm_style_formidable-style.with_frm_style .frm_icon_font.frm_minus_icon:before,.frm_style_formidable-style.with_frm_style .frm_icon_font.frm_plus_icon:before{color:#444444;}.frm_style_formidable-style.with_frm_style .frm_trigger.active .frm_icon_font.frm_arrow_icon:before{content:"\\e62d";}.frm_style_formidable-style.with_frm_style .frm_trigger .frm_icon_font.frm_arrow_icon:before{content:"\\e62a";}.frm_style_formidable-style.with_frm_style .form-field{margin-bottom:20px;}.frm_style_formidable-style.with_frm_style .frm_grid,.frm_style_formidable-style.with_frm_style .frm_grid_first,.frm_style_formidable-style.with_frm_style .frm_grid_odd {margin-bottom:0;}.frm_style_formidable-style.with_frm_style .form-field.frm_section_heading{margin-bottom:0;}.frm_style_formidable-style.with_frm_style p.description,.frm_style_formidable-style.with_frm_style div.description,.frm_style_formidable-style.with_frm_style div.frm_description,.frm_style_formidable-style.with_frm_style .frm-show-form > div.frm_description,.frm_style_formidable-style.with_frm_style .frm_error{margin:0;padding:0;font-family:"Lucida Grande","Lucida Sans Unicode",Tahoma,sans-serif;font-size:12px;color:#666666;font-weight:normal;text-align:left;font-style:normal;max-width:100%;}.frm_style_formidable-style.with_frm_style .frm-show-form div.frm_description p{font-size:14px;color:#666666;}.frm_style_formidable-style.with_frm_style .frm_left_container label.frm_primary_label{float:left;display:inline;width:150px;max-width:33%;margin-right:10px;}.frm_style_formidable-style.with_frm_style .frm_right_container label.frm_primary_label{display:inline;width:150px;max-width:33%;margin-left:10px;}.frm_style_formidable-style.with_frm_style .frm_form_field.frm_left_container input:not([type=radio]):not([type=checkbox]),.frm_style_formidable-style.with_frm_style .frm_form_field.frm_left_container select,.frm_style_formidable-style.with_frm_style .frm_form_field.frm_left_container textarea,.frm_style_formidable-style.with_frm_style .frm_form_field.frm_left_container:not(.frm_dynamic_select_container) .frm_opt_container,.frm_style_formidable-style.with_frm_style .frm_form_field.frm_left_container .g-recaptcha,.frm_style_formidable-style.with_frm_style .frm_form_field.frm_right_container input:not([type=radio]):not([type=checkbox]),.frm_style_formidable-style.with_frm_style .frm_form_field.frm_right_container select,.frm_style_formidable-style.with_frm_style .frm_form_field.frm_right_container textarea,.frm_style_formidable-style.with_frm_style .frm_form_field.frm_right_container:not(.frm_dynamic_select_container) .frm_opt_container,.frm_style_formidable-style.with_frm_style .frm_form_field.frm_right_container .g-recaptcha{max-width:62%;}.frm_style_formidable-style.with_frm_style .frm_form_field.frm_left_container:not(.frm_dynamic_select_container) .frm_opt_container,.frm_style_formidable-style.with_frm_style .frm_form_field.frm_right_container:not(.frm_dynamic_select_container) .frm_opt_container,.frm_style_formidable-style.with_frm_style .frm_form_field.frm_left_container .g-recaptcha,.frm_style_formidable-style.with_frm_style .frm_form_field.frm_right_container .g-recaptcha{display:inline-block;}.frm_style_formidable-style.with_frm_style .frm_left_container p.description,.frm_style_formidable-style.with_frm_style .frm_left_container div.description,.frm_style_formidable-style.with_frm_style .frm_left_container div.frm_description,.frm_style_formidable-style.with_frm_style .frm_left_container .frm_error{margin-left:160px;max-width:62%;}.frm_style_formidable-style.with_frm_style .frm_right_container p.description,.frm_style_formidable-style.with_frm_style .frm_right_container div.description,.frm_style_formidable-style.with_frm_style .frm_right_container div.frm_description,.frm_style_formidable-style.with_frm_style .frm_right_container .frm_error{margin-right:160px;max-width:62%;}.frm_style_formidable-style.with_frm_style .frm_left_container .attachment-thumbnail{clear:both;margin-left:160px;}.frm_style_formidable-style.with_frm_style .frm_left_container.frm_inline label.frm_primary_label{max-width:90%;}.frm_style_formidable-style.with_frm_style .form-field.frm_col_field div.frm_description{width:100%;max-width:100%;}.frm_style_formidable-style.with_frm_style .frm_inline_container label.frm_primary_label,.frm_style_formidable-style.with_frm_style .frm_inline_container:not(.frm_dynamic_select_container) .frm_opt_container{display:inline;}.frm_style_formidable-style.with_frm_style .frm_inline_container label.frm_primary_label{margin-right:10px;}.frm_style_formidable-style.with_frm_style .frm_pos_right{display:inline;width:150px;}.frm_style_formidable-style.with_frm_style .frm_none_container label.frm_primary_label,.frm_style_formidable-style.with_frm_style .frm_pos_none{display:none;}.frm_style_formidable-style.with_frm_style .frm_scale label{font-weight:normal;font-family:"Lucida Grande","Lucida Sans Unicode",Tahoma,sans-serif;font-size:13px;color:#444444;}.frm_style_formidable-style.with_frm_style .frm_required{color:#B94A48;font-weight:bold;}.frm_style_formidable-style.with_frm_style input[type=text],.frm_style_formidable-style.with_frm_style input[type=password],.frm_style_formidable-style.with_frm_style input[type=email],.frm_style_formidable-style.with_frm_style input[type=number],.frm_style_formidable-style.with_frm_style input[type=url],.frm_style_formidable-style.with_frm_style input[type=tel],.frm_style_formidable-style.with_frm_style input[type=search],.frm_style_formidable-style.with_frm_style select,.frm_style_formidable-style.with_frm_style textarea,.frm_style_formidable-style.with_frm_style .chosen-container{font-family:"Lucida Grande","Lucida Sans Unicode",Tahoma,sans-serif;font-size:14px;margin-bottom:0;}.frm_style_formidable-style.with_frm_style input[type=text],.frm_style_formidable-style.with_frm_style input[type=password],.frm_style_formidable-style.with_frm_style input[type=email],.frm_style_formidable-style.with_frm_style input[type=number],.frm_style_formidable-style.with_frm_style input[type=url],.frm_style_formidable-style.with_frm_style input[type=tel],.frm_style_formidable-style.with_frm_style input[type=phone],.frm_style_formidable-style.with_frm_style input[type=search],.frm_style_formidable-style.with_frm_style select,.frm_style_formidable-style.with_frm_style textarea,.frm_form_fields_style,.frm_style_formidable-style.with_frm_style .frm_scroll_box .frm_opt_container,.frm_form_fields_active_style,.frm_form_fields_error_style,.frm_style_formidable-style.with_frm_style .chosen-container-multi .chosen-choices,.frm_style_formidable-style.with_frm_style .chosen-container-single .chosen-single{color:#555555;background-color:#ffffff;border-color:#cccccc;border-width:1px;border-style:solid;-moz-border-radius:4px;-webkit-border-radius:4px;border-radius:4px;width:100%;max-width:100%;font-size:14px;padding:6px 10px;-webkit-box-sizing:border-box;-moz-box-sizing:border-box;box-sizing:border-box;outline:none;font-weight:normal;box-shadow:0 1px 1px rgba(0, 0, 0, 0.075) inset;}.frm_style_formidable-style.with_frm_style input[type=file]::-webkit-file-upload-button{color:#555555;background-color:#ffffff;padding:6px 10px;border-radius:4px;border-color:#cccccc;border-width:1px;border-style:solid;}.frm_style_formidable-style.with_frm_style input[type=text],.frm_style_formidable-style.with_frm_style input[type=password],.frm_style_formidable-style.with_frm_style input[type=email],.frm_style_formidable-style.with_frm_style input[type=number],.frm_style_formidable-style.with_frm_style input[type=url],.frm_style_formidable-style.with_frm_style input[type=tel],.frm_style_formidable-style.with_frm_style input[type=file],.frm_style_formidable-style.with_frm_style input[type=search],.frm_style_formidable-style.with_frm_style select{height:32px;line-height:1.3;}.frm_style_formidable-style.with_frm_style select[multiple="multiple"]{height:auto ;}.frm_style_formidable-style.with_frm_style input[type=file]{color:#555555;padding:0px;font-family:"Lucida Grande","Lucida Sans Unicode",Tahoma,sans-serif;font-size:14px;}.frm_style_formidable-style.with_frm_style input[type=file].frm_transparent{color:transparent;}.frm_style_formidable-style.with_frm_style .frm_file_names, .frm_style_formidable-style.with_frm_style .frm_uploaded_files .frm_remove_link{font-family:"Lucida Grande","Lucida Sans Unicode",Tahoma,sans-serif;font-size:14px;}.frm_style_formidable-style.with_frm_style .frm_default,.frm_style_formidable-style.with_frm_style .placeholder,.frm_style_formidable-style.with_frm_style .chosen-container-multi .chosen-choices li.search-field .default,.frm_style_formidable-style.with_frm_style .chosen-container-single .chosen-default{color:#555555;font-style:italic;}.frm_style_formidable-style.with_frm_style select{width:100%;max-width:100%;}.frm_style_formidable-style.with_frm_style input.frm_other_input:not(.frm_other_full){width:auto ;margin-left:5px ;}.frm_style_formidable-style.with_frm_style .frm_full input.frm_other_input:not(.frm_other_full){margin-left:0 ;margin-top:8px;}.frm_style_formidable-style.with_frm_style .frm_other_container select:not([multiple="multiple"]){width:auto;}.frm_style_formidable-style.with_frm_style .wp-editor-wrap{width:100%;max-width:100%;}.frm_style_formidable-style.with_frm_style .wp-editor-container textarea{border:none;}.frm_style_formidable-style.with_frm_style .mceIframeContainer{background-color:#ffffff;}.frm_style_formidable-style.with_frm_style .auto_width input,.frm_style_formidable-style.with_frm_style input.auto_width,.frm_style_formidable-style.with_frm_style select.auto_width,.frm_style_formidable-style.with_frm_style textarea.auto_width{width:auto;}.frm_style_formidable-style.with_frm_style input[disabled],.frm_style_formidable-style.with_frm_style select[disabled],.frm_style_formidable-style.with_frm_style textarea[disabled],.frm_style_formidable-style.with_frm_style input[readonly],.frm_style_formidable-style.with_frm_style select[readonly],.frm_style_formidable-style.with_frm_style textarea[readonly]{background-color:#ffffff;color:#A1A1A1;border-color:#E5E5E5;}.frm_style_formidable-style.with_frm_style .form-field input:not([type=file]):focus,.frm_style_formidable-style.with_frm_style select:focus,.frm_style_formidable-style.with_frm_style textarea:focus,.frm_style_formidable-style.with_frm_style .frm_focus_field input[type=text],.frm_style_formidable-style.with_frm_style .frm_focus_field input[type=password],.frm_style_formidable-style.with_frm_style .frm_focus_field input[type=email],.frm_style_formidable-style.with_frm_style .frm_focus_field input[type=number],.frm_style_formidable-style.with_frm_style .frm_focus_field input[type=url],.frm_style_formidable-style.with_frm_style .frm_focus_field input[type=tel],.frm_style_formidable-style.with_frm_style .frm_focus_field input[type=search],.frm_form_fields_active_style,.frm_style_formidable-style.with_frm_style .chosen-container-active .chosen-choices{background-color:#ffffff;border-color:#66afe9;box-shadow:0 1px 1px rgba(0, 0, 0, 0.075) inset, 0 0 8px rgba(102,175,233, 0.6);}.frm_style_formidable-style.with_frm_style input[type=submit],.frm_style_formidable-style.with_frm_style .frm_submit input[type=button],.frm_form_submit_style,.frm_style_formidable-style.with_frm_style.frm_login_form input[type=submit]{width:auto;font-family:"Lucida Grande","Lucida Sans Unicode",Tahoma,sans-serif;font-size:14px;height:auto;line-height:normal;text-align:center;background:#ffffff;border-width:1px;border-color:#cccccc;border-style:solid;color:#444444;cursor:pointer;font-weight:normal;-moz-border-radius:4px;-webkit-border-radius:4px;border-radius:4px;text-shadow:none;padding:6px 11px;-moz-box-sizing:border-box;box-sizing:border-box;-ms-box-sizing:border-box;-moz-box-shadow:0 1px 1px #eeeeee;-webkit-box-shadow:0px 1px 1px #eeeeee;box-shadow:0 1px 1px #eeeeee;-ms-filter:"progid:DXImageTransform.Microsoft.Shadow(Strength=3, Direction=135, Color=''#eeeeee'')";filter:progid:DXImageTransform.Microsoft.Shadow(Strength=3, Direction=135, Color=''#eeeeee'');margin:10px;margin-left:0;margin-right:0;vertical-align:middle;}.frm_style_formidable-style.with_frm_style input[type=submit]:hover,.frm_style_formidable-style.with_frm_style .frm_submit input[type=button]:hover,.frm_style_formidable-style.with_frm_style.frm_login_form input[type=submit]:hover{background:#efefef;border-color:#cccccc;color:#444444;}.frm_style_formidable-style.with_frm_style.frm_center_submit .frm_submit .frm_ajax_loading{margin-bottom:10px;}.frm_style_formidable-style.with_frm_style input[type=submit]:focus,.frm_style_formidable-style.with_frm_style .frm_submit input[type=button]:focus,.frm_style_formidable-style.with_frm_style.frm_login_form input[type=submit]:focus,.frm_style_formidable-style.with_frm_style input[type=submit]:active,.frm_style_formidable-style.with_frm_style .frm_submit input[type=button]:active,.frm_style_formidable-style.with_frm_style.frm_login_form input[type=submit]:active{background:#efefef;border-color:#cccccc;color:#444444;}.frm_style_formidable-style.with_frm_style a.frm_save_draft{font-family:"Lucida Grande","Lucida Sans Unicode",Tahoma,sans-serif;font-size:14px;font-weight:normal;}.frm_style_formidable-style.with_frm_style #frm_field_cptch_number_container{font-family:"Lucida Grande","Lucida Sans Unicode",Tahoma,sans-serif;font-size:14px;color:#444444;font-weight:bold;clear:both;}.frm_style_formidable-style.with_frm_style .frm_radio{display:block;}.frm_style_formidable-style.with_frm_style .horizontal_radio .frm_radio{margin:0 5px 0 0;}.frm_style_formidable-style.with_frm_style .frm_checkbox{display:block;}.frm_style_formidable-style.with_frm_style .vertical_radio .frm_checkbox,.frm_style_formidable-style.with_frm_style .vertical_radio .frm_radio,.vertical_radio .frm_catlevel_1{display:block;}.frm_style_formidable-style.with_frm_style .horizontal_radio .frm_checkbox,.frm_style_formidable-style.with_frm_style .horizontal_radio .frm_radio,.horizontal_radio .frm_catlevel_1{display:inline-block;}.frm_style_formidable-style.with_frm_style .frm_radio label,.frm_style_formidable-style.with_frm_style .frm_checkbox label{font-family:"Lucida Grande","Lucida Sans Unicode",Tahoma,sans-serif;font-size:13px;color:#444444;font-weight:normal;display:inline;white-space:prewrap;}.frm_style_formidable-style.with_frm_style .frm_blank_field input[type=text],.frm_style_formidable-style.with_frm_style .frm_blank_field input[type=password],.frm_style_formidable-style.with_frm_style .frm_blank_field input[type=url],.frm_style_formidable-style.with_frm_style .frm_blank_field input[type=tel],.frm_style_formidable-style.with_frm_style .frm_blank_field input[type=number],.frm_style_formidable-style.with_frm_style .frm_blank_field input[type=email],.frm_style_formidable-style.with_frm_style .frm_blank_field textarea,.frm_style_formidable-style.with_frm_style .frm_blank_field select,.frm_form_fields_error_style,.frm_style_formidable-style.with_frm_style .frm_blank_field .g-recaptcha iframe,.frm_style_formidable-style.with_frm_style .frm_blank_field .chosen-container-multi .chosen-choices{color:#444444;background-color:#ffffff;border-color:#B94A48;border-width:1px;border-style:solid;}.frm_style_formidable-style.with_frm_style .frm_error{font-weight:bold;}.frm_style_formidable-style.with_frm_style .frm_blank_field label,.frm_style_formidable-style.with_frm_style .frm_error{color:#B94A48;}.frm_style_formidable-style.with_frm_style .frm_error_style{background-color:#F2DEDE;border:1px solid #EBCCD1;color:#B94A48;font-size:14px;margin:0;margin-bottom:20px;}.frm_style_formidable-style.with_frm_style .frm_message,.frm_success_style{border:1px solid #D6E9C6;background-color:#DFF0D8;color:#468847;}.frm_style_formidable-style.with_frm_style .frm_message{margin:5px 0 15px;font-size:14px;}.frm_style_formidable-style.with_frm_style .frm-grid td,.frm-grid th{border-color:#cccccc;}.form_results.frm_style_formidable-style.with_frm_style{border:1px solid #cccccc;}.form_results.frm_style_formidable-style.with_frm_style tr td{color:#555555;border-top:1px solid #cccccc;}.form_results.frm_style_formidable-style.with_frm_style tr.frm_even,.frm-grid .frm_even{background-color:#ffffff;}.frm_style_formidable-style.with_frm_style #frm_loading .progress-striped .progress-bar{background-image:linear-gradient(45deg, #cccccc 25%, rgba(0, 0, 0, 0) 25%, rgba(0, 0, 0, 0) 50%, #cccccc 50%, #cccccc 75%, rgba(0, 0, 0, 0) 75%, rgba(0, 0, 0, 0));}.frm_style_formidable-style.with_frm_style #frm_loading .progress-bar{background-color:#ffffff;}.frm_style_formidable-style.with_frm_style .frm_grid,.frm_style_formidable-style.with_frm_style .frm_grid_first,.frm_style_formidable-style.with_frm_style .frm_grid_odd{border-color:#cccccc;}.frm_style_formidable-style.with_frm_style .frm_grid.frm_blank_field,.frm_style_formidable-style.with_frm_style .frm_grid_first.frm_blank_field,.frm_style_formidable-style.with_frm_style .frm_grid_odd.frm_blank_field{background-color:#F2DEDE;border-color:#EBCCD1;}.frm_style_formidable-style.with_frm_style .frm_grid_first,.frm_style_formidable-style.with_frm_style .frm_grid_odd{background-color:#ffffff;}.frm_style_formidable-style.with_frm_style .frm_grid{background-color:#ffffff;}.frm_style_formidable-style.with_frm_style .frm_form_field.frm_html_scroll_box{background-color:#ffffff;border-color:#cccccc;border-width:1px;border-style:solid;-moz-border-radius:4px;-webkit-border-radius:4px;border-radius:4px;width:100%;font-size:14px;padding:6px 10px;outline:none;}.frm_style_formidable-style.with_frm_style .frm_form_field.frm_total input,.frm_style_formidable-style.with_frm_style .frm_form_field.frm_total textarea{color:#555555;background-color:transparent;border:none;display:inline;width:auto;padding:0;}.frm_style_formidable-style.with_frm_style .frm_text_block input,.frm_style_formidable-style.with_frm_style .frm_text_block label.frm_primary_label{margin-left:-20px;}.frm_style_formidable-style.with_frm_style .frm_button{padding:6px 11px;-moz-border-radius:4px;-webkit-border-radius:4px;border-radius:4px;font-size:14px;font-family:"Lucida Grande","Lucida Sans Unicode",Tahoma,sans-serif;font-weight:normal;color:#444444;background:#ffffff;border-width:1px;border-color:#cccccc;height:#auto;}.frm_style_formidable-style.with_frm_style .frm_button .frm_icon_font:before{font-size:14px;}.frm_style_formidable-style.with_frm_style .chosen-container{font-size:14px;}.frm_style_formidable-style.with_frm_style .chosen-container-single .chosen-single{height:32px;line-height:1.3;}.frm_style_formidable-style.with_frm_style .chosen-container-single .chosen-single div{top:3px;}.frm_style_formidable-style.with_frm_style .chosen-container-single .chosen-search input[type="text"]{height:32px;}.frm_style_formidable-style.with_frm_style .chosen-container-multi .chosen-choices li.search-field input[type="text"]{height:15px;}@media only screen and (max-width: 600px){.frm_style_formidable-style.with_frm_style .frm_form_field.frm_half.frm_left_container input:not([type=radio]):not([type=checkbox]),.frm_style_formidable-style.with_frm_style .frm_form_field.frm_half.frm_left_container select,.frm_style_formidable-style.with_frm_style .frm_form_field.frm_half.frm_left_container textarea,.frm_style_formidable-style.with_frm_style .frm_form_field.frm_half.frm_left_container .frm_opt_container,.frm_style_formidable-style.with_frm_style .frm_form_field.frm_half.frm_left_container.g-recaptcha,.frm_style_formidable-style.with_frm_style .frm_form_field.frm_half.frm_right_container input:not([type=radio]):not([type=checkbox]),.frm_style_formidable-style.with_frm_style .frm_form_field.frm_half.frm_right_container select,.frm_style_formidable-style.with_frm_style .frm_form_field.frm_half.frm_right_container textarea,.frm_style_formidable-style.with_frm_style .frm_form_field.frm_half.frm_right_container .frm_opt_container,.frm_style_formidable-style.with_frm_style .frm_form_field.frm_half.frm_right_container.g-recaptcha{max-width:100%;}.frm_style_formidable-style.with_frm_style .frm_form_field.frm_left_half.frm_left_container .frm_primary_label,.frm_style_formidable-style.with_frm_style .frm_form_field.frm_right_half.frm_left_container .frm_primary_label,.frm_style_formidable-style.with_frm_style .frm_form_field.frm_first_half.frm_left_container .frm_primary_label,.frm_style_formidable-style.with_frm_style .frm_form_field.frm_last_half.frm_left_container .frm_primary_label,.frm_style_formidable-style.with_frm_style .frm_form_field.frm_half.frm_left_container .frm_primary_label,.frm_style_formidable-style.with_frm_style .frm_form_field.frm_left_half.frm_right_container .frm_primary_label,.frm_style_formidable-style.with_frm_style .frm_form_field.frm_right_half.frm_right_container .frm_primary_label,.frm_style_formidable-style.with_frm_style .frm_form_field.frm_first_half.frm_right_container .frm_primary_label,.frm_style_formidable-style.with_frm_style .frm_form_field.frm_last_half.frm_right_container .frm_primary_label,.frm_style_formidable-style.with_frm_style .frm_form_field.frm_half.frm_right_container .frm_primary_label{max-width:100%;margin-right:0;margin-left:0;padding-right:0;padding-left:0;width:100%;}.frm_style_formidable-style.with_frm_style .frm_repeat_inline,.frm_style_formidable-style.with_frm_style .frm_repeat_grid{margin: 20px 0;}.frm_style_formidable-style.with_frm_style .frm_form_field.frm_first_half.frm_right_container div.frm_description,.frm_style_formidable-style.with_frm_style .frm_form_field.frm_first_half.frm_right_container .frm_error,.frm_style_formidable-style.with_frm_style .frm_form_field.frm_first_half .frm_right_container div.frm_description,.frm_style_formidable-style.with_frm_style .frm_form_field.frm_first_half .frm_right_container .frm_error,.frm_style_formidable-style.with_frm_style .frm_form_field.frm_last_half.frm_right_container div.frm_description,.frm_style_formidable-style.with_frm_style .frm_form_field.frm_last_half.frm_right_container .frm_error,.frm_style_formidable-style.with_frm_style .frm_form_field.frm_half.frm_right_container div.frm_description,.frm_style_formidable-style.with_frm_style .frm_form_field.frm_half.frm_right_container .frm_error,.frm_style_formidable-style.with_frm_style .frm_form_field.frm_first_half.frm_left_container div.frm_description,.frm_style_formidable-style.with_frm_style .frm_form_field.frm_first_half.frm_left_container .frm_error,.frm_style_formidable-style.with_frm_style .frm_form_field.frm_first_half .frm_left_container div.frm_description,.frm_style_formidable-style.with_frm_style .frm_form_field.frm_first_half .frm_left_container .frm_error,.frm_style_formidable-style.with_frm_style .frm_form_field.frm_last_half.frm_left_container div.frm_description,.frm_style_formidable-style.with_frm_style .frm_form_field.frm_last_half.frm_left_container .frm_error,.frm_style_formidable-style.with_frm_style .frm_form_field.frm_half.frm_left_container div.frm_description,.frm_style_formidable-style.with_frm_style .frm_form_field.frm_half.frm_left_container .frm_error{margin-right:0;margin-left:0;padding-right:0;padding-left:0;}}@media only screen and (max-width: 500px) {.frm_style_formidable-style.with_frm_style .frm_form_field.frm_left_container input:not([type=radio]):not([type=checkbox]),.frm_style_formidable-style.with_frm_style .frm_form_field.frm_left_container select,.frm_style_formidable-style.with_frm_style .frm_form_field.frm_left_container textarea,.frm_style_formidable-style.with_frm_style .frm_form_field.frm_left_container:not(.frm_dynamic_select_container) .frm_opt_container,.frm_style_formidable-style.with_frm_style .frm_form_field.frm_left_container .g-recaptcha,.frm_style_formidable-style.with_frm_style .frm_form_field.frm_right_container input:not([type=radio]):not([type=checkbox]),.frm_style_formidable-style.with_frm_style .frm_form_field.frm_right_container select,.frm_style_formidable-style.with_frm_style .frm_form_field.frm_right_container textarea,.frm_style_formidable-style.with_frm_style .frm_form_field.frm_right_container:not(.frm_dynamic_select_container) .frm_opt_container,.frm_style_formidable-style.with_frm_style .frm_form_field.frm_right_container .g-recaptcha,.frm_style_formidable-style.with_frm_style .frm_left_container p.description,.frm_style_formidable-style.with_frm_style .frm_left_container div.description,.frm_style_formidable-style.with_frm_style .frm_left_container div.frm_description,.frm_style_formidable-style.with_frm_style .frm_left_container .frm_error,.frm_style_formidable-style.with_frm_style .frm_left_container .attachment-thumbnail,.frm_style_formidable-style.with_frm_style .frm_right_container p.description,.frm_style_formidable-style.with_frm_style .frm_right_container div.description,.frm_style_formidable-style.with_frm_style .frm_right_container div.frm_description,.frm_style_formidable-style.with_frm_style .frm_right_container .frm_error{max-width:100%;}.frm_style_formidable-style.with_frm_style .frm_left_container p.description,.frm_style_formidable-style.with_frm_style .frm_left_container div.description,.frm_style_formidable-style.with_frm_style .frm_left_container div.frm_description,.frm_style_formidable-style.with_frm_style .frm_left_container .frm_error,.frm_style_formidable-style.with_frm_style .frm_left_container .attachment-thumbnail,.frm_style_formidable-style.with_frm_style .frm_right_container p.description,.frm_style_formidable-style.with_frm_style .frm_right_container div.description,.frm_style_formidable-style.with_frm_style .frm_right_container div.frm_description,.frm_style_formidable-style.with_frm_style .frm_right_container .frm_error,.frm_style_formidable-style.with_frm_style .frm_left_container label.frm_primary_label,.frm_style_formidable-style.with_frm_style .frm_right_container label.frm_primary_label{width:100%;max-width:100%;margin-right:0px;margin-left:0px;padding-right:0px;padding-left:0px;}}.frm_ajax_loading{visibility:hidden;width:auto;}.frm_ajax_loading.frm_loading_now{visibility:visible !important;}.frm_form_submit_style{height:auto;}a.frm_save_draft{cursor:pointer;}.horizontal_radio .frm_radio{margin:0 5px 0 0;}.horizontal_radio .frm_checkbox{margin:0;margin-right:5px;}.vertical_radio .frm_checkbox,.vertical_radio .frm_radio,.vertical_radio .frm_catlevel_1{display:block;}.horizontal_radio .frm_checkbox,.horizontal_radio .frm_radio,.horizontal_radio .frm_catlevel_1{display:inline-block;}.with_frm_style .frm_radio label .frm_file_container,.with_frm_style .frm_checkbox label .frm_file_container{display:inline-block;margin:5px;vertical-align:middle;}.with_frm_style .frm_radio input[type=radio]{border-radius:10px;-webkit-appearance:radio;}.with_frm_style .frm_checkbox input[type=checkbox]{border-radius:0;-webkit-appearance:checkbox;}.with_frm_style .frm_radio input[type=radio],.with_frm_style .frm_checkbox input[type=checkbox]{margin-right:5px;width:auto;border:none;}.with_frm_style :invalid,.with_frm_style :-moz-submit-invalid,.with_frm_style :-moz-ui-invalid{box-shadow:none;}.with_frm_style .frm_error_style img{padding-right:10px;vertical-align:middle;border:none;}.with_frm_style .frm_trigger{cursor:pointer;}.with_frm_style .frm_error_style,.with_frm_style .frm_message,.frm_success_style{-moz-border-radius:4px;-webkit-border-radius:4px;border-radius:4px;padding:15px;}.with_frm_style .frm_message p{margin-bottom:5px;}.frm_form_fields_style,.frm_form_fields_active_style,.frm_form_fields_error_style,.frm_form_submit_style{width:auto;}.with_frm_style .frm_trigger span{float:left;}.with_frm_style table.frm-grid,#content .with_frm_style table.frm-grid{border-collapse:collapse;border:none;}.frm-grid td,.frm-grid th{padding:5px;border-width:1px;border-style:solid;border-color:#cccccc;border-top:none;border-left:none;border-right:none;}table.form_results.with_frm_style{border:1px solid #ccc;}table.form_results.with_frm_style tr td{text-align:left;color:#555555;padding:7px 9px;border-top:1px solid #cccccc;}table.form_results.with_frm_style tr.frm_even,.frm-grid .frm_even{background-color:#fff;}table.form_results.with_frm_style tr.frm_odd,.frm-grid .frm_odd{background-color:#ffffff;}.with_frm_style .frm_uploaded_files{padding:5px 0;}.with_frm_style .frm_file_names{display:block;}.frm_collapse .ui-icon{display:inline-block;}.frm_toggle_container{border:1px solid transparent;}.frm_toggle_container ul{margin:5px 0;padding-left:0;list-style-type:none;}.frm_toggle_container .frm_month_heading{text-indent:15px;}.frm_toggle_container .frm_month_listing{margin-left:40px;}#frm_loading{display:none;position:fixed;top:0;left:0;width:100%;height:100%;z-index:99999;}#frm_loading h3{font-weight:500;padding-bottom:15px;color:#fff;font-size:24px;}#frm_loading_content{position:fixed;top:20%;left:33%;width:33%;text-align:center;padding-top:30px;font-weight:bold;z-index:9999999;}#frm_loading img{max-width:100%;}#frm_loading .progress{border-radius:4px;box-shadow:0 1px 2px rgba(0, 0, 0, 0.1) inset;height:20px;margin-bottom:20px;overflow:hidden;}#frm_loading .progress.active .progress-bar{animation:2s linear 0s normal none infinite progress-bar-stripes;}#frm_loading .progress-striped .progress-bar{background-image:linear-gradient(45deg, #cccccc 25%, rgba(0, 0, 0, 0) 25%, rgba(0, 0, 0, 0) 50%, #cccccc 50%, #cccccc 75%, rgba(0, 0, 0, 0) 75%, rgba(0, 0, 0, 0));background-size:40px 40px;}#frm_loading .progress-bar{background-color:#ffffff;box-shadow:0 -1px 0 rgba(0, 0, 0, 0.15) inset;float:left;height:100%;line-height:20px;text-align:center;transition:width 0.6s ease 0s;width:100%;}.frm_pagination_cont ul.frm_pagination{display:inline-block;list-style:none;margin-left:0 !important;}.frm_pagination_cont ul.frm_pagination > li{display:inline;list-style:none;margin:2px;background-image:none;}ul.frm_pagination > li.active a{text-decoration:none;}.frm_pagination_cont ul.frm_pagination > li:first-child{margin-left:0;}.archive-pagination.frm_pagination_cont ul.frm_pagination > li{margin:0;}.frmcal{padding-top:30px;}.frmcal-title{font-size:116%;}.frmcal table.frmcal-calendar{border-collapse:collapse;margin-top:20px;color:#555555;}.frmcal table.frmcal-calendar,.frmcal table.frmcal-calendar tbody tr td{border:1px solid #cccccc;}.frmcal table.frmcal-calendar,.frmcal,.frmcal-header{width:100%;}.frmcal-header{text-align:center;}.frmcal-prev{margin-right:10px;}.frmcal-prev,.frmcal-dropdown{float:left;}.frmcal-dropdown{margin-left:5px;}.frmcal-next{float:right;}.frmcal table.frmcal-calendar thead tr th{text-align:center;padding:2px 4px;}.frmcal table.frmcal-calendar tbody tr td{height:110px;width:14.28%;vertical-align:top;padding:0 !important;color:#555555;font-size:12px;}table.frmcal-calendar .frmcal_date{background-color:#ffffff;padding:0 5px;text-align:right;-moz-box-shadow:0 2px 5px #cccccc;-webkit-box-shadow:0 2px 5px #cccccc;box-shadow:0 2px 5px #cccccc;-ms-filter:"progid:DXImageTransform.Microsoft.Shadow(Strength=4, Direction=180, Color=''#cccccc'')";filter:progid:DXImageTransform.Microsoft.Shadow(Strength=4, Direction=180, Color=''#cccccc'');}table.frmcal-calendar .frmcal-today .frmcal_date{background-color:#ffffff;padding:0 5px;text-align:right;-moz-box-shadow:0 2px 5px #66afe9;-webkit-box-shadow:0 2px 5px #66afe9;box-shadow:0 2px 5px #66afe9;-ms-filter:"progid:DXImageTransform.Microsoft.Shadow(Strength=4, Direction=180, Color=''#66afe9'')";filter:progid:DXImageTransform.Microsoft.Shadow(Strength=4, Direction=180, Color=''#66afe9'');}.frmcal_num{display:inline;}.frmcal-content{padding:2px 4px;}.frm_image_from_url{height:50px;}.frm-loading-img{background:url(//asiacentre.co.th/wp-content/plugins/formidable/images/ajax_loader.gif) no-repeat center center;padding:6px 12px;}#ui-datepicker-div{display:none;z-index:999999 !important;}.frm_form_fields div.rating-cancel{display:none !important;}.frm_form_fields div.rating-cancel,.frm_form_fields div.star-rating{float:left;width:17px;height:17px;font-size:16px;line-height:normal;cursor:pointer;display:block;background:transparent;overflow:hidden;}.frm_form_fields div.rating-cancel a:before{font:16px/1 ''dashicons'';content:''\\f460'';color:#CDCDCD;}.frm_form_fields div.star-rating:before,.frm_form_fields div.star-rating a:before{font:16px/1 ''dashicons'';content:''\\f154'';color:#F0AD4E;}.frm_form_fields div.rating-cancel a,.frm_form_fields div.star-rating a{display:block;width:16px;height:100%;border:0;}.frm_form_fields div.star-rating-on:before,.frm_form_fields div.star-rating-on a:before{content:''\\f155'';}.frm_form_fields div.star-rating-hover:before,.frm_form_fields div.star-rating-hover a:before{content:''\\f155'';}.frm_form_fields div.frm_half_star:before,.frm_form_fields div.frm_half_star a:before{content:''\\f459'';}.frm_form_fields div.rating-cancel.star-rating-hover a:before{color:#B63E3F;}.frm_form_fields div.star-rating-readonly,.frm_form_fields div.star-rating-readonly a{cursor:default !important;}.frm_form_fields div.star-rating{overflow:hidden!important;}.with_frm_style .frm_form_field{clear:both;}.frm_form_field.frm_right_half,.frm_form_field.frm_right_third,.frm_form_field.frm_right_two_thirds,.frm_form_field.frm_right_fourth,.frm_form_field.frm_right_fifth,.frm_form_field.frm_right_inline,.frm_form_field.frm_last_half,.frm_form_field.frm_last_third,.frm_form_field.frm_last_two_thirds,.frm_form_field.frm_last_fourth,.frm_form_field.frm_last_fifth,.frm_form_field.frm_last_sixth,.frm_form_field.frm_last_seventh,.frm_form_field.frm_last_eighth,.frm_form_field.frm_last_inline,.frm_form_field.frm_last,.frm_form_field.frm_half,.frm_submit.frm_half,.frm_form_field.frm_third,.frm_submit.frm_third,.frm_form_field.frm_two_thirds,.frm_form_field.frm_fourth,.frm_submit.frm_fourth,.frm_form_field.frm_three_fourths,.frm_form_field.frm_fifth,.frm_submit.frm_fifth,.frm_form_field.frm_two_fifths,.frm_form_field.frm_three_fifths,.frm_form_field.frm_four_fifths,.frm_form_field.frm_sixth,.frm_submit.frm_sixth,.frm_form_field.frm_seventh,.frm_submit.frm_seventh,.frm_form_field.frm_eighth,.frm_submit.frm_eighth,.frm_form_field.frm_inline,.frm_submit.frm_inline{clear:none;float:left;margin-left:2.5%;}.frm_form_field.frm_left_half,.frm_form_field.frm_left_third,.frm_form_field.frm_left_two_thirds,.frm_form_field.frm_left_fourth,.frm_form_field.frm_left_fifth,.frm_form_field.frm_left_inline,.frm_form_field.frm_first_half,.frm_form_field.frm_first_third,.frm_form_field.frm_first_two_thirds,.frm_form_field.frm_first_fourth,.frm_form_field.frm_first_fifth,.frm_form_field.frm_first_sixth,.frm_form_field.frm_first_seventh,.frm_form_field.frm_first_eighth,.frm_form_field.frm_first_inline,.frm_form_field.frm_first{clear:left;float:left;margin-left:0;}.frm_form_field.frm_alignright{float:right !important;}.frm_form_field.frm_left_half,.frm_form_field.frm_right_half,.frm_form_field.frm_first_half,.frm_form_field.frm_last_half,.frm_form_field.frm_half,.frm_submit.frm_half{width:48.75%;}.frm_form_field.frm_left_third,.frm_form_field.frm_third,.frm_submit.frm_third,.frm_form_field.frm_right_third,.frm_form_field.frm_first_third,.frm_form_field.frm_last_third{width:31.66%;}.frm_form_field.frm_left_two_thirds,.frm_form_field.frm_right_two_thirds,.frm_form_field.frm_first_two_thirds,.frm_form_field.frm_last_two_thirds,.frm_form_field.frm_two_thirds{width:65.82%;}.frm_form_field.frm_left_fourth,.frm_form_field.frm_fourth,.frm_submit.frm_fourth,.frm_form_field.frm_right_fourth,.frm_form_field.frm_first_fourth,.frm_form_field.frm_last_fourth{width:23.12%;}.frm_form_field.frm_three_fourths{width:74.36%;}.frm_form_field.frm_left_fifth,.frm_form_field.frm_fifth,.frm_submit.frm_fifth,.frm_form_field.frm_right_fifth,.frm_form_field.frm_first_fifth,.frm_form_field.frm_last_fifth{width:18%;}.frm_form_field.frm_two_fifths {width:38.5%;}.frm_form_field.frm_three_fifths {width:59%;}.frm_form_field.frm_four_fifths {width:79.5%;}.frm_form_field.frm_sixth,.frm_submit.frm_sixth,.frm_form_field.frm_first_sixth,.frm_form_field.frm_last_sixth{width:14.58%;}.frm_form_field.frm_seventh,.frm_submit.frm_seventh,.frm_form_field.frm_first_seventh,.frm_form_field.frm_last_seventh{width:12.14%;}.frm_form_field.frm_eighth,.frm_submit.frm_eighth,.frm_form_field.frm_first_eighth,.frm_form_field.frm_last_eighth{width:10.31%;}.frm_form_field.frm_left_inline,.frm_form_field.frm_first_inline,.frm_form_field.frm_inline,.frm_submit.frm_inline,.frm_form_field.frm_right_inline,.frm_form_field.frm_last_inline{width:auto;}.with_frm_style .frm_form_field.frm_first_half.frm_right_container div.frm_description,.with_frm_style .frm_form_field.frm_first_half.frm_right_container .frm_error,.with_frm_style .frm_form_field.frm_first_half .frm_right_container div.frm_description,.with_frm_style .frm_form_field.frm_first_half .frm_right_container .frm_error,.with_frm_style .frm_form_field.frm_last_half.frm_right_container div.frm_description,.with_frm_style .frm_form_field.frm_last_half.frm_right_container .frm_error,.with_frm_style .frm_form_field.frm_half.frm_right_container div.frm_description,.with_frm_style .frm_form_field.frm_half.frm_right_container .frm_error{margin-right:33%;padding-right:12px;}.with_frm_style .frm_form_field.frm_first_half.frm_left_container div.frm_description,.with_frm_style .frm_form_field.frm_first_half.frm_left_container .frm_error,.with_frm_style .frm_form_field.frm_first_half .frm_left_container div.frm_description,.with_frm_style .frm_form_field.frm_first_half .frm_left_container .frm_error,.with_frm_style .frm_form_field.frm_last_half.frm_left_container div.frm_description,.with_frm_style .frm_form_field.frm_last_half.frm_left_container .frm_error,.with_frm_style .frm_form_field.frm_half.frm_left_container div.frm_description,.with_frm_style .frm_form_field.frm_half.frm_left_container .frm_error{margin-left:33%;padding-left:12px;}.frm_full,.frm_full .wp-editor-wrap,.frm_full input:not([type=''checkbox'']):not([type=''radio'']):not([type=''button'']),.frm_full select,.frm_full textarea{width:100% !important;}.frm_full .wp-editor-wrap input{width:auto !important;}.frm_form_field.frm_left_container label.frm_primary_label{float:left;display:inline;max-width:33%;margin-right:10px;}.frm_form_field.frm_left_container input:not([type=radio]):not([type=checkbox]),.frm_form_field.frm_left_container select,.frm_form_field.frm_left_container textarea,.frm_form_field.frm_left_container:not(.frm_dynamic_select_container) .frm_opt_container,.frm_form_field.frm_left_container .g-recaptcha,.frm_form_field.frm_right_container input:not([type=radio]):not([type=checkbox]),.frm_form_field.frm_right_container select,.frm_form_field.frm_right_container textarea,.frm_form_field.frm_right_container:not(.frm_dynamic_select_container) .frm_opt_container,.frm_form_field.frm_right_container .g-recaptcha{max-width:62%;}.frm_form_field.frm_left_container:not(.frm_dynamic_select_container) .frm_opt_container,.frm_form_field.frm_right_container:not(.frm_dynamic_select_container) .frm_opt_container,.frm_form_field.frm_left_container .g-recaptcha,.frm_form_field.frm_right_container .g-recaptcha{display:inline-block;}.frm_left_container p.description,.frm_left_container div.description,.frm_left_container div.frm_description,.frm_left_container .frm_error{margin-left:33%;max-width:62%;}.frm_form_field.frm_left_half.frm_left_container .frm_primary_label,.frm_form_field.frm_right_half.frm_left_container .frm_primary_label,.frm_form_field.frm_left_half.frm_right_container .frm_primary_label,.frm_form_field.frm_right_half.frm_right_container .frm_primary_label,.frm_form_field.frm_first_half.frm_left_container .frm_primary_label,.frm_form_field.frm_last_half.frm_left_container .frm_primary_label,.frm_form_field.frm_first_half.frm_right_container .frm_primary_label,.frm_form_field.frm_last_half.frm_right_container .frm_primary_label,.frm_form_field.frm_half.frm_right_container .frm_primary_label,.frm_form_field.frm_half.frm_left_container .frm_primary_label{-webkit-box-sizing:border-box;-moz-box-sizing:border-box;box-sizing:border-box;max-width:33%;}.wp-editor-wrap *,.wp-editor-wrap *:after,.wp-editor-wrap *:before{-webkit-box-sizing:content-box;-moz-box-sizing:content-box;box-sizing:content-box;}.with_frm_style .frm_grid,.with_frm_style .frm_grid_first,.with_frm_style .frm_grid_odd{clear:both;margin-bottom:0 !important;padding:5px;border-width:1px;border-style:solid;border-color:#cccccc;border-left:none;border-right:none;}.with_frm_style .frm_grid,.with_frm_style .frm_grid_odd{border-top:none;}.frm_grid .frm_error,.frm_grid_first .frm_error,.frm_grid_odd .frm_error{display:none;}.frm_grid:after,.frm_grid_first:after,.frm_grid_odd:after{visibility:hidden;display:block;font-size:0;content:" ";clear:both;height:0;}.frm_grid_first{margin-top:20px;}.frm_grid_first,.frm_grid_odd{background-color:#ffffff;}.frm_grid{background-color:#ffffff;}.frm_grid .frm_primary_label,.frm_grid_first .frm_primary_label,.frm_grid_odd .frm_primary_label,.frm_grid .frm_radio,.frm_grid_first .frm_radio,.frm_grid_odd .frm_radio,.frm_grid .frm_checkbox,.frm_grid_first .frm_checkbox,.frm_grid_odd .frm_checkbox{float:left !important;display:block;margin-top:0;margin-left:0 !important;}.frm_grid_first .frm_radio label,.frm_grid .frm_radio label,.frm_grid_odd .frm_radio label,.frm_grid_first .frm_checkbox label,.frm_grid .frm_checkbox label,.frm_grid_odd .frm_checkbox label{visibility:hidden;white-space:nowrap;text-align:left;}.frm_grid_first .frm_radio label input,.frm_grid .frm_radio label input,.frm_grid_odd .frm_radio label input,.frm_grid_first .frm_checkbox label input,.frm_grid .frm_checkbox label input,.frm_grid_odd .frm_checkbox label input{visibility:visible;margin:2px 0 0;float:right;}.frm_grid .frm_radio,.frm_grid_first .frm_radio,.frm_grid_odd .frm_radio,.frm_grid .frm_checkbox,.frm_grid_first .frm_checkbox,.frm_grid_odd .frm_checkbox{display:inline;}.frm_grid_2 .frm_radio,.frm_grid_2 .frm_checkbox,.frm_grid_2 label.frm_primary_label{width:48% !important;}.frm_grid_2 .frm_radio,.frm_grid_2 .frm_checkbox{margin-right:4%;}.frm_grid_3 .frm_radio,.frm_grid_3 .frm_checkbox,.frm_grid_3 label.frm_primary_label{width:30% !important;}.frm_grid_3 .frm_radio,.frm_grid_3 .frm_checkbox{margin-right:3%;}.frm_grid_4 .frm_radio,.frm_grid_4 .frm_checkbox{width:20% !important;}.frm_grid_4 label.frm_primary_label{width:28% !important;}.frm_grid_4 .frm_radio,.frm_grid_4 .frm_checkbox{margin-right:4%;}.frm_grid_5 label.frm_primary_label,.frm_grid_7 label.frm_primary_label{width:24% !important;}.frm_grid_5 .frm_radio,.frm_grid_5 .frm_checkbox{width:17% !important;margin-right:2%;}.frm_grid_6 label.frm_primary_label{width:25% !important;}.frm_grid_6 .frm_radio,.frm_grid_6 .frm_checkbox{width:14% !important;margin-right:1%;}.frm_grid_7 label.frm_primary_label{width:22% !important;}.frm_grid_7 .frm_radio,.frm_grid_7 .frm_checkbox{width:12% !important;margin-right:1%;}.frm_grid_8 label.frm_primary_label{width:23% !important;}.frm_grid_8 .frm_radio,.frm_grid_8 .frm_checkbox{width:10% !important;margin-right:1%;}.frm_grid_9 label.frm_primary_label{width:20% !important;}.frm_grid_9 .frm_radio,.frm_grid_9 .frm_checkbox{width:9% !important;margin-right:1%;}.frm_grid_10 label.frm_primary_label{width:19% !important;}.frm_grid_10 .frm_radio,.frm_grid_10 .frm_checkbox{width:8% !important;margin-right:1%;}.with_frm_style .frm_inline_container.frm_grid_first label.frm_primary_label,.with_frm_style .frm_inline_container.frm_grid label.frm_primary_label,.with_frm_style .frm_inline_container.frm_grid_odd label.frm_primary_label,.with_frm_style .frm_inline_container.frm_grid_first .frm_opt_container,.with_frm_style .frm_inline_container.frm_grid .frm_opt_container,.with_frm_style .frm_inline_container.frm_grid_odd .frm_opt_container{margin-right:0;}.with_frm_style .frm_inline_container.frm_scale_container label.frm_primary_label{float:left;}.with_frm_style .frm_other_input.frm_other_full{margin-top:10px;}.with_frm_style .frm_repeat_sec{margin-bottom:20px;margin-top:20px;}.with_frm_style .frm_repeat_inline{clear:both;}.frm_form_field .frm_repeat_sec .frm_add_form_row{opacity:0;display:none;*display:inline;display:inline\\0/; -moz-transition: opacity .15s ease-in-out;-webkit-transition: opacity .15s ease-in-out;transition: opacity .15s ease-in-out;pointer-events:none;}.frm_section_heading div.frm_repeat_sec:last-child .frm_add_form_row{opacity:100;display:inline;pointer-events:auto;}.frm_form_field .frm_repeat_grid .frm_form_field label.frm_primary_label{display:none !important;}.frm_form_field .frm_repeat_grid.frm_first_repeat .frm_form_field label.frm_primary_label{display:inherit !important;}.frm_form_field.frm_two_col .frm_radio,.frm_form_field.frm_three_col .frm_radio,.frm_form_field.frm_four_col .frm_radio,.frm_form_field.frm_two_col .frm_checkbox,.frm_form_field.frm_three_col .frm_checkbox,.frm_form_field.frm_four_col .frm_checkbox{float:left;}.frm_form_field.frm_two_col .frm_radio,.frm_form_field.frm_two_col .frm_checkbox{width:48%;margin-right:4%;}.frm_form_field.frm_three_col .frm_radio,.frm_form_field.frm_three_col .frm_checkbox{width:30%;margin-right:5%;}.frm_form_field.frm_four_col .frm_radio,.frm_form_field.frm_four_col .frm_checkbox{width:22%;margin-right:4%;}.frm_form_field.frm_two_col .frm_radio:nth-child(2n+2),.frm_form_field.frm_two_col .frm_checkbox:nth-child(2n+2),.frm_form_field.frm_three_col .frm_radio:nth-child(3n+3),.frm_form_field.frm_three_col .frm_checkbox:nth-child(3n+3),.frm_form_field.frm_four_col .frm_radio:nth-child(4n+4),.frm_form_field.frm_four_col .frm_checkbox:nth-child(4n+4){margin-right:0;}.frm_form_field.frm_scroll_box .frm_opt_container{height:100px;overflow:auto;}.frm_form_field.frm_html_scroll_box{height:100px;overflow:auto;background-color:#ffffff;border-color:#cccccc;border-width:1px;border-style:solid;-moz-border-radius:4px;-webkit-border-radius:4px;border-radius:4px;width:100%;max-width:100%;font-size:14px;padding:6px 10px;-webkit-box-sizing:border-box;-moz-box-sizing:border-box;box-sizing:border-box;outline:none;font-weight:normal;box-shadow:0 1px 1px rgba(0, 0, 0, 0.075) inset;}.frm_form_field.frm_two_col .frm_opt_container:after,.frm_form_field.frm_three_col .frm_opt_container:after,.frm_form_field.frm_four_col .frm_opt_container:after{content:".";display:block;clear:both;visibility:hidden;line-height:0;height:0;}.frm_form_field.frm_total input,.frm_form_field.frm_total textarea{opacity:1;background-color:transparent !important;border:none !important;font-weight:bold;-moz-box-shadow:none;-webkit-box-shadow:none;box-shadow:none !important;display:inline;width:auto !important;-moz-appearance:textfield;padding:0;}.frm_form_field.frm_total input::-webkit-outer-spin-button,.frm_form_field.frm_total input::-webkit-inner-spin-button {-webkit-appearance: none;}.frm_form_field.frm_total input:focus,.frm_form_field.frm_total textarea:focus{background-color:transparent;border:none;-moz-box-shadow:none;-webkit-box-shadow:none;box-shadow:none;}.frm_text_block{margin-left:20px;}.frm_text_block input,.frm_text_block label.frm_primary_label{margin-left:-20px;}.frm_text_block .frm_checkbox input[type=checkbox],.frm_text_block .frm_radio input[type=radio]{margin-right:4px;}.frm_form_field.frm_capitalize input,.frm_form_field.frm_capitalize select,.frm_form_field.frm_capitalize .frm_opt_container label{text-transform:capitalize;}.frm_clearfix:after{content:".";display:block;clear:both;visibility:hidden;line-height:0;height:0;}.frm_clearfix{display:inline-block;}html[xmlns] .frm_clearfix{display:block;}* html .frm_clearfix{height:1%;}.with_frm_style.frm_login_form,.with_frm_style.frm_login_form form{clear:both;}.with_frm_style.frm_login_form.frm_inline_login .login-remember input{vertical-align:baseline;}.with_frm_style.frm_login_form.frm_inline_login .login-submit{float:left;}.with_frm_style.frm_login_form.frm_inline_login label{display:inline;}.with_frm_style.frm_login_form.frm_inline_login .login-username,.with_frm_style.frm_login_form.frm_inline_login .login-password,.with_frm_style.frm_login_form.frm_inline_login .login-remember{float:left;margin-right:5px;}.with_frm_style.frm_login_form.frm_inline_login form{position:relative;clear:none;}.with_frm_style.frm_login_form.frm_inline_login .login-remember{position:absolute;top:35px;}.with_frm_style.frm_login_form.frm_inline_login input[type=submit]{margin:0 !important;}.with_frm_style.frm_login_form.frm_no_labels .login-username label,.with_frm_style.frm_login_form.frm_no_labels .login-password label{display:none;}.with_frm_style .frm-open-login{float:left;margin-right:15px;}.with_frm_style .frm-open-login a{text-decoration:none;border:none;outline:none;}.with_frm_style.frm_slide.frm_login_form form{display:none;}.with_frm_style .chosen-container{font-size:14px;position:relative;display:inline-block;zoom:1;vertical-align:middle;-webkit-user-select:none;-moz-user-select:none;user-select:none;*display:inline;}.with_frm_style .chosen-container .chosen-drop{background:#fff;border:1px solid #aaa;border-top:0;position:absolute;top:100%;left:-9999px;box-shadow:0 4px 5px rgba(0,0,0,.15);z-index:1010;-webkit-box-sizing:border-box;-moz-box-sizing:border-box;box-sizing:border-box;width:100%;}.with_frm_style .chosen-container.chosen-with-drop .chosen-drop{left:0;}.with_frm_style .chosen-container a{cursor:pointer;}.with_frm_style .chosen-container-single .chosen-single{position:relative;display:block;overflow:hidden;padding:0 0 0 8px;height:25px;background:-webkit-gradient(linear, 50% 0%, 50% 100%, color-stop(20%, #ffffff), color-stop(50%, #f6f6f6), color-stop(52%, #eeeeee), color-stop(100%, #f4f4f4));background:-webkit-linear-gradient(top, #ffffff 20%, #f6f6f6 50%, #eeeeee 52%, #f4f4f4 100%);background:-moz-linear-gradient(top, #ffffff 20%, #f6f6f6 50%, #eeeeee 52%, #f4f4f4 100%);background:-o-linear-gradient(top, #ffffff 20%, #f6f6f6 50%, #eeeeee 52%, #f4f4f4 100%);background:linear-gradient(top, #ffffff 20%, #f6f6f6 50%, #eeeeee 52%, #f4f4f4 100%);background-clip:padding-box;box-shadow:0 0 3px white inset, 0 1px 1px rgba(0, 0, 0, 0.1);text-decoration:none;white-space:nowrap;line-height:24px;}.with_frm_style .chosen-container-single .chosen-single span{margin-right:26px;display:block;overflow:hidden;white-space:nowrap;text-overflow:ellipsis;}.with_frm_style .chosen-container-single .chosen-single-with-deselect span{margin-right:38px;}.with_frm_style .chosen-container-single .chosen-single abbr{display:block;position:absolute;right:26px;top:6px;width:12px;height:12px;font-size:1px;background:url(''//asiacentre.co.th/wp-content/plugins/formidable/pro/images/chosen-sprite.png'') -42px 1px no-repeat;}.with_frm_style .chosen-container-single .chosen-single abbr:hover{background-position:-42px -10px;}.with_frm_style .chosen-container-single.chosen-disabled .chosen-single abbr:hover{background-position:-42px -10px;}.with_frm_style .chosen-container-single .chosen-single div{position:absolute;right:0;top:0;display:block;height:100%;width:18px;}.with_frm_style .chosen-container-single .chosen-single div b{background:url(''//asiacentre.co.th/wp-content/plugins/formidable/pro/images/chosen-sprite.png'') no-repeat 0px 2px;display:block;width:100%;height:100%;}.with_frm_style .chosen-container-single .chosen-search{padding:3px 4px;position:relative;margin:0;white-space:nowrap;z-index:1010;}.with_frm_style .chosen-container-single .chosen-search input[type="text"]{-webkit-box-sizing:border-box;-moz-box-sizing:border-box;box-sizing:border-box;width:100%;height:auto;background:white url(''//asiacentre.co.th/wp-content/plugins/formidable/pro/images/chosen-sprite.png'') no-repeat 100% -20px;background:url(''//asiacentre.co.th/wp-content/plugins/formidable/pro/images/chosen-sprite.png'') no-repeat 100% -20px;font-size:1em;font-family:sans-serif;line-height:normal;border-radius:0;}.with_frm_style .chosen-container-single .chosen-drop{margin-top:-1px;border-radius:0 0 4px 4px;background-clip:padding-box;}.with_frm_style .chosen-container-single.chosen-container-single-nosearch .chosen-search{position:absolute;left:-9999px;}.with_frm_style .chosen-container .chosen-results{cursor:text;overflow-x:hidden;overflow-y:auto;position:relative;margin:0 4px 4px 0;padding:0 0 0 4px;max-height:240px;word-wrap:break-word;-webkit-overflow-scrolling:touch;}.with_frm_style .chosen-container .chosen-results li:before{background:none;}.with_frm_style .chosen-container .chosen-results li{display:none;margin:0;padding:5px 6px;list-style:none;line-height:15px;-webkit-touch-callout:none;}.with_frm_style .chosen-container .chosen-results li.active-result{display:list-item;cursor:pointer;}.with_frm_style .chosen-container .chosen-results li.disabled-result{display:list-item;color:#ccc;cursor:default;}.with_frm_style .chosen-container .chosen-results li.highlighted{background-color:#3875d7;color:#fff;}.with_frm_style .chosen-container .chosen-results li.no-results{display:list-item;background:#f4f4f4;}.with_frm_style .chosen-container .chosen-results li.group-result{display:list-item;font-weight:bold;cursor:default;}.with_frm_style .chosen-container .chosen-results li.group-option{padding-left:15px;}.with_frm_style .chosen-container .chosen-results li em{font-style:normal;text-decoration:underline;}.with_frm_style .chosen-container-multi .chosen-choices{position:relative;overflow:hidden;-webkit-box-sizing:border-box;-moz-box-sizing:border-box;box-sizing:border-box;margin:0;padding:0 5px;width:100%;height:auto !important;height:1%;cursor:text;}.with_frm_style .chosen-container-multi .chosen-choices li{float:left;list-style:none;}.with_frm_style .chosen-container-multi .chosen-choices li.search-field{margin:0;padding:0;white-space:nowrap;}.with_frm_style .chosen-container-multi .chosen-choices li.search-field input[type="text"]{margin:1px 0;padding:0;height:25px;outline:0;border:0 !important;background:transparent !important;box-shadow:none;color:#666;font-size:100%;font-family:sans-serif;line-height:normal;border-radius:0;}.with_frm_style .chosen-container-multi .chosen-choices li.search-choice{position:relative;margin:3px 5px 3px 0;padding:3px 20px 3px 5px;border:1px solid #aaa;max-width:100%;border-radius:3px;background-color:#eee;background-size:100% 19px;background-repeat:repeat-x;background-clip:padding-box;box-shadow:0 0 2px white inset, 0 1px 0 rgba(0, 0, 0, 0.05);color:#333;line-height:13px;cursor:default;}.with_frm_style .chosen-container-multi .chosen-choices li.search-choice .search-choice-close{position:absolute;top:4px;right:3px;display:block;width:12px;height:12px;background:url(''//asiacentre.co.th/wp-content/plugins/formidable/pro/images/chosen-sprite.png'') -42px 1px no-repeat;font-size:1px;}.with_frm_style .chosen-container-multi .chosen-choices li.search-choice .search-choice-close:hover{background-position:-42px -10px;}.with_frm_style .chosen-container-multi .chosen-choices li.search-choice-disabled{padding-right:5px;border:1px solid #ccc;background-color:#e4e4e4;color:#666;}.with_frm_style .chosen-container-multi .chosen-choices li.search-choice-focus{background:#d4d4d4;}.with_frm_style .chosen-container-multi .chosen-choices li.search-choice-focus .search-choice-close{background-position:-42px -10px;}.with_frm_style .chosen-container-multi .chosen-results{margin:0;padding:0;}.with_frm_style .chosen-container-multi .chosen-drop .result-selected{display:list-item;color:#ccc;cursor:default;}.with_frm_style .chosen-container-active .chosen-single{border:1px solid #5897fb;box-shadow:0 0 5px rgba(0, 0, 0, 0.3);}.with_frm_style .chosen-container-active.chosen-with-drop .chosen-single{border:1px solid #aaa;-moz-border-radius-bottomright:0;border-bottom-right-radius:0;-moz-border-radius-bottomleft:0;border-bottom-left-radius:0;box-shadow:0 1px 0 #fff inset;}.with_frm_style .chosen-container-active.chosen-with-drop .chosen-single div{border-left:none;background:transparent;}.with_frm_style .chosen-container-active.chosen-with-drop .chosen-single div b{background-position:-18px 2px;}.with_frm_style .chosen-container-active .chosen-choices li.search-field input[type="text"]{color:#111 !important;}.with_frm_style .chosen-disabled{opacity:0.5 !important;cursor:default;}.with_frm_style .chosen-disabled .chosen-single{cursor:default;}.with_frm_style .chosen-disabled .chosen-choices .search-choice .search-choice-close{cursor:default;}.with_frm_style .chosen-rtl{text-align:right;}.with_frm_style .chosen-rtl .chosen-single{overflow:visible;padding:0 8px 0 0;}.with_frm_style .chosen-rtl .chosen-single span{margin-right:0;margin-left:26px;direction:rtl;}.with_frm_style .chosen-rtl .chosen-single-with-deselect span{margin-left:38px;}.with_frm_style .chosen-rtl .chosen-single div{right:auto;left:3px;}.with_frm_style .chosen-rtl .chosen-single abbr{right:auto;left:26px;}.with_frm_style .chosen-rtl .chosen-choices li{float:right;}.with_frm_style .chosen-rtl .chosen-choices li.search-field input[type="text"]{direction:rtl;}.with_frm_style .chosen-rtl .chosen-choices li.search-choice{margin:3px 5px 3px 0;padding:3px 5px 3px 19px;}.with_frm_style .chosen-rtl .chosen-choices li.search-choice .search-choice-close{right:auto;left:4px;}.with_frm_style .chosen-rtl.chosen-container-single-nosearch .chosen-search, .with_frm_style .chosen-rtl .chosen-drop{left:9999px;}.with_frm_style .chosen-rtl.chosen-container-single .chosen-results{margin:0 0 4px 4px;padding:0 4px 0 0;}.with_frm_style .chosen-rtl .chosen-results li.group-option{padding-right:15px;padding-left:0;}.with_frm_style .chosen-rtl.chosen-container-active.chosen-with-drop .chosen-single div{border-right:none;}.with_frm_style .chosen-rtl .chosen-search input[type="text"]{padding:4px 5px 4px 20px;background:white url(''//asiacentre.co.th/wp-content/plugins/formidable/pro/images/chosen-sprite.png'') no-repeat -30px -20px;background:url(''//asiacentre.co.th/wp-content/plugins/formidable/pro/images/chosen-sprite.png'') no-repeat -30px -20px;direction:rtl;}.with_frm_style .chosen-rtl.chosen-container-single .chosen-single div b{background-position:6px 2px;}.with_frm_style .chosen-rtl.chosen-container-single.chosen-with-drop .chosen-single div b{background-position:-12px 2px;}@font-face {font-family:''s11-fp'';src:url(''//asiacentre.co.th/wp-content/plugins/formidable/fonts/s11-fp.eot'');src:local(''☺''), url(''//asiacentre.co.th/wp-content/plugins/formidable/fonts/s11-fp.woff'') format(''woff''), url(''//asiacentre.co.th/wp-content/plugins/formidable/fonts/s11-fp.ttf'') format(''truetype''), url(''//asiacentre.co.th/wp-content/plugins/formidable/fonts/s11-fp.svg'') format(''svg'');font-weight:normal;font-style:normal;}.frm_icon_font,.frm_dashicon_font{text-decoration:none;text-shadow: none;font-weight:normal;}i.frm_icon_font{font-style:normal;}.frm_icon_font:before,select.frm_icon_font{font-family: ''s11-fp'' !important;font-size:16px;speak: none;-webkit-font-smoothing: antialiased;-moz-osx-font-smoothing: grayscale;-moz-transition: all .1s ease-in-out;-webkit-transition: all .1s ease-in-out;transition: all .1s ease-in-out;}.frm_icon_font,a.frm_icon_font.frm_icon_font:hover,a.frm_icon_font:hover{text-decoration:none !important;}.frm_icon_font:focus,.frm_dashicon_font:focus{box-shadow:none;-webkit-box-shadow:none;}.frm_duplicate_icon:active,.frm_move_icon:active,.frm_delete_icon:active{outline:none;}.ab-icon.frm_dashicon_font:before{content: "\\f324";}.frm_logo_icon:before {content: "\\e601";}.frm_required_icon:before {content: "\\e612";}.frm_delete_icon:before {content: "\\e610" !important;}.frm_move_icon:before {content: "\\e61a";}.frm_clear_icon:before {content: "\\e60a";}.frm_noclear_icon:before {content: "\\e60b";}.frm_duplicate_icon:before {content: "\\e61b";}.frm_new_icon:before {content: "\\e614";}.frm_tooltip_icon:before {content: "\\e611";}.frm_forbid_icon:before {content: "\\e636";}.frm_check_icon:before {content: "\\e605";}.frm_check1_icon:before {content: "\\e606";}.frm_plus_icon:before {content: "\\e62f";}.frm_plus1_icon:before {content: "\\e602";}.frm_plus2_icon:before {content: "\\e603";}.frm_plus3_icon:before {content: "\\e632";}.frm_plus4_icon:before {content: "\\e60f";}.frm_minus_icon:before {content: "\\e62e";}.frm_minus1_icon:before {content: "\\e600";}.frm_minus2_icon:before {content: "\\e604";}.frm_minus3_icon:before {content: "\\e633";}.frm_minus4_icon:before {content: "\\e613";}.frm_cancel_icon:before {content: "\\e607";}.frm_cancel1_icon:before {content: "\\e608";}.frm_arrowup_icon:before {content: "\\e60d";}.frm_arrowup1_icon:before {content: "\\e60e";}.frm_arrowup2_icon:before {content: "\\e630";}.frm_arrowup3_icon:before {content: "\\e62b";}.frm_arrowup4_icon:before {content: "\\e62c";}.frm_arrowup5_icon:before {content: "\\e635";}.frm_arrowup6_icon:before {content: "\\e62d";}.frm_arrowdown_icon:before {content: "\\e609";}.frm_arrowdown1_icon:before {content: "\\e60c";}.frm_arrowdown2_icon:before {content: "\\e631";}.frm_arrowdown3_icon:before {content: "\\e628";}.frm_arrowdown4_icon:before {content: "\\e629";}.frm_arrowdown5_icon:before {content: "\\e634";}.frm_arrowdown6_icon:before {content: "\\e62a";}.frm_download_icon:before {content: "\\e615";}.frm_upload_icon:before {content: "\\e616";}.frm_menu_icon:before {content: "\\e618";}.frm_twitter_icon:before {content: "\\e619";}.frm_sms_icon:before {content: "\\e61c";}.frm_pencil_icon:before {content: "\\e61d";}.frm_pencil1_icon:before {content: "\\e61e";}.frm_paypal_icon:before {content: "\\e61f";}.frm_twilio_icon:before {content: "\\e620";}.frm_googleplus_icon:before {content: "\\e621";}.frm_mailchimp_icon:before {content: "\\e622";}.frm_pdf_icon:before {content: "\\e623";}.frm_highrise_icon:before {content: "\\e617";}.frm_feed_icon:before {content: "\\e624";}.frm_facebook_icon:before {content: "\\e625";}.frm_email_icon:before {content: "\\e626";}.frm_aweber_icon:before {content: "\\e627";}.frm_register_icon:before {content: "\\e637";}@media only screen and (-webkit-min-device-pixel-ratio: 2), only screen and (min-resolution: 144dpi){.with_frm_style .chosen-rtl .chosen-search input[type="text"],.with_frm_style .chosen-container-single .chosen-single abbr,.with_frm_style .chosen-container-single .chosen-single div b,.with_frm_style .chosen-container-single .chosen-search input[type="text"],.with_frm_style .chosen-container-multi .chosen-choices .search-choice .search-choice-close,.with_frm_style .chosen-container .chosen-results-scroll-down span,.with_frm_style .chosen-container .chosen-results-scroll-up span{background-image:url(''//asiacentre.co.th/wp-content/plugins/formidable/pro/images/chosen-sprite2x.png'') !important;background-size:52px 37px !important;background-repeat:no-repeat !important;}}@media only screen and (max-width: 900px) {.frm_form_field .frm_repeat_grid .frm_form_field.frm_sixth label.frm_primary_label,.frm_form_field .frm_repeat_grid .frm_form_field.frm_seventh label.frm_primary_label,.frm_form_field .frm_repeat_grid .frm_form_field.frm_eighth label.frm_primary_label{display: block !important;}.frm_form_field .frm_repeat_grid .frm_form_field.frm_repeat_buttons.frm_seventh label.frm_primary_label{display:none !important;}}@media only screen and (max-width: 600px) {.frm_form_field.frm_half,.frm_submit.frm_half,.frm_form_field.frm_left_half,.frm_form_field.frm_right_half,.frm_form_field.frm_first_half,.frm_form_field.frm_last_half,.frm_form_field.frm_first_third,.frm_form_field.frm_third,.frm_submit.frm_third,.frm_form_field.frm_last_third,.frm_form_field.frm_first_two_thirds,.frm_form_field.frm_last_two_thirds,.frm_form_field.frm_two_thirds,.frm_form_field.frm_left_fourth,.frm_form_field.frm_fourth,.frm_submit.frm_fourth,.frm_form_field.frm_right_fourth,.frm_form_field.frm_first_fourth,.frm_form_field.frm_last_fourth,.frm_form_field.frm_three_fourths,.frm_form_field.frm_fifth,.frm_submit.frm_fifth,.frm_form_field.frm_two_fifths,.frm_form_field.frm_three_fifths,.frm_form_field.frm_four_fifths,.frm_form_field.frm_sixth,.frm_submit.frm_sixth,.frm_form_field.frm_seventh,.frm_submit.frm_seventh,.frm_form_field.frm_eighth,.frm_submit.frm_eighth,.frm_form_field.frm_first_inline,.frm_form_field.frm_inline,.frm_submit.frm_inline,.frm_form_field.frm_last_inline{width:100%;margin-left:0;margin-right:0;clear:both;float:none;}.frm_form_field.frm_four_col .frm_radio,.frm_form_field.frm_four_col .frm_checkbox{width:48%;margin-right:4%;}.frm_form_field.frm_four_col .frm_radio:nth-child(2n+2),.frm_form_field.frm_four_col .frm_checkbox:nth-child(2n+2){margin-right:0;}.frm_form_field .frm_repeat_grid.frm_first_repeat .frm_form_field.frm_repeat_buttons:not(.frm_fourth):not(.frm_sixth):not(.frm_eighth) label.frm_primary_label{display:none !important;}.frm_form_field .frm_repeat_grid .frm_form_field.frm_fifth label.frm_primary_label{display:block !important;}.frm_form_field .frm_repeat_grid .frm_form_field.frm_repeat_buttons.frm_fifth label.frm_primary_label{display:none !important;}}@media only screen and (max-width: 500px) {.frm_form_field.frm_two_col .frm_radio,.frm_form_field.frm_two_col .frm_checkbox,.frm_form_field.frm_three_col .frm_radio,.frm_form_field.frm_three_col .frm_checkbox{width: auto;margin-right: 0;float: none;display:block;}.frm_form_field input[type=file] {max-width:220px;}.with_frm_style.frm_login_form.frm_inline_login p{clear:both;float:none;}.with_frm_style.frm_login_form.frm_inline_login form{position:static;}.with_frm_style.frm_login_form.frm_inline_login .login-remember{position:static;}.with_frm_style .g-recaptcha > div > div{width:inherit !important;display:block;overflow:hidden;max-width:302px;border-right:1px solid #d3d3d3;border-radius:4px;box-shadow:2px 0px 4px -1px rgba(0,0,0,.08);-moz-box-shadow:2px 0px 4px -1px rgba(0,0,0,.08);}.with_frm_style .g-recaptcha iframe{width:100%;}}', 'yes');
INSERT INTO `wp_options` (`option_id`, `option_name`, `option_value`, `autoload`) VALUES
(4776, 'wpseo_dismiss_recalculate', '1', 'yes'),
(4782, 'wpseo_taxonomy_meta', 'a:2:{s:6:"events";a:5:{i:225;a:2:{s:15:"wpseo_canonical";s:18:"http://Conferences";s:13:"wpseo_focuskw";s:11:"conferences";}i:228;a:1:{s:13:"wpseo_focuskw";s:8:"Seminars";}i:229;a:1:{s:13:"wpseo_focuskw";s:9:"workshops";}i:235;a:17:{s:11:"wpseo_title";s:0:"";s:10:"wpseo_desc";s:0:"";s:13:"wpseo_metakey";s:0:"";s:15:"wpseo_canonical";s:0:"";s:13:"wpseo_bctitle";s:0:"";s:13:"wpseo_noindex";s:7:"default";s:21:"wpseo_sitemap_include";s:1:"-";s:13:"wpseo_focuskw";s:0:"";s:21:"wpseo_opengraph-title";s:0:"";s:27:"wpseo_opengraph-description";s:0:"";s:21:"wpseo_opengraph-image";s:0:"";s:19:"wpseo_twitter-title";s:0:"";s:25:"wpseo_twitter-description";s:0:"";s:19:"wpseo_twitter-image";s:0:"";s:23:"wpseo_google-plus-title";s:0:"";s:29:"wpseo_google-plus-description";s:0:"";s:23:"wpseo_google-plus-image";s:0:"";}i:211;a:17:{s:11:"wpseo_title";s:0:"";s:10:"wpseo_desc";s:0:"";s:13:"wpseo_metakey";s:0:"";s:15:"wpseo_canonical";s:0:"";s:13:"wpseo_bctitle";s:0:"";s:13:"wpseo_noindex";s:7:"default";s:21:"wpseo_sitemap_include";s:1:"-";s:13:"wpseo_focuskw";s:0:"";s:21:"wpseo_opengraph-title";s:0:"";s:27:"wpseo_opengraph-description";s:0:"";s:21:"wpseo_opengraph-image";s:0:"";s:19:"wpseo_twitter-title";s:0:"";s:25:"wpseo_twitter-description";s:0:"";s:19:"wpseo_twitter-image";s:0:"";s:23:"wpseo_google-plus-title";s:0:"";s:29:"wpseo_google-plus-description";s:0:"";s:23:"wpseo_google-plus-image";s:0:"";}}s:8:"category";a:3:{i:239;a:17:{s:11:"wpseo_title";s:0:"";s:10:"wpseo_desc";s:0:"";s:13:"wpseo_metakey";s:0:"";s:15:"wpseo_canonical";s:0:"";s:13:"wpseo_bctitle";s:0:"";s:13:"wpseo_noindex";s:7:"default";s:21:"wpseo_sitemap_include";s:1:"-";s:13:"wpseo_focuskw";s:0:"";s:21:"wpseo_opengraph-title";s:0:"";s:27:"wpseo_opengraph-description";s:0:"";s:21:"wpseo_opengraph-image";s:0:"";s:19:"wpseo_twitter-title";s:0:"";s:25:"wpseo_twitter-description";s:0:"";s:19:"wpseo_twitter-image";s:0:"";s:23:"wpseo_google-plus-title";s:0:"";s:29:"wpseo_google-plus-description";s:0:"";s:23:"wpseo_google-plus-image";s:0:"";}i:257;a:17:{s:11:"wpseo_title";s:0:"";s:10:"wpseo_desc";s:0:"";s:13:"wpseo_metakey";s:0:"";s:15:"wpseo_canonical";s:0:"";s:13:"wpseo_bctitle";s:0:"";s:13:"wpseo_noindex";s:7:"default";s:21:"wpseo_sitemap_include";s:1:"-";s:13:"wpseo_focuskw";s:0:"";s:21:"wpseo_opengraph-title";s:0:"";s:27:"wpseo_opengraph-description";s:0:"";s:21:"wpseo_opengraph-image";s:0:"";s:19:"wpseo_twitter-title";s:0:"";s:25:"wpseo_twitter-description";s:0:"";s:19:"wpseo_twitter-image";s:0:"";s:23:"wpseo_google-plus-title";s:0:"";s:29:"wpseo_google-plus-description";s:0:"";s:23:"wpseo_google-plus-image";s:0:"";}i:256;a:17:{s:11:"wpseo_title";s:0:"";s:10:"wpseo_desc";s:0:"";s:13:"wpseo_metakey";s:0:"";s:15:"wpseo_canonical";s:0:"";s:13:"wpseo_bctitle";s:0:"";s:13:"wpseo_noindex";s:7:"default";s:21:"wpseo_sitemap_include";s:1:"-";s:13:"wpseo_focuskw";s:0:"";s:21:"wpseo_opengraph-title";s:0:"";s:27:"wpseo_opengraph-description";s:0:"";s:21:"wpseo_opengraph-image";s:0:"";s:19:"wpseo_twitter-title";s:0:"";s:25:"wpseo_twitter-description";s:0:"";s:19:"wpseo_twitter-image";s:0:"";s:23:"wpseo_google-plus-title";s:0:"";s:29:"wpseo_google-plus-description";s:0:"";s:23:"wpseo_google-plus-image";s:0:"";}}}', 'yes'),
(5788, 'updraft_azure', 'a:0:{}', 'yes'),
(5789, 'updraft_googlecloud', '', 'yes'),
(5876, 'updraft_last_scheduled_fd', '1485244703', 'yes'),
(6808, 'updraftplus-addons_siteid', '58ac91ec95b4dfa983d90686830bee5c', 'yes'),
(7116, 'updraft_last_scheduled_d', '1454913871', 'yes'),
(7370, 'wp_smtp_options', 'a:9:{s:4:"from";s:21:"info@asiacentre.co.th";s:8:"fromname";s:21:"info@asiacentre.co.th";s:4:"host";s:14:"smtp.gmail.com";s:10:"smtpsecure";s:3:"ssl";s:4:"port";s:3:"465";s:8:"smtpauth";s:2:"no";s:8:"username";s:21:"info@asiacentre.co.th";s:8:"password";s:8:"UD=PqC56";s:10:"deactivate";s:0:"";}', 'yes'),
(7580, 'mail_from', 'infoasiacentre@gmail.com', 'yes'),
(7581, 'mail_from_name', 'infoasiacentre@gmail.com', 'yes'),
(7582, 'mailer', 'smtp', 'yes'),
(7583, 'mail_set_return_path', '', 'yes'),
(7584, 'smtp_host', 'smtp.gmail.com', 'yes'),
(7585, 'smtp_port', '465', 'yes'),
(7586, 'smtp_ssl', 'ssl', 'yes'),
(7587, 'smtp_auth', 'true', 'yes'),
(7588, 'smtp_user', 'infoasiacentre@gmail.com', 'yes'),
(7589, 'smtp_pass', '21July_2015', 'yes'),
(9077, 'wpseo-gsc-refresh_token', '1/FYJaxyxSYoQjbLUmZ7RHzGZ9sheRQvoRBjjOcJiWO24MEudVrK5jSpoR30zcRFq6', 'yes'),
(9078, 'wpseo-gsc-access_token', 'a:5:{s:13:"refresh_token";s:66:"1/FYJaxyxSYoQjbLUmZ7RHzGZ9sheRQvoRBjjOcJiWO24MEudVrK5jSpoR30zcRFq6";s:12:"access_token";s:71:"ya29.nwKmfBIHJpPdX-dTDBOthwTExsPINEYEFcMeKhIqlewa7I2Sv0u0Jxw0s8xktds0KQ";s:7:"expires";i:1457432487;s:10:"expires_in";i:3600;s:7:"created";i:1457428887;}', 'yes'),
(9083, 'wpgmza_stats', 'a:1:{s:15:"list_maps_basic";a:3:{s:5:"views";i:4;s:13:"last_accessed";s:19:"2016-12-27 08:23:15";s:14:"first_accessed";s:19:"2016-03-08 09:36:18";}}', 'yes'),
(9085, 'wpseo-gsc', 'a:1:{s:7:"profile";s:24:"http://asiacentre.co.th/";}', 'yes'),
(9088, 'wpseo_gsc_issues_counts', 'a:0:{}', 'yes'),
(16154, 'updraft_remotesites', '', 'yes'),
(16155, 'updraft_migrator_localkeys', '', 'yes'),
(17367, 'can_compress_scripts', '0', 'no'),
(17440, '_site_transient_timeout_browser_3761e5c4733742374ba4795bb2ae7f72', '1472969710', 'no'),
(17441, '_site_transient_browser_3761e5c4733742374ba4795bb2ae7f72', 'a:9:{s:8:"platform";s:7:"Windows";s:4:"name";s:7:"Firefox";s:7:"version";s:4:"47.0";s:10:"update_url";s:23:"http://www.firefox.com/";s:7:"img_src";s:50:"http://s.wordpress.org/images/browsers/firefox.png";s:11:"img_src_ssl";s:49:"https://wordpress.org/images/browsers/firefox.png";s:15:"current_version";s:2:"16";s:7:"upgrade";b:0;s:8:"insecure";b:0;}', 'no'),
(17813, '_site_transient_timeout_browser_055919ca7988015d051630a4a0ea2b7a', '1473652434', 'no'),
(17814, '_site_transient_browser_055919ca7988015d051630a4a0ea2b7a', 'a:9:{s:8:"platform";s:9:"Macintosh";s:4:"name";s:6:"Safari";s:7:"version";s:5:"9.1.1";s:10:"update_url";s:28:"http://www.apple.com/safari/";s:7:"img_src";s:49:"http://s.wordpress.org/images/browsers/safari.png";s:11:"img_src_ssl";s:48:"https://wordpress.org/images/browsers/safari.png";s:15:"current_version";s:1:"5";s:7:"upgrade";b:0;s:8:"insecure";b:0;}', 'no'),
(17862, '_site_transient_timeout_browser_beef5b45b94c7d3e4dc5d8e6679fad16', '1473736004', 'no'),
(17863, '_site_transient_browser_beef5b45b94c7d3e4dc5d8e6679fad16', 'a:9:{s:8:"platform";s:7:"Windows";s:4:"name";s:6:"Chrome";s:7:"version";s:13:"52.0.2743.116";s:10:"update_url";s:28:"http://www.google.com/chrome";s:7:"img_src";s:49:"http://s.wordpress.org/images/browsers/chrome.png";s:11:"img_src_ssl";s:48:"https://wordpress.org/images/browsers/chrome.png";s:15:"current_version";s:2:"18";s:7:"upgrade";b:0;s:8:"insecure";b:0;}', 'no'),
(18097, '_site_transient_timeout_browser_ebee2cb07f407535234173ddc900149d', '1474614283', 'no'),
(18098, '_site_transient_browser_ebee2cb07f407535234173ddc900149d', 'a:9:{s:8:"platform";s:7:"Windows";s:4:"name";s:6:"Chrome";s:7:"version";s:13:"52.0.2743.116";s:10:"update_url";s:28:"http://www.google.com/chrome";s:7:"img_src";s:49:"http://s.wordpress.org/images/browsers/chrome.png";s:11:"img_src_ssl";s:48:"https://wordpress.org/images/browsers/chrome.png";s:15:"current_version";s:2:"18";s:7:"upgrade";b:0;s:8:"insecure";b:0;}', 'no'),
(19523, '_site_transient_timeout_browser_d7ebeddeee1c10c06a3c4cf170141814', '1479102803', 'no'),
(19524, '_site_transient_browser_d7ebeddeee1c10c06a3c4cf170141814', 'a:9:{s:8:"platform";s:7:"Windows";s:4:"name";s:7:"Firefox";s:7:"version";s:4:"49.0";s:10:"update_url";s:23:"http://www.firefox.com/";s:7:"img_src";s:50:"http://s.wordpress.org/images/browsers/firefox.png";s:11:"img_src_ssl";s:49:"https://wordpress.org/images/browsers/firefox.png";s:15:"current_version";s:2:"16";s:7:"upgrade";b:0;s:8:"insecure";b:0;}', 'no'),
(20087, '_transient_timeout_frm_form_fields_5includeinclude', '1480504072', 'no'),
(20088, '_transient_frm_form_fields_5includeinclude', 'a:3:{i:0;O:8:"stdClass":13:{s:2:"id";s:2:"18";s:9:"field_key";s:7:"qh4icy3";s:4:"name";s:4:"Name";s:11:"description";s:0:"";s:4:"type";s:4:"text";s:13:"default_value";s:0:"";s:7:"options";s:0:"";s:11:"field_order";s:1:"1";s:8:"required";s:1:"1";s:13:"field_options";a:9:{s:5:"blank";s:27:"This field cannot be blank.";s:14:"separate_value";i:0;s:7:"classes";s:14:"frm_first_half";s:4:"size";s:0:"";s:3:"max";s:0:"";s:5:"label";s:0:"";s:7:"invalid";s:0:"";s:18:"required_indicator";s:1:"*";s:11:"custom_html";s:413:"<div id="frm_field_[id]_container" class="frm_form_field form-field [required_class][error_class]">\r\n    <label for="field_[key]" class="frm_primary_label">[field_name]\r\n        <span class="frm_required">[required_label]</span>\r\n    </label>\r\n    [input]\r\n    [if description]<div class="frm_description">[description]</div>[/if description]\r\n    [if error]<div class="frm_error">[error]</div>[/if error]\r\n</div>";}s:7:"form_id";s:1:"5";s:10:"created_at";s:19:"2015-09-14 09:13:13";s:9:"form_name";s:27:"Internship Application Form";}i:1;O:8:"stdClass":13:{s:2:"id";s:2:"20";s:9:"field_key";s:7:"29yf4d3";s:4:"name";s:5:"Email";s:11:"description";s:0:"";s:4:"type";s:5:"email";s:13:"default_value";s:0:"";s:7:"options";s:0:"";s:11:"field_order";s:1:"3";s:8:"required";s:1:"1";s:13:"field_options";a:9:{s:5:"blank";s:27:"This field cannot be blank.";s:7:"invalid";s:34:"Please enter a valid email address";s:7:"classes";s:8:"frm_full";s:4:"size";s:0:"";s:3:"max";s:0:"";s:5:"label";s:0:"";s:18:"required_indicator";s:1:"*";s:14:"separate_value";i:0;s:11:"custom_html";s:413:"<div id="frm_field_[id]_container" class="frm_form_field form-field [required_class][error_class]">\r\n    <label for="field_[key]" class="frm_primary_label">[field_name]\r\n        <span class="frm_required">[required_label]</span>\r\n    </label>\r\n    [input]\r\n    [if description]<div class="frm_description">[description]</div>[/if description]\r\n    [if error]<div class="frm_error">[error]</div>[/if error]\r\n</div>";}s:7:"form_id";s:1:"5";s:10:"created_at";s:19:"2015-09-14 09:13:13";s:9:"form_name";s:27:"Internship Application Form";}i:2;O:8:"stdClass":13:{s:2:"id";s:2:"24";s:9:"field_key";s:7:"62n6q33";s:4:"name";s:7:"Captcha";s:11:"description";s:0:"";s:4:"type";s:7:"captcha";s:13:"default_value";s:1:"1";s:7:"options";s:0:"";s:11:"field_order";s:1:"7";s:8:"required";s:1:"0";s:13:"field_options";a:11:{s:5:"label";s:4:"none";s:5:"blank";s:0:"";s:14:"clear_on_focus";i:0;s:13:"default_blank";i:0;s:4:"size";s:0:"";s:3:"max";s:0:"";s:7:"invalid";s:39:"The reCAPTCHA was not entered correctly";s:7:"classes";s:0:"";s:18:"required_indicator";s:1:"*";s:14:"separate_value";i:0;s:11:"custom_html";s:413:"<div id="frm_field_[id]_container" class="frm_form_field form-field [required_class][error_class]">\r\n    <label for="field_[key]" class="frm_primary_label">[field_name]\r\n        <span class="frm_required">[required_label]</span>\r\n    </label>\r\n    [input]\r\n    [if description]<div class="frm_description">[description]</div>[/if description]\r\n    [if error]<div class="frm_error">[error]</div>[/if error]\r\n</div>";}s:7:"form_id";s:1:"5";s:10:"created_at";s:19:"2015-09-14 09:13:13";s:9:"form_name";s:27:"Internship Application Form";}}', 'no'),
(20089, '_transient_timeout_frm_form_fields_5excludeinclude', '1480504073', 'no'),
(20090, '_transient_frm_form_fields_5excludeinclude', 'a:3:{i:0;O:8:"stdClass":13:{s:2:"id";s:2:"18";s:9:"field_key";s:7:"qh4icy3";s:4:"name";s:4:"Name";s:11:"description";s:0:"";s:4:"type";s:4:"text";s:13:"default_value";s:0:"";s:7:"options";s:0:"";s:11:"field_order";s:1:"1";s:8:"required";s:1:"1";s:13:"field_options";a:9:{s:5:"blank";s:27:"This field cannot be blank.";s:14:"separate_value";i:0;s:7:"classes";s:14:"frm_first_half";s:4:"size";s:0:"";s:3:"max";s:0:"";s:5:"label";s:0:"";s:7:"invalid";s:0:"";s:18:"required_indicator";s:1:"*";s:11:"custom_html";s:413:"<div id="frm_field_[id]_container" class="frm_form_field form-field [required_class][error_class]">\r\n    <label for="field_[key]" class="frm_primary_label">[field_name]\r\n        <span class="frm_required">[required_label]</span>\r\n    </label>\r\n    [input]\r\n    [if description]<div class="frm_description">[description]</div>[/if description]\r\n    [if error]<div class="frm_error">[error]</div>[/if error]\r\n</div>";}s:7:"form_id";s:1:"5";s:10:"created_at";s:19:"2015-09-14 09:13:13";s:9:"form_name";s:27:"Internship Application Form";}i:1;O:8:"stdClass":13:{s:2:"id";s:2:"20";s:9:"field_key";s:7:"29yf4d3";s:4:"name";s:5:"Email";s:11:"description";s:0:"";s:4:"type";s:5:"email";s:13:"default_value";s:0:"";s:7:"options";s:0:"";s:11:"field_order";s:1:"3";s:8:"required";s:1:"1";s:13:"field_options";a:9:{s:5:"blank";s:27:"This field cannot be blank.";s:7:"invalid";s:34:"Please enter a valid email address";s:7:"classes";s:8:"frm_full";s:4:"size";s:0:"";s:3:"max";s:0:"";s:5:"label";s:0:"";s:18:"required_indicator";s:1:"*";s:14:"separate_value";i:0;s:11:"custom_html";s:413:"<div id="frm_field_[id]_container" class="frm_form_field form-field [required_class][error_class]">\r\n    <label for="field_[key]" class="frm_primary_label">[field_name]\r\n        <span class="frm_required">[required_label]</span>\r\n    </label>\r\n    [input]\r\n    [if description]<div class="frm_description">[description]</div>[/if description]\r\n    [if error]<div class="frm_error">[error]</div>[/if error]\r\n</div>";}s:7:"form_id";s:1:"5";s:10:"created_at";s:19:"2015-09-14 09:13:13";s:9:"form_name";s:27:"Internship Application Form";}i:2;O:8:"stdClass":13:{s:2:"id";s:2:"24";s:9:"field_key";s:7:"62n6q33";s:4:"name";s:7:"Captcha";s:11:"description";s:0:"";s:4:"type";s:7:"captcha";s:13:"default_value";s:1:"1";s:7:"options";s:0:"";s:11:"field_order";s:1:"7";s:8:"required";s:1:"0";s:13:"field_options";a:11:{s:5:"label";s:4:"none";s:5:"blank";s:0:"";s:14:"clear_on_focus";i:0;s:13:"default_blank";i:0;s:4:"size";s:0:"";s:3:"max";s:0:"";s:7:"invalid";s:39:"The reCAPTCHA was not entered correctly";s:7:"classes";s:0:"";s:18:"required_indicator";s:1:"*";s:14:"separate_value";i:0;s:11:"custom_html";s:413:"<div id="frm_field_[id]_container" class="frm_form_field form-field [required_class][error_class]">\r\n    <label for="field_[key]" class="frm_primary_label">[field_name]\r\n        <span class="frm_required">[required_label]</span>\r\n    </label>\r\n    [input]\r\n    [if description]<div class="frm_description">[description]</div>[/if description]\r\n    [if error]<div class="frm_error">[error]</div>[/if error]\r\n</div>";}s:7:"form_id";s:1:"5";s:10:"created_at";s:19:"2015-09-14 09:13:13";s:9:"form_name";s:27:"Internship Application Form";}}', 'no'),
(20091, '_transient_timeout_frm_api_addons', '1480914499', 'no');
